[INFO] fetching crate patterns 0.2.1...
[INFO] checking patterns-0.2.1 against nightly-2024-02-05 for check-cfg
[INFO] extracting crate patterns 0.2.1 into /workspace/builds/worker-1-tc1/source
[INFO] validating manifest of crates.io crate patterns 0.2.1 on toolchain nightly-2024-02-05
[INFO] running `Command { std: CARGO_HOME="/workspace/cargo-home" RUSTUP_HOME="/workspace/rustup-home" "/workspace/cargo-home/bin/cargo" "+nightly-2024-02-05" "metadata" "--manifest-path" "Cargo.toml" "--no-deps", kill_on_drop: false }`
[INFO] removed /workspace/builds/worker-1-tc1/source/.cargo/config
[INFO] removed /workspace/builds/worker-1-tc1/source/rust-toolchain.toml
[INFO] started tweaking crates.io crate patterns 0.2.1
[INFO] finished tweaking crates.io crate patterns 0.2.1
[INFO] tweaked toml for crates.io crate patterns 0.2.1 written to /workspace/builds/worker-1-tc1/source/Cargo.toml
[INFO] running `Command { std: CARGO_HOME="/workspace/cargo-home" RUSTUP_HOME="/workspace/rustup-home" "/workspace/cargo-home/bin/cargo" "+nightly-2024-02-05" "generate-lockfile" "--manifest-path" "Cargo.toml", kill_on_drop: false }`
[INFO] [stderr]     Updating crates.io index
[INFO] running `Command { std: CARGO_HOME="/workspace/cargo-home" RUSTUP_HOME="/workspace/rustup-home" "/workspace/cargo-home/bin/cargo" "+nightly-2024-02-05" "fetch" "--manifest-path" "Cargo.toml", kill_on_drop: false }`
[INFO] running `Command { std: "docker" "create" "-v" "/var/lib/crater-agent-workspace/builds/worker-1-tc1/target:/opt/rustwide/target:rw,Z" "-v" "/var/lib/crater-agent-workspace/builds/worker-1-tc1/source:/opt/rustwide/workdir:ro,Z" "-v" "/var/lib/crater-agent-workspace/cargo-home:/opt/rustwide/cargo-home:ro,Z" "-v" "/var/lib/crater-agent-workspace/rustup-home:/opt/rustwide/rustup-home:ro,Z" "-e" "SOURCE_DIR=/opt/rustwide/workdir" "-e" "CARGO_TARGET_DIR=/opt/rustwide/target" "-e" "CARGO_HOME=/opt/rustwide/cargo-home" "-e" "RUSTUP_HOME=/opt/rustwide/rustup-home" "-w" "/opt/rustwide/workdir" "-m" "1610612736" "--user" "0:0" "--network" "none" "ghcr.io/rust-lang/crates-build-env/linux@sha256:2788e3201cd34a07e3172128adcd8b3090168a8e3bcc40d7c032b9dda1df7d1c" "/opt/rustwide/cargo-home/bin/cargo" "+nightly-2024-02-05" "metadata" "--no-deps" "--format-version=1", kill_on_drop: false }`
[INFO] [stdout] fc8b7eb687513d7862f187c061759efb2313153131797379bc94bebe62785840
[INFO] running `Command { std: "docker" "start" "-a" "fc8b7eb687513d7862f187c061759efb2313153131797379bc94bebe62785840", kill_on_drop: false }`
[INFO] running `Command { std: "docker" "inspect" "fc8b7eb687513d7862f187c061759efb2313153131797379bc94bebe62785840", kill_on_drop: false }`
[INFO] running `Command { std: "docker" "rm" "-f" "fc8b7eb687513d7862f187c061759efb2313153131797379bc94bebe62785840", kill_on_drop: false }`
[INFO] [stdout] fc8b7eb687513d7862f187c061759efb2313153131797379bc94bebe62785840
[INFO] running `Command { std: "docker" "create" "-v" "/var/lib/crater-agent-workspace/builds/worker-1-tc1/target:/opt/rustwide/target:rw,Z" "-v" "/var/lib/crater-agent-workspace/builds/worker-1-tc1/source:/opt/rustwide/workdir:ro,Z" "-v" "/var/lib/crater-agent-workspace/cargo-home:/opt/rustwide/cargo-home:ro,Z" "-v" "/var/lib/crater-agent-workspace/rustup-home:/opt/rustwide/rustup-home:ro,Z" "-e" "SOURCE_DIR=/opt/rustwide/workdir" "-e" "CARGO_TARGET_DIR=/opt/rustwide/target" "-e" "CARGO_INCREMENTAL=0" "-e" "RUST_BACKTRACE=full" "-e" "RUSTFLAGS=--cap-lints=forbid" "-e" "RUSTDOCFLAGS=--cap-lints=forbid" "-e" "CARGO_HOME=/opt/rustwide/cargo-home" "-e" "RUSTUP_HOME=/opt/rustwide/rustup-home" "-w" "/opt/rustwide/workdir" "-m" "1610612736" "--user" "0:0" "--network" "none" "ghcr.io/rust-lang/crates-build-env/linux@sha256:2788e3201cd34a07e3172128adcd8b3090168a8e3bcc40d7c032b9dda1df7d1c" "/opt/rustwide/cargo-home/bin/cargo" "+nightly-2024-02-05" "check" "--frozen" "--all" "--all-targets" "--message-format=json", kill_on_drop: false }`
[INFO] [stdout] f90acc185468303a688507af5c2d95391b50e3d969b3884d607c58361c8e2419
[INFO] running `Command { std: "docker" "start" "-a" "f90acc185468303a688507af5c2d95391b50e3d969b3884d607c58361c8e2419", kill_on_drop: false }`
[INFO] [stderr]    Compiling serde v1.0.196
[INFO] [stderr]     Checking either v1.9.0
[INFO] [stderr]    Compiling num-traits v0.2.17
[INFO] [stderr]    Compiling libc v0.2.153
[INFO] [stderr]     Checking half v2.3.1
[INFO] [stderr]     Checking plotters-backend v0.3.5
[INFO] [stderr]     Checking ciborium-io v0.2.2
[INFO] [stderr]     Checking regex-automata v0.4.5
[INFO] [stderr]     Checking cast v0.3.0
[INFO] [stderr]     Checking itertools v0.10.5
[INFO] [stderr]     Checking ciborium-ll v0.2.2
[INFO] [stderr]     Checking plotters-svg v0.3.5
[INFO] [stderr]     Checking clap v3.2.25
[INFO] [stderr]     Checking rayon v1.8.1
[INFO] [stderr]     Checking oorandom v11.1.3
[INFO] [stderr]     Checking anes v0.1.6
[INFO] [stderr]     Checking patterns v0.2.1 (/opt/rustwide/workdir)
[INFO] [stdout] error[E0432]: unresolved imports `core::simd::SimdPartialEq`, `core::simd::ToBitMask`
[INFO] [stdout]   --> src/lib.rs:26:24
[INFO] [stdout]    |
[INFO] [stdout] 26 |     simd::{Mask, Simd, SimdPartialEq, ToBitMask},
[INFO] [stdout]    |                        ^^^^^^^^^^^^^  ^^^^^^^^^ no `ToBitMask` in `simd`
[INFO] [stdout]    |                        |
[INFO] [stdout]    |                        no `SimdPartialEq` in `simd`
[INFO] [stdout]    |
[INFO] [stdout]    = help: consider importing this trait instead:
[INFO] [stdout]            core::simd::prelude::SimdPartialEq
[INFO] [stdout] 
[INFO] [stdout] 
[INFO] [stdout] error[E0599]: no method named `simd_eq` found for struct `Simd` in the current scope
[INFO] [stdout]    --> src/lib.rs:112:33
[INFO] [stdout]     |
[INFO] [stdout] 112 |         let first_byte = search.simd_eq(pattern.first_byte).to_bitmask();
[INFO] [stdout]     |                                 ^^^^^^^ method not found in `Simd<u8, _>`
[INFO] [stdout]    --> /rustc/268dbbbc4b3fd71c5f360a4d0728295252430b5b/library/core/src/../../portable-simd/crates/core_simd/src/simd/cmp/eq.rs:14:8
[INFO] [stdout]     |
[INFO] [stdout]     = note: the method is available for `Simd<u8, _>` here
[INFO] [stdout]     |
[INFO] [stdout]     = help: items from traits can only be used if the trait is in scope
[INFO] [stdout] help: the following trait is implemented but not in scope; perhaps add a `use` for it:
[INFO] [stdout]     |
[INFO] [stdout] 23  + use core::simd::cmp::SimdPartialEq;
[INFO] [stdout]     |
[INFO] [stdout] 
[INFO] [stdout] 
[INFO] [stdout] error[E0599]: no method named `simd_eq` found for struct `Simd` in the current scope
[INFO] [stdout]    --> src/lib.rs:129:29
[INFO] [stdout]     |
[INFO] [stdout] 129 |         let result = search.simd_eq(pattern.bytes);
[INFO] [stdout]     |                             ^^^^^^^ method not found in `Simd<u8, _>`
[INFO] [stdout]    --> /rustc/268dbbbc4b3fd71c5f360a4d0728295252430b5b/library/core/src/../../portable-simd/crates/core_simd/src/simd/cmp/eq.rs:14:8
[INFO] [stdout]     |
[INFO] [stdout]     = note: the method is available for `Simd<u8, _>` here
[INFO] [stdout]     |
[INFO] [stdout]     = help: items from traits can only be used if the trait is in scope
[INFO] [stdout] help: the following trait is implemented but not in scope; perhaps add a `use` for it:
[INFO] [stdout]     |
[INFO] [stdout] 23  + use core::simd::cmp::SimdPartialEq;
[INFO] [stdout]     |
[INFO] [stdout] 
[INFO] [stdout] 
[INFO] [stdout] warning: unused import: `BitAnd`
[INFO] [stdout]   --> src/lib.rs:25:11
[INFO] [stdout]    |
[INFO] [stdout] 25 |     ops::{BitAnd, Deref},
[INFO] [stdout]    |           ^^^^^^
[INFO] [stdout]    |
[INFO] [stdout]    = note: `#[warn(unused_imports)]` on by default
[INFO] [stdout] 
[INFO] [stdout] 
[INFO] [stdout] error: aborting due to 3 previous errors; 1 warning emitted
[INFO] [stdout] 
[INFO] [stdout] 
[INFO] [stdout] Some errors have detailed explanations: E0432, E0599.
[INFO] [stdout] 
[INFO] [stdout] For more information about an error, try `rustc --explain E0432`.
[INFO] [stdout] 
[INFO] [stderr] error: could not compile `patterns` (lib) due to 4 previous errors; 1 warning emitted
[INFO] [stderr] warning: build failed, waiting for other jobs to finish...
[INFO] running `Command { std: "docker" "inspect" "f90acc185468303a688507af5c2d95391b50e3d969b3884d607c58361c8e2419", kill_on_drop: false }`
[INFO] running `Command { std: "docker" "rm" "-f" "f90acc185468303a688507af5c2d95391b50e3d969b3884d607c58361c8e2419", kill_on_drop: false }`
[INFO] [stdout] f90acc185468303a688507af5c2d95391b50e3d969b3884d607c58361c8e2419
[INFO] checking patterns-0.2.1 against nightly-2024-02-05+rustflags=-Dunexpected_cfgs+cargoflags=-Zcheck-cfg for check-cfg
[INFO] extracting crate patterns 0.2.1 into /workspace/builds/worker-1-tc2/source
[INFO] validating manifest of crates.io crate patterns 0.2.1 on toolchain nightly-2024-02-05
[INFO] running `Command { std: CARGO_HOME="/workspace/cargo-home" RUSTUP_HOME="/workspace/rustup-home" "/workspace/cargo-home/bin/cargo" "+nightly-2024-02-05" "metadata" "--manifest-path" "Cargo.toml" "--no-deps", kill_on_drop: false }`
[INFO] removed /workspace/builds/worker-1-tc2/source/.cargo/config
[INFO] removed /workspace/builds/worker-1-tc2/source/rust-toolchain.toml
[INFO] started tweaking crates.io crate patterns 0.2.1
[INFO] finished tweaking crates.io crate patterns 0.2.1
[INFO] tweaked toml for crates.io crate patterns 0.2.1 written to /workspace/builds/worker-1-tc2/source/Cargo.toml
[INFO] running `Command { std: CARGO_HOME="/workspace/cargo-home" RUSTUP_HOME="/workspace/rustup-home" "/workspace/cargo-home/bin/cargo" "+nightly-2024-02-05" "generate-lockfile" "--manifest-path" "Cargo.toml", kill_on_drop: false }`
[INFO] [stderr]     Updating crates.io index
[INFO] running `Command { std: CARGO_HOME="/workspace/cargo-home" RUSTUP_HOME="/workspace/rustup-home" "/workspace/cargo-home/bin/cargo" "+nightly-2024-02-05" "fetch" "--manifest-path" "Cargo.toml", kill_on_drop: false }`
[INFO] running `Command { std: "docker" "create" "-v" "/var/lib/crater-agent-workspace/builds/worker-1-tc2/target:/opt/rustwide/target:rw,Z" "-v" "/var/lib/crater-agent-workspace/builds/worker-1-tc2/source:/opt/rustwide/workdir:ro,Z" "-v" "/var/lib/crater-agent-workspace/cargo-home:/opt/rustwide/cargo-home:ro,Z" "-v" "/var/lib/crater-agent-workspace/rustup-home:/opt/rustwide/rustup-home:ro,Z" "-e" "SOURCE_DIR=/opt/rustwide/workdir" "-e" "CARGO_TARGET_DIR=/opt/rustwide/target" "-e" "CARGO_HOME=/opt/rustwide/cargo-home" "-e" "RUSTUP_HOME=/opt/rustwide/rustup-home" "-w" "/opt/rustwide/workdir" "-m" "1610612736" "--user" "0:0" "--network" "none" "ghcr.io/rust-lang/crates-build-env/linux@sha256:2788e3201cd34a07e3172128adcd8b3090168a8e3bcc40d7c032b9dda1df7d1c" "/opt/rustwide/cargo-home/bin/cargo" "+nightly-2024-02-05" "metadata" "--no-deps" "--format-version=1", kill_on_drop: false }`
[INFO] [stdout] cc02ba79f00d84dd812735ed9d6c7b4d07f080083796b02424345c62e935b143
[INFO] running `Command { std: "docker" "start" "-a" "cc02ba79f00d84dd812735ed9d6c7b4d07f080083796b02424345c62e935b143", kill_on_drop: false }`
[INFO] running `Command { std: "docker" "inspect" "cc02ba79f00d84dd812735ed9d6c7b4d07f080083796b02424345c62e935b143", kill_on_drop: false }`
[INFO] running `Command { std: "docker" "rm" "-f" "cc02ba79f00d84dd812735ed9d6c7b4d07f080083796b02424345c62e935b143", kill_on_drop: false }`
[INFO] [stdout] cc02ba79f00d84dd812735ed9d6c7b4d07f080083796b02424345c62e935b143
[INFO] running `Command { std: "docker" "create" "-v" "/var/lib/crater-agent-workspace/builds/worker-1-tc2/target:/opt/rustwide/target:rw,Z" "-v" "/var/lib/crater-agent-workspace/builds/worker-1-tc2/source:/opt/rustwide/workdir:ro,Z" "-v" "/var/lib/crater-agent-workspace/cargo-home:/opt/rustwide/cargo-home:ro,Z" "-v" "/var/lib/crater-agent-workspace/rustup-home:/opt/rustwide/rustup-home:ro,Z" "-e" "SOURCE_DIR=/opt/rustwide/workdir" "-e" "CARGO_TARGET_DIR=/opt/rustwide/target" "-e" "CARGO_INCREMENTAL=0" "-e" "RUST_BACKTRACE=full" "-e" "RUSTFLAGS=--cap-lints=forbid -Dunexpected_cfgs" "-e" "RUSTDOCFLAGS=--cap-lints=forbid" "-e" "CARGO_HOME=/opt/rustwide/cargo-home" "-e" "RUSTUP_HOME=/opt/rustwide/rustup-home" "-w" "/opt/rustwide/workdir" "-m" "1610612736" "--user" "0:0" "--network" "none" "ghcr.io/rust-lang/crates-build-env/linux@sha256:2788e3201cd34a07e3172128adcd8b3090168a8e3bcc40d7c032b9dda1df7d1c" "/opt/rustwide/cargo-home/bin/cargo" "+nightly-2024-02-05" "check" "--frozen" "--all" "--all-targets" "--message-format=json" "-Zcheck-cfg", kill_on_drop: false }`
[INFO] [stdout] c973f4eac87fa84282c7ce76f3fe2e8a399044ca70fa2e07ae95b49dfe40e6f2
[INFO] running `Command { std: "docker" "start" "-a" "c973f4eac87fa84282c7ce76f3fe2e8a399044ca70fa2e07ae95b49dfe40e6f2", kill_on_drop: false }`
[INFO] [stderr]    Compiling serde v1.0.196
[INFO] [stderr]    Compiling num-traits v0.2.17
[INFO] [stderr]    Compiling libc v0.2.153
[INFO] [stderr]     Checking either v1.9.0
[INFO] [stderr]     Checking half v2.3.1
[INFO] [stderr]     Checking plotters-backend v0.3.5
[INFO] [stderr]     Checking ciborium-io v0.2.2
[INFO] [stderr]     Checking regex-automata v0.4.5
[INFO] [stderr]     Checking cast v0.3.0
[INFO] [stderr]     Checking itertools v0.10.5
[INFO] [stderr]     Checking plotters-svg v0.3.5
[INFO] [stderr]     Checking rayon v1.8.1
[INFO] [stderr]     Checking clap v3.2.25
[INFO] [stderr]     Checking ciborium-ll v0.2.2
[INFO] [stderr]     Checking oorandom v11.1.3
[INFO] [stderr]     Checking anes v0.1.6
[INFO] [stderr]     Checking patterns v0.2.1 (/opt/rustwide/workdir)
[INFO] [stdout] error[E0432]: unresolved imports `core::simd::SimdPartialEq`, `core::simd::ToBitMask`
[INFO] [stdout]   --> src/lib.rs:26:24
[INFO] [stdout]    |
[INFO] [stdout] 26 |     simd::{Mask, Simd, SimdPartialEq, ToBitMask},
[INFO] [stdout]    |                        ^^^^^^^^^^^^^  ^^^^^^^^^ no `ToBitMask` in `simd`
[INFO] [stdout]    |                        |
[INFO] [stdout]    |                        no `SimdPartialEq` in `simd`
[INFO] [stdout]    |
[INFO] [stdout]    = help: consider importing this trait instead:
[INFO] [stdout]            core::simd::prelude::SimdPartialEq
[INFO] [stdout] 
[INFO] [stdout] 
[INFO] [stdout] error[E0599]: no method named `simd_eq` found for struct `Simd` in the current scope
[INFO] [stdout]    --> src/lib.rs:112:33
[INFO] [stdout]     |
[INFO] [stdout] 112 |         let first_byte = search.simd_eq(pattern.first_byte).to_bitmask();
[INFO] [stdout]     |                                 ^^^^^^^ method not found in `Simd<u8, _>`
[INFO] [stdout]    --> /rustc/268dbbbc4b3fd71c5f360a4d0728295252430b5b/library/core/src/../../portable-simd/crates/core_simd/src/simd/cmp/eq.rs:14:8
[INFO] [stdout]     |
[INFO] [stdout]     = note: the method is available for `Simd<u8, _>` here
[INFO] [stdout]     |
[INFO] [stdout]     = help: items from traits can only be used if the trait is in scope
[INFO] [stdout] help: the following trait is implemented but not in scope; perhaps add a `use` for it:
[INFO] [stdout]     |
[INFO] [stdout] 23  + use core::simd::cmp::SimdPartialEq;
[INFO] [stdout]     |
[INFO] [stdout] 
[INFO] [stdout] 
[INFO] [stdout] error[E0599]: no method named `simd_eq` found for struct `Simd` in the current scope
[INFO] [stdout]    --> src/lib.rs:129:29
[INFO] [stdout]     |
[INFO] [stdout] 129 |         let result = search.simd_eq(pattern.bytes);
[INFO] [stdout]     |                             ^^^^^^^ method not found in `Simd<u8, _>`
[INFO] [stdout]    --> /rustc/268dbbbc4b3fd71c5f360a4d0728295252430b5b/library/core/src/../../portable-simd/crates/core_simd/src/simd/cmp/eq.rs:14:8
[INFO] [stdout]     |
[INFO] [stdout]     = note: the method is available for `Simd<u8, _>` here
[INFO] [stdout]     |
[INFO] [stdout]     = help: items from traits can only be used if the trait is in scope
[INFO] [stdout] help: the following trait is implemented but not in scope; perhaps add a `use` for it:
[INFO] [stdout]     |
[INFO] [stdout] 23  + use core::simd::cmp::SimdPartialEq;
[INFO] [stdout]     |
[INFO] [stdout] 
[INFO] [stdout] 
[INFO] [stdout] warning: unused import: `BitAnd`
[INFO] [stdout]   --> src/lib.rs:25:11
[INFO] [stdout]    |
[INFO] [stdout] 25 |     ops::{BitAnd, Deref},
[INFO] [stdout]    |           ^^^^^^
[INFO] [stdout]    |
[INFO] [stdout]    = note: `#[warn(unused_imports)]` on by default
[INFO] [stdout] 
[INFO] [stdout] 
[INFO] [stdout] error: aborting due to 3 previous errors; 1 warning emitted
[INFO] [stdout] 
[INFO] [stdout] 
[INFO] [stdout] Some errors have detailed explanations: E0432, E0599.
[INFO] [stdout] 
[INFO] [stdout] For more information about an error, try `rustc --explain E0432`.
[INFO] [stdout] 
[INFO] [stderr] error: could not compile `patterns` (lib) due to 4 previous errors; 1 warning emitted
[INFO] [stderr] warning: build failed, waiting for other jobs to finish...
[INFO] running `Command { std: "docker" "inspect" "c973f4eac87fa84282c7ce76f3fe2e8a399044ca70fa2e07ae95b49dfe40e6f2", kill_on_drop: false }`
[INFO] running `Command { std: "docker" "rm" "-f" "c973f4eac87fa84282c7ce76f3fe2e8a399044ca70fa2e07ae95b49dfe40e6f2", kill_on_drop: false }`
[INFO] [stdout] c973f4eac87fa84282c7ce76f3fe2e8a399044ca70fa2e07ae95b49dfe40e6f2
