[INFO] fetching crate pathrs 0.0.2...
[INFO] checking pathrs-0.0.2 against nightly-2024-02-05 for check-cfg
[INFO] extracting crate pathrs 0.0.2 into /workspace/builds/worker-3-tc1/source
[INFO] validating manifest of crates.io crate pathrs 0.0.2 on toolchain nightly-2024-02-05
[INFO] running `Command { std: CARGO_HOME="/workspace/cargo-home" RUSTUP_HOME="/workspace/rustup-home" "/workspace/cargo-home/bin/cargo" "+nightly-2024-02-05" "metadata" "--manifest-path" "Cargo.toml" "--no-deps", kill_on_drop: false }`
[INFO] started tweaking crates.io crate pathrs 0.0.2
[INFO] finished tweaking crates.io crate pathrs 0.0.2
[INFO] tweaked toml for crates.io crate pathrs 0.0.2 written to /workspace/builds/worker-3-tc1/source/Cargo.toml
[INFO] running `Command { std: CARGO_HOME="/workspace/cargo-home" RUSTUP_HOME="/workspace/rustup-home" "/workspace/cargo-home/bin/cargo" "+nightly-2024-02-05" "generate-lockfile" "--manifest-path" "Cargo.toml", kill_on_drop: false }`
[INFO] [stderr]     Blocking waiting for file lock on package cache
[INFO] [stderr]     Updating crates.io index
[INFO] running `Command { std: CARGO_HOME="/workspace/cargo-home" RUSTUP_HOME="/workspace/rustup-home" "/workspace/cargo-home/bin/cargo" "+nightly-2024-02-05" "fetch" "--manifest-path" "Cargo.toml", kill_on_drop: false }`
[INFO] running `Command { std: "docker" "create" "-v" "/var/lib/crater-agent-workspace/builds/worker-3-tc1/target:/opt/rustwide/target:rw,Z" "-v" "/var/lib/crater-agent-workspace/builds/worker-3-tc1/source:/opt/rustwide/workdir:ro,Z" "-v" "/var/lib/crater-agent-workspace/cargo-home:/opt/rustwide/cargo-home:ro,Z" "-v" "/var/lib/crater-agent-workspace/rustup-home:/opt/rustwide/rustup-home:ro,Z" "-e" "SOURCE_DIR=/opt/rustwide/workdir" "-e" "CARGO_TARGET_DIR=/opt/rustwide/target" "-e" "CARGO_HOME=/opt/rustwide/cargo-home" "-e" "RUSTUP_HOME=/opt/rustwide/rustup-home" "-w" "/opt/rustwide/workdir" "-m" "1610612736" "--user" "0:0" "--network" "none" "ghcr.io/rust-lang/crates-build-env/linux@sha256:2788e3201cd34a07e3172128adcd8b3090168a8e3bcc40d7c032b9dda1df7d1c" "/opt/rustwide/cargo-home/bin/cargo" "+nightly-2024-02-05" "metadata" "--no-deps" "--format-version=1", kill_on_drop: false }`
[INFO] [stdout] f68c143cfcfbd641ae7f6011b819013ad8adceabe5477ad90a28896af8546df1
[INFO] running `Command { std: "docker" "start" "-a" "f68c143cfcfbd641ae7f6011b819013ad8adceabe5477ad90a28896af8546df1", kill_on_drop: false }`
[INFO] running `Command { std: "docker" "inspect" "f68c143cfcfbd641ae7f6011b819013ad8adceabe5477ad90a28896af8546df1", kill_on_drop: false }`
[INFO] running `Command { std: "docker" "rm" "-f" "f68c143cfcfbd641ae7f6011b819013ad8adceabe5477ad90a28896af8546df1", kill_on_drop: false }`
[INFO] [stdout] f68c143cfcfbd641ae7f6011b819013ad8adceabe5477ad90a28896af8546df1
[INFO] running `Command { std: "docker" "create" "-v" "/var/lib/crater-agent-workspace/builds/worker-3-tc1/target:/opt/rustwide/target:rw,Z" "-v" "/var/lib/crater-agent-workspace/builds/worker-3-tc1/source:/opt/rustwide/workdir:ro,Z" "-v" "/var/lib/crater-agent-workspace/cargo-home:/opt/rustwide/cargo-home:ro,Z" "-v" "/var/lib/crater-agent-workspace/rustup-home:/opt/rustwide/rustup-home:ro,Z" "-e" "SOURCE_DIR=/opt/rustwide/workdir" "-e" "CARGO_TARGET_DIR=/opt/rustwide/target" "-e" "CARGO_INCREMENTAL=0" "-e" "RUST_BACKTRACE=full" "-e" "RUSTFLAGS=--cap-lints=forbid" "-e" "RUSTDOCFLAGS=--cap-lints=forbid" "-e" "CARGO_HOME=/opt/rustwide/cargo-home" "-e" "RUSTUP_HOME=/opt/rustwide/rustup-home" "-w" "/opt/rustwide/workdir" "-m" "1610612736" "--user" "0:0" "--network" "none" "ghcr.io/rust-lang/crates-build-env/linux@sha256:2788e3201cd34a07e3172128adcd8b3090168a8e3bcc40d7c032b9dda1df7d1c" "/opt/rustwide/cargo-home/bin/cargo" "+nightly-2024-02-05" "check" "--frozen" "--all" "--all-targets" "--message-format=json", kill_on_drop: false }`
[INFO] [stdout] 27f27bbdac71c453b83bf5b5c6cf78dd15c29ffe5cf1732e7916f02fcd140a68
[INFO] running `Command { std: "docker" "start" "-a" "27f27bbdac71c453b83bf5b5c6cf78dd15c29ffe5cf1732e7916f02fcd140a68", kill_on_drop: false }`
[INFO] [stderr]    Compiling libc v0.2.153
[INFO] [stderr]    Compiling syn v1.0.109
[INFO] [stderr]     Checking memchr v2.7.1
[INFO] [stderr]    Compiling doc-comment v0.3.3
[INFO] [stderr]    Compiling pathrs v0.0.2 (/opt/rustwide/workdir)
[INFO] [stderr]     Checking object v0.32.2
[INFO] [stderr]    Compiling cc v1.0.83
[INFO] [stderr]    Compiling backtrace v0.3.69
[INFO] [stderr]    Compiling snafu-derive v0.6.10
[INFO] [stderr]     Checking snafu v0.6.10
[INFO] [stdout] error[E0308]: mismatched types
[INFO] [stdout]    --> src/syscalls.rs:565:13
[INFO] [stdout]     |
[INFO] [stdout] 560 |         match renameat2(
[INFO] [stdout]     |               --------- arguments to this function are incorrect
[INFO] [stdout] ...
[INFO] [stdout] 565 |             libc::RENAME_EXCHANGE,
[INFO] [stdout]     |             ^^^^^^^^^^^^^^^^^^^^^ expected `i32`, found `u32`
[INFO] [stdout]     |
[INFO] [stdout] note: function defined here
[INFO] [stdout]    --> src/syscalls.rs:578:15
[INFO] [stdout]     |
[INFO] [stdout] 578 | pub(crate) fn renameat2<P: AsRef<Path>>(
[INFO] [stdout]     |               ^^^^^^^^^
[INFO] [stdout] ...
[INFO] [stdout] 583 |     flags: i32,
[INFO] [stdout]     |     ----------
[INFO] [stdout] help: you can convert a `u32` to an `i32` and panic if the converted value doesn't fit
[INFO] [stdout]     |
[INFO] [stdout] 565 |             libc::RENAME_EXCHANGE.try_into().unwrap(),
[INFO] [stdout]     |                                  ++++++++++++++++++++
[INFO] [stdout] 
[INFO] [stdout] 
[INFO] [stdout] error[E0308]: mismatched types
[INFO] [stdout]    --> src/syscalls.rs:565:13
[INFO] [stdout]     |
[INFO] [stdout] 560 |         match renameat2(
[INFO] [stdout]     |               --------- arguments to this function are incorrect
[INFO] [stdout] ...
[INFO] [stdout] 565 |             libc::RENAME_EXCHANGE,
[INFO] [stdout]     |             ^^^^^^^^^^^^^^^^^^^^^ expected `i32`, found `u32`
[INFO] [stdout]     |
[INFO] [stdout] note: function defined here
[INFO] [stdout]    --> src/syscalls.rs:578:15
[INFO] [stdout]     |
[INFO] [stdout] 578 | pub(crate) fn renameat2<P: AsRef<Path>>(
[INFO] [stdout]     |               ^^^^^^^^^
[INFO] [stdout] ...
[INFO] [stdout] 583 |     flags: i32,
[INFO] [stdout]     |     ----------
[INFO] [stdout] help: you can convert a `u32` to an `i32` and panic if the converted value doesn't fit
[INFO] [stdout]     |
[INFO] [stdout] 565 |             libc::RENAME_EXCHANGE.try_into().unwrap(),
[INFO] [stdout]     |                                  ++++++++++++++++++++
[INFO] [stdout] 
[INFO] [stdout] 
[INFO] [stdout] error: aborting due to 1 previous error
[INFO] [stdout] 
[INFO] [stdout] 
[INFO] [stdout] For more information about this error, try `rustc --explain E0308`.
[INFO] [stdout] 
[INFO] [stdout] error: aborting due to 1 previous error
[INFO] [stdout] 
[INFO] [stdout] 
[INFO] [stdout] For more information about this error, try `rustc --explain E0308`.
[INFO] [stdout] 
[INFO] [stderr] error: could not compile `pathrs` (lib test) due to 2 previous errors
[INFO] [stderr] warning: build failed, waiting for other jobs to finish...
[INFO] [stderr] error: could not compile `pathrs` (lib) due to 2 previous errors
[INFO] running `Command { std: "docker" "inspect" "27f27bbdac71c453b83bf5b5c6cf78dd15c29ffe5cf1732e7916f02fcd140a68", kill_on_drop: false }`
[INFO] running `Command { std: "docker" "rm" "-f" "27f27bbdac71c453b83bf5b5c6cf78dd15c29ffe5cf1732e7916f02fcd140a68", kill_on_drop: false }`
[INFO] [stdout] 27f27bbdac71c453b83bf5b5c6cf78dd15c29ffe5cf1732e7916f02fcd140a68
[INFO] checking pathrs-0.0.2 against nightly-2024-02-05+rustflags=-Dunexpected_cfgs+cargoflags=-Zcheck-cfg for check-cfg
[INFO] extracting crate pathrs 0.0.2 into /workspace/builds/worker-3-tc2/source
[INFO] validating manifest of crates.io crate pathrs 0.0.2 on toolchain nightly-2024-02-05
[INFO] running `Command { std: CARGO_HOME="/workspace/cargo-home" RUSTUP_HOME="/workspace/rustup-home" "/workspace/cargo-home/bin/cargo" "+nightly-2024-02-05" "metadata" "--manifest-path" "Cargo.toml" "--no-deps", kill_on_drop: false }`
[INFO] started tweaking crates.io crate pathrs 0.0.2
[INFO] finished tweaking crates.io crate pathrs 0.0.2
[INFO] tweaked toml for crates.io crate pathrs 0.0.2 written to /workspace/builds/worker-3-tc2/source/Cargo.toml
[INFO] running `Command { std: CARGO_HOME="/workspace/cargo-home" RUSTUP_HOME="/workspace/rustup-home" "/workspace/cargo-home/bin/cargo" "+nightly-2024-02-05" "generate-lockfile" "--manifest-path" "Cargo.toml", kill_on_drop: false }`
[INFO] [stderr]     Updating crates.io index
[INFO] running `Command { std: CARGO_HOME="/workspace/cargo-home" RUSTUP_HOME="/workspace/rustup-home" "/workspace/cargo-home/bin/cargo" "+nightly-2024-02-05" "fetch" "--manifest-path" "Cargo.toml", kill_on_drop: false }`
[INFO] running `Command { std: "docker" "create" "-v" "/var/lib/crater-agent-workspace/builds/worker-3-tc2/target:/opt/rustwide/target:rw,Z" "-v" "/var/lib/crater-agent-workspace/builds/worker-3-tc2/source:/opt/rustwide/workdir:ro,Z" "-v" "/var/lib/crater-agent-workspace/cargo-home:/opt/rustwide/cargo-home:ro,Z" "-v" "/var/lib/crater-agent-workspace/rustup-home:/opt/rustwide/rustup-home:ro,Z" "-e" "SOURCE_DIR=/opt/rustwide/workdir" "-e" "CARGO_TARGET_DIR=/opt/rustwide/target" "-e" "CARGO_HOME=/opt/rustwide/cargo-home" "-e" "RUSTUP_HOME=/opt/rustwide/rustup-home" "-w" "/opt/rustwide/workdir" "-m" "1610612736" "--user" "0:0" "--network" "none" "ghcr.io/rust-lang/crates-build-env/linux@sha256:2788e3201cd34a07e3172128adcd8b3090168a8e3bcc40d7c032b9dda1df7d1c" "/opt/rustwide/cargo-home/bin/cargo" "+nightly-2024-02-05" "metadata" "--no-deps" "--format-version=1", kill_on_drop: false }`
[INFO] [stdout] ab910696a1f40f1e5253172d3fdb29f31f70f41e00ff89067ca9f5e382a3b354
[INFO] running `Command { std: "docker" "start" "-a" "ab910696a1f40f1e5253172d3fdb29f31f70f41e00ff89067ca9f5e382a3b354", kill_on_drop: false }`
[INFO] running `Command { std: "docker" "inspect" "ab910696a1f40f1e5253172d3fdb29f31f70f41e00ff89067ca9f5e382a3b354", kill_on_drop: false }`
[INFO] running `Command { std: "docker" "rm" "-f" "ab910696a1f40f1e5253172d3fdb29f31f70f41e00ff89067ca9f5e382a3b354", kill_on_drop: false }`
[INFO] [stdout] ab910696a1f40f1e5253172d3fdb29f31f70f41e00ff89067ca9f5e382a3b354
[INFO] running `Command { std: "docker" "create" "-v" "/var/lib/crater-agent-workspace/builds/worker-3-tc2/target:/opt/rustwide/target:rw,Z" "-v" "/var/lib/crater-agent-workspace/builds/worker-3-tc2/source:/opt/rustwide/workdir:ro,Z" "-v" "/var/lib/crater-agent-workspace/cargo-home:/opt/rustwide/cargo-home:ro,Z" "-v" "/var/lib/crater-agent-workspace/rustup-home:/opt/rustwide/rustup-home:ro,Z" "-e" "SOURCE_DIR=/opt/rustwide/workdir" "-e" "CARGO_TARGET_DIR=/opt/rustwide/target" "-e" "CARGO_INCREMENTAL=0" "-e" "RUST_BACKTRACE=full" "-e" "RUSTFLAGS=--cap-lints=forbid -Dunexpected_cfgs" "-e" "RUSTDOCFLAGS=--cap-lints=forbid" "-e" "CARGO_HOME=/opt/rustwide/cargo-home" "-e" "RUSTUP_HOME=/opt/rustwide/rustup-home" "-w" "/opt/rustwide/workdir" "-m" "1610612736" "--user" "0:0" "--network" "none" "ghcr.io/rust-lang/crates-build-env/linux@sha256:2788e3201cd34a07e3172128adcd8b3090168a8e3bcc40d7c032b9dda1df7d1c" "/opt/rustwide/cargo-home/bin/cargo" "+nightly-2024-02-05" "check" "--frozen" "--all" "--all-targets" "--message-format=json" "-Zcheck-cfg", kill_on_drop: false }`
[INFO] [stdout] 76fc78e525583bef298c994369ff9bf09390df7300fdccf46897030af22be3d5
[INFO] running `Command { std: "docker" "start" "-a" "76fc78e525583bef298c994369ff9bf09390df7300fdccf46897030af22be3d5", kill_on_drop: false }`
[INFO] [stderr]    Compiling libc v0.2.153
[INFO] [stderr]    Compiling syn v1.0.109
[INFO] [stderr]    Compiling doc-comment v0.3.3
[INFO] [stderr]     Checking memchr v2.7.1
[INFO] [stderr]    Compiling pathrs v0.0.2 (/opt/rustwide/workdir)
[INFO] [stderr]     Checking object v0.32.2
[INFO] [stderr]    Compiling cc v1.0.83
[INFO] [stderr]    Compiling backtrace v0.3.69
[INFO] [stderr]    Compiling snafu-derive v0.6.10
[INFO] [stderr]     Checking snafu v0.6.10
[INFO] [stdout] error[E0308]: mismatched types
[INFO] [stdout]    --> src/syscalls.rs:565:13
[INFO] [stdout]     |
[INFO] [stdout] 560 |         match renameat2(
[INFO] [stdout]     |               --------- arguments to this function are incorrect
[INFO] [stdout] ...
[INFO] [stdout] 565 |             libc::RENAME_EXCHANGE,
[INFO] [stdout]     |             ^^^^^^^^^^^^^^^^^^^^^ expected `i32`, found `u32`
[INFO] [stdout]     |
[INFO] [stdout] note: function defined here
[INFO] [stdout]    --> src/syscalls.rs:578:15
[INFO] [stdout]     |
[INFO] [stdout] 578 | pub(crate) fn renameat2<P: AsRef<Path>>(
[INFO] [stdout]     |               ^^^^^^^^^
[INFO] [stdout] ...
[INFO] [stdout] 583 |     flags: i32,
[INFO] [stdout]     |     ----------
[INFO] [stdout] help: you can convert a `u32` to an `i32` and panic if the converted value doesn't fit
[INFO] [stdout]     |
[INFO] [stdout] 565 |             libc::RENAME_EXCHANGE.try_into().unwrap(),
[INFO] [stdout]     |                                  ++++++++++++++++++++
[INFO] [stdout] 
[INFO] [stdout] 
[INFO] [stdout] error[E0308]: mismatched types
[INFO] [stdout]    --> src/syscalls.rs:565:13
[INFO] [stdout]     |
[INFO] [stdout] 560 |         match renameat2(
[INFO] [stdout]     |               --------- arguments to this function are incorrect
[INFO] [stdout] ...
[INFO] [stdout] 565 |             libc::RENAME_EXCHANGE,
[INFO] [stdout]     |             ^^^^^^^^^^^^^^^^^^^^^ expected `i32`, found `u32`
[INFO] [stdout]     |
[INFO] [stdout] note: function defined here
[INFO] [stdout]    --> src/syscalls.rs:578:15
[INFO] [stdout]     |
[INFO] [stdout] 578 | pub(crate) fn renameat2<P: AsRef<Path>>(
[INFO] [stdout]     |               ^^^^^^^^^
[INFO] [stdout] ...
[INFO] [stdout] 583 |     flags: i32,
[INFO] [stdout]     |     ----------
[INFO] [stdout] help: you can convert a `u32` to an `i32` and panic if the converted value doesn't fit
[INFO] [stdout]     |
[INFO] [stdout] 565 |             libc::RENAME_EXCHANGE.try_into().unwrap(),
[INFO] [stdout]     |                                  ++++++++++++++++++++
[INFO] [stdout] 
[INFO] [stdout] 
[INFO] [stdout] error: aborting due to 1 previous error
[INFO] [stdout] 
[INFO] [stdout] 
[INFO] [stdout] For more information about this error, try `rustc --explain E0308`.
[INFO] [stdout] 
[INFO] [stdout] error: aborting due to 1 previous error
[INFO] [stdout] 
[INFO] [stdout] 
[INFO] [stdout] For more information about this error, try `rustc --explain E0308`.
[INFO] [stdout] 
[INFO] [stderr] error: could not compile `pathrs` (lib) due to 2 previous errors
[INFO] [stderr] warning: build failed, waiting for other jobs to finish...
[INFO] [stderr] error: could not compile `pathrs` (lib test) due to 2 previous errors
[INFO] running `Command { std: "docker" "inspect" "76fc78e525583bef298c994369ff9bf09390df7300fdccf46897030af22be3d5", kill_on_drop: false }`
[INFO] running `Command { std: "docker" "rm" "-f" "76fc78e525583bef298c994369ff9bf09390df7300fdccf46897030af22be3d5", kill_on_drop: false }`
[INFO] [stdout] 76fc78e525583bef298c994369ff9bf09390df7300fdccf46897030af22be3d5
