[INFO] fetching crate partiql 0.6.0...
[INFO] checking partiql-0.6.0 against nightly-2024-02-05 for check-cfg
[INFO] extracting crate partiql 0.6.0 into /workspace/builds/worker-6-tc1/source
[INFO] validating manifest of crates.io crate partiql 0.6.0 on toolchain nightly-2024-02-05
[INFO] running `Command { std: CARGO_HOME="/workspace/cargo-home" RUSTUP_HOME="/workspace/rustup-home" "/workspace/cargo-home/bin/cargo" "+nightly-2024-02-05" "metadata" "--manifest-path" "Cargo.toml" "--no-deps", kill_on_drop: false }`
[INFO] started tweaking crates.io crate partiql 0.6.0
[INFO] finished tweaking crates.io crate partiql 0.6.0
[INFO] tweaked toml for crates.io crate partiql 0.6.0 written to /workspace/builds/worker-6-tc1/source/Cargo.toml
[INFO] running `Command { std: CARGO_HOME="/workspace/cargo-home" RUSTUP_HOME="/workspace/rustup-home" "/workspace/cargo-home/bin/cargo" "+nightly-2024-02-05" "generate-lockfile" "--manifest-path" "Cargo.toml", kill_on_drop: false }`
[INFO] [stderr]     Updating crates.io index
[INFO] running `Command { std: CARGO_HOME="/workspace/cargo-home" RUSTUP_HOME="/workspace/rustup-home" "/workspace/cargo-home/bin/cargo" "+nightly-2024-02-05" "fetch" "--manifest-path" "Cargo.toml", kill_on_drop: false }`
[INFO] running `Command { std: "docker" "create" "-v" "/var/lib/crater-agent-workspace/builds/worker-6-tc1/target:/opt/rustwide/target:rw,Z" "-v" "/var/lib/crater-agent-workspace/builds/worker-6-tc1/source:/opt/rustwide/workdir:ro,Z" "-v" "/var/lib/crater-agent-workspace/cargo-home:/opt/rustwide/cargo-home:ro,Z" "-v" "/var/lib/crater-agent-workspace/rustup-home:/opt/rustwide/rustup-home:ro,Z" "-e" "SOURCE_DIR=/opt/rustwide/workdir" "-e" "CARGO_TARGET_DIR=/opt/rustwide/target" "-e" "CARGO_HOME=/opt/rustwide/cargo-home" "-e" "RUSTUP_HOME=/opt/rustwide/rustup-home" "-w" "/opt/rustwide/workdir" "-m" "1610612736" "--user" "0:0" "--network" "none" "ghcr.io/rust-lang/crates-build-env/linux@sha256:2788e3201cd34a07e3172128adcd8b3090168a8e3bcc40d7c032b9dda1df7d1c" "/opt/rustwide/cargo-home/bin/cargo" "+nightly-2024-02-05" "metadata" "--no-deps" "--format-version=1", kill_on_drop: false }`
[INFO] [stdout] 277e3db732d783a111f1b26a81dd70f5e35ee33aed89f1c7572943c8990d50fe
[INFO] running `Command { std: "docker" "start" "-a" "277e3db732d783a111f1b26a81dd70f5e35ee33aed89f1c7572943c8990d50fe", kill_on_drop: false }`
[INFO] running `Command { std: "docker" "inspect" "277e3db732d783a111f1b26a81dd70f5e35ee33aed89f1c7572943c8990d50fe", kill_on_drop: false }`
[INFO] running `Command { std: "docker" "rm" "-f" "277e3db732d783a111f1b26a81dd70f5e35ee33aed89f1c7572943c8990d50fe", kill_on_drop: false }`
[INFO] [stdout] 277e3db732d783a111f1b26a81dd70f5e35ee33aed89f1c7572943c8990d50fe
[INFO] running `Command { std: "docker" "create" "-v" "/var/lib/crater-agent-workspace/builds/worker-6-tc1/target:/opt/rustwide/target:rw,Z" "-v" "/var/lib/crater-agent-workspace/builds/worker-6-tc1/source:/opt/rustwide/workdir:ro,Z" "-v" "/var/lib/crater-agent-workspace/cargo-home:/opt/rustwide/cargo-home:ro,Z" "-v" "/var/lib/crater-agent-workspace/rustup-home:/opt/rustwide/rustup-home:ro,Z" "-e" "SOURCE_DIR=/opt/rustwide/workdir" "-e" "CARGO_TARGET_DIR=/opt/rustwide/target" "-e" "CARGO_INCREMENTAL=0" "-e" "RUST_BACKTRACE=full" "-e" "RUSTFLAGS=--cap-lints=forbid" "-e" "RUSTDOCFLAGS=--cap-lints=forbid" "-e" "CARGO_HOME=/opt/rustwide/cargo-home" "-e" "RUSTUP_HOME=/opt/rustwide/rustup-home" "-w" "/opt/rustwide/workdir" "-m" "1610612736" "--user" "0:0" "--network" "none" "ghcr.io/rust-lang/crates-build-env/linux@sha256:2788e3201cd34a07e3172128adcd8b3090168a8e3bcc40d7c032b9dda1df7d1c" "/opt/rustwide/cargo-home/bin/cargo" "+nightly-2024-02-05" "check" "--frozen" "--all" "--all-targets" "--message-format=json", kill_on_drop: false }`
[INFO] [stdout] d4b8fef6af01ed254d2756cfd55ab954098b44398779b1bc0ca08d0a19735e5d
[INFO] running `Command { std: "docker" "start" "-a" "d4b8fef6af01ed254d2756cfd55ab954098b44398779b1bc0ca08d0a19735e5d", kill_on_drop: false }`
[INFO] [stderr]    Compiling proc-macro2 v1.0.78
[INFO] [stderr]    Compiling unicode-ident v1.0.12
[INFO] [stderr]    Compiling autocfg v1.1.0
[INFO] [stderr]     Checking cfg-if v1.0.0
[INFO] [stderr]    Compiling libc v0.2.153
[INFO] [stderr]    Compiling crossbeam-utils v0.8.19
[INFO] [stderr]    Compiling serde v1.0.196
[INFO] [stderr]    Compiling rayon-core v1.12.1
[INFO] [stderr]    Compiling serde_json v1.0.113
[INFO] [stderr]     Checking either v1.9.0
[INFO] [stderr]     Checking half v2.3.1
[INFO] [stderr]     Checking ciborium-io v0.2.2
[INFO] [stderr]     Checking plotters-backend v0.3.5
[INFO] [stderr]     Checking regex-syntax v0.8.2
[INFO] [stderr]    Compiling indexmap v1.9.3
[INFO] [stderr]    Compiling num-traits v0.2.17
[INFO] [stderr]     Checking hashbrown v0.12.3
[INFO] [stderr]     Checking os_str_bytes v6.6.1
[INFO] [stderr]     Checking ryu v1.0.16
[INFO] [stderr]     Checking itoa v1.0.10
[INFO] [stderr]     Checking clap_lex v0.2.4
[INFO] [stderr]    Compiling quote v1.0.35
[INFO] [stderr]     Checking crossbeam-epoch v0.9.18
[INFO] [stderr]     Checking ciborium-ll v0.2.2
[INFO] [stderr]    Compiling syn v2.0.48
[INFO] [stderr]     Checking crossbeam-deque v0.8.5
[INFO] [stderr]     Checking plotters-svg v0.3.5
[INFO] [stderr]     Checking itertools v0.10.5
[INFO] [stderr]     Checking bitflags v1.3.2
[INFO] [stderr]     Checking cast v0.3.0
[INFO] [stderr]     Checking same-file v1.0.6
[INFO] [stderr]     Checking getrandom v0.2.12
[INFO] [stderr]     Checking ppv-lite86 v0.2.17
[INFO] [stderr]     Checking rand_core v0.6.4
[INFO] [stderr]     Checking textwrap v0.16.0
[INFO] [stderr]     Checking rand_chacha v0.3.1
[INFO] [stderr]     Checking walkdir v2.4.0
[INFO] [stderr]     Checking rayon v1.8.1
[INFO] [stderr]     Checking clap v3.2.25
[INFO] [stderr]     Checking atty v0.2.14
[INFO] [stderr]     Checking anes v0.1.6
[INFO] [stderr]     Checking lazy_static v1.4.0
[INFO] [stderr]     Checking oorandom v11.1.3
[INFO] [stderr]     Checking regex-automata v0.4.5
[INFO] [stderr]     Checking rand v0.8.5
[INFO] [stderr]     Checking partiql v0.6.0 (/opt/rustwide/workdir)
[INFO] [stderr]     Checking plotters v0.3.5
[INFO] [stderr]     Checking criterion-plot v0.5.0
[INFO] [stderr]     Checking regex v1.10.3
[INFO] [stderr]    Compiling serde_derive v1.0.196
[INFO] [stderr]     Checking ciborium v0.2.2
[INFO] [stderr]     Checking tinytemplate v1.2.1
[INFO] [stderr]     Checking criterion v0.4.0
[INFO] [stdout] error[E0433]: failed to resolve: use of undeclared crate or module `partiql_eval`
[INFO] [stdout]  --> benches/bench_agg.rs:7:5
[INFO] [stdout]   |
[INFO] [stdout] 7 | use partiql_eval::env::basic::MapBindings;
[INFO] [stdout]   |     ^^^^^^^^^^^^ use of undeclared crate or module `partiql_eval`
[INFO] [stdout] 
[INFO] [stdout] 
[INFO] [stdout] error[E0433]: failed to resolve: use of undeclared crate or module `partiql_eval`
[INFO] [stdout]  --> benches/bench_agg.rs:8:5
[INFO] [stdout]   |
[INFO] [stdout] 8 | use partiql_eval::eval::EvalPlan;
[INFO] [stdout]   |     ^^^^^^^^^^^^ use of undeclared crate or module `partiql_eval`
[INFO] [stdout] 
[INFO] [stdout] 
[INFO] [stdout] error[E0433]: failed to resolve: use of undeclared crate or module `partiql_eval`
[INFO] [stdout]  --> benches/bench_agg.rs:9:5
[INFO] [stdout]   |
[INFO] [stdout] 9 | use partiql_eval::plan::{EvaluationMode, EvaluatorPlanner};
[INFO] [stdout]   |     ^^^^^^^^^^^^ use of undeclared crate or module `partiql_eval`
[INFO] [stdout] 
[INFO] [stdout] 
[INFO] [stdout] error[E0432]: unresolved import `partiql_catalog`
[INFO] [stdout]  --> benches/bench_agg.rs:5:5
[INFO] [stdout]   |
[INFO] [stdout] 5 | use partiql_catalog::{Catalog, PartiqlCatalog};
[INFO] [stdout]   |     ^^^^^^^^^^^^^^^ use of undeclared crate or module `partiql_catalog`
[INFO] [stdout] 
[INFO] [stdout] 
[INFO] [stdout] error[E0432]: unresolved import `partiql_logical`
[INFO] [stdout]   --> benches/bench_agg.rs:10:5
[INFO] [stdout]    |
[INFO] [stdout] 10 | use partiql_logical::{BindingsOp, LogicalPlan};
[INFO] [stdout]    |     ^^^^^^^^^^^^^^^ use of undeclared crate or module `partiql_logical`
[INFO] [stdout] 
[INFO] [stdout] 
[INFO] [stdout] error[E0432]: unresolved import `partiql_logical_planner`
[INFO] [stdout]   --> benches/bench_agg.rs:11:5
[INFO] [stdout]    |
[INFO] [stdout] 11 | use partiql_logical_planner::LogicalPlanner;
[INFO] [stdout]    |     ^^^^^^^^^^^^^^^^^^^^^^^ use of undeclared crate or module `partiql_logical_planner`
[INFO] [stdout] 
[INFO] [stdout] 
[INFO] [stdout] error[E0432]: unresolved import `partiql_parser`
[INFO] [stdout]   --> benches/bench_agg.rs:13:5
[INFO] [stdout]    |
[INFO] [stdout] 13 | use partiql_parser::{Parser, ParserResult};
[INFO] [stdout]    |     ^^^^^^^^^^^^^^ use of undeclared crate or module `partiql_parser`
[INFO] [stdout] 
[INFO] [stdout] 
[INFO] [stdout] error[E0432]: unresolved import `partiql_value`
[INFO] [stdout]   --> benches/bench_agg.rs:14:5
[INFO] [stdout]    |
[INFO] [stdout] 14 | use partiql_value::{tuple, Bag, Value};
[INFO] [stdout]    |     ^^^^^^^^^^^^^ use of undeclared crate or module `partiql_value`
[INFO] [stdout] 
[INFO] [stdout] 
[INFO] [stdout] error[E0433]: failed to resolve: use of undeclared crate or module `partiql_eval`
[INFO] [stdout]  --> benches/bench_eval_multi_like.rs:8:5
[INFO] [stdout]   |
[INFO] [stdout] 8 | use partiql_eval::env::basic::MapBindings;
[INFO] [stdout]   |     ^^^^^^^^^^^^ use of undeclared crate or module `partiql_eval`
[INFO] [stdout] 
[INFO] [stdout] 
[INFO] [stdout] error[E0433]: failed to resolve: use of undeclared crate or module `partiql_eval`
[INFO] [stdout]  --> benches/bench_eval_multi_like.rs:9:5
[INFO] [stdout]   |
[INFO] [stdout] 9 | use partiql_eval::eval::EvalPlan;
[INFO] [stdout]   |     ^^^^^^^^^^^^ use of undeclared crate or module `partiql_eval`
[INFO] [stdout] 
[INFO] [stdout] 
[INFO] [stdout] error[E0433]: failed to resolve: use of undeclared crate or module `partiql_eval`
[INFO] [stdout]   --> benches/bench_eval_multi_like.rs:10:5
[INFO] [stdout]    |
[INFO] [stdout] 10 | use partiql_eval::plan::{EvaluationMode, EvaluatorPlanner};
[INFO] [stdout]    |     ^^^^^^^^^^^^ use of undeclared crate or module `partiql_eval`
[INFO] [stdout] 
[INFO] [stdout] 
[INFO] [stdout] error[E0432]: unresolved import `partiql_catalog`
[INFO] [stdout]  --> benches/bench_eval_multi_like.rs:5:5
[INFO] [stdout]   |
[INFO] [stdout] 5 | use partiql_catalog::{Catalog, PartiqlCatalog};
[INFO] [stdout]   |     ^^^^^^^^^^^^^^^ use of undeclared crate or module `partiql_catalog`
[INFO] [stdout] 
[INFO] [stdout] 
[INFO] [stdout] error[E0432]: unresolved import `partiql_logical`
[INFO] [stdout]   --> benches/bench_eval_multi_like.rs:11:5
[INFO] [stdout]    |
[INFO] [stdout] 11 | use partiql_logical::{BindingsOp, LogicalPlan};
[INFO] [stdout]    |     ^^^^^^^^^^^^^^^ use of undeclared crate or module `partiql_logical`
[INFO] [stdout] 
[INFO] [stdout] 
[INFO] [stdout] error[E0432]: unresolved import `partiql_logical_planner`
[INFO] [stdout]   --> benches/bench_eval_multi_like.rs:12:5
[INFO] [stdout]    |
[INFO] [stdout] 12 | use partiql_logical_planner::LogicalPlanner;
[INFO] [stdout]    |     ^^^^^^^^^^^^^^^^^^^^^^^ use of undeclared crate or module `partiql_logical_planner`
[INFO] [stdout] 
[INFO] [stdout] 
[INFO] [stdout] error[E0432]: unresolved import `partiql_parser`
[INFO] [stdout]   --> benches/bench_eval_multi_like.rs:14:5
[INFO] [stdout]    |
[INFO] [stdout] 14 | use partiql_parser::{Parser, ParserResult};
[INFO] [stdout]    |     ^^^^^^^^^^^^^^ use of undeclared crate or module `partiql_parser`
[INFO] [stdout] 
[INFO] [stdout] 
[INFO] [stdout] error[E0432]: unresolved import `partiql_value`
[INFO] [stdout]   --> benches/bench_eval_multi_like.rs:15:5
[INFO] [stdout]    |
[INFO] [stdout] 15 | use partiql_value::{tuple, Bag, Value};
[INFO] [stdout]    |     ^^^^^^^^^^^^^ use of undeclared crate or module `partiql_value`
[INFO] [stdout] 
[INFO] [stdout] 
[INFO] [stdout] error[E0433]: failed to resolve: use of undeclared crate or module `partiql_parser`
[INFO] [stdout]   --> benches/bench_agg.rs:40:44
[INFO] [stdout]    |
[INFO] [stdout] 40 | fn compile(catalog: &dyn Catalog, parsed: &partiql_parser::Parsed) -> LogicalPlan<BindingsOp> {
[INFO] [stdout]    |                                            ^^^^^^^^^^^^^^ use of undeclared crate or module `partiql_parser`
[INFO] [stdout] 
[INFO] [stdout] 
[INFO] [stdout] error: aborting due to 9 previous errors
[INFO] [stdout] 
[INFO] [stdout] 
[INFO] [stdout] Some errors have detailed explanations: E0432, E0433.
[INFO] [stdout] 
[INFO] [stdout] For more information about an error, try `rustc --explain E0432`.
[INFO] [stdout] 
[INFO] [stderr] error: could not compile `partiql` (bench "bench_agg") due to 10 previous errors
[INFO] [stderr] warning: build failed, waiting for other jobs to finish...
[INFO] [stdout] error[E0433]: failed to resolve: use of undeclared crate or module `partiql_parser`
[INFO] [stdout]    --> benches/bench_eval_multi_like.rs:338:44
[INFO] [stdout]     |
[INFO] [stdout] 338 | fn compile(catalog: &dyn Catalog, parsed: &partiql_parser::Parsed) -> LogicalPlan<BindingsOp> {
[INFO] [stdout]     |                                            ^^^^^^^^^^^^^^ use of undeclared crate or module `partiql_parser`
[INFO] [stdout] 
[INFO] [stdout] 
[INFO] [stdout] error: aborting due to 9 previous errors
[INFO] [stdout] 
[INFO] [stdout] 
[INFO] [stdout] Some errors have detailed explanations: E0432, E0433.
[INFO] [stdout] 
[INFO] [stdout] For more information about an error, try `rustc --explain E0432`.
[INFO] [stdout] 
[INFO] [stderr] error: could not compile `partiql` (bench "bench_eval_multi_like") due to 10 previous errors
[INFO] running `Command { std: "docker" "inspect" "d4b8fef6af01ed254d2756cfd55ab954098b44398779b1bc0ca08d0a19735e5d", kill_on_drop: false }`
[INFO] running `Command { std: "docker" "rm" "-f" "d4b8fef6af01ed254d2756cfd55ab954098b44398779b1bc0ca08d0a19735e5d", kill_on_drop: false }`
[INFO] [stdout] d4b8fef6af01ed254d2756cfd55ab954098b44398779b1bc0ca08d0a19735e5d
