[INFO] fetching crate parst 0.2.0...
[INFO] checking parst-0.2.0 against nightly-2024-02-05 for check-cfg
[INFO] extracting crate parst 0.2.0 into /workspace/builds/worker-7-tc1/source
[INFO] validating manifest of crates.io crate parst 0.2.0 on toolchain nightly-2024-02-05
[INFO] running `Command { std: CARGO_HOME="/workspace/cargo-home" RUSTUP_HOME="/workspace/rustup-home" "/workspace/cargo-home/bin/cargo" "+nightly-2024-02-05" "metadata" "--manifest-path" "Cargo.toml" "--no-deps", kill_on_drop: false }`
[INFO] started tweaking crates.io crate parst 0.2.0
[INFO] finished tweaking crates.io crate parst 0.2.0
[INFO] tweaked toml for crates.io crate parst 0.2.0 written to /workspace/builds/worker-7-tc1/source/Cargo.toml
[INFO] running `Command { std: CARGO_HOME="/workspace/cargo-home" RUSTUP_HOME="/workspace/rustup-home" "/workspace/cargo-home/bin/cargo" "+nightly-2024-02-05" "generate-lockfile" "--manifest-path" "Cargo.toml", kill_on_drop: false }`
[INFO] [stderr]     Updating crates.io index
[INFO] running `Command { std: CARGO_HOME="/workspace/cargo-home" RUSTUP_HOME="/workspace/rustup-home" "/workspace/cargo-home/bin/cargo" "+nightly-2024-02-05" "fetch" "--manifest-path" "Cargo.toml", kill_on_drop: false }`
[INFO] [stderr]  Downloading crates ...
[INFO] [stderr]   Downloaded parst_derive v0.2.0
[INFO] running `Command { std: "docker" "create" "-v" "/var/lib/crater-agent-workspace/builds/worker-7-tc1/target:/opt/rustwide/target:rw,Z" "-v" "/var/lib/crater-agent-workspace/builds/worker-7-tc1/source:/opt/rustwide/workdir:ro,Z" "-v" "/var/lib/crater-agent-workspace/cargo-home:/opt/rustwide/cargo-home:ro,Z" "-v" "/var/lib/crater-agent-workspace/rustup-home:/opt/rustwide/rustup-home:ro,Z" "-e" "SOURCE_DIR=/opt/rustwide/workdir" "-e" "CARGO_TARGET_DIR=/opt/rustwide/target" "-e" "CARGO_HOME=/opt/rustwide/cargo-home" "-e" "RUSTUP_HOME=/opt/rustwide/rustup-home" "-w" "/opt/rustwide/workdir" "-m" "1610612736" "--user" "0:0" "--network" "none" "ghcr.io/rust-lang/crates-build-env/linux@sha256:2788e3201cd34a07e3172128adcd8b3090168a8e3bcc40d7c032b9dda1df7d1c" "/opt/rustwide/cargo-home/bin/cargo" "+nightly-2024-02-05" "metadata" "--no-deps" "--format-version=1", kill_on_drop: false }`
[INFO] [stdout] 7148078a7ac91ec3e060ca1a90ee5a74c26e107a7f1954a77f60f8fa4a4f1519
[INFO] running `Command { std: "docker" "start" "-a" "7148078a7ac91ec3e060ca1a90ee5a74c26e107a7f1954a77f60f8fa4a4f1519", kill_on_drop: false }`
[INFO] running `Command { std: "docker" "inspect" "7148078a7ac91ec3e060ca1a90ee5a74c26e107a7f1954a77f60f8fa4a4f1519", kill_on_drop: false }`
[INFO] running `Command { std: "docker" "rm" "-f" "7148078a7ac91ec3e060ca1a90ee5a74c26e107a7f1954a77f60f8fa4a4f1519", kill_on_drop: false }`
[INFO] [stdout] 7148078a7ac91ec3e060ca1a90ee5a74c26e107a7f1954a77f60f8fa4a4f1519
[INFO] running `Command { std: "docker" "create" "-v" "/var/lib/crater-agent-workspace/builds/worker-7-tc1/target:/opt/rustwide/target:rw,Z" "-v" "/var/lib/crater-agent-workspace/builds/worker-7-tc1/source:/opt/rustwide/workdir:ro,Z" "-v" "/var/lib/crater-agent-workspace/cargo-home:/opt/rustwide/cargo-home:ro,Z" "-v" "/var/lib/crater-agent-workspace/rustup-home:/opt/rustwide/rustup-home:ro,Z" "-e" "SOURCE_DIR=/opt/rustwide/workdir" "-e" "CARGO_TARGET_DIR=/opt/rustwide/target" "-e" "CARGO_INCREMENTAL=0" "-e" "RUST_BACKTRACE=full" "-e" "RUSTFLAGS=--cap-lints=forbid" "-e" "RUSTDOCFLAGS=--cap-lints=forbid" "-e" "CARGO_HOME=/opt/rustwide/cargo-home" "-e" "RUSTUP_HOME=/opt/rustwide/rustup-home" "-w" "/opt/rustwide/workdir" "-m" "1610612736" "--user" "0:0" "--network" "none" "ghcr.io/rust-lang/crates-build-env/linux@sha256:2788e3201cd34a07e3172128adcd8b3090168a8e3bcc40d7c032b9dda1df7d1c" "/opt/rustwide/cargo-home/bin/cargo" "+nightly-2024-02-05" "check" "--frozen" "--all" "--all-targets" "--message-format=json", kill_on_drop: false }`
[INFO] [stdout] 37a4bfe6c58ff67f2eb2ceca8048cee2e4519dbe09928c0d3f0c7f828e8c678b
[INFO] running `Command { std: "docker" "start" "-a" "37a4bfe6c58ff67f2eb2ceca8048cee2e4519dbe09928c0d3f0c7f828e8c678b", kill_on_drop: false }`
[INFO] [stderr]    Compiling syn v1.0.109
[INFO] [stderr]    Compiling syn v2.0.48
[INFO] [stderr]    Compiling thiserror-impl v1.0.56
[INFO] [stderr]     Checking thiserror v1.0.56
[INFO] [stderr]    Compiling parst_derive v0.2.0
[INFO] [stderr]     Checking parst v0.2.0 (/opt/rustwide/workdir)
[INFO] [stdout] error[E0599]: no method named `split_array_ref` found for reference `&[S]` in the current scope
[INFO] [stdout]  --> src/helpers.rs:5:18
[INFO] [stdout]   |
[INFO] [stdout] 5 |         .then(|| input.split_array_ref::<N>())
[INFO] [stdout]   |                        ^^^^^^^^^^^^^^^ help: there is a method with a similar name: `split_at`
[INFO] [stdout] 
[INFO] [stdout] 
[INFO] [stdout] error[E0599]: no method named `split_array_ref` found for reference `&[S]` in the current scope
[INFO] [stdout]  --> src/helpers.rs:5:18
[INFO] [stdout]   |
[INFO] [stdout] 5 |         .then(|| input.split_array_ref::<N>())
[INFO] [stdout]   |                        ^^^^^^^^^^^^^^^ help: there is a method with a similar name: `split_at`
[INFO] [stdout] 
[INFO] [stdout] 
[INFO] [stdout] error: aborting due to 1 previous error
[INFO] [stdout] 
[INFO] [stdout] 
[INFO] [stdout] For more information about this error, try `rustc --explain E0599`.
[INFO] [stdout] 
[INFO] [stderr] error: could not compile `parst` (lib test) due to 2 previous errors
[INFO] [stderr] warning: build failed, waiting for other jobs to finish...
[INFO] [stdout] error: aborting due to 1 previous error
[INFO] [stdout] 
[INFO] [stdout] 
[INFO] [stdout] For more information about this error, try `rustc --explain E0599`.
[INFO] [stdout] 
[INFO] [stderr] error: could not compile `parst` (lib) due to 2 previous errors
[INFO] running `Command { std: "docker" "inspect" "37a4bfe6c58ff67f2eb2ceca8048cee2e4519dbe09928c0d3f0c7f828e8c678b", kill_on_drop: false }`
[INFO] running `Command { std: "docker" "rm" "-f" "37a4bfe6c58ff67f2eb2ceca8048cee2e4519dbe09928c0d3f0c7f828e8c678b", kill_on_drop: false }`
[INFO] [stdout] 37a4bfe6c58ff67f2eb2ceca8048cee2e4519dbe09928c0d3f0c7f828e8c678b
[INFO] checking parst-0.2.0 against nightly-2024-02-05+rustflags=-Dunexpected_cfgs+cargoflags=-Zcheck-cfg for check-cfg
[INFO] extracting crate parst 0.2.0 into /workspace/builds/worker-7-tc2/source
[INFO] validating manifest of crates.io crate parst 0.2.0 on toolchain nightly-2024-02-05
[INFO] running `Command { std: CARGO_HOME="/workspace/cargo-home" RUSTUP_HOME="/workspace/rustup-home" "/workspace/cargo-home/bin/cargo" "+nightly-2024-02-05" "metadata" "--manifest-path" "Cargo.toml" "--no-deps", kill_on_drop: false }`
[INFO] started tweaking crates.io crate parst 0.2.0
[INFO] finished tweaking crates.io crate parst 0.2.0
[INFO] tweaked toml for crates.io crate parst 0.2.0 written to /workspace/builds/worker-7-tc2/source/Cargo.toml
[INFO] running `Command { std: CARGO_HOME="/workspace/cargo-home" RUSTUP_HOME="/workspace/rustup-home" "/workspace/cargo-home/bin/cargo" "+nightly-2024-02-05" "generate-lockfile" "--manifest-path" "Cargo.toml", kill_on_drop: false }`
[INFO] [stderr]     Updating crates.io index
[INFO] running `Command { std: CARGO_HOME="/workspace/cargo-home" RUSTUP_HOME="/workspace/rustup-home" "/workspace/cargo-home/bin/cargo" "+nightly-2024-02-05" "fetch" "--manifest-path" "Cargo.toml", kill_on_drop: false }`
[INFO] running `Command { std: "docker" "create" "-v" "/var/lib/crater-agent-workspace/builds/worker-7-tc2/target:/opt/rustwide/target:rw,Z" "-v" "/var/lib/crater-agent-workspace/builds/worker-7-tc2/source:/opt/rustwide/workdir:ro,Z" "-v" "/var/lib/crater-agent-workspace/cargo-home:/opt/rustwide/cargo-home:ro,Z" "-v" "/var/lib/crater-agent-workspace/rustup-home:/opt/rustwide/rustup-home:ro,Z" "-e" "SOURCE_DIR=/opt/rustwide/workdir" "-e" "CARGO_TARGET_DIR=/opt/rustwide/target" "-e" "CARGO_HOME=/opt/rustwide/cargo-home" "-e" "RUSTUP_HOME=/opt/rustwide/rustup-home" "-w" "/opt/rustwide/workdir" "-m" "1610612736" "--user" "0:0" "--network" "none" "ghcr.io/rust-lang/crates-build-env/linux@sha256:2788e3201cd34a07e3172128adcd8b3090168a8e3bcc40d7c032b9dda1df7d1c" "/opt/rustwide/cargo-home/bin/cargo" "+nightly-2024-02-05" "metadata" "--no-deps" "--format-version=1", kill_on_drop: false }`
[INFO] [stdout] ffc1d0bafeb8c2e95dd58dc345b92b594e8c354ba433244af68696c7ef827755
[INFO] running `Command { std: "docker" "start" "-a" "ffc1d0bafeb8c2e95dd58dc345b92b594e8c354ba433244af68696c7ef827755", kill_on_drop: false }`
[INFO] running `Command { std: "docker" "inspect" "ffc1d0bafeb8c2e95dd58dc345b92b594e8c354ba433244af68696c7ef827755", kill_on_drop: false }`
[INFO] running `Command { std: "docker" "rm" "-f" "ffc1d0bafeb8c2e95dd58dc345b92b594e8c354ba433244af68696c7ef827755", kill_on_drop: false }`
[INFO] [stdout] ffc1d0bafeb8c2e95dd58dc345b92b594e8c354ba433244af68696c7ef827755
[INFO] running `Command { std: "docker" "create" "-v" "/var/lib/crater-agent-workspace/builds/worker-7-tc2/target:/opt/rustwide/target:rw,Z" "-v" "/var/lib/crater-agent-workspace/builds/worker-7-tc2/source:/opt/rustwide/workdir:ro,Z" "-v" "/var/lib/crater-agent-workspace/cargo-home:/opt/rustwide/cargo-home:ro,Z" "-v" "/var/lib/crater-agent-workspace/rustup-home:/opt/rustwide/rustup-home:ro,Z" "-e" "SOURCE_DIR=/opt/rustwide/workdir" "-e" "CARGO_TARGET_DIR=/opt/rustwide/target" "-e" "CARGO_INCREMENTAL=0" "-e" "RUST_BACKTRACE=full" "-e" "RUSTFLAGS=--cap-lints=forbid -Dunexpected_cfgs" "-e" "RUSTDOCFLAGS=--cap-lints=forbid" "-e" "CARGO_HOME=/opt/rustwide/cargo-home" "-e" "RUSTUP_HOME=/opt/rustwide/rustup-home" "-w" "/opt/rustwide/workdir" "-m" "1610612736" "--user" "0:0" "--network" "none" "ghcr.io/rust-lang/crates-build-env/linux@sha256:2788e3201cd34a07e3172128adcd8b3090168a8e3bcc40d7c032b9dda1df7d1c" "/opt/rustwide/cargo-home/bin/cargo" "+nightly-2024-02-05" "check" "--frozen" "--all" "--all-targets" "--message-format=json" "-Zcheck-cfg", kill_on_drop: false }`
[INFO] [stdout] ba5c126341931f1b4ac82959c9dcc042b2a27feb035410fdd706b538005f4527
[INFO] running `Command { std: "docker" "start" "-a" "ba5c126341931f1b4ac82959c9dcc042b2a27feb035410fdd706b538005f4527", kill_on_drop: false }`
[INFO] [stderr]    Compiling syn v1.0.109
[INFO] [stderr]    Compiling syn v2.0.48
[INFO] [stderr]    Compiling thiserror-impl v1.0.56
[INFO] [stderr]     Checking thiserror v1.0.56
[INFO] [stderr]    Compiling parst_derive v0.2.0
[INFO] [stderr]     Checking parst v0.2.0 (/opt/rustwide/workdir)
[INFO] [stdout] error[E0599]: no method named `split_array_ref` found for reference `&[S]` in the current scope
[INFO] [stdout]  --> src/helpers.rs:5:18
[INFO] [stdout]   |
[INFO] [stdout] 5 |         .then(|| input.split_array_ref::<N>())
[INFO] [stdout]   |                        ^^^^^^^^^^^^^^^ help: there is a method with a similar name: `split_at`
[INFO] [stdout] 
[INFO] [stdout] 
[INFO] [stdout] error: aborting due to 1 previous error
[INFO] [stdout] 
[INFO] [stdout] 
[INFO] [stdout] For more information about this error, try `rustc --explain E0599`.
[INFO] [stdout] 
[INFO] [stdout] error[E0599]: no method named `split_array_ref` found for reference `&[S]` in the current scope
[INFO] [stdout]  --> src/helpers.rs:5:18
[INFO] [stdout]   |
[INFO] [stdout] 5 |         .then(|| input.split_array_ref::<N>())
[INFO] [stdout]   |                        ^^^^^^^^^^^^^^^ help: there is a method with a similar name: `split_at`
[INFO] [stdout] 
[INFO] [stdout] 
[INFO] [stderr] error: could not compile `parst` (lib test) due to 2 previous errors
[INFO] [stderr] warning: build failed, waiting for other jobs to finish...
[INFO] [stdout] error: aborting due to 1 previous error
[INFO] [stdout] 
[INFO] [stdout] 
[INFO] [stdout] For more information about this error, try `rustc --explain E0599`.
[INFO] [stdout] 
[INFO] [stderr] error: could not compile `parst` (lib) due to 2 previous errors
[INFO] running `Command { std: "docker" "inspect" "ba5c126341931f1b4ac82959c9dcc042b2a27feb035410fdd706b538005f4527", kill_on_drop: false }`
[INFO] running `Command { std: "docker" "rm" "-f" "ba5c126341931f1b4ac82959c9dcc042b2a27feb035410fdd706b538005f4527", kill_on_drop: false }`
[INFO] [stdout] ba5c126341931f1b4ac82959c9dcc042b2a27feb035410fdd706b538005f4527
