[INFO] fetching crate papyrus_storage 0.2.0-rc3...
[INFO] checking papyrus_storage-0.2.0-rc3 against nightly-2024-02-05 for check-cfg
[INFO] extracting crate papyrus_storage 0.2.0-rc3 into /workspace/builds/worker-4-tc1/source
[INFO] validating manifest of crates.io crate papyrus_storage 0.2.0-rc3 on toolchain nightly-2024-02-05
[INFO] running `Command { std: CARGO_HOME="/workspace/cargo-home" RUSTUP_HOME="/workspace/rustup-home" "/workspace/cargo-home/bin/cargo" "+nightly-2024-02-05" "metadata" "--manifest-path" "Cargo.toml" "--no-deps", kill_on_drop: false }`
[INFO] started tweaking crates.io crate papyrus_storage 0.2.0-rc3
[INFO] finished tweaking crates.io crate papyrus_storage 0.2.0-rc3
[INFO] tweaked toml for crates.io crate papyrus_storage 0.2.0-rc3 written to /workspace/builds/worker-4-tc1/source/Cargo.toml
[INFO] crate crates.io crate papyrus_storage 0.2.0-rc3 already has a lockfile, it will not be regenerated
[INFO] running `Command { std: CARGO_HOME="/workspace/cargo-home" RUSTUP_HOME="/workspace/rustup-home" "/workspace/cargo-home/bin/cargo" "+nightly-2024-02-05" "fetch" "--manifest-path" "Cargo.toml", kill_on_drop: false }`
[INFO] [stderr]     Updating crates.io index
[INFO] [stderr]  Downloading crates ...
[INFO] [stderr]   Downloaded papyrus_config v0.2.0-rc3
[INFO] [stderr]   Downloaded unescaper v0.1.3
[INFO] [stderr]   Downloaded page_size v0.6.0
[INFO] [stderr]   Downloaded papyrus_proc_macros v0.2.0-rc3
[INFO] [stderr]   Downloaded libmdbx v0.3.5
[INFO] [stderr]   Downloaded lifetimed-bytes v0.1.0
[INFO] [stderr]   Downloaded starknet-ff v0.3.5
[INFO] [stderr]   Downloaded validator_derive v0.12.0
[INFO] [stderr]   Downloaded relative-path v1.9.0
[INFO] [stderr]   Downloaded validator v0.12.0
[INFO] [stderr]   Downloaded starknet_api v0.6.0-rc3
[INFO] [stderr]   Downloaded mdbx-sys v0.12.7
[INFO] [stderr]   Downloaded camelpaste v0.1.0
[INFO] [stderr]   Downloaded human_bytes v0.4.3
[INFO] [stderr]   Downloaded cairo-lang-project v2.4.0-rc5
[INFO] [stderr]   Downloaded cairo-lang-compiler v2.4.0-rc5
[INFO] [stderr]   Downloaded cairo-lang-sierra-type-size v2.4.0-rc5
[INFO] [stderr]   Downloaded cairo-lang-filesystem v2.4.0-rc5
[INFO] [stderr]   Downloaded cairo-lang-diagnostics v2.4.0-rc5
[INFO] [stderr]   Downloaded cairo-lang-debug v2.4.0-rc5
[INFO] [stderr]   Downloaded cairo-lang-sierra-ap-change v2.4.0-rc5
[INFO] [stderr]   Downloaded cairo-lang-proc-macros v2.4.0-rc5
[INFO] [stderr]   Downloaded cairo-lang-syntax-codegen v2.4.0-rc5
[INFO] [stderr]   Downloaded cairo-lang-eq-solver v2.4.0-rc5
[INFO] [stderr]   Downloaded cairo-lang-utils v2.4.0-rc5
[INFO] [stderr]   Downloaded cairo-lang-sierra-gas v2.4.0-rc5
[INFO] [stderr]   Downloaded cairo-lang-casm v2.4.0-rc5
[INFO] [stderr]   Downloaded cairo-lang-defs v2.4.0-rc5
[INFO] [stderr]   Downloaded cairo-lang-plugins v2.4.0-rc5
[INFO] [stderr]   Downloaded cairo-lang-syntax v2.4.0-rc5
[INFO] [stderr]   Downloaded cairo-lang-parser v2.4.0-rc5
[INFO] [stderr]   Downloaded cairo-lang-semantic v2.4.0-rc5
[INFO] [stderr]   Downloaded cairo-lang-lowering v2.4.0-rc5
[INFO] [stderr]   Downloaded cairo-lang-sierra-to-casm v2.4.0-rc5
[INFO] [stderr]   Downloaded cairo-lang-sierra-generator v2.4.0-rc5
[INFO] [stderr]   Downloaded cairo-lang-sierra v2.4.0-rc5
[INFO] [stderr]   Downloaded cairo-lang-starknet v2.4.0-rc5
[INFO] running `Command { std: "docker" "create" "-v" "/var/lib/crater-agent-workspace/builds/worker-4-tc1/target:/opt/rustwide/target:rw,Z" "-v" "/var/lib/crater-agent-workspace/builds/worker-4-tc1/source:/opt/rustwide/workdir:ro,Z" "-v" "/var/lib/crater-agent-workspace/cargo-home:/opt/rustwide/cargo-home:ro,Z" "-v" "/var/lib/crater-agent-workspace/rustup-home:/opt/rustwide/rustup-home:ro,Z" "-e" "SOURCE_DIR=/opt/rustwide/workdir" "-e" "CARGO_TARGET_DIR=/opt/rustwide/target" "-e" "CARGO_HOME=/opt/rustwide/cargo-home" "-e" "RUSTUP_HOME=/opt/rustwide/rustup-home" "-w" "/opt/rustwide/workdir" "-m" "1610612736" "--user" "0:0" "--network" "none" "ghcr.io/rust-lang/crates-build-env/linux@sha256:2788e3201cd34a07e3172128adcd8b3090168a8e3bcc40d7c032b9dda1df7d1c" "/opt/rustwide/cargo-home/bin/cargo" "+nightly-2024-02-05" "metadata" "--no-deps" "--format-version=1", kill_on_drop: false }`
[INFO] [stdout] 2a1e6691452410fcf5b7ce13b8b280aa90d2d878acc98fde2d27ef5211cb97cf
[INFO] running `Command { std: "docker" "start" "-a" "2a1e6691452410fcf5b7ce13b8b280aa90d2d878acc98fde2d27ef5211cb97cf", kill_on_drop: false }`
[INFO] running `Command { std: "docker" "inspect" "2a1e6691452410fcf5b7ce13b8b280aa90d2d878acc98fde2d27ef5211cb97cf", kill_on_drop: false }`
[INFO] running `Command { std: "docker" "rm" "-f" "2a1e6691452410fcf5b7ce13b8b280aa90d2d878acc98fde2d27ef5211cb97cf", kill_on_drop: false }`
[INFO] [stdout] 2a1e6691452410fcf5b7ce13b8b280aa90d2d878acc98fde2d27ef5211cb97cf
[INFO] running `Command { std: "docker" "create" "-v" "/var/lib/crater-agent-workspace/builds/worker-4-tc1/target:/opt/rustwide/target:rw,Z" "-v" "/var/lib/crater-agent-workspace/builds/worker-4-tc1/source:/opt/rustwide/workdir:ro,Z" "-v" "/var/lib/crater-agent-workspace/cargo-home:/opt/rustwide/cargo-home:ro,Z" "-v" "/var/lib/crater-agent-workspace/rustup-home:/opt/rustwide/rustup-home:ro,Z" "-e" "SOURCE_DIR=/opt/rustwide/workdir" "-e" "CARGO_TARGET_DIR=/opt/rustwide/target" "-e" "CARGO_INCREMENTAL=0" "-e" "RUST_BACKTRACE=full" "-e" "RUSTFLAGS=--cap-lints=forbid" "-e" "RUSTDOCFLAGS=--cap-lints=forbid" "-e" "CARGO_HOME=/opt/rustwide/cargo-home" "-e" "RUSTUP_HOME=/opt/rustwide/rustup-home" "-w" "/opt/rustwide/workdir" "-m" "1610612736" "--user" "0:0" "--network" "none" "ghcr.io/rust-lang/crates-build-env/linux@sha256:2788e3201cd34a07e3172128adcd8b3090168a8e3bcc40d7c032b9dda1df7d1c" "/opt/rustwide/cargo-home/bin/cargo" "+nightly-2024-02-05" "check" "--frozen" "--all" "--all-targets" "--message-format=json", kill_on_drop: false }`
[INFO] [stdout] 13697b2ff295991c79ee2cec404aeef888ef3ce7ecca659aacbbda57c334cd05
[INFO] running `Command { std: "docker" "start" "-a" "13697b2ff295991c79ee2cec404aeef888ef3ce7ecca659aacbbda57c334cd05", kill_on_drop: false }`
[INFO] [stderr]    Compiling proc-macro2 v1.0.70
[INFO] [stderr]    Compiling libc v0.2.150
[INFO] [stderr]    Compiling syn v1.0.109
[INFO] [stderr]    Compiling serde v1.0.193
[INFO] [stderr]    Compiling num-traits v0.2.17
[INFO] [stderr]    Compiling num-bigint v0.4.4
[INFO] [stderr]    Compiling num-integer v0.1.45
[INFO] [stderr]    Compiling indexmap v1.9.3
[INFO] [stderr]    Compiling lock_api v0.4.11
[INFO] [stderr]    Compiling schemars v0.8.16
[INFO] [stderr]     Checking smallvec v1.11.2
[INFO] [stderr]    Compiling serde_json v1.0.108
[INFO] [stderr]     Checking ryu v1.0.15
[INFO] [stderr]     Checking itoa v1.0.9
[INFO] [stderr]    Compiling memchr v2.6.4
[INFO] [stderr]    Compiling either v1.9.0
[INFO] [stderr]    Compiling quote v1.0.33
[INFO] [stderr]    Compiling syn v2.0.39
[INFO] [stderr]     Checking scopeguard v1.2.0
[INFO] [stderr]    Compiling aho-corasick v1.1.2
[INFO] [stderr]    Compiling regex-syntax v0.8.2
[INFO] [stderr]     Checking byte-slice-cast v1.2.2
[INFO] [stderr]     Checking arrayvec v0.7.4
[INFO] [stderr]     Checking dyn-clone v1.0.16
[INFO] [stderr]     Checking itertools v0.11.0
[INFO] [stderr]    Compiling thiserror v1.0.50
[INFO] [stderr]    Compiling parking_lot_core v0.8.6
[INFO] [stderr]     Checking subtle v2.5.0
[INFO] [stderr]     Checking instant v0.1.12
[INFO] [stderr]    Compiling unicode-segmentation v1.10.1
[INFO] [stderr]    Compiling crossbeam-utils v0.8.16
[INFO] [stderr]     Checking digest v0.10.7
[INFO] [stderr]    Compiling parking_lot_core v0.9.9
[INFO] [stderr]    Compiling heck v0.3.3
[INFO] [stderr]     Checking parking_lot v0.11.2
[INFO] [stderr]     Checking oorandom v11.1.3
[INFO] [stderr]    Compiling bitflags v2.4.1
[INFO] [stderr]     Checking rustc-hash v1.1.0
[INFO] [stderr]    Compiling itertools v0.10.5
[INFO] [stderr]     Checking spin v0.5.2
[INFO] [stderr]    Compiling once_cell v1.18.0
[INFO] [stderr]    Compiling dirs-sys-next v0.1.2
[INFO] [stderr]     Checking lazy_static v1.4.0
[INFO] [stderr]     Checking getrandom v0.2.11
[INFO] [stderr]    Compiling crunchy v0.2.2
[INFO] [stderr]    Compiling regex-automata v0.4.3
[INFO] [stderr]    Compiling rustix v0.38.25
[INFO] [stderr]     Checking rand_core v0.6.4
[INFO] [stderr]    Compiling serde_derive_internals v0.26.0
[INFO] [stderr]    Compiling dirs-next v2.0.0
[INFO] [stderr]    Compiling unicode-xid v0.2.4
[INFO] [stderr]    Compiling tiny-keccak v2.0.2
[INFO] [stderr]    Compiling paste v1.0.14
[INFO] [stderr]    Compiling linux-raw-sys v0.4.11
[INFO] [stderr]    Compiling siphasher v0.3.11
[INFO] [stderr]    Compiling phf_shared v0.10.0
[INFO] [stderr]     Checking rand_chacha v0.3.1
[INFO] [stderr]    Compiling term v0.7.0
[INFO] [stderr]    Compiling parking_lot v0.12.1
[INFO] [stderr]    Compiling new_debug_unreachable v1.0.4
[INFO] [stderr]    Compiling regex v1.10.2
[INFO] [stderr]    Compiling precomputed-hash v0.1.1
[INFO] [stderr]    Compiling bit-vec v0.6.3
[INFO] [stderr]    Compiling genco-macros v0.17.8
[INFO] [stderr]     Checking path-clean v1.0.1
[INFO] [stderr]    Compiling ena v0.14.2
[INFO] [stderr]    Compiling bit-set v0.5.3
[INFO] [stderr]    Compiling lalrpop-util v0.20.0
[INFO] [stderr]    Compiling string_cache v0.8.7
[INFO] [stderr]    Compiling is-terminal v0.4.9
[INFO] [stderr]    Compiling ascii-canvas v3.0.0
[INFO] [stderr]     Checking rand v0.8.5
[INFO] [stderr]    Compiling typenum v1.17.0
[INFO] [stderr]    Compiling impl-trait-for-tuples v0.2.2
[INFO] [stderr]    Compiling schemars_derive v0.8.16
[INFO] [stderr]    Compiling serde_derive v1.0.193
[INFO] [stderr]    Compiling thiserror-impl v1.0.50
[INFO] [stderr]    Compiling derivative v2.2.0
[INFO] [stderr]    Compiling salsa-macros v0.16.0
[INFO] [stderr]    Compiling zeroize_derive v1.4.2
[INFO] [stderr]    Compiling ark-ff-asm v0.4.2
[INFO] [stderr]    Compiling num-complex v0.2.4
[INFO] [stderr]    Compiling diff v0.1.13
[INFO] [stderr]    Compiling ppv-lite86 v0.2.17
[INFO] [stderr]    Compiling pico-args v0.5.0
[INFO] [stderr]    Compiling regex-syntax v0.7.5
[INFO] [stderr]    Compiling generic-array v0.14.7
[INFO] [stderr]    Compiling ndarray v0.13.1
[INFO] [stderr]    Compiling anyhow v1.0.75
[INFO] [stderr]    Compiling hashbrown v0.12.3
[INFO] [stderr]    Compiling xshell-macros v0.2.5
[INFO] [stderr]     Checking rawpointer v0.2.1
[INFO] [stderr]     Checking relative-path v1.9.0
[INFO] [stderr]     Checking matrixmultiply v0.2.4
[INFO] [stderr]    Compiling crypto-common v0.1.6
[INFO] [stderr]     Checking unescaper v0.1.3
[INFO] [stderr]     Checking xshell v0.2.5
[INFO] [stderr]     Checking keccak v0.1.4
[INFO] [stderr]     Checking genco v0.17.8
[INFO] [stderr]     Checking convert_case v0.6.0
[INFO] [stderr]    Compiling ark-std v0.4.0
[INFO] [stderr]     Checking sha3 v0.10.8
[INFO] [stderr]     Checking colored v2.0.4
[INFO] [stderr]     Checking cairo-lang-syntax-codegen v2.4.0-rc5
[INFO] [stderr]     Checking zeroize v1.7.0
[INFO] [stderr]     Checking num-traits v0.1.43
[INFO] [stderr]    Compiling indoc v2.0.4
[INFO] [stderr]    Compiling glob v0.3.1
[INFO] [stderr]     Checking const-fnv1a-hash v1.1.0
[INFO] [stderr]    Compiling crypto-bigint v0.5.5
[INFO] [stderr]    Compiling clang-sys v1.6.1
[INFO] [stderr]    Compiling hex v0.4.3
[INFO] [stderr]    Compiling winnow v0.5.19
[INFO] [stderr]     Checking tinyvec_macros v0.1.1
[INFO] [stderr]     Checking indent v0.1.1
[INFO] [stderr]    Compiling minimal-lexical v0.2.1
[INFO] [stderr]     Checking sprs v0.7.1
[INFO] [stderr]    Compiling toml_datetime v0.6.5
[INFO] [stderr]    Compiling nom v7.1.3
[INFO] [stderr]     Checking tinyvec v1.6.0
[INFO] [stderr]    Compiling libloading v0.7.4
[INFO] [stderr]     Checking indexmap v2.1.0
[INFO] [stderr]     Checking parity-scale-codec v3.6.5
[INFO] [stderr]     Checking salsa v0.16.1
[INFO] [stderr]     Checking smol_str v0.2.0
[INFO] [stderr]    Compiling petgraph v0.6.4
[INFO] [stderr]     Checking ark-serialize v0.4.2
[INFO] [stderr]     Checking minilp v0.2.2
[INFO] [stderr]    Compiling toml_edit v0.19.15
[INFO] [stderr]     Checking good_lp v1.7.0
[INFO] [stderr]     Checking serde_spanned v0.6.4
[INFO] [stderr]    Compiling proc-macro-error-attr v1.0.4
[INFO] [stderr]     Checking cairo-lang-utils v2.4.0-rc5
[INFO] [stderr]    Compiling bindgen v0.66.1
[INFO] [stderr]     Checking cairo-lang-debug v2.4.0-rc5
[INFO] [stderr]     Checking id-arena v2.2.1
[INFO] [stderr]     Checking cairo-lang-filesystem v2.4.0-rc5
[INFO] [stderr]     Checking cairo-lang-eq-solver v2.4.0-rc5
[INFO] [stderr]    Compiling lalrpop v0.20.0
[INFO] [stderr]    Compiling cexpr v0.6.0
[INFO] [stderr]    Compiling ark-ff-macros v0.4.2
[INFO] [stderr]     Checking unicode-normalization v0.1.22
[INFO] [stderr]     Checking cairo-lang-syntax v2.4.0-rc5
[INFO] [stderr]     Checking cairo-lang-diagnostics v2.4.0-rc5
[INFO] [stderr]    Compiling proc-macro-crate v1.3.1
[INFO] [stderr]     Checking toml_edit v0.21.0
[INFO] [stderr]     Checking hmac v0.12.1
[INFO] [stderr]    Compiling cairo-lang-proc-macros v2.4.0-rc5
[INFO] [stderr]    Compiling proc-macro-error v1.0.4
[INFO] [stderr]     Checking ark-ff v0.4.2
[INFO] [stderr]    Compiling shlex v1.2.0
[INFO] [stderr]    Compiling lazycell v1.3.0
[INFO] [stderr]     Checking unicode-bidi v0.3.13
[INFO] [stderr]    Compiling peeking_take_while v0.1.2
[INFO] [stderr]     Checking cpufeatures v0.2.11
[INFO] [stderr]     Checking utf8parse v0.2.1
[INFO] [stderr]     Checking sha2 v0.10.8
[INFO] [stderr]     Checking toml v0.8.8
[INFO] [stderr]     Checking anstyle-parse v0.2.2
[INFO] [stderr]    Compiling parity-scale-codec-derive v3.6.5
[INFO] [stderr]     Checking rfc6979 v0.4.0
[INFO] [stderr]    Compiling cc v1.0.83
[INFO] [stderr]     Checking cairo-lang-parser v2.4.0-rc5
[INFO] [stderr]     Checking anstyle-query v1.0.0
[INFO] [stderr]     Checking anstyle v1.0.4
[INFO] [stderr]     Checking static_assertions v1.1.0
[INFO] [stderr]     Checking colorchoice v1.0.0
[INFO] [stderr]     Checking cairo-lang-defs v2.4.0-rc5
[INFO] [stderr]     Checking anstream v0.6.4
[INFO] [stderr]     Checking form_urlencoded v1.2.1
[INFO] [stderr]     Checking cairo-lang-project v2.4.0-rc5
[INFO] [stderr]     Checking cairo-lang-casm v2.4.0-rc5
[INFO] [stderr]     Checking idna v0.5.0
[INFO] [stderr]     Checking cairo-felt v0.8.7
[INFO] [stderr]     Checking cairo-lang-plugins v2.4.0-rc5
[INFO] [stderr]     Checking cairo-lang-semantic v2.4.0-rc5
[INFO] [stderr]    Compiling const_format_proc_macros v0.2.32
[INFO] [stderr]    Compiling ahash v0.8.6
[INFO] [stderr]    Compiling crc32fast v1.3.2
[INFO] [stderr]    Compiling convert_case v0.4.0
[INFO] [stderr]     Checking assert_matches v1.5.0
[INFO] [stderr]    Compiling if_chain v1.0.2
[INFO] [stderr]     Checking strsim v0.10.0
[INFO] [stderr]    Compiling validator_types v0.12.0
[INFO] [stderr]     Checking clap_lex v0.6.0
[INFO] [stderr]     Checking rustc-hex v2.1.0
[INFO] [stderr]     Checking matches v0.1.10
[INFO] [stderr]     Checking fixed-hash v0.8.0
[INFO] [stderr]    Compiling derive_more v0.99.17
[INFO] [stderr]     Checking idna v0.2.3
[INFO] [stderr]     Checking clap_builder v4.4.8
[INFO] [stderr]    Compiling validator_derive v0.12.0
[INFO] [stderr]     Checking starknet-ff v0.3.5
[INFO] [stderr]     Checking const_format v0.2.32
[INFO] [stderr]     Checking starknet-curve v0.4.0
[INFO] [stderr]     Checking starknet-curve v0.3.0
[INFO] [stderr]     Checking url v2.5.0
[INFO] [stderr]     Checking uint v0.9.5
[INFO] [stderr]     Checking impl-serde v0.4.0
[INFO] [stderr]     Checking zerocopy v0.7.26
[INFO] [stderr]     Checking adler v1.0.2
[INFO] [stderr]     Checking cairo-lang-lowering v2.4.0-rc5
[INFO] [stderr]     Checking miniz_oxide v0.7.1
[INFO] [stderr]     Checking validator v0.12.0
[INFO] [stderr]    Compiling mdbx-sys v0.12.7
[INFO] [stderr]     Checking primitive-types v0.12.2
[INFO] [stderr]     Checking clap v4.4.8
[INFO] [stderr]     Checking lifetimed-bytes v0.1.0
[INFO] [stderr]    Compiling starknet-crypto-codegen v0.3.2
[INFO] [stderr]    Compiling strum_macros v0.24.3
[INFO] [stderr]    Compiling strum_macros v0.25.3
[INFO] [stderr]     Checking tracing-core v0.1.32
[INFO] [stderr]    Compiling tracing-attributes v0.1.27
[INFO] [stderr]    Compiling metrics-macros v0.7.0
[INFO] [stderr]     Checking strum v0.24.1
[INFO] [stderr]     Checking flate2 v1.0.28
[INFO] [stderr]    Compiling papyrus_proc_macros v0.2.0-rc3
[INFO] [stderr]     Checking starknet-crypto v0.6.1
[INFO] [stderr]     Checking starknet-crypto v0.5.2
[INFO] [stderr]     Checking metrics v0.21.1
[INFO] [stderr]    Compiling test-case-core v3.3.1
[INFO] [stderr]     Checking memmap2 v0.8.0
[INFO] [stderr]    Compiling cairo-lang-sierra v2.4.0-rc5
[INFO] [stderr]     Checking papyrus_config v0.2.0-rc3
[INFO] [stderr]     Checking page_size v0.6.0
[INFO] [stderr]     Checking human_bytes v0.4.3
[INFO] [stderr]     Checking linked-hash-map v0.5.6
[INFO] [stderr]     Checking integer-encoding v3.0.4
[INFO] [stderr]     Checking yaml-rust v0.4.5
[INFO] [stderr]    Compiling tokio-macros v2.2.0
[INFO] [stderr]     Checking console v0.15.7
[INFO] [stderr]     Checking num_cpus v1.16.0
[INFO] [stderr]     Checking socket2 v0.5.5
[INFO] [stderr]     Checking signal-hook-registry v1.4.1
[INFO] [stderr]     Checking mio v0.8.9
[INFO] [stderr]     Checking tracing v0.1.40
[INFO] [stderr]     Checking fastrand v2.0.1
[INFO] [stderr]     Checking yansi v0.5.1
[INFO] [stderr]     Checking similar v2.3.0
[INFO] [stderr]     Checking tempfile v3.8.1
[INFO] [stderr]     Checking pretty_assertions v1.4.0
[INFO] [stderr]    Compiling camelpaste v0.1.0
[INFO] [stderr]    Compiling test-case-macros v3.3.1
[INFO] [stderr]     Checking tokio v1.34.0
[INFO] [stderr]     Checking insta v1.34.0
[INFO] [stderr]     Checking test-case v3.3.1
[INFO] [stderr]     Checking cairo-lang-sierra-type-size v2.4.0-rc5
[INFO] [stderr]     Checking cairo-lang-sierra-generator v2.4.0-rc5
[INFO] [stderr]     Checking cairo-lang-sierra-ap-change v2.4.0-rc5
[INFO] [stderr]     Checking cairo-lang-sierra-gas v2.4.0-rc5
[INFO] [stderr]     Checking cairo-lang-sierra-to-casm v2.4.0-rc5
[INFO] [stderr]     Checking cairo-lang-compiler v2.4.0-rc5
[INFO] [stderr]     Checking cairo-lang-starknet v2.4.0-rc5
[INFO] [stderr]     Checking libmdbx v0.3.5
[INFO] [stderr]     Checking starknet_api v0.6.0-rc3
[INFO] [stderr]     Checking papyrus_storage v0.2.0-rc3 (/opt/rustwide/workdir)
[INFO] [stdout] error[E0432]: unresolved import `starknet_api::patricia_key`
[INFO] [stdout]  --> src/body/events_test.rs:8:5
[INFO] [stdout]   |
[INFO] [stdout] 8 | use starknet_api::patricia_key;
[INFO] [stdout]   |     ^^^^^^^^^^^^^^^^^^^^^^^^^^ no `patricia_key` in the root
[INFO] [stdout] 
[INFO] [stdout] 
[INFO] [stdout] error[E0432]: unresolved import `starknet_api::stark_felt`
[INFO] [stdout]  --> src/header_test.rs:5:5
[INFO] [stdout]   |
[INFO] [stdout] 5 | use starknet_api::stark_felt;
[INFO] [stdout]   |     ^^^^^^^^^^^^^^^^^^^^^^^^ no `stark_felt` in the root
[INFO] [stdout] 
[INFO] [stdout] 
[INFO] [stdout] error[E0432]: unresolved imports `starknet_api::patricia_key`, `starknet_api::stark_felt`
[INFO] [stdout]   --> src/state/state_test.rs:10:20
[INFO] [stdout]    |
[INFO] [stdout] 10 | use starknet_api::{patricia_key, stark_felt};
[INFO] [stdout]    |                    ^^^^^^^^^^^^  ^^^^^^^^^^ no `stark_felt` in the root
[INFO] [stdout]    |                    |
[INFO] [stdout]    |                    no `patricia_key` in the root
[INFO] [stdout] 
[INFO] [stdout] 
[INFO] [stdout] error[E0432]: unresolved import `test_utils`
[INFO] [stdout]  --> src/body/body_test.rs:6:5
[INFO] [stdout]   |
[INFO] [stdout] 6 | use test_utils::{get_test_block, get_test_body};
[INFO] [stdout]   |     ^^^^^^^^^^ help: a similar path exists: `crate::test_utils`
[INFO] [stdout]   |
[INFO] [stdout]   = note: `use` statements changed in Rust 2018; read more at <https://doc.rust-lang.org/edition-guide/rust-2018/module-system/path-clarity.html>
[INFO] [stdout] 
[INFO] [stdout] 
[INFO] [stdout] error[E0432]: unresolved import `test_utils`
[INFO] [stdout]   --> src/body/events_test.rs:10:5
[INFO] [stdout]    |
[INFO] [stdout] 10 | use test_utils::get_test_block;
[INFO] [stdout]    |     ^^^^^^^^^^ help: a similar path exists: `crate::test_utils`
[INFO] [stdout]    |
[INFO] [stdout]    = note: `use` statements changed in Rust 2018; read more at <https://doc.rust-lang.org/edition-guide/rust-2018/module-system/path-clarity.html>
[INFO] [stdout] 
[INFO] [stdout] 
[INFO] [stdout] error[E0432]: unresolved import `test_utils`
[INFO] [stdout]  --> src/compiled_class_test.rs:5:5
[INFO] [stdout]   |
[INFO] [stdout] 5 | use test_utils::read_json_file;
[INFO] [stdout]   |     ^^^^^^^^^^ help: a similar path exists: `crate::test_utils`
[INFO] [stdout]   |
[INFO] [stdout]   = note: `use` statements changed in Rust 2018; read more at <https://doc.rust-lang.org/edition-guide/rust-2018/module-system/path-clarity.html>
[INFO] [stdout] 
[INFO] [stdout] 
[INFO] [stdout] error[E0432]: unresolved import `test_utils`
[INFO] [stdout]  --> src/compression_utils_test.rs:3:5
[INFO] [stdout]   |
[INFO] [stdout] 3 | use test_utils::read_json_file;
[INFO] [stdout]   |     ^^^^^^^^^^ help: a similar path exists: `crate::test_utils`
[INFO] [stdout]   |
[INFO] [stdout]   = note: `use` statements changed in Rust 2018; read more at <https://doc.rust-lang.org/edition-guide/rust-2018/module-system/path-clarity.html>
[INFO] [stdout] 
[INFO] [stdout] 
[INFO] [stdout] error[E0432]: unresolved import `test_utils`
[INFO] [stdout]   --> src/mmap_file/mod.rs:25:5
[INFO] [stdout]    |
[INFO] [stdout] 25 | use test_utils::GetTestInstance;
[INFO] [stdout]    |     ^^^^^^^^^^ help: a similar path exists: `crate::test_utils`
[INFO] [stdout]    |
[INFO] [stdout]    = note: `use` statements changed in Rust 2018; read more at <https://doc.rust-lang.org/edition-guide/rust-2018/module-system/path-clarity.html>
[INFO] [stdout] 
[INFO] [stdout] 
[INFO] [stdout] error[E0432]: unresolved import `test_utils`
[INFO] [stdout]   --> src/serializers_test.rs:10:5
[INFO] [stdout]    |
[INFO] [stdout] 10 | use test_utils::{get_rng, read_json_file, GetTestInstance};
[INFO] [stdout]    |     ^^^^^^^^^^ help: a similar path exists: `crate::test_utils`
[INFO] [stdout]    |
[INFO] [stdout]    = note: `use` statements changed in Rust 2018; read more at <https://doc.rust-lang.org/edition-guide/rust-2018/module-system/path-clarity.html>
[INFO] [stdout] 
[INFO] [stdout] 
[INFO] [stdout] error[E0432]: unresolved import `test_utils`
[INFO] [stdout]   --> src/state/state_test.rs:11:5
[INFO] [stdout]    |
[INFO] [stdout] 11 | use test_utils::get_test_state_diff;
[INFO] [stdout]    |     ^^^^^^^^^^ help: a similar path exists: `crate::test_utils`
[INFO] [stdout]    |
[INFO] [stdout]    = note: `use` statements changed in Rust 2018; read more at <https://doc.rust-lang.org/edition-guide/rust-2018/module-system/path-clarity.html>
[INFO] [stdout] 
[INFO] [stdout] 
[INFO] [stdout] error[E0432]: unresolved import `test_utils`
[INFO] [stdout]   --> src/test_instances.rs:11:5
[INFO] [stdout]    |
[INFO] [stdout] 11 | use test_utils::{auto_impl_get_test_instance, get_number_of_variants, GetTestInstance};
[INFO] [stdout]    |     ^^^^^^^^^^ help: a similar path exists: `crate::test_utils`
[INFO] [stdout]    |
[INFO] [stdout]    = note: `use` statements changed in Rust 2018; read more at <https://doc.rust-lang.org/edition-guide/rust-2018/module-system/path-clarity.html>
[INFO] [stdout] 
[INFO] [stdout] 
[INFO] [stdout] warning: unused import: `PatriciaKey`
[INFO] [stdout]  --> src/body/events_test.rs:6:43
[INFO] [stdout]   |
[INFO] [stdout] 6 | use starknet_api::core::{ContractAddress, PatriciaKey};
[INFO] [stdout]   |                                           ^^^^^^^^^^^
[INFO] [stdout]   |
[INFO] [stdout]   = note: `#[warn(unused_imports)]` on by default
[INFO] [stdout] 
[INFO] [stdout] 
[INFO] [stdout] warning: unused import: `starknet_api::hash::StarkHash`
[INFO] [stdout]  --> src/body/events_test.rs:7:5
[INFO] [stdout]   |
[INFO] [stdout] 7 | use starknet_api::hash::StarkHash;
[INFO] [stdout]   |     ^^^^^^^^^^^^^^^^^^^^^^^^^^^^^
[INFO] [stdout] 
[INFO] [stdout] 
[INFO] [stdout] warning: unused import: `starknet_api::hash::StarkFelt`
[INFO] [stdout]  --> src/header_test.rs:4:5
[INFO] [stdout]   |
[INFO] [stdout] 4 | use starknet_api::hash::StarkFelt;
[INFO] [stdout]   |     ^^^^^^^^^^^^^^^^^^^^^^^^^^^^^
[INFO] [stdout] 
[INFO] [stdout] 
[INFO] [stdout] warning: unused import: `PatriciaKey`
[INFO] [stdout]  --> src/state/state_test.rs:6:80
[INFO] [stdout]   |
[INFO] [stdout] 6 | use starknet_api::core::{ClassHash, CompiledClassHash, ContractAddress, Nonce, PatriciaKey};
[INFO] [stdout]   |                                                                                ^^^^^^^^^^^
[INFO] [stdout] 
[INFO] [stdout] 
[INFO] [stdout] warning: unused import: `starknet_api::block::BlockNumber`
[INFO] [stdout]  --> src/test_instances.rs:1:5
[INFO] [stdout]   |
[INFO] [stdout] 1 | use starknet_api::block::BlockNumber;
[INFO] [stdout]   |     ^^^^^^^^^^^^^^^^^^^^^^^^^^^^^^^^
[INFO] [stdout] 
[INFO] [stdout] 
[INFO] [stdout] warning: unused import: `starknet_api::core::ContractAddress`
[INFO] [stdout]  --> src/test_instances.rs:2:5
[INFO] [stdout]   |
[INFO] [stdout] 2 | use starknet_api::core::ContractAddress;
[INFO] [stdout]   |     ^^^^^^^^^^^^^^^^^^^^^^^^^^^^^^^^^^^
[INFO] [stdout] 
[INFO] [stdout] 
[INFO] [stdout] warning: unused imports: `EventIndexInTransactionOutput`, `ExecutionResources`, `Fee`, `MessageToL1`, `TransactionExecutionStatus`, `TransactionOffsetInBlock`
[INFO] [stdout]  --> src/test_instances.rs:4:5
[INFO] [stdout]   |
[INFO] [stdout] 4 |     EventIndexInTransactionOutput,
[INFO] [stdout]   |     ^^^^^^^^^^^^^^^^^^^^^^^^^^^^^
[INFO] [stdout] 5 |     ExecutionResources,
[INFO] [stdout]   |     ^^^^^^^^^^^^^^^^^^
[INFO] [stdout] 6 |     Fee,
[INFO] [stdout]   |     ^^^
[INFO] [stdout] 7 |     MessageToL1,
[INFO] [stdout]   |     ^^^^^^^^^^^
[INFO] [stdout] 8 |     TransactionExecutionStatus,
[INFO] [stdout]   |     ^^^^^^^^^^^^^^^^^^^^^^^^^^
[INFO] [stdout] 9 |     TransactionOffsetInBlock,
[INFO] [stdout]   |     ^^^^^^^^^^^^^^^^^^^^^^^^
[INFO] [stdout] 
[INFO] [stdout] 
[INFO] [stdout] warning: unused imports: `ThinDeclareTransactionOutput`, `ThinDeployAccountTransactionOutput`, `ThinDeployTransactionOutput`, `ThinInvokeTransactionOutput`, `ThinL1HandlerTransactionOutput`, `ThinTransactionOutput`
[INFO] [stdout]   --> src/test_instances.rs:14:5
[INFO] [stdout]    |
[INFO] [stdout] 14 |     ThinDeclareTransactionOutput,
[INFO] [stdout]    |     ^^^^^^^^^^^^^^^^^^^^^^^^^^^^
[INFO] [stdout] 15 |     ThinDeployAccountTransactionOutput,
[INFO] [stdout]    |     ^^^^^^^^^^^^^^^^^^^^^^^^^^^^^^^^^^
[INFO] [stdout] 16 |     ThinDeployTransactionOutput,
[INFO] [stdout]    |     ^^^^^^^^^^^^^^^^^^^^^^^^^^^
[INFO] [stdout] 17 |     ThinInvokeTransactionOutput,
[INFO] [stdout]    |     ^^^^^^^^^^^^^^^^^^^^^^^^^^^
[INFO] [stdout] 18 |     ThinL1HandlerTransactionOutput,
[INFO] [stdout]    |     ^^^^^^^^^^^^^^^^^^^^^^^^^^^^^^
[INFO] [stdout] 19 |     ThinTransactionOutput,
[INFO] [stdout]    |     ^^^^^^^^^^^^^^^^^^^^^
[INFO] [stdout] 
[INFO] [stdout] 
[INFO] [stdout] warning: unused import: `crate::body::TransactionIndex`
[INFO] [stdout]   --> src/test_instances.rs:21:5
[INFO] [stdout]    |
[INFO] [stdout] 21 | use crate::body::TransactionIndex;
[INFO] [stdout]    |     ^^^^^^^^^^^^^^^^^^^^^^^^^^^^^
[INFO] [stdout] 
[INFO] [stdout] 
[INFO] [stdout] warning: unused import: `crate::compression_utils::IsCompressed`
[INFO] [stdout]   --> src/test_instances.rs:22:5
[INFO] [stdout]    |
[INFO] [stdout] 22 | use crate::compression_utils::IsCompressed;
[INFO] [stdout]    |     ^^^^^^^^^^^^^^^^^^^^^^^^^^^^^^^^^^^^^^
[INFO] [stdout] 
[INFO] [stdout] 
[INFO] [stdout] warning: unused import: `crate::header::StarknetVersion`
[INFO] [stdout]   --> src/test_instances.rs:23:5
[INFO] [stdout]    |
[INFO] [stdout] 23 | use crate::header::StarknetVersion;
[INFO] [stdout]    |     ^^^^^^^^^^^^^^^^^^^^^^^^^^^^^^
[INFO] [stdout] 
[INFO] [stdout] 
[INFO] [stdout] warning: unused import: `crate::mmap_file::LocationInFile`
[INFO] [stdout]   --> src/test_instances.rs:24:5
[INFO] [stdout]    |
[INFO] [stdout] 24 | use crate::mmap_file::LocationInFile;
[INFO] [stdout]    |     ^^^^^^^^^^^^^^^^^^^^^^^^^^^^^^^^
[INFO] [stdout] 
[INFO] [stdout] 
[INFO] [stdout] warning: unused import: `crate::state::data::IndexedDeprecatedContractClass`
[INFO] [stdout]   --> src/test_instances.rs:25:5
[INFO] [stdout]    |
[INFO] [stdout] 25 | use crate::state::data::IndexedDeprecatedContractClass;
[INFO] [stdout]    |     ^^^^^^^^^^^^^^^^^^^^^^^^^^^^^^^^^^^^^^^^^^^^^^^^^^
[INFO] [stdout] 
[INFO] [stdout] 
[INFO] [stdout] warning: unused import: `crate::version::Version`
[INFO] [stdout]   --> src/test_instances.rs:26:5
[INFO] [stdout]    |
[INFO] [stdout] 26 | use crate::version::Version;
[INFO] [stdout]    |     ^^^^^^^^^^^^^^^^^^^^^^^
[INFO] [stdout] 
[INFO] [stdout] 
[INFO] [stdout] warning: unused imports: `EventIndex`, `MarkerKind`, `OffsetKind`
[INFO] [stdout]   --> src/test_instances.rs:27:13
[INFO] [stdout]    |
[INFO] [stdout] 27 | use crate::{EventIndex, MarkerKind, OffsetKind};
[INFO] [stdout]    |             ^^^^^^^^^^  ^^^^^^^^^^  ^^^^^^^^^^
[INFO] [stdout] 
[INFO] [stdout] 
[INFO] [stdout] error: aborting due to 11 previous errors; 15 warnings emitted
[INFO] [stdout] 
[INFO] [stdout] 
[INFO] [stdout] For more information about this error, try `rustc --explain E0432`.
[INFO] [stdout] 
[INFO] [stderr] error: could not compile `papyrus_storage` (lib test) due to 12 previous errors; 15 warnings emitted
[INFO] [stderr] warning: build failed, waiting for other jobs to finish...
[INFO] running `Command { std: "docker" "inspect" "13697b2ff295991c79ee2cec404aeef888ef3ce7ecca659aacbbda57c334cd05", kill_on_drop: false }`
[INFO] running `Command { std: "docker" "rm" "-f" "13697b2ff295991c79ee2cec404aeef888ef3ce7ecca659aacbbda57c334cd05", kill_on_drop: false }`
[INFO] [stdout] 13697b2ff295991c79ee2cec404aeef888ef3ce7ecca659aacbbda57c334cd05
[INFO] checking papyrus_storage-0.2.0-rc3 against nightly-2024-02-05+rustflags=-Dunexpected_cfgs+cargoflags=-Zcheck-cfg for check-cfg
[INFO] extracting crate papyrus_storage 0.2.0-rc3 into /workspace/builds/worker-4-tc2/source
[INFO] validating manifest of crates.io crate papyrus_storage 0.2.0-rc3 on toolchain nightly-2024-02-05
[INFO] running `Command { std: CARGO_HOME="/workspace/cargo-home" RUSTUP_HOME="/workspace/rustup-home" "/workspace/cargo-home/bin/cargo" "+nightly-2024-02-05" "metadata" "--manifest-path" "Cargo.toml" "--no-deps", kill_on_drop: false }`
[INFO] started tweaking crates.io crate papyrus_storage 0.2.0-rc3
[INFO] finished tweaking crates.io crate papyrus_storage 0.2.0-rc3
[INFO] tweaked toml for crates.io crate papyrus_storage 0.2.0-rc3 written to /workspace/builds/worker-4-tc2/source/Cargo.toml
[INFO] crate crates.io crate papyrus_storage 0.2.0-rc3 already has a lockfile, it will not be regenerated
[INFO] running `Command { std: CARGO_HOME="/workspace/cargo-home" RUSTUP_HOME="/workspace/rustup-home" "/workspace/cargo-home/bin/cargo" "+nightly-2024-02-05" "fetch" "--manifest-path" "Cargo.toml", kill_on_drop: false }`
[INFO] running `Command { std: "docker" "create" "-v" "/var/lib/crater-agent-workspace/builds/worker-4-tc2/target:/opt/rustwide/target:rw,Z" "-v" "/var/lib/crater-agent-workspace/builds/worker-4-tc2/source:/opt/rustwide/workdir:ro,Z" "-v" "/var/lib/crater-agent-workspace/cargo-home:/opt/rustwide/cargo-home:ro,Z" "-v" "/var/lib/crater-agent-workspace/rustup-home:/opt/rustwide/rustup-home:ro,Z" "-e" "SOURCE_DIR=/opt/rustwide/workdir" "-e" "CARGO_TARGET_DIR=/opt/rustwide/target" "-e" "CARGO_HOME=/opt/rustwide/cargo-home" "-e" "RUSTUP_HOME=/opt/rustwide/rustup-home" "-w" "/opt/rustwide/workdir" "-m" "1610612736" "--user" "0:0" "--network" "none" "ghcr.io/rust-lang/crates-build-env/linux@sha256:2788e3201cd34a07e3172128adcd8b3090168a8e3bcc40d7c032b9dda1df7d1c" "/opt/rustwide/cargo-home/bin/cargo" "+nightly-2024-02-05" "metadata" "--no-deps" "--format-version=1", kill_on_drop: false }`
[INFO] [stdout] a78009a6e1e5ac3d7e16cf329548c83acc624cef87c64b28d8364d334609962a
[INFO] running `Command { std: "docker" "start" "-a" "a78009a6e1e5ac3d7e16cf329548c83acc624cef87c64b28d8364d334609962a", kill_on_drop: false }`
[INFO] running `Command { std: "docker" "inspect" "a78009a6e1e5ac3d7e16cf329548c83acc624cef87c64b28d8364d334609962a", kill_on_drop: false }`
[INFO] running `Command { std: "docker" "rm" "-f" "a78009a6e1e5ac3d7e16cf329548c83acc624cef87c64b28d8364d334609962a", kill_on_drop: false }`
[INFO] [stdout] a78009a6e1e5ac3d7e16cf329548c83acc624cef87c64b28d8364d334609962a
[INFO] running `Command { std: "docker" "create" "-v" "/var/lib/crater-agent-workspace/builds/worker-4-tc2/target:/opt/rustwide/target:rw,Z" "-v" "/var/lib/crater-agent-workspace/builds/worker-4-tc2/source:/opt/rustwide/workdir:ro,Z" "-v" "/var/lib/crater-agent-workspace/cargo-home:/opt/rustwide/cargo-home:ro,Z" "-v" "/var/lib/crater-agent-workspace/rustup-home:/opt/rustwide/rustup-home:ro,Z" "-e" "SOURCE_DIR=/opt/rustwide/workdir" "-e" "CARGO_TARGET_DIR=/opt/rustwide/target" "-e" "CARGO_INCREMENTAL=0" "-e" "RUST_BACKTRACE=full" "-e" "RUSTFLAGS=--cap-lints=forbid -Dunexpected_cfgs" "-e" "RUSTDOCFLAGS=--cap-lints=forbid" "-e" "CARGO_HOME=/opt/rustwide/cargo-home" "-e" "RUSTUP_HOME=/opt/rustwide/rustup-home" "-w" "/opt/rustwide/workdir" "-m" "1610612736" "--user" "0:0" "--network" "none" "ghcr.io/rust-lang/crates-build-env/linux@sha256:2788e3201cd34a07e3172128adcd8b3090168a8e3bcc40d7c032b9dda1df7d1c" "/opt/rustwide/cargo-home/bin/cargo" "+nightly-2024-02-05" "check" "--frozen" "--all" "--all-targets" "--message-format=json" "-Zcheck-cfg", kill_on_drop: false }`
[INFO] [stdout] 0c80912b0579b2fed41ba4bc05842105bade01bec9ddee38601bedff3e0ccf32
[INFO] running `Command { std: "docker" "start" "-a" "0c80912b0579b2fed41ba4bc05842105bade01bec9ddee38601bedff3e0ccf32", kill_on_drop: false }`
[INFO] [stderr]    Compiling proc-macro2 v1.0.70
[INFO] [stderr]    Compiling libc v0.2.150
[INFO] [stderr]    Compiling syn v1.0.109
[INFO] [stderr]    Compiling serde v1.0.193
[INFO] [stderr]    Compiling num-traits v0.2.17
[INFO] [stderr]    Compiling num-bigint v0.4.4
[INFO] [stderr]    Compiling num-integer v0.1.45
[INFO] [stderr]    Compiling indexmap v1.9.3
[INFO] [stderr]    Compiling lock_api v0.4.11
[INFO] [stderr]    Compiling schemars v0.8.16
[INFO] [stderr]    Compiling serde_json v1.0.108
[INFO] [stderr]     Checking smallvec v1.11.2
[INFO] [stderr]    Compiling memchr v2.6.4
[INFO] [stderr]     Checking itoa v1.0.9
[INFO] [stderr]     Checking ryu v1.0.15
[INFO] [stderr]    Compiling either v1.9.0
[INFO] [stderr]    Compiling quote v1.0.33
[INFO] [stderr]    Compiling syn v2.0.39
[INFO] [stderr]     Checking scopeguard v1.2.0
[INFO] [stderr]    Compiling aho-corasick v1.1.2
[INFO] [stderr]     Checking dyn-clone v1.0.16
[INFO] [stderr]     Checking byte-slice-cast v1.2.2
[INFO] [stderr]    Compiling regex-syntax v0.8.2
[INFO] [stderr]     Checking arrayvec v0.7.4
[INFO] [stderr]     Checking itertools v0.11.0
[INFO] [stderr]     Checking subtle v2.5.0
[INFO] [stderr]    Compiling parking_lot_core v0.8.6
[INFO] [stderr]    Compiling thiserror v1.0.50
[INFO] [stderr]     Checking instant v0.1.12
[INFO] [stderr]    Compiling unicode-segmentation v1.10.1
[INFO] [stderr]    Compiling crossbeam-utils v0.8.16
[INFO] [stderr]     Checking digest v0.10.7
[INFO] [stderr]    Compiling heck v0.3.3
[INFO] [stderr]    Compiling parking_lot_core v0.9.9
[INFO] [stderr]     Checking parking_lot v0.11.2
[INFO] [stderr]     Checking rustc-hash v1.1.0
[INFO] [stderr]    Compiling bitflags v2.4.1
[INFO] [stderr]     Checking oorandom v11.1.3
[INFO] [stderr]    Compiling itertools v0.10.5
[INFO] [stderr]     Checking spin v0.5.2
[INFO] [stderr]    Compiling once_cell v1.18.0
[INFO] [stderr]    Compiling dirs-sys-next v0.1.2
[INFO] [stderr]     Checking lazy_static v1.4.0
[INFO] [stderr]     Checking getrandom v0.2.11
[INFO] [stderr]    Compiling rustix v0.38.25
[INFO] [stderr]    Compiling crunchy v0.2.2
[INFO] [stderr]    Compiling regex-automata v0.4.3
[INFO] [stderr]     Checking rand_core v0.6.4
[INFO] [stderr]    Compiling dirs-next v2.0.0
[INFO] [stderr]    Compiling linux-raw-sys v0.4.11
[INFO] [stderr]    Compiling unicode-xid v0.2.4
[INFO] [stderr]    Compiling paste v1.0.14
[INFO] [stderr]    Compiling tiny-keccak v2.0.2
[INFO] [stderr]    Compiling siphasher v0.3.11
[INFO] [stderr]     Checking rand_chacha v0.3.1
[INFO] [stderr]    Compiling phf_shared v0.10.0
[INFO] [stderr]    Compiling parking_lot v0.12.1
[INFO] [stderr]    Compiling term v0.7.0
[INFO] [stderr]    Compiling serde_derive_internals v0.26.0
[INFO] [stderr]    Compiling precomputed-hash v0.1.1
[INFO] [stderr]    Compiling new_debug_unreachable v1.0.4
[INFO] [stderr]     Checking path-clean v1.0.1
[INFO] [stderr]    Compiling bit-vec v0.6.3
[INFO] [stderr]    Compiling genco-macros v0.17.8
[INFO] [stderr]    Compiling ena v0.14.2
[INFO] [stderr]    Compiling bit-set v0.5.3
[INFO] [stderr]    Compiling string_cache v0.8.7
[INFO] [stderr]    Compiling is-terminal v0.4.9
[INFO] [stderr]    Compiling ascii-canvas v3.0.0
[INFO] [stderr]    Compiling regex v1.10.2
[INFO] [stderr]     Checking rand v0.8.5
[INFO] [stderr]    Compiling lalrpop-util v0.20.0
[INFO] [stderr]    Compiling typenum v1.17.0
[INFO] [stderr]    Compiling num-complex v0.2.4
[INFO] [stderr]    Compiling pico-args v0.5.0
[INFO] [stderr]    Compiling regex-syntax v0.7.5
[INFO] [stderr]    Compiling diff v0.1.13
[INFO] [stderr]    Compiling ppv-lite86 v0.2.17
[INFO] [stderr]    Compiling generic-array v0.14.7
[INFO] [stderr]    Compiling xshell-macros v0.2.5
[INFO] [stderr]    Compiling schemars_derive v0.8.16
[INFO] [stderr]    Compiling impl-trait-for-tuples v0.2.2
[INFO] [stderr]    Compiling serde_derive v1.0.193
[INFO] [stderr]    Compiling thiserror-impl v1.0.50
[INFO] [stderr]    Compiling derivative v2.2.0
[INFO] [stderr]    Compiling salsa-macros v0.16.0
[INFO] [stderr]    Compiling zeroize_derive v1.4.2
[INFO] [stderr]    Compiling ark-ff-asm v0.4.2
[INFO] [stderr]     Checking rawpointer v0.2.1
[INFO] [stderr]    Compiling ndarray v0.13.1
[INFO] [stderr]    Compiling hashbrown v0.12.3
[INFO] [stderr]     Checking relative-path v1.9.0
[INFO] [stderr]    Compiling anyhow v1.0.75
[INFO] [stderr]     Checking unescaper v0.1.3
[INFO] [stderr]     Checking matrixmultiply v0.2.4
[INFO] [stderr]    Compiling crypto-common v0.1.6
[INFO] [stderr]     Checking xshell v0.2.5
[INFO] [stderr]     Checking genco v0.17.8
[INFO] [stderr]     Checking keccak v0.1.4
[INFO] [stderr]    Compiling ark-std v0.4.0
[INFO] [stderr]     Checking sha3 v0.10.8
[INFO] [stderr]     Checking convert_case v0.6.0
[INFO] [stderr]     Checking colored v2.0.4
[INFO] [stderr]     Checking cairo-lang-syntax-codegen v2.4.0-rc5
[INFO] [stderr]     Checking zeroize v1.7.0
[INFO] [stderr]     Checking num-traits v0.1.43
[INFO] [stderr]    Compiling glob v0.3.1
[INFO] [stderr]    Compiling indoc v2.0.4
[INFO] [stderr]     Checking const-fnv1a-hash v1.1.0
[INFO] [stderr]    Compiling crypto-bigint v0.5.5
[INFO] [stderr]    Compiling clang-sys v1.6.1
[INFO] [stderr]    Compiling winnow v0.5.19
[INFO] [stderr]    Compiling hex v0.4.3
[INFO] [stderr]     Checking tinyvec_macros v0.1.1
[INFO] [stderr]    Compiling minimal-lexical v0.2.1
[INFO] [stderr]    Compiling toml_datetime v0.6.5
[INFO] [stderr]     Checking sprs v0.7.1
[INFO] [stderr]     Checking indent v0.1.1
[INFO] [stderr]    Compiling nom v7.1.3
[INFO] [stderr]     Checking tinyvec v1.6.0
[INFO] [stderr]    Compiling libloading v0.7.4
[INFO] [stderr]    Compiling proc-macro-error-attr v1.0.4
[INFO] [stderr]     Checking id-arena v2.2.1
[INFO] [stderr]    Compiling bindgen v0.66.1
[INFO] [stderr]     Checking unicode-normalization v0.1.22
[INFO] [stderr]     Checking minilp v0.2.2
[INFO] [stderr]     Checking hmac v0.12.1
[INFO] [stderr]    Compiling proc-macro-error v1.0.4
[INFO] [stderr]     Checking good_lp v1.7.0
[INFO] [stderr]    Compiling lazycell v1.3.0
[INFO] [stderr]     Checking cpufeatures v0.2.11
[INFO] [stderr]    Compiling shlex v1.2.0
[INFO] [stderr]     Checking indexmap v2.1.0
[INFO] [stderr]     Checking parity-scale-codec v3.6.5
[INFO] [stderr]     Checking salsa v0.16.1
[INFO] [stderr]     Checking smol_str v0.2.0
[INFO] [stderr]    Compiling petgraph v0.6.4
[INFO] [stderr]     Checking ark-serialize v0.4.2
[INFO] [stderr]    Compiling toml_edit v0.19.15
[INFO] [stderr]     Checking serde_spanned v0.6.4
[INFO] [stderr]     Checking toml_edit v0.21.0
[INFO] [stderr]     Checking cairo-lang-utils v2.4.0-rc5
[INFO] [stderr]     Checking cairo-lang-debug v2.4.0-rc5
[INFO] [stderr]     Checking cairo-lang-filesystem v2.4.0-rc5
[INFO] [stderr]    Compiling lalrpop v0.20.0
[INFO] [stderr]    Compiling ark-ff-macros v0.4.2
[INFO] [stderr]     Checking cairo-lang-eq-solver v2.4.0-rc5
[INFO] [stderr]    Compiling cexpr v0.6.0
[INFO] [stderr]     Checking cairo-lang-syntax v2.4.0-rc5
[INFO] [stderr]     Checking cairo-lang-diagnostics v2.4.0-rc5
[INFO] [stderr]    Compiling proc-macro-crate v1.3.1
[INFO] [stderr]     Checking unicode-bidi v0.3.13
[INFO] [stderr]    Compiling ark-ff v0.4.2
[INFO] [stderr]    Compiling cairo-lang-proc-macros v2.4.0-rc5
[INFO] [stderr]     Checking utf8parse v0.2.1
[INFO] [stderr]    Compiling peeking_take_while v0.1.2
[INFO] [stderr]     Checking anstyle-parse v0.2.2
[INFO] [stderr]     Checking toml v0.8.8
[INFO] [stderr]    Compiling parity-scale-codec-derive v3.6.5
[INFO] [stderr]     Checking sha2 v0.10.8
[INFO] [stderr]     Checking rfc6979 v0.4.0
[INFO] [stderr]    Compiling cc v1.0.83
[INFO] [stderr]     Checking anstyle-query v1.0.0
[INFO] [stderr]     Checking static_assertions v1.1.0
[INFO] [stderr]     Checking colorchoice v1.0.0
[INFO] [stderr]     Checking anstyle v1.0.4
[INFO] [stderr]     Checking anstream v0.6.4
[INFO] [stderr]     Checking form_urlencoded v1.2.1
[INFO] [stderr]     Checking cairo-lang-project v2.4.0-rc5
[INFO] [stderr]     Checking idna v0.5.0
[INFO] [stderr]     Checking cairo-felt v0.8.7
[INFO] [stderr]    Compiling const_format_proc_macros v0.2.32
[INFO] [stderr]     Checking cairo-lang-casm v2.4.0-rc5
[INFO] [stderr]    Compiling ahash v0.8.6
[INFO] [stderr]     Checking assert_matches v1.5.0
[INFO] [stderr]     Checking strsim v0.10.0
[INFO] [stderr]     Checking matches v0.1.10
[INFO] [stderr]     Checking cairo-lang-parser v2.4.0-rc5
[INFO] [stderr]    Compiling if_chain v1.0.2
[INFO] [stderr]     Checking rustc-hex v2.1.0
[INFO] [stderr]    Compiling crc32fast v1.3.2
[INFO] [stderr]     Checking cairo-lang-defs v2.4.0-rc5
[INFO] [stderr]    Compiling convert_case v0.4.0
[INFO] [stderr]     Checking clap_lex v0.6.0
[INFO] [stderr]    Compiling validator_types v0.12.0
[INFO] [stderr]    Compiling validator_derive v0.12.0
[INFO] [stderr]    Compiling derive_more v0.99.17
[INFO] [stderr]     Checking clap_builder v4.4.8
[INFO] [stderr]     Checking cairo-lang-plugins v2.4.0-rc5
[INFO] [stderr]     Checking cairo-lang-semantic v2.4.0-rc5
[INFO] [stderr]     Checking const_format v0.2.32
[INFO] [stderr] error: could not compile `lalrpop` (lib)
[INFO] [stderr] 
[INFO] [stderr] Caused by:
[INFO] [stderr]   process didn't exit successfully: `/opt/rustwide/rustup-home/toolchains/nightly-2024-02-05-x86_64-unknown-linux-gnu/bin/rustc --crate-name lalrpop --edition=2021 /opt/rustwide/cargo-home/registry/src/index.crates.io-6f17d22bba15001f/lalrpop-0.20.0/src/lib.rs --error-format=json --json=diagnostic-rendered-ansi,artifacts,future-incompat --crate-type lib --emit=dep-info,metadata,link -C embed-bitcode=no --cfg 'feature="default"' --cfg 'feature="lexer"' --cfg 'feature="pico-args"' --cfg 'feature="unicode"' -Zunstable-options --check-cfg 'cfg(feature, values("default", "lexer", "pico-args", "unicode"))' -C metadata=c0a465ed8a558f98 -C extra-filename=-c0a465ed8a558f98 --out-dir /opt/rustwide/target/debug/deps -L dependency=/opt/rustwide/target/debug/deps --extern ascii_canvas=/opt/rustwide/target/debug/deps/libascii_canvas-5c12561e36195d5b.rmeta --extern bit_set=/opt/rustwide/target/debug/deps/libbit_set-e07f8656a764dacb.rmeta --extern diff=/opt/rustwide/target/debug/deps/libdiff-a4103ac583849c39.rmeta --extern ena=/opt/rustwide/target/debug/deps/libena-498c5ff56f1acd6a.rmeta --extern is_terminal=/opt/rustwide/target/debug/deps/libis_terminal-1dd693796b03d911.rmeta --extern itertools=/opt/rustwide/target/debug/deps/libitertools-6601c94f3b132ecf.rmeta --extern lalrpop_util=/opt/rustwide/target/debug/deps/liblalrpop_util-36289739a9455cb8.rmeta --extern petgraph=/opt/rustwide/target/debug/deps/libpetgraph-0517b82efe5804b8.rmeta --extern pico_args=/opt/rustwide/target/debug/deps/libpico_args-bb531bb67ddf5478.rmeta --extern regex=/opt/rustwide/target/debug/deps/libregex-034fd7ed861b97fc.rmeta --extern regex_syntax=/opt/rustwide/target/debug/deps/libregex_syntax-706bef791fd5fdfa.rmeta --extern string_cache=/opt/rustwide/target/debug/deps/libstring_cache-95fc7035ca9679a3.rmeta --extern term=/opt/rustwide/target/debug/deps/libterm-f0c488b0d2b028e4.rmeta --extern tiny_keccak=/opt/rustwide/target/debug/deps/libtiny_keccak-d7bbc461407cb882.rmeta --extern unicode_xid=/opt/rustwide/target/debug/deps/libunicode_xid-47285b72f4c55c84.rmeta --cap-lints allow --cap-lints=forbid -Dunexpected_cfgs` (signal: 9, SIGKILL: kill)
[INFO] [stderr] warning: build failed, waiting for other jobs to finish...
[INFO] running `Command { std: "docker" "inspect" "0c80912b0579b2fed41ba4bc05842105bade01bec9ddee38601bedff3e0ccf32", kill_on_drop: false }`
[INFO] running `Command { std: "docker" "rm" "-f" "0c80912b0579b2fed41ba4bc05842105bade01bec9ddee38601bedff3e0ccf32", kill_on_drop: false }`
[INFO] [stdout] 0c80912b0579b2fed41ba4bc05842105bade01bec9ddee38601bedff3e0ccf32
