[INFO] fetching crate papergrid 0.10.0...
[INFO] checking papergrid-0.10.0 against nightly-2024-02-05 for check-cfg
[INFO] extracting crate papergrid 0.10.0 into /workspace/builds/worker-5-tc1/source
[INFO] validating manifest of crates.io crate papergrid 0.10.0 on toolchain nightly-2024-02-05
[INFO] running `Command { std: CARGO_HOME="/workspace/cargo-home" RUSTUP_HOME="/workspace/rustup-home" "/workspace/cargo-home/bin/cargo" "+nightly-2024-02-05" "metadata" "--manifest-path" "Cargo.toml" "--no-deps", kill_on_drop: false }`
[INFO] started tweaking crates.io crate papergrid 0.10.0
[INFO] removed 0 missing examples
[INFO] finished tweaking crates.io crate papergrid 0.10.0
[INFO] tweaked toml for crates.io crate papergrid 0.10.0 written to /workspace/builds/worker-5-tc1/source/Cargo.toml
[INFO] crate crates.io crate papergrid 0.10.0 already has a lockfile, it will not be regenerated
[INFO] running `Command { std: CARGO_HOME="/workspace/cargo-home" RUSTUP_HOME="/workspace/rustup-home" "/workspace/cargo-home/bin/cargo" "+nightly-2024-02-05" "fetch" "--manifest-path" "Cargo.toml", kill_on_drop: false }`
[INFO] [stderr]     Blocking waiting for file lock on package cache
[INFO] [stderr]     Updating crates.io index
[INFO] [stderr]     Blocking waiting for file lock on package cache
[INFO] [stderr]  Downloading crates ...
[INFO] [stderr]   Downloaded ansi-str v0.8.0
[INFO] [stderr]   Downloaded ansitok v0.2.0
[INFO] running `Command { std: "docker" "create" "-v" "/var/lib/crater-agent-workspace/builds/worker-5-tc1/target:/opt/rustwide/target:rw,Z" "-v" "/var/lib/crater-agent-workspace/builds/worker-5-tc1/source:/opt/rustwide/workdir:ro,Z" "-v" "/var/lib/crater-agent-workspace/cargo-home:/opt/rustwide/cargo-home:ro,Z" "-v" "/var/lib/crater-agent-workspace/rustup-home:/opt/rustwide/rustup-home:ro,Z" "-e" "SOURCE_DIR=/opt/rustwide/workdir" "-e" "CARGO_TARGET_DIR=/opt/rustwide/target" "-e" "CARGO_HOME=/opt/rustwide/cargo-home" "-e" "RUSTUP_HOME=/opt/rustwide/rustup-home" "-w" "/opt/rustwide/workdir" "-m" "1610612736" "--user" "0:0" "--network" "none" "ghcr.io/rust-lang/crates-build-env/linux@sha256:2788e3201cd34a07e3172128adcd8b3090168a8e3bcc40d7c032b9dda1df7d1c" "/opt/rustwide/cargo-home/bin/cargo" "+nightly-2024-02-05" "metadata" "--no-deps" "--format-version=1", kill_on_drop: false }`
[INFO] [stdout] dd32ea8d7011069f6d55100ed02ea553907c6287e565ab509d3e33f5eeda8a0c
[INFO] running `Command { std: "docker" "start" "-a" "dd32ea8d7011069f6d55100ed02ea553907c6287e565ab509d3e33f5eeda8a0c", kill_on_drop: false }`
[INFO] running `Command { std: "docker" "inspect" "dd32ea8d7011069f6d55100ed02ea553907c6287e565ab509d3e33f5eeda8a0c", kill_on_drop: false }`
[INFO] running `Command { std: "docker" "rm" "-f" "dd32ea8d7011069f6d55100ed02ea553907c6287e565ab509d3e33f5eeda8a0c", kill_on_drop: false }`
[INFO] [stdout] dd32ea8d7011069f6d55100ed02ea553907c6287e565ab509d3e33f5eeda8a0c
[INFO] running `Command { std: "docker" "create" "-v" "/var/lib/crater-agent-workspace/builds/worker-5-tc1/target:/opt/rustwide/target:rw,Z" "-v" "/var/lib/crater-agent-workspace/builds/worker-5-tc1/source:/opt/rustwide/workdir:ro,Z" "-v" "/var/lib/crater-agent-workspace/cargo-home:/opt/rustwide/cargo-home:ro,Z" "-v" "/var/lib/crater-agent-workspace/rustup-home:/opt/rustwide/rustup-home:ro,Z" "-e" "SOURCE_DIR=/opt/rustwide/workdir" "-e" "CARGO_TARGET_DIR=/opt/rustwide/target" "-e" "CARGO_INCREMENTAL=0" "-e" "RUST_BACKTRACE=full" "-e" "RUSTFLAGS=--cap-lints=forbid" "-e" "RUSTDOCFLAGS=--cap-lints=forbid" "-e" "CARGO_HOME=/opt/rustwide/cargo-home" "-e" "RUSTUP_HOME=/opt/rustwide/rustup-home" "-w" "/opt/rustwide/workdir" "-m" "1610612736" "--user" "0:0" "--network" "none" "ghcr.io/rust-lang/crates-build-env/linux@sha256:2788e3201cd34a07e3172128adcd8b3090168a8e3bcc40d7c032b9dda1df7d1c" "/opt/rustwide/cargo-home/bin/cargo" "+nightly-2024-02-05" "check" "--frozen" "--all" "--all-targets" "--message-format=json", kill_on_drop: false }`
[INFO] [stdout] a80a62185f689d9ce18ed0e8387d9359ec71ac2d351aac23b19e1a1eb8a58a4c
[INFO] running `Command { std: "docker" "start" "-a" "a80a62185f689d9ce18ed0e8387d9359ec71ac2d351aac23b19e1a1eb8a58a4c", kill_on_drop: false }`
[INFO] [stderr]     Checking bytecount v0.6.3
[INFO] [stderr]     Checking unicode-width v0.1.10
[INFO] [stderr]     Checking owo-colors v3.5.0
[INFO] [stderr]     Checking papergrid v0.10.0 (/opt/rustwide/workdir)
[INFO] [stdout] error[E0432]: unresolved import `testing_table`
[INFO] [stdout]  --> tests/grid/format_configuration.rs:6:5
[INFO] [stdout]   |
[INFO] [stdout] 6 | use testing_table::static_table;
[INFO] [stdout]   |     ^^^^^^^^^^^^^ use of undeclared crate or module `testing_table`
[INFO] [stdout] 
[INFO] [stdout] 
[INFO] [stdout] error[E0432]: unresolved import `testing_table`
[INFO] [stdout]  --> tests/grid/column_span.rs:6:5
[INFO] [stdout]   |
[INFO] [stdout] 6 | use testing_table::test_table;
[INFO] [stdout]   |     ^^^^^^^^^^^^^ use of undeclared crate or module `testing_table`
[INFO] [stdout] 
[INFO] [stdout] 
[INFO] [stdout] error[E0432]: unresolved import `testing_table`
[INFO] [stdout]   --> tests/grid/render.rs:26:5
[INFO] [stdout]    |
[INFO] [stdout] 26 | use testing_table::test_table;
[INFO] [stdout]    |     ^^^^^^^^^^^^^ use of undeclared crate or module `testing_table`
[INFO] [stdout] 
[INFO] [stdout] 
[INFO] [stdout] error[E0432]: unresolved import `testing_table`
[INFO] [stdout]   --> tests/grid/row_span.rs:10:5
[INFO] [stdout]    |
[INFO] [stdout] 10 | use testing_table::test_table;
[INFO] [stdout]    |     ^^^^^^^^^^^^^ use of undeclared crate or module `testing_table`
[INFO] [stdout] 
[INFO] [stdout] 
[INFO] [stdout] error[E0432]: unresolved import `testing_table`
[INFO] [stdout]  --> tests/grid/settings.rs:7:5
[INFO] [stdout]   |
[INFO] [stdout] 7 | use testing_table::test_table;
[INFO] [stdout]   |     ^^^^^^^^^^^^^ use of undeclared crate or module `testing_table`
[INFO] [stdout] 
[INFO] [stdout] 
[INFO] [stdout] error[E0432]: unresolved import `testing_table`
[INFO] [stdout]  --> tests/grid/styling.rs:6:5
[INFO] [stdout]   |
[INFO] [stdout] 6 | use testing_table::test_table;
[INFO] [stdout]   |     ^^^^^^^^^^^^^ use of undeclared crate or module `testing_table`
[INFO] [stdout] 
[INFO] [stdout] 
[INFO] [stdout] warning: unused imports: `AlignmentHorizontal`, `Borders`, `Entity`, `Indent`, `Sides`
[INFO] [stdout]  --> tests/grid/column_span.rs:3:25
[INFO] [stdout]   |
[INFO] [stdout] 3 | use papergrid::config::{AlignmentHorizontal, Borders, Entity, Indent, Sides};
[INFO] [stdout]   |                         ^^^^^^^^^^^^^^^^^^^  ^^^^^^^  ^^^^^^  ^^^^^^  ^^^^^
[INFO] [stdout]   |
[INFO] [stdout]   = note: `#[warn(unused_imports)]` on by default
[INFO] [stdout] 
[INFO] [stdout] 
[INFO] [stdout] warning: unused import: `crate::util::grid`
[INFO] [stdout]  --> tests/grid/column_span.rs:5:5
[INFO] [stdout]   |
[INFO] [stdout] 5 | use crate::util::grid;
[INFO] [stdout]   |     ^^^^^^^^^^^^^^^^^
[INFO] [stdout] 
[INFO] [stdout] 
[INFO] [stdout] warning: unused import: `std::vec`
[INFO] [stdout]   --> tests/grid/render.rs:15:5
[INFO] [stdout]    |
[INFO] [stdout] 15 | use std::vec;
[INFO] [stdout]    |     ^^^^^^^^
[INFO] [stdout] 
[INFO] [stdout] 
[INFO] [stdout] warning: unused imports: `AlignmentHorizontal`, `AlignmentVertical`, `Borders`, `Entity`, `colors::NoColors`, `config::spanned::SpannedConfig`, `grid::iterable::Grid`, `records::IterRecords`
[INFO] [stdout]   --> tests/grid/render.rs:18:5
[INFO] [stdout]    |
[INFO] [stdout] 18 |     colors::NoColors,
[INFO] [stdout]    |     ^^^^^^^^^^^^^^^^
[INFO] [stdout] 19 |     config::spanned::SpannedConfig,
[INFO] [stdout]    |     ^^^^^^^^^^^^^^^^^^^^^^^^^^^^^^
[INFO] [stdout] 20 |     config::{AlignmentHorizontal, AlignmentVertical, Borders, Entity},
[INFO] [stdout]    |              ^^^^^^^^^^^^^^^^^^^  ^^^^^^^^^^^^^^^^^  ^^^^^^^  ^^^^^^
[INFO] [stdout] 21 |     grid::iterable::Grid,
[INFO] [stdout]    |     ^^^^^^^^^^^^^^^^^^^^
[INFO] [stdout] 22 |     records::IterRecords,
[INFO] [stdout]    |     ^^^^^^^^^^^^^^^^^^^^
[INFO] [stdout] 
[INFO] [stdout] 
[INFO] [stdout] warning: unused imports: `ConstantDimension`, `DEFAULT_BORDERS`, `grid`
[INFO] [stdout]   --> tests/grid/render.rs:25:19
[INFO] [stdout]    |
[INFO] [stdout] 25 | use crate::util::{grid, ConstantDimension, DEFAULT_BORDERS};
[INFO] [stdout]    |                   ^^^^  ^^^^^^^^^^^^^^^^^  ^^^^^^^^^^^^^^^
[INFO] [stdout] 
[INFO] [stdout] 
[INFO] [stdout] warning: unused imports: `*`, `AlignmentHorizontal`, `AlignmentVertical`, `Borders`, `Indent`, `Sides`, `self`
[INFO] [stdout]  --> tests/grid/row_span.rs:4:5
[INFO] [stdout]   |
[INFO] [stdout] 4 |     AlignmentHorizontal, AlignmentVertical, Borders,
[INFO] [stdout]   |     ^^^^^^^^^^^^^^^^^^^  ^^^^^^^^^^^^^^^^^  ^^^^^^^
[INFO] [stdout] 5 |     Entity::{self, *},
[INFO] [stdout]   |              ^^^^  ^
[INFO] [stdout] 6 |     Indent, Sides,
[INFO] [stdout]   |     ^^^^^^  ^^^^^
[INFO] [stdout] 
[INFO] [stdout] 
[INFO] [stdout] warning: unused import: `crate::util::grid`
[INFO] [stdout]  --> tests/grid/row_span.rs:9:5
[INFO] [stdout]   |
[INFO] [stdout] 9 | use crate::util::grid;
[INFO] [stdout]   |     ^^^^^^^^^^^^^^^^^
[INFO] [stdout] 
[INFO] [stdout] 
[INFO] [stdout] warning: unused import: `papergrid::color::AnsiColor`
[INFO] [stdout]  --> tests/grid/settings.rs:3:5
[INFO] [stdout]   |
[INFO] [stdout] 3 | use papergrid::color::AnsiColor;
[INFO] [stdout]   |     ^^^^^^^^^^^^^^^^^^^^^^^^^^^
[INFO] [stdout] 
[INFO] [stdout] 
[INFO] [stdout] warning: unused imports: `AlignmentHorizontal`, `Border`, `Borders`, `Entity`, `Indent`, `Sides`
[INFO] [stdout]  --> tests/grid/settings.rs:4:25
[INFO] [stdout]   |
[INFO] [stdout] 4 | use papergrid::config::{AlignmentHorizontal, Border, Borders, Entity, Indent, Sides};
[INFO] [stdout]   |                         ^^^^^^^^^^^^^^^^^^^  ^^^^^^  ^^^^^^^  ^^^^^^  ^^^^^^  ^^^^^
[INFO] [stdout] 
[INFO] [stdout] 
[INFO] [stdout] warning: unused import: `crate::util::grid`
[INFO] [stdout]  --> tests/grid/settings.rs:6:5
[INFO] [stdout]   |
[INFO] [stdout] 6 | use crate::util::grid;
[INFO] [stdout]   |     ^^^^^^^^^^^^^^^^^
[INFO] [stdout] 
[INFO] [stdout] 
[INFO] [stdout] warning: unused imports: `AlignmentHorizontal`, `Border`, `Borders`, `Entity`, `Indent`, `Sides`
[INFO] [stdout]  --> tests/grid/styling.rs:3:25
[INFO] [stdout]   |
[INFO] [stdout] 3 | use papergrid::config::{AlignmentHorizontal, Border, Borders, Entity, Indent, Sides};
[INFO] [stdout]   |                         ^^^^^^^^^^^^^^^^^^^  ^^^^^^  ^^^^^^^  ^^^^^^  ^^^^^^  ^^^^^
[INFO] [stdout] 
[INFO] [stdout] 
[INFO] [stdout] warning: unused import: `crate::util::grid`
[INFO] [stdout]  --> tests/grid/styling.rs:5:5
[INFO] [stdout]   |
[INFO] [stdout] 5 | use crate::util::grid;
[INFO] [stdout]   |     ^^^^^^^^^^^^^^^^^
[INFO] [stdout] 
[INFO] [stdout] 
[INFO] [stdout] error: aborting due to 6 previous errors; 12 warnings emitted
[INFO] [stdout] 
[INFO] [stdout] 
[INFO] [stdout] For more information about this error, try `rustc --explain E0432`.
[INFO] [stdout] 
[INFO] [stderr] error: could not compile `papergrid` (test "main") due to 7 previous errors; 12 warnings emitted
[INFO] [stderr] warning: build failed, waiting for other jobs to finish...
[INFO] running `Command { std: "docker" "inspect" "a80a62185f689d9ce18ed0e8387d9359ec71ac2d351aac23b19e1a1eb8a58a4c", kill_on_drop: false }`
[INFO] running `Command { std: "docker" "rm" "-f" "a80a62185f689d9ce18ed0e8387d9359ec71ac2d351aac23b19e1a1eb8a58a4c", kill_on_drop: false }`
[INFO] [stdout] a80a62185f689d9ce18ed0e8387d9359ec71ac2d351aac23b19e1a1eb8a58a4c
[INFO] checking papergrid-0.10.0 against nightly-2024-02-05+rustflags=-Dunexpected_cfgs+cargoflags=-Zcheck-cfg for check-cfg
[INFO] extracting crate papergrid 0.10.0 into /workspace/builds/worker-5-tc2/source
[INFO] validating manifest of crates.io crate papergrid 0.10.0 on toolchain nightly-2024-02-05
[INFO] running `Command { std: CARGO_HOME="/workspace/cargo-home" RUSTUP_HOME="/workspace/rustup-home" "/workspace/cargo-home/bin/cargo" "+nightly-2024-02-05" "metadata" "--manifest-path" "Cargo.toml" "--no-deps", kill_on_drop: false }`
[INFO] started tweaking crates.io crate papergrid 0.10.0
[INFO] removed 0 missing examples
[INFO] finished tweaking crates.io crate papergrid 0.10.0
[INFO] tweaked toml for crates.io crate papergrid 0.10.0 written to /workspace/builds/worker-5-tc2/source/Cargo.toml
[INFO] crate crates.io crate papergrid 0.10.0 already has a lockfile, it will not be regenerated
[INFO] running `Command { std: CARGO_HOME="/workspace/cargo-home" RUSTUP_HOME="/workspace/rustup-home" "/workspace/cargo-home/bin/cargo" "+nightly-2024-02-05" "fetch" "--manifest-path" "Cargo.toml", kill_on_drop: false }`
[INFO] [stderr]     Blocking waiting for file lock on package cache
[INFO] running `Command { std: "docker" "create" "-v" "/var/lib/crater-agent-workspace/builds/worker-5-tc2/target:/opt/rustwide/target:rw,Z" "-v" "/var/lib/crater-agent-workspace/builds/worker-5-tc2/source:/opt/rustwide/workdir:ro,Z" "-v" "/var/lib/crater-agent-workspace/cargo-home:/opt/rustwide/cargo-home:ro,Z" "-v" "/var/lib/crater-agent-workspace/rustup-home:/opt/rustwide/rustup-home:ro,Z" "-e" "SOURCE_DIR=/opt/rustwide/workdir" "-e" "CARGO_TARGET_DIR=/opt/rustwide/target" "-e" "CARGO_HOME=/opt/rustwide/cargo-home" "-e" "RUSTUP_HOME=/opt/rustwide/rustup-home" "-w" "/opt/rustwide/workdir" "-m" "1610612736" "--user" "0:0" "--network" "none" "ghcr.io/rust-lang/crates-build-env/linux@sha256:2788e3201cd34a07e3172128adcd8b3090168a8e3bcc40d7c032b9dda1df7d1c" "/opt/rustwide/cargo-home/bin/cargo" "+nightly-2024-02-05" "metadata" "--no-deps" "--format-version=1", kill_on_drop: false }`
[INFO] [stdout] b545ecead327436bf9b09acbc157c10b52f7fe9ddcd1bedcb26a20eb56975c12
[INFO] running `Command { std: "docker" "start" "-a" "b545ecead327436bf9b09acbc157c10b52f7fe9ddcd1bedcb26a20eb56975c12", kill_on_drop: false }`
[INFO] running `Command { std: "docker" "inspect" "b545ecead327436bf9b09acbc157c10b52f7fe9ddcd1bedcb26a20eb56975c12", kill_on_drop: false }`
[INFO] running `Command { std: "docker" "rm" "-f" "b545ecead327436bf9b09acbc157c10b52f7fe9ddcd1bedcb26a20eb56975c12", kill_on_drop: false }`
[INFO] [stdout] b545ecead327436bf9b09acbc157c10b52f7fe9ddcd1bedcb26a20eb56975c12
[INFO] running `Command { std: "docker" "create" "-v" "/var/lib/crater-agent-workspace/builds/worker-5-tc2/target:/opt/rustwide/target:rw,Z" "-v" "/var/lib/crater-agent-workspace/builds/worker-5-tc2/source:/opt/rustwide/workdir:ro,Z" "-v" "/var/lib/crater-agent-workspace/cargo-home:/opt/rustwide/cargo-home:ro,Z" "-v" "/var/lib/crater-agent-workspace/rustup-home:/opt/rustwide/rustup-home:ro,Z" "-e" "SOURCE_DIR=/opt/rustwide/workdir" "-e" "CARGO_TARGET_DIR=/opt/rustwide/target" "-e" "CARGO_INCREMENTAL=0" "-e" "RUST_BACKTRACE=full" "-e" "RUSTFLAGS=--cap-lints=forbid -Dunexpected_cfgs" "-e" "RUSTDOCFLAGS=--cap-lints=forbid" "-e" "CARGO_HOME=/opt/rustwide/cargo-home" "-e" "RUSTUP_HOME=/opt/rustwide/rustup-home" "-w" "/opt/rustwide/workdir" "-m" "1610612736" "--user" "0:0" "--network" "none" "ghcr.io/rust-lang/crates-build-env/linux@sha256:2788e3201cd34a07e3172128adcd8b3090168a8e3bcc40d7c032b9dda1df7d1c" "/opt/rustwide/cargo-home/bin/cargo" "+nightly-2024-02-05" "check" "--frozen" "--all" "--all-targets" "--message-format=json" "-Zcheck-cfg", kill_on_drop: false }`
[INFO] [stdout] e9d606648ceda0d8caa4b348d9c88f475b53c83b222b97e231faa68cac0ca2bf
[INFO] running `Command { std: "docker" "start" "-a" "e9d606648ceda0d8caa4b348d9c88f475b53c83b222b97e231faa68cac0ca2bf", kill_on_drop: false }`
[INFO] [stderr]     Checking bytecount v0.6.3
[INFO] [stderr]     Checking unicode-width v0.1.10
[INFO] [stderr]     Checking owo-colors v3.5.0
[INFO] [stderr]     Checking papergrid v0.10.0 (/opt/rustwide/workdir)
[INFO] [stdout] error[E0432]: unresolved import `testing_table`
[INFO] [stdout]  --> tests/grid/format_configuration.rs:6:5
[INFO] [stdout]   |
[INFO] [stdout] 6 | use testing_table::static_table;
[INFO] [stdout]   |     ^^^^^^^^^^^^^ use of undeclared crate or module `testing_table`
[INFO] [stdout] 
[INFO] [stdout] 
[INFO] [stdout] error[E0432]: unresolved import `testing_table`
[INFO] [stdout]  --> tests/grid/column_span.rs:6:5
[INFO] [stdout]   |
[INFO] [stdout] 6 | use testing_table::test_table;
[INFO] [stdout]   |     ^^^^^^^^^^^^^ use of undeclared crate or module `testing_table`
[INFO] [stdout] 
[INFO] [stdout] 
[INFO] [stdout] error[E0432]: unresolved import `testing_table`
[INFO] [stdout]   --> tests/grid/render.rs:26:5
[INFO] [stdout]    |
[INFO] [stdout] 26 | use testing_table::test_table;
[INFO] [stdout]    |     ^^^^^^^^^^^^^ use of undeclared crate or module `testing_table`
[INFO] [stdout] 
[INFO] [stdout] 
[INFO] [stdout] error[E0432]: unresolved import `testing_table`
[INFO] [stdout]   --> tests/grid/row_span.rs:10:5
[INFO] [stdout]    |
[INFO] [stdout] 10 | use testing_table::test_table;
[INFO] [stdout]    |     ^^^^^^^^^^^^^ use of undeclared crate or module `testing_table`
[INFO] [stdout] 
[INFO] [stdout] 
[INFO] [stdout] error[E0432]: unresolved import `testing_table`
[INFO] [stdout]  --> tests/grid/settings.rs:7:5
[INFO] [stdout]   |
[INFO] [stdout] 7 | use testing_table::test_table;
[INFO] [stdout]   |     ^^^^^^^^^^^^^ use of undeclared crate or module `testing_table`
[INFO] [stdout] 
[INFO] [stdout] 
[INFO] [stdout] error[E0432]: unresolved import `testing_table`
[INFO] [stdout]  --> tests/grid/styling.rs:6:5
[INFO] [stdout]   |
[INFO] [stdout] 6 | use testing_table::test_table;
[INFO] [stdout]   |     ^^^^^^^^^^^^^ use of undeclared crate or module `testing_table`
[INFO] [stdout] 
[INFO] [stdout] 
[INFO] [stdout] warning: unused imports: `AlignmentHorizontal`, `Borders`, `Entity`, `Indent`, `Sides`
[INFO] [stdout]  --> tests/grid/column_span.rs:3:25
[INFO] [stdout]   |
[INFO] [stdout] 3 | use papergrid::config::{AlignmentHorizontal, Borders, Entity, Indent, Sides};
[INFO] [stdout]   |                         ^^^^^^^^^^^^^^^^^^^  ^^^^^^^  ^^^^^^  ^^^^^^  ^^^^^
[INFO] [stdout]   |
[INFO] [stdout]   = note: `#[warn(unused_imports)]` on by default
[INFO] [stdout] 
[INFO] [stdout] 
[INFO] [stdout] warning: unused import: `crate::util::grid`
[INFO] [stdout]  --> tests/grid/column_span.rs:5:5
[INFO] [stdout]   |
[INFO] [stdout] 5 | use crate::util::grid;
[INFO] [stdout]   |     ^^^^^^^^^^^^^^^^^
[INFO] [stdout] 
[INFO] [stdout] 
[INFO] [stdout] warning: unused import: `std::vec`
[INFO] [stdout]   --> tests/grid/render.rs:15:5
[INFO] [stdout]    |
[INFO] [stdout] 15 | use std::vec;
[INFO] [stdout]    |     ^^^^^^^^
[INFO] [stdout] 
[INFO] [stdout] 
[INFO] [stdout] warning: unused imports: `AlignmentHorizontal`, `AlignmentVertical`, `Borders`, `Entity`, `colors::NoColors`, `config::spanned::SpannedConfig`, `grid::iterable::Grid`, `records::IterRecords`
[INFO] [stdout]   --> tests/grid/render.rs:18:5
[INFO] [stdout]    |
[INFO] [stdout] 18 |     colors::NoColors,
[INFO] [stdout]    |     ^^^^^^^^^^^^^^^^
[INFO] [stdout] 19 |     config::spanned::SpannedConfig,
[INFO] [stdout]    |     ^^^^^^^^^^^^^^^^^^^^^^^^^^^^^^
[INFO] [stdout] 20 |     config::{AlignmentHorizontal, AlignmentVertical, Borders, Entity},
[INFO] [stdout]    |              ^^^^^^^^^^^^^^^^^^^  ^^^^^^^^^^^^^^^^^  ^^^^^^^  ^^^^^^
[INFO] [stdout] 21 |     grid::iterable::Grid,
[INFO] [stdout]    |     ^^^^^^^^^^^^^^^^^^^^
[INFO] [stdout] 22 |     records::IterRecords,
[INFO] [stdout]    |     ^^^^^^^^^^^^^^^^^^^^
[INFO] [stdout] 
[INFO] [stdout] 
[INFO] [stdout] warning: unused imports: `ConstantDimension`, `DEFAULT_BORDERS`, `grid`
[INFO] [stdout]   --> tests/grid/render.rs:25:19
[INFO] [stdout]    |
[INFO] [stdout] 25 | use crate::util::{grid, ConstantDimension, DEFAULT_BORDERS};
[INFO] [stdout]    |                   ^^^^  ^^^^^^^^^^^^^^^^^  ^^^^^^^^^^^^^^^
[INFO] [stdout] 
[INFO] [stdout] 
[INFO] [stdout] warning: unused imports: `*`, `AlignmentHorizontal`, `AlignmentVertical`, `Borders`, `Indent`, `Sides`, `self`
[INFO] [stdout]  --> tests/grid/row_span.rs:4:5
[INFO] [stdout]   |
[INFO] [stdout] 4 |     AlignmentHorizontal, AlignmentVertical, Borders,
[INFO] [stdout]   |     ^^^^^^^^^^^^^^^^^^^  ^^^^^^^^^^^^^^^^^  ^^^^^^^
[INFO] [stdout] 5 |     Entity::{self, *},
[INFO] [stdout]   |              ^^^^  ^
[INFO] [stdout] 6 |     Indent, Sides,
[INFO] [stdout]   |     ^^^^^^  ^^^^^
[INFO] [stdout] 
[INFO] [stdout] 
[INFO] [stdout] warning: unused import: `crate::util::grid`
[INFO] [stdout]  --> tests/grid/row_span.rs:9:5
[INFO] [stdout]   |
[INFO] [stdout] 9 | use crate::util::grid;
[INFO] [stdout]   |     ^^^^^^^^^^^^^^^^^
[INFO] [stdout] 
[INFO] [stdout] 
[INFO] [stdout] warning: unused import: `papergrid::color::AnsiColor`
[INFO] [stdout]  --> tests/grid/settings.rs:3:5
[INFO] [stdout]   |
[INFO] [stdout] 3 | use papergrid::color::AnsiColor;
[INFO] [stdout]   |     ^^^^^^^^^^^^^^^^^^^^^^^^^^^
[INFO] [stdout] 
[INFO] [stdout] 
[INFO] [stdout] warning: unused imports: `AlignmentHorizontal`, `Border`, `Borders`, `Entity`, `Indent`, `Sides`
[INFO] [stdout]  --> tests/grid/settings.rs:4:25
[INFO] [stdout]   |
[INFO] [stdout] 4 | use papergrid::config::{AlignmentHorizontal, Border, Borders, Entity, Indent, Sides};
[INFO] [stdout]   |                         ^^^^^^^^^^^^^^^^^^^  ^^^^^^  ^^^^^^^  ^^^^^^  ^^^^^^  ^^^^^
[INFO] [stdout] 
[INFO] [stdout] 
[INFO] [stdout] warning: unused import: `crate::util::grid`
[INFO] [stdout]  --> tests/grid/settings.rs:6:5
[INFO] [stdout]   |
[INFO] [stdout] 6 | use crate::util::grid;
[INFO] [stdout]   |     ^^^^^^^^^^^^^^^^^
[INFO] [stdout] 
[INFO] [stdout] 
[INFO] [stdout] warning: unused imports: `AlignmentHorizontal`, `Border`, `Borders`, `Entity`, `Indent`, `Sides`
[INFO] [stdout]  --> tests/grid/styling.rs:3:25
[INFO] [stdout]   |
[INFO] [stdout] 3 | use papergrid::config::{AlignmentHorizontal, Border, Borders, Entity, Indent, Sides};
[INFO] [stdout]   |                         ^^^^^^^^^^^^^^^^^^^  ^^^^^^  ^^^^^^^  ^^^^^^  ^^^^^^  ^^^^^
[INFO] [stdout] 
[INFO] [stdout] 
[INFO] [stdout] warning: unused import: `crate::util::grid`
[INFO] [stdout]  --> tests/grid/styling.rs:5:5
[INFO] [stdout]   |
[INFO] [stdout] 5 | use crate::util::grid;
[INFO] [stdout]   |     ^^^^^^^^^^^^^^^^^
[INFO] [stdout] 
[INFO] [stdout] 
[INFO] [stdout] error: aborting due to 6 previous errors; 12 warnings emitted
[INFO] [stdout] 
[INFO] [stdout] 
[INFO] [stdout] For more information about this error, try `rustc --explain E0432`.
[INFO] [stdout] 
[INFO] [stderr] error: could not compile `papergrid` (test "main") due to 7 previous errors; 12 warnings emitted
[INFO] [stderr] warning: build failed, waiting for other jobs to finish...
[INFO] running `Command { std: "docker" "inspect" "e9d606648ceda0d8caa4b348d9c88f475b53c83b222b97e231faa68cac0ca2bf", kill_on_drop: false }`
[INFO] running `Command { std: "docker" "rm" "-f" "e9d606648ceda0d8caa4b348d9c88f475b53c83b222b97e231faa68cac0ca2bf", kill_on_drop: false }`
[INFO] [stdout] e9d606648ceda0d8caa4b348d9c88f475b53c83b222b97e231faa68cac0ca2bf
