[INFO] fetching crate pallet-xcm-bridge-hub-router 0.3.0...
[INFO] checking pallet-xcm-bridge-hub-router-0.3.0 against nightly-2024-02-05 for check-cfg
[INFO] extracting crate pallet-xcm-bridge-hub-router 0.3.0 into /workspace/builds/worker-3-tc1/source
[INFO] validating manifest of crates.io crate pallet-xcm-bridge-hub-router 0.3.0 on toolchain nightly-2024-02-05
[INFO] running `Command { std: CARGO_HOME="/workspace/cargo-home" RUSTUP_HOME="/workspace/rustup-home" "/workspace/cargo-home/bin/cargo" "+nightly-2024-02-05" "metadata" "--manifest-path" "Cargo.toml" "--no-deps", kill_on_drop: false }`
[INFO] started tweaking crates.io crate pallet-xcm-bridge-hub-router 0.3.0
[INFO] finished tweaking crates.io crate pallet-xcm-bridge-hub-router 0.3.0
[INFO] tweaked toml for crates.io crate pallet-xcm-bridge-hub-router 0.3.0 written to /workspace/builds/worker-3-tc1/source/Cargo.toml
[INFO] running `Command { std: CARGO_HOME="/workspace/cargo-home" RUSTUP_HOME="/workspace/rustup-home" "/workspace/cargo-home/bin/cargo" "+nightly-2024-02-05" "generate-lockfile" "--manifest-path" "Cargo.toml", kill_on_drop: false }`
[INFO] [stderr]     Updating crates.io index
[INFO] running `Command { std: CARGO_HOME="/workspace/cargo-home" RUSTUP_HOME="/workspace/rustup-home" "/workspace/cargo-home/bin/cargo" "+nightly-2024-02-05" "fetch" "--manifest-path" "Cargo.toml", kill_on_drop: false }`
[INFO] running `Command { std: "docker" "create" "-v" "/var/lib/crater-agent-workspace/builds/worker-3-tc1/target:/opt/rustwide/target:rw,Z" "-v" "/var/lib/crater-agent-workspace/builds/worker-3-tc1/source:/opt/rustwide/workdir:ro,Z" "-v" "/var/lib/crater-agent-workspace/cargo-home:/opt/rustwide/cargo-home:ro,Z" "-v" "/var/lib/crater-agent-workspace/rustup-home:/opt/rustwide/rustup-home:ro,Z" "-e" "SOURCE_DIR=/opt/rustwide/workdir" "-e" "CARGO_TARGET_DIR=/opt/rustwide/target" "-e" "CARGO_HOME=/opt/rustwide/cargo-home" "-e" "RUSTUP_HOME=/opt/rustwide/rustup-home" "-w" "/opt/rustwide/workdir" "-m" "1610612736" "--user" "0:0" "--network" "none" "ghcr.io/rust-lang/crates-build-env/linux@sha256:2788e3201cd34a07e3172128adcd8b3090168a8e3bcc40d7c032b9dda1df7d1c" "/opt/rustwide/cargo-home/bin/cargo" "+nightly-2024-02-05" "metadata" "--no-deps" "--format-version=1", kill_on_drop: false }`
[INFO] [stdout] 376399987d3ff7ad8b6e4c1879b96c2e54e42e9830df0126c52ec53c9a898d02
[INFO] running `Command { std: "docker" "start" "-a" "376399987d3ff7ad8b6e4c1879b96c2e54e42e9830df0126c52ec53c9a898d02", kill_on_drop: false }`
[INFO] running `Command { std: "docker" "inspect" "376399987d3ff7ad8b6e4c1879b96c2e54e42e9830df0126c52ec53c9a898d02", kill_on_drop: false }`
[INFO] running `Command { std: "docker" "rm" "-f" "376399987d3ff7ad8b6e4c1879b96c2e54e42e9830df0126c52ec53c9a898d02", kill_on_drop: false }`
[INFO] [stdout] 376399987d3ff7ad8b6e4c1879b96c2e54e42e9830df0126c52ec53c9a898d02
[INFO] running `Command { std: "docker" "create" "-v" "/var/lib/crater-agent-workspace/builds/worker-3-tc1/target:/opt/rustwide/target:rw,Z" "-v" "/var/lib/crater-agent-workspace/builds/worker-3-tc1/source:/opt/rustwide/workdir:ro,Z" "-v" "/var/lib/crater-agent-workspace/cargo-home:/opt/rustwide/cargo-home:ro,Z" "-v" "/var/lib/crater-agent-workspace/rustup-home:/opt/rustwide/rustup-home:ro,Z" "-e" "SOURCE_DIR=/opt/rustwide/workdir" "-e" "CARGO_TARGET_DIR=/opt/rustwide/target" "-e" "CARGO_INCREMENTAL=0" "-e" "RUST_BACKTRACE=full" "-e" "RUSTFLAGS=--cap-lints=forbid" "-e" "RUSTDOCFLAGS=--cap-lints=forbid" "-e" "CARGO_HOME=/opt/rustwide/cargo-home" "-e" "RUSTUP_HOME=/opt/rustwide/rustup-home" "-w" "/opt/rustwide/workdir" "-m" "1610612736" "--user" "0:0" "--network" "none" "ghcr.io/rust-lang/crates-build-env/linux@sha256:2788e3201cd34a07e3172128adcd8b3090168a8e3bcc40d7c032b9dda1df7d1c" "/opt/rustwide/cargo-home/bin/cargo" "+nightly-2024-02-05" "check" "--frozen" "--all" "--all-targets" "--message-format=json", kill_on_drop: false }`
[INFO] [stdout] d8450e41955fece9887cdab984e5ec63c3c6e9f3f1505850bdf962a337add14e
[INFO] running `Command { std: "docker" "start" "-a" "d8450e41955fece9887cdab984e5ec63c3c6e9f3f1505850bdf962a337add14e", kill_on_drop: false }`
[INFO] [stderr]    Compiling radium v0.7.0
[INFO] [stderr]    Compiling num-traits v0.2.17
[INFO] [stderr]     Checking tap v1.0.1
[INFO] [stderr]     Checking funty v2.0.0
[INFO] [stderr]    Compiling derive_more v0.99.17
[INFO] [stderr]     Checking sha2 v0.10.8
[INFO] [stderr]     Checking bip39 v2.0.0
[INFO] [stderr]    Compiling sp-io v28.0.0
[INFO] [stderr]     Checking wyz v0.5.1
[INFO] [stderr]    Compiling sp-api-proc-macro v13.0.0
[INFO] [stderr]    Compiling num-integer v0.1.45
[INFO] [stderr]     Checking bytemuck v1.14.1
[INFO] [stderr]     Checking sp-core-hashing v13.0.0
[INFO] [stderr]     Checking ed25519-dalek v2.1.0
[INFO] [stderr]    Compiling num-rational v0.4.1
[INFO] [stderr]     Checking safe_arch v0.7.1
[INFO] [stderr]     Checking bitvec v1.0.1
[INFO] [stderr]    Compiling matrixmultiply v0.3.8
[INFO] [stderr]    Compiling frame-support-procedural v21.0.0
[INFO] [stderr]     Checking k256 v0.13.3
[INFO] [stderr]     Checking wide v0.7.15
[INFO] [stderr]     Checking rawpointer v0.2.1
[INFO] [stderr]    Compiling nalgebra-macros v0.2.1
[INFO] [stderr]    Compiling xcm-procedural v5.0.0
[INFO] [stderr]     Checking chrono v0.4.33
[INFO] [stderr]     Checking integer-sqrt v0.1.5
[INFO] [stderr]     Checking approx v0.5.1
[INFO] [stderr]     Checking num-complex v0.4.4
[INFO] [stderr]     Checking simba v0.8.1
[INFO] [stderr]     Checking parity-scale-codec v3.6.9
[INFO] [stderr]     Checking tracing-subscriber v0.2.25
[INFO] [stderr]    Compiling derivative v2.2.0
[INFO] [stderr]     Checking impl-codec v0.6.0
[INFO] [stderr]     Checking sp-storage v17.0.0
[INFO] [stderr]     Checking sp-wasm-interface v18.0.0
[INFO] [stderr]     Checking sp-externalities v0.23.0
[INFO] [stderr]     Checking sp-tracing v14.0.0
[INFO] [stderr]     Checking scale-info v2.10.0
[INFO] [stderr]     Checking primitive-types v0.12.2
[INFO] [stderr]     Checking bounded-collections v0.1.9
[INFO] [stderr]     Checking sp-arithmetic v21.0.0
[INFO] [stderr]     Checking frame-metadata v16.0.0
[INFO] [stderr]     Checking sp-metadata-ir v0.4.0
[INFO] [stderr]     Checking sp-runtime-interface v22.0.0
[INFO] [stderr]     Checking sp-core v26.0.0
[INFO] [stderr]     Checking nalgebra v0.32.3
[INFO] [stderr]     Checking sp-trie v27.0.0
[INFO] [stderr]     Checking sp-keystore v0.32.0
[INFO] [stderr]     Checking sp-weights v25.0.0
[INFO] [stderr]     Checking staging-xcm v5.0.0
[INFO] [stderr]     Checking sp-state-machine v0.33.0
[INFO] [stderr]     Checking sp-application-crypto v28.0.0
[INFO] [stderr]     Checking sp-runtime v29.0.0
[INFO] [stderr]     Checking linregress v0.5.3
[INFO] [stderr]     Checking sp-version v27.0.0
[INFO] [stderr]     Checking sp-staking v24.0.0
[INFO] [stderr]     Checking sp-inherents v24.0.0
[INFO] [stderr]     Checking polkadot-core-primitives v5.0.0
[INFO] [stderr]     Checking bp-xcm-bridge-hub-router v0.4.0
[INFO] [stderr]     Checking polkadot-parachain-primitives v4.0.0
[INFO] [stderr]     Checking sp-api v24.0.0
[INFO] [stderr]     Checking sp-genesis-builder v0.5.0
[INFO] [stderr]     Checking frame-support v26.0.0
[INFO] [stderr]     Checking frame-system v26.0.0
[INFO] [stderr]     Checking frame-benchmarking v26.0.0
[INFO] [stderr]     Checking pallet-transaction-payment v26.0.0
[INFO] [stderr]     Checking staging-xcm-executor v5.0.0
[INFO] [stderr]     Checking staging-xcm-builder v5.0.0
[INFO] [stderr]     Checking pallet-xcm-bridge-hub-router v0.3.0 (/opt/rustwide/workdir)
[INFO] [stdout] error[E0433]: failed to resolve: use of undeclared crate or module `sp_io`
[INFO] [stdout]    --> src/mock.rs:124:2
[INFO] [stdout]     |
[INFO] [stdout] 124 |     sp_io::TestExternalities::new(t)
[INFO] [stdout]     |     ^^^^^ use of undeclared crate or module `sp_io`
[INFO] [stdout] 
[INFO] [stdout] 
[INFO] [stdout] error[E0433]: failed to resolve: use of undeclared crate or module `sp_io`
[INFO] [stdout]    --> src/mock.rs:122:26
[INFO] [stdout]     |
[INFO] [stdout] 122 | pub fn new_test_ext() -> sp_io::TestExternalities {
[INFO] [stdout]     |                          ^^^^^ use of undeclared crate or module `sp_io`
[INFO] [stdout] 
[INFO] [stdout] 
[INFO] [stdout] error: aborting due to 2 previous errors
[INFO] [stdout] 
[INFO] [stdout] 
[INFO] [stdout] For more information about this error, try `rustc --explain E0433`.
[INFO] [stdout] 
[INFO] [stderr] error: could not compile `pallet-xcm-bridge-hub-router` (lib test) due to 3 previous errors
[INFO] running `Command { std: "docker" "inspect" "d8450e41955fece9887cdab984e5ec63c3c6e9f3f1505850bdf962a337add14e", kill_on_drop: false }`
[INFO] running `Command { std: "docker" "rm" "-f" "d8450e41955fece9887cdab984e5ec63c3c6e9f3f1505850bdf962a337add14e", kill_on_drop: false }`
[INFO] [stdout] d8450e41955fece9887cdab984e5ec63c3c6e9f3f1505850bdf962a337add14e
[INFO] checking pallet-xcm-bridge-hub-router-0.3.0 against nightly-2024-02-05+rustflags=-Dunexpected_cfgs+cargoflags=-Zcheck-cfg for check-cfg
[INFO] extracting crate pallet-xcm-bridge-hub-router 0.3.0 into /workspace/builds/worker-3-tc2/source
[INFO] validating manifest of crates.io crate pallet-xcm-bridge-hub-router 0.3.0 on toolchain nightly-2024-02-05
[INFO] running `Command { std: CARGO_HOME="/workspace/cargo-home" RUSTUP_HOME="/workspace/rustup-home" "/workspace/cargo-home/bin/cargo" "+nightly-2024-02-05" "metadata" "--manifest-path" "Cargo.toml" "--no-deps", kill_on_drop: false }`
[INFO] started tweaking crates.io crate pallet-xcm-bridge-hub-router 0.3.0
[INFO] finished tweaking crates.io crate pallet-xcm-bridge-hub-router 0.3.0
[INFO] tweaked toml for crates.io crate pallet-xcm-bridge-hub-router 0.3.0 written to /workspace/builds/worker-3-tc2/source/Cargo.toml
[INFO] running `Command { std: CARGO_HOME="/workspace/cargo-home" RUSTUP_HOME="/workspace/rustup-home" "/workspace/cargo-home/bin/cargo" "+nightly-2024-02-05" "generate-lockfile" "--manifest-path" "Cargo.toml", kill_on_drop: false }`
[INFO] [stderr]     Updating crates.io index
[INFO] running `Command { std: CARGO_HOME="/workspace/cargo-home" RUSTUP_HOME="/workspace/rustup-home" "/workspace/cargo-home/bin/cargo" "+nightly-2024-02-05" "fetch" "--manifest-path" "Cargo.toml", kill_on_drop: false }`
[INFO] running `Command { std: "docker" "create" "-v" "/var/lib/crater-agent-workspace/builds/worker-3-tc2/target:/opt/rustwide/target:rw,Z" "-v" "/var/lib/crater-agent-workspace/builds/worker-3-tc2/source:/opt/rustwide/workdir:ro,Z" "-v" "/var/lib/crater-agent-workspace/cargo-home:/opt/rustwide/cargo-home:ro,Z" "-v" "/var/lib/crater-agent-workspace/rustup-home:/opt/rustwide/rustup-home:ro,Z" "-e" "SOURCE_DIR=/opt/rustwide/workdir" "-e" "CARGO_TARGET_DIR=/opt/rustwide/target" "-e" "CARGO_HOME=/opt/rustwide/cargo-home" "-e" "RUSTUP_HOME=/opt/rustwide/rustup-home" "-w" "/opt/rustwide/workdir" "-m" "1610612736" "--user" "0:0" "--network" "none" "ghcr.io/rust-lang/crates-build-env/linux@sha256:2788e3201cd34a07e3172128adcd8b3090168a8e3bcc40d7c032b9dda1df7d1c" "/opt/rustwide/cargo-home/bin/cargo" "+nightly-2024-02-05" "metadata" "--no-deps" "--format-version=1", kill_on_drop: false }`
[INFO] [stdout] 8034010a664fb6a93538306252e67b5a36395ee50441b9958cb2d97909fe75c6
[INFO] running `Command { std: "docker" "start" "-a" "8034010a664fb6a93538306252e67b5a36395ee50441b9958cb2d97909fe75c6", kill_on_drop: false }`
[INFO] running `Command { std: "docker" "inspect" "8034010a664fb6a93538306252e67b5a36395ee50441b9958cb2d97909fe75c6", kill_on_drop: false }`
[INFO] running `Command { std: "docker" "rm" "-f" "8034010a664fb6a93538306252e67b5a36395ee50441b9958cb2d97909fe75c6", kill_on_drop: false }`
[INFO] [stdout] 8034010a664fb6a93538306252e67b5a36395ee50441b9958cb2d97909fe75c6
[INFO] running `Command { std: "docker" "create" "-v" "/var/lib/crater-agent-workspace/builds/worker-3-tc2/target:/opt/rustwide/target:rw,Z" "-v" "/var/lib/crater-agent-workspace/builds/worker-3-tc2/source:/opt/rustwide/workdir:ro,Z" "-v" "/var/lib/crater-agent-workspace/cargo-home:/opt/rustwide/cargo-home:ro,Z" "-v" "/var/lib/crater-agent-workspace/rustup-home:/opt/rustwide/rustup-home:ro,Z" "-e" "SOURCE_DIR=/opt/rustwide/workdir" "-e" "CARGO_TARGET_DIR=/opt/rustwide/target" "-e" "CARGO_INCREMENTAL=0" "-e" "RUST_BACKTRACE=full" "-e" "RUSTFLAGS=--cap-lints=forbid -Dunexpected_cfgs" "-e" "RUSTDOCFLAGS=--cap-lints=forbid" "-e" "CARGO_HOME=/opt/rustwide/cargo-home" "-e" "RUSTUP_HOME=/opt/rustwide/rustup-home" "-w" "/opt/rustwide/workdir" "-m" "1610612736" "--user" "0:0" "--network" "none" "ghcr.io/rust-lang/crates-build-env/linux@sha256:2788e3201cd34a07e3172128adcd8b3090168a8e3bcc40d7c032b9dda1df7d1c" "/opt/rustwide/cargo-home/bin/cargo" "+nightly-2024-02-05" "check" "--frozen" "--all" "--all-targets" "--message-format=json" "-Zcheck-cfg", kill_on_drop: false }`
[INFO] [stdout] 7fe90a9e5195963654597c1bf0ec4ccc1728e2cebbc9d5feacbe3231870f377f
[INFO] running `Command { std: "docker" "start" "-a" "7fe90a9e5195963654597c1bf0ec4ccc1728e2cebbc9d5feacbe3231870f377f", kill_on_drop: false }`
[INFO] [stderr]    Compiling radium v0.7.0
[INFO] [stderr]    Compiling num-traits v0.2.17
[INFO] [stderr]     Checking tap v1.0.1
[INFO] [stderr]     Checking funty v2.0.0
[INFO] [stderr]    Compiling derive_more v0.99.17
[INFO] [stderr]     Checking sha2 v0.10.8
[INFO] [stderr]     Checking wyz v0.5.1
[INFO] [stderr]     Checking bip39 v2.0.0
[INFO] [stderr]    Compiling sp-io v28.0.0
[INFO] [stderr]    Compiling sp-api-proc-macro v13.0.0
[INFO] [stderr]    Compiling num-integer v0.1.45
[INFO] [stderr]     Checking sp-core-hashing v13.0.0
[INFO] [stderr]     Checking ed25519-dalek v2.1.0
[INFO] [stderr]     Checking bytemuck v1.14.1
[INFO] [stderr]    Compiling num-rational v0.4.1
[INFO] [stderr]     Checking bitvec v1.0.1
[INFO] [stderr]    Compiling matrixmultiply v0.3.8
[INFO] [stderr]     Checking safe_arch v0.7.1
[INFO] [stderr]    Compiling frame-support-procedural v21.0.0
[INFO] [stderr]     Checking k256 v0.13.3
[INFO] [stderr]     Checking rawpointer v0.2.1
[INFO] [stderr]    Compiling nalgebra-macros v0.2.1
[INFO] [stderr]     Checking wide v0.7.15
[INFO] [stderr]    Compiling xcm-procedural v5.0.0
[INFO] [stderr]     Checking chrono v0.4.33
[INFO] [stderr]     Checking integer-sqrt v0.1.5
[INFO] [stderr]     Checking parity-scale-codec v3.6.9
[INFO] [stderr]     Checking approx v0.5.1
[INFO] [stderr]     Checking num-complex v0.4.4
[INFO] [stderr]     Checking tracing-subscriber v0.2.25
[INFO] [stderr]     Checking simba v0.8.1
[INFO] [stderr]    Compiling derivative v2.2.0
[INFO] [stderr]     Checking sp-storage v17.0.0
[INFO] [stderr]     Checking impl-codec v0.6.0
[INFO] [stderr]     Checking sp-externalities v0.23.0
[INFO] [stderr]     Checking sp-wasm-interface v18.0.0
[INFO] [stderr]     Checking sp-tracing v14.0.0
[INFO] [stderr]     Checking scale-info v2.10.0
[INFO] [stderr]     Checking primitive-types v0.12.2
[INFO] [stderr]     Checking bounded-collections v0.1.9
[INFO] [stderr]     Checking sp-arithmetic v21.0.0
[INFO] [stderr]     Checking frame-metadata v16.0.0
[INFO] [stderr]     Checking sp-metadata-ir v0.4.0
[INFO] [stderr]     Checking sp-runtime-interface v22.0.0
[INFO] [stderr]     Checking sp-core v26.0.0
[INFO] [stderr]     Checking sp-trie v27.0.0
[INFO] [stderr]     Checking sp-keystore v0.32.0
[INFO] [stderr]     Checking sp-weights v25.0.0
[INFO] [stderr]     Checking staging-xcm v5.0.0
[INFO] [stderr]     Checking nalgebra v0.32.3
[INFO] [stderr]     Checking sp-state-machine v0.33.0
[INFO] [stderr]     Checking sp-application-crypto v28.0.0
[INFO] [stderr]     Checking sp-runtime v29.0.0
[INFO] [stderr]     Checking linregress v0.5.3
[INFO] [stderr]     Checking sp-version v27.0.0
[INFO] [stderr]     Checking sp-staking v24.0.0
[INFO] [stderr]     Checking sp-inherents v24.0.0
[INFO] [stderr]     Checking polkadot-core-primitives v5.0.0
[INFO] [stderr]     Checking bp-xcm-bridge-hub-router v0.4.0
[INFO] [stderr]     Checking polkadot-parachain-primitives v4.0.0
[INFO] [stderr]     Checking sp-api v24.0.0
[INFO] [stderr]     Checking sp-genesis-builder v0.5.0
[INFO] [stderr]     Checking frame-support v26.0.0
[INFO] [stderr]     Checking frame-system v26.0.0
[INFO] [stderr]     Checking frame-benchmarking v26.0.0
[INFO] [stderr]     Checking pallet-transaction-payment v26.0.0
[INFO] [stderr]     Checking staging-xcm-executor v5.0.0
[INFO] [stderr]     Checking staging-xcm-builder v5.0.0
[INFO] [stderr]     Checking pallet-xcm-bridge-hub-router v0.3.0 (/opt/rustwide/workdir)
[INFO] [stdout] error[E0433]: failed to resolve: use of undeclared crate or module `sp_io`
[INFO] [stdout]    --> src/mock.rs:124:2
[INFO] [stdout]     |
[INFO] [stdout] 124 |     sp_io::TestExternalities::new(t)
[INFO] [stdout]     |     ^^^^^ use of undeclared crate or module `sp_io`
[INFO] [stdout] 
[INFO] [stdout] 
[INFO] [stdout] error[E0433]: failed to resolve: use of undeclared crate or module `sp_io`
[INFO] [stdout]    --> src/mock.rs:122:26
[INFO] [stdout]     |
[INFO] [stdout] 122 | pub fn new_test_ext() -> sp_io::TestExternalities {
[INFO] [stdout]     |                          ^^^^^ use of undeclared crate or module `sp_io`
[INFO] [stdout] 
[INFO] [stdout] 
[INFO] [stdout] error: aborting due to 2 previous errors
[INFO] [stdout] 
[INFO] [stdout] 
[INFO] [stdout] For more information about this error, try `rustc --explain E0433`.
[INFO] [stdout] 
[INFO] [stderr] error: could not compile `pallet-xcm-bridge-hub-router` (lib test) due to 3 previous errors
[INFO] running `Command { std: "docker" "inspect" "7fe90a9e5195963654597c1bf0ec4ccc1728e2cebbc9d5feacbe3231870f377f", kill_on_drop: false }`
[INFO] running `Command { std: "docker" "rm" "-f" "7fe90a9e5195963654597c1bf0ec4ccc1728e2cebbc9d5feacbe3231870f377f", kill_on_drop: false }`
[INFO] [stdout] 7fe90a9e5195963654597c1bf0ec4ccc1728e2cebbc9d5feacbe3231870f377f
