[INFO] fetching crate pallet-vesting 26.0.0...
[INFO] checking pallet-vesting-26.0.0 against nightly-2024-02-05 for check-cfg
[INFO] extracting crate pallet-vesting 26.0.0 into /workspace/builds/worker-6-tc1/source
[INFO] validating manifest of crates.io crate pallet-vesting 26.0.0 on toolchain nightly-2024-02-05
[INFO] running `Command { std: CARGO_HOME="/workspace/cargo-home" RUSTUP_HOME="/workspace/rustup-home" "/workspace/cargo-home/bin/cargo" "+nightly-2024-02-05" "metadata" "--manifest-path" "Cargo.toml" "--no-deps", kill_on_drop: false }`
[INFO] started tweaking crates.io crate pallet-vesting 26.0.0
[INFO] finished tweaking crates.io crate pallet-vesting 26.0.0
[INFO] tweaked toml for crates.io crate pallet-vesting 26.0.0 written to /workspace/builds/worker-6-tc1/source/Cargo.toml
[INFO] running `Command { std: CARGO_HOME="/workspace/cargo-home" RUSTUP_HOME="/workspace/rustup-home" "/workspace/cargo-home/bin/cargo" "+nightly-2024-02-05" "generate-lockfile" "--manifest-path" "Cargo.toml", kill_on_drop: false }`
[INFO] [stderr]     Updating crates.io index
[INFO] running `Command { std: CARGO_HOME="/workspace/cargo-home" RUSTUP_HOME="/workspace/rustup-home" "/workspace/cargo-home/bin/cargo" "+nightly-2024-02-05" "fetch" "--manifest-path" "Cargo.toml", kill_on_drop: false }`
[INFO] running `Command { std: "docker" "create" "-v" "/var/lib/crater-agent-workspace/builds/worker-6-tc1/target:/opt/rustwide/target:rw,Z" "-v" "/var/lib/crater-agent-workspace/builds/worker-6-tc1/source:/opt/rustwide/workdir:ro,Z" "-v" "/var/lib/crater-agent-workspace/cargo-home:/opt/rustwide/cargo-home:ro,Z" "-v" "/var/lib/crater-agent-workspace/rustup-home:/opt/rustwide/rustup-home:ro,Z" "-e" "SOURCE_DIR=/opt/rustwide/workdir" "-e" "CARGO_TARGET_DIR=/opt/rustwide/target" "-e" "CARGO_HOME=/opt/rustwide/cargo-home" "-e" "RUSTUP_HOME=/opt/rustwide/rustup-home" "-w" "/opt/rustwide/workdir" "-m" "1610612736" "--user" "0:0" "--network" "none" "ghcr.io/rust-lang/crates-build-env/linux@sha256:2788e3201cd34a07e3172128adcd8b3090168a8e3bcc40d7c032b9dda1df7d1c" "/opt/rustwide/cargo-home/bin/cargo" "+nightly-2024-02-05" "metadata" "--no-deps" "--format-version=1", kill_on_drop: false }`
[INFO] [stdout] 0b1504364d55a96707420211268470e9dd56ada053c9d0ff61afedbcfb254078
[INFO] running `Command { std: "docker" "start" "-a" "0b1504364d55a96707420211268470e9dd56ada053c9d0ff61afedbcfb254078", kill_on_drop: false }`
[INFO] running `Command { std: "docker" "inspect" "0b1504364d55a96707420211268470e9dd56ada053c9d0ff61afedbcfb254078", kill_on_drop: false }`
[INFO] running `Command { std: "docker" "rm" "-f" "0b1504364d55a96707420211268470e9dd56ada053c9d0ff61afedbcfb254078", kill_on_drop: false }`
[INFO] [stdout] 0b1504364d55a96707420211268470e9dd56ada053c9d0ff61afedbcfb254078
[INFO] running `Command { std: "docker" "create" "-v" "/var/lib/crater-agent-workspace/builds/worker-6-tc1/target:/opt/rustwide/target:rw,Z" "-v" "/var/lib/crater-agent-workspace/builds/worker-6-tc1/source:/opt/rustwide/workdir:ro,Z" "-v" "/var/lib/crater-agent-workspace/cargo-home:/opt/rustwide/cargo-home:ro,Z" "-v" "/var/lib/crater-agent-workspace/rustup-home:/opt/rustwide/rustup-home:ro,Z" "-e" "SOURCE_DIR=/opt/rustwide/workdir" "-e" "CARGO_TARGET_DIR=/opt/rustwide/target" "-e" "CARGO_INCREMENTAL=0" "-e" "RUST_BACKTRACE=full" "-e" "RUSTFLAGS=--cap-lints=forbid" "-e" "RUSTDOCFLAGS=--cap-lints=forbid" "-e" "CARGO_HOME=/opt/rustwide/cargo-home" "-e" "RUSTUP_HOME=/opt/rustwide/rustup-home" "-w" "/opt/rustwide/workdir" "-m" "1610612736" "--user" "0:0" "--network" "none" "ghcr.io/rust-lang/crates-build-env/linux@sha256:2788e3201cd34a07e3172128adcd8b3090168a8e3bcc40d7c032b9dda1df7d1c" "/opt/rustwide/cargo-home/bin/cargo" "+nightly-2024-02-05" "check" "--frozen" "--all" "--all-targets" "--message-format=json", kill_on_drop: false }`
[INFO] [stdout] 43cc470b48a14284b3eef83221a7275ea4936d6560431f3b82eb4beb8ce0e8ec
[INFO] running `Command { std: "docker" "start" "-a" "43cc470b48a14284b3eef83221a7275ea4936d6560431f3b82eb4beb8ce0e8ec", kill_on_drop: false }`
[INFO] [stderr]    Compiling proc-macro2 v1.0.78
[INFO] [stderr]    Compiling unicode-ident v1.0.12
[INFO] [stderr]    Compiling version_check v0.9.4
[INFO] [stderr]     Checking cfg-if v1.0.0
[INFO] [stderr]    Compiling typenum v1.17.0
[INFO] [stderr]    Compiling libc v0.2.153
[INFO] [stderr]    Compiling autocfg v1.1.0
[INFO] [stderr]    Compiling serde v1.0.196
[INFO] [stderr]    Compiling syn v1.0.109
[INFO] [stderr]     Checking subtle v2.4.1
[INFO] [stderr]    Compiling hashbrown v0.14.3
[INFO] [stderr]    Compiling equivalent v1.0.1
[INFO] [stderr]    Compiling winnow v0.5.37
[INFO] [stderr]     Checking once_cell v1.19.0
[INFO] [stderr]     Checking memchr v2.7.1
[INFO] [stderr]     Checking const-oid v0.9.6
[INFO] [stderr]     Checking arrayvec v0.7.4
[INFO] [stderr]     Checking ppv-lite86 v0.2.17
[INFO] [stderr]    Compiling crunchy v0.2.2
[INFO] [stderr]     Checking tinyvec_macros v0.1.1
[INFO] [stderr]     Checking byteorder v1.5.0
[INFO] [stderr]     Checking bytes v1.5.0
[INFO] [stderr]     Checking byte-slice-cast v1.2.2
[INFO] [stderr]    Compiling indexmap v1.9.3
[INFO] [stderr]    Compiling generic-array v0.14.7
[INFO] [stderr]    Compiling ahash v0.7.7
[INFO] [stderr]    Compiling ahash v0.8.7
[INFO] [stderr]     Checking tinyvec v1.6.0
[INFO] [stderr]    Compiling regex-syntax v0.8.2
[INFO] [stderr]    Compiling quote v1.0.35
[INFO] [stderr]    Compiling indexmap v2.2.2
[INFO] [stderr]     Checking log v0.4.20
[INFO] [stderr]    Compiling getrandom v0.1.16
[INFO] [stderr]     Checking zerocopy v0.7.32
[INFO] [stderr]     Checking percent-encoding v2.3.1
[INFO] [stderr]    Compiling syn v2.0.48
[INFO] [stderr]     Checking unicode-bidi v0.3.15
[INFO] [stderr]     Checking form_urlencoded v1.2.1
[INFO] [stderr]    Compiling crc32fast v1.3.2
[INFO] [stderr]     Checking cpufeatures v0.2.12
[INFO] [stderr]    Compiling thiserror v1.0.56
[INFO] [stderr]    Compiling num-traits v0.2.17
[INFO] [stderr]    Compiling lazy_static v1.4.0
[INFO] [stderr]    Compiling cc v1.0.83
[INFO] [stderr]    Compiling anyhow v1.0.79
[INFO] [stderr]    Compiling io-lifetimes v1.0.11
[INFO] [stderr]    Compiling target-lexicon v0.12.13
[INFO] [stderr]    Compiling rustix v0.38.31
[INFO] [stderr]    Compiling aho-corasick v1.1.2
[INFO] [stderr]     Checking unicode-normalization v0.1.22
[INFO] [stderr]     Checking stable_deref_trait v1.2.0
[INFO] [stderr]     Checking fallible-iterator v0.2.0
[INFO] [stderr]    Compiling memoffset v0.8.0
[INFO] [stderr]     Checking bitflags v2.4.2
[INFO] [stderr]     Checking pin-project-lite v0.2.13
[INFO] [stderr]     Checking static_assertions v1.1.0
[INFO] [stderr]    Compiling rustix v0.36.17
[INFO] [stderr]    Compiling paste v1.0.14
[INFO] [stderr]     Checking sp-std v12.0.0
[INFO] [stderr]     Checking linux-raw-sys v0.4.13
[INFO] [stderr]     Checking getrandom v0.2.12
[INFO] [stderr]     Checking rand_core v0.6.4
[INFO] [stderr]     Checking rand_core v0.5.1
[INFO] [stderr]     Checking rand_chacha v0.3.1
[INFO] [stderr]     Checking idna v0.5.0
[INFO] [stderr]     Checking generic-array v0.12.4
[INFO] [stderr]     Checking hashbrown v0.12.3
[INFO] [stderr]     Checking rand v0.8.5
[INFO] [stderr]     Checking tracing-core v0.1.32
[INFO] [stderr]     Checking bitflags v1.3.2
[INFO] [stderr]    Compiling cpp_demangle v0.3.5
[INFO] [stderr]     Checking hashbrown v0.13.2
[INFO] [stderr]    Compiling digest v0.9.0
[INFO] [stderr]     Checking itoa v1.0.10
[INFO] [stderr]     Checking url v2.5.0
[INFO] [stderr]    Compiling wasmtime-runtime v8.0.1
[INFO] [stderr]    Compiling regex-automata v0.4.5
[INFO] [stderr]     Checking rustc-demangle v0.1.23
[INFO] [stderr]     Checking smallvec v1.13.1
[INFO] [stderr]     Checking linux-raw-sys v0.1.4
[INFO] [stderr]    Compiling psm v0.1.21
[INFO] [stderr]    Compiling libsecp256k1-core v0.3.0
[INFO] [stderr]    Compiling slab v0.4.9
[INFO] [stderr]     Checking wasmtime-jit-debug v8.0.1
[INFO] [stderr]     Checking wasmtime-asm-macros v8.0.1
[INFO] [stderr]    Compiling serde_json v1.0.113
[INFO] [stderr]    Compiling ref-cast v1.0.22
[INFO] [stderr]     Checking regex-syntax v0.6.29
[INFO] [stderr]     Checking arrayref v0.3.7
[INFO] [stderr]     Checking keccak v0.1.5
[INFO] [stderr]     Checking byte-tools v0.3.1
[INFO] [stderr]     Checking block-padding v0.1.5
[INFO] [stderr]     Checking digest v0.8.1
[INFO] [stderr]     Checking wasmtime-jit-icache-coherence v8.0.1
[INFO] [stderr]     Checking hex v0.4.3
[INFO] [stderr]     Checking futures-core v0.3.30
[INFO] [stderr]     Checking rustc-hex v2.1.0
[INFO] [stderr]    Compiling wasmtime v8.0.1
[INFO] [stderr]     Checking memfd v0.6.4
[INFO] [stderr]    Compiling ryu v1.0.16
[INFO] [stderr]     Checking futures-sink v0.3.30
[INFO] [stderr]     Checking iana-time-zone v0.1.60
[INFO] [stderr]     Checking opaque-debug v0.3.0
[INFO] [stderr]     Checking chrono v0.4.33
[INFO] [stderr]     Checking futures-channel v0.3.30
[INFO] [stderr]    Compiling libsecp256k1-gen-ecmult v0.3.0
[INFO] [stderr]    Compiling libsecp256k1-gen-genmult v0.3.0
[INFO] [stderr]     Checking block-buffer v0.7.3
[INFO] [stderr]     Checking sharded-slab v0.1.7
[INFO] [stderr]     Checking tracing-log v0.1.4
[INFO] [stderr]    Compiling secp256k1-sys v0.6.1
[INFO] [stderr]     Checking rand_chacha v0.2.2
[INFO] [stderr]    Compiling lock_api v0.4.11
[INFO] [stderr]     Checking thread_local v1.1.7
[INFO] [stderr]    Compiling unicode-xid v0.2.4
[INFO] [stderr]     Checking pin-utils v0.1.0
[INFO] [stderr]     Checking futures-io v0.3.30
[INFO] [stderr]     Checking futures-task v0.3.30
[INFO] [stderr]     Checking fake-simd v0.1.2
[INFO] [stderr]     Checking hash-db v0.16.0
[INFO] [stderr]     Checking opaque-debug v0.2.3
[INFO] [stderr]     Checking ansi_term v0.12.1
[INFO] [stderr]    Compiling parking_lot_core v0.9.9
[INFO] [stderr]     Checking rand v0.7.3
[INFO] [stderr]     Checking sha2 v0.8.2
[INFO] [stderr]    Compiling libsecp256k1 v0.7.1
[INFO] [stderr]     Checking uint v0.9.5
[INFO] [stderr]     Checking fixed-hash v0.8.0
[INFO] [stderr]     Checking num_cpus v1.16.0
[INFO] [stderr]     Checking environmental v1.1.4
[INFO] [stderr]    Compiling semver v1.0.21
[INFO] [stderr]     Checking arrayvec v0.5.2
[INFO] [stderr]    Compiling regex v1.10.3
[INFO] [stderr]     Checking constant_time_eq v0.3.0
[INFO] [stderr]     Checking scopeguard v1.2.0
[INFO] [stderr]     Checking blake2b_simd v1.0.2
[INFO] [stderr]     Checking num-format v0.4.4
[INFO] [stderr]     Checking either v1.9.0
[INFO] [stderr]     Checking base64 v0.13.1
[INFO] [stderr]     Checking bitcoin_hashes v0.11.0
[INFO] [stderr]     Checking dyn-clone v1.0.16
[INFO] [stderr]     Checking regex-automata v0.1.10
[INFO] [stderr]     Checking parking_lot v0.12.1
[INFO] [stderr]    Compiling Inflector v0.11.4
[INFO] [stderr]     Checking itertools v0.10.5
[INFO] [stderr]    Compiling crypto-common v0.1.6
[INFO] [stderr]    Compiling block-buffer v0.10.4
[INFO] [stderr]     Checking hash256-std-hasher v0.15.2
[INFO] [stderr]     Checking array-bytes v6.2.2
[INFO] [stderr]     Checking bs58 v0.5.0
[INFO] [stderr]    Compiling digest v0.10.7
[INFO] [stderr]    Compiling rustc_version v0.4.0
[INFO] [stderr]    Compiling backtrace v0.3.69
[INFO] [stderr]     Checking gimli v0.28.1
[INFO] [stderr]    Compiling platforms v3.3.0
[INFO] [stderr]     Checking adler v1.0.2
[INFO] [stderr]    Compiling rustversion v1.0.14
[INFO] [stderr]     Checking object v0.32.2
[INFO] [stderr]     Checking matchers v0.0.1
[INFO] [stderr]     Checking miniz_oxide v0.7.2
[INFO] [stderr]     Checking trie-root v0.18.0
[INFO] [stderr]     Checking memory-db v0.32.0
[INFO] [stderr]    Compiling curve25519-dalek v4.1.1
[INFO] [stderr]     Checking trie-db v0.28.0
[INFO] [stderr]     Checking schnellru v0.2.1
[INFO] [stderr]     Checking nohash-hasher v0.2.0
[INFO] [stderr]    Compiling tiny-keccak v2.0.2
[INFO] [stderr]     Checking integer-sqrt v0.1.5
[INFO] [stderr]    Compiling fs-err v2.11.0
[INFO] [stderr]    Compiling sha3 v0.10.8
[INFO] [stderr]    Compiling sha2 v0.10.8
[INFO] [stderr]    Compiling const-random-macro v0.1.16
[INFO] [stderr]    Compiling expander v2.0.0
[INFO] [stderr]    Compiling sp-io v28.0.0
[INFO] [stderr]    Compiling blake2 v0.10.6
[INFO] [stderr]     Checking ff v0.13.0
[INFO] [stderr]    Compiling proc-macro-error-attr v1.0.4
[INFO] [stderr]     Checking base16ct v0.2.0
[INFO] [stderr]     Checking group v0.13.0
[INFO] [stderr]    Compiling const-random v0.1.17
[INFO] [stderr]    Compiling proc-macro-error v1.0.4
[INFO] [stderr]     Checking parity-wasm v0.45.0
[INFO] [stderr]    Compiling async-trait v0.1.77
[INFO] [stderr]    Compiling same-file v1.0.6
[INFO] [stderr]    Compiling include_dir_macros v0.7.3
[INFO] [stderr]    Compiling walkdir v2.4.0
[INFO] [stderr]    Compiling termcolor v1.4.1
[INFO] [stderr]    Compiling twox-hash v1.6.3
[INFO] [stderr]    Compiling common-path v1.0.0
[INFO] [stderr]    Compiling proc-macro-warning v1.0.2
[INFO] [stderr]     Checking addr2line v0.21.0
[INFO] [stderr]     Checking tt-call v1.0.9
[INFO] [stderr]    Compiling cfg-expr v0.15.6
[INFO] [stderr]    Compiling sp-core-hashing v13.0.0
[INFO] [stderr]    Compiling include_dir v0.7.3
[INFO] [stderr]    Compiling serde_derive v1.0.196
[INFO] [stderr]    Compiling zeroize_derive v1.4.2
[INFO] [stderr]    Compiling thiserror-impl v1.0.56
[INFO] [stderr]    Compiling ref-cast-impl v1.0.22
[INFO] [stderr]    Compiling tracing-attributes v0.1.27
[INFO] [stderr]    Compiling futures-macro v0.3.30
[INFO] [stderr]    Compiling sp-debug-derive v12.0.0
[INFO] [stderr]    Compiling curve25519-dalek-derive v0.1.1
[INFO] [stderr]    Compiling macro_magic_core_macros v0.5.0
[INFO] [stderr]    Compiling impl-trait-for-tuples v0.2.2
[INFO] [stderr]    Compiling derive_more v0.99.17
[INFO] [stderr]    Compiling dyn-clonable-impl v0.9.0
[INFO] [stderr]     Checking secp256k1 v0.24.3
[INFO] [stderr]    Compiling derive-syn-parse v0.1.5
[INFO] [stderr]    Compiling sp-core-hashing-proc-macro v13.0.0
[INFO] [stderr]    Compiling frame-support-procedural-tools-derive v10.0.0
[INFO] [stderr]    Compiling aquamarine v0.3.3
[INFO] [stderr]     Checking dyn-clonable v0.9.0
[INFO] [stderr]     Checking zeroize v1.7.0
[INFO] [stderr]     Checking sp-panic-handler v12.0.0
[INFO] [stderr]     Checking curve25519-dalek v2.1.3
[INFO] [stderr]     Checking merlin v2.0.1
[INFO] [stderr]     Checking secrecy v0.8.0
[INFO] [stderr]     Checking futures-util v0.3.30
[INFO] [stderr]     Checking der v0.7.8
[INFO] [stderr]    Compiling macro_magic_core v0.5.0
[INFO] [stderr]     Checking block-buffer v0.9.0
[INFO] [stderr]     Checking crypto-mac v0.8.0
[INFO] [stderr]     Checking crypto-mac v0.11.1
[INFO] [stderr]     Checking curve25519-dalek v3.2.0
[INFO] [stderr]     Checking sha2 v0.9.9
[INFO] [stderr]     Checking hmac v0.8.1
[INFO] [stderr]     Checking pbkdf2 v0.8.0
[INFO] [stderr]     Checking tracing v0.1.40
[INFO] [stderr]     Checking hmac-drbg v0.3.0
[INFO] [stderr]     Checking hmac v0.11.0
[INFO] [stderr]     Checking schnorrkel v0.9.1
[INFO] [stderr]     Checking signature v2.2.0
[INFO] [stderr]    Compiling macro_magic_macros v0.5.0
[INFO] [stderr]     Checking hmac v0.12.1
[INFO] [stderr]     Checking crypto-bigint v0.5.5
[INFO] [stderr]     Checking ed25519 v2.2.3
[INFO] [stderr]     Checking rfc6979 v0.4.0
[INFO] [stderr]     Checking sec1 v0.7.3
[INFO] [stderr]     Checking spki v0.7.3
[INFO] [stderr]     Checking ed25519-zebra v3.1.0
[INFO] [stderr]     Checking substrate-bip39 v0.4.5
[INFO] [stderr]    Compiling macro_magic v0.5.0
[INFO] [stderr]     Checking ed25519-dalek v2.1.0
[INFO] [stderr]     Checking elliptic-curve v0.13.8
[INFO] [stderr]     Checking ecdsa v0.16.9
[INFO] [stderr]     Checking futures-executor v0.3.30
[INFO] [stderr]     Checking futures v0.3.30
[INFO] [stderr]     Checking k256 v0.13.3
[INFO] [stderr]     Checking cranelift-entity v0.95.1
[INFO] [stderr]     Checking bincode v1.3.3
[INFO] [stderr]     Checking impl-serde v0.4.0
[INFO] [stderr]     Checking tracing-serde v0.1.3
[INFO] [stderr]     Checking bip39 v2.0.0
[INFO] [stderr]     Checking wasmparser v0.102.0
[INFO] [stderr]     Checking gimli v0.27.3
[INFO] [stderr]     Checking object v0.30.4
[INFO] [stderr]    Compiling toml_datetime v0.6.3
[INFO] [stderr]    Compiling serde_spanned v0.6.5
[INFO] [stderr]    Compiling toml_edit v0.20.2
[INFO] [stderr]    Compiling toml_edit v0.19.15
[INFO] [stderr]     Checking tracing-subscriber v0.2.25
[INFO] [stderr]    Compiling ss58-registry v1.46.0
[INFO] [stderr]    Compiling proc-macro-crate v1.3.1
[INFO] [stderr]    Compiling frame-support-procedural-tools v9.0.0
[INFO] [stderr]    Compiling proc-macro-crate v2.0.2
[INFO] [stderr]    Compiling toml v0.8.2
[INFO] [stderr] error: could not compile `libsecp256k1` (lib)
[INFO] [stderr] 
[INFO] [stderr] Caused by:
[INFO] [stderr]   process didn't exit successfully: `/opt/rustwide/rustup-home/toolchains/nightly-2024-02-05-x86_64-unknown-linux-gnu/bin/rustc --crate-name libsecp256k1 --edition=2018 /opt/rustwide/cargo-home/registry/src/index.crates.io-6f17d22bba15001f/libsecp256k1-0.7.1/src/lib.rs --error-format=json --json=diagnostic-rendered-ansi,artifacts,future-incompat --crate-type lib --emit=dep-info,metadata -C embed-bitcode=no -C debuginfo=2 --cfg 'feature="default"' --cfg 'feature="hmac"' --cfg 'feature="hmac-drbg"' --cfg 'feature="sha2"' --cfg 'feature="static-context"' --cfg 'feature="std"' --cfg 'feature="typenum"' -C metadata=7cb5849917105a3b -C extra-filename=-7cb5849917105a3b --out-dir /opt/rustwide/target/debug/deps -L dependency=/opt/rustwide/target/debug/deps --extern arrayref=/opt/rustwide/target/debug/deps/libarrayref-15cb66bf1d25ae8c.rmeta --extern base64=/opt/rustwide/target/debug/deps/libbase64-d366f8a3cbce6958.rmeta --extern digest=/opt/rustwide/target/debug/deps/libdigest-0a3d0b8e8e816704.rmeta --extern hmac_drbg=/opt/rustwide/target/debug/deps/libhmac_drbg-1ea564792480a1c7.rmeta --extern libsecp256k1_core=/opt/rustwide/target/debug/deps/liblibsecp256k1_core-bb91e06c7777a388.rmeta --extern rand=/opt/rustwide/target/debug/deps/librand-60c7cb49b7e1d903.rmeta --extern serde=/opt/rustwide/target/debug/deps/libserde-5ad0a82faa5b36d4.rmeta --extern sha2=/opt/rustwide/target/debug/deps/libsha2-c49305d4bd7066e5.rmeta --extern typenum=/opt/rustwide/target/debug/deps/libtypenum-1d6ab7b7d1feadca.rmeta --cap-lints allow --cap-lints=forbid` (signal: 9, SIGKILL: kill)
[INFO] [stderr] warning: build failed, waiting for other jobs to finish...
[INFO] running `Command { std: "docker" "inspect" "43cc470b48a14284b3eef83221a7275ea4936d6560431f3b82eb4beb8ce0e8ec", kill_on_drop: false }`
[INFO] running `Command { std: "docker" "rm" "-f" "43cc470b48a14284b3eef83221a7275ea4936d6560431f3b82eb4beb8ce0e8ec", kill_on_drop: false }`
[INFO] [stdout] 43cc470b48a14284b3eef83221a7275ea4936d6560431f3b82eb4beb8ce0e8ec
[INFO] checking pallet-vesting-26.0.0 against nightly-2024-02-05+rustflags=-Dunexpected_cfgs+cargoflags=-Zcheck-cfg for check-cfg
[INFO] extracting crate pallet-vesting 26.0.0 into /workspace/builds/worker-6-tc2/source
[INFO] validating manifest of crates.io crate pallet-vesting 26.0.0 on toolchain nightly-2024-02-05
[INFO] running `Command { std: CARGO_HOME="/workspace/cargo-home" RUSTUP_HOME="/workspace/rustup-home" "/workspace/cargo-home/bin/cargo" "+nightly-2024-02-05" "metadata" "--manifest-path" "Cargo.toml" "--no-deps", kill_on_drop: false }`
[INFO] started tweaking crates.io crate pallet-vesting 26.0.0
[INFO] finished tweaking crates.io crate pallet-vesting 26.0.0
[INFO] tweaked toml for crates.io crate pallet-vesting 26.0.0 written to /workspace/builds/worker-6-tc2/source/Cargo.toml
[INFO] running `Command { std: CARGO_HOME="/workspace/cargo-home" RUSTUP_HOME="/workspace/rustup-home" "/workspace/cargo-home/bin/cargo" "+nightly-2024-02-05" "generate-lockfile" "--manifest-path" "Cargo.toml", kill_on_drop: false }`
[INFO] [stderr]     Updating crates.io index
[INFO] running `Command { std: CARGO_HOME="/workspace/cargo-home" RUSTUP_HOME="/workspace/rustup-home" "/workspace/cargo-home/bin/cargo" "+nightly-2024-02-05" "fetch" "--manifest-path" "Cargo.toml", kill_on_drop: false }`
[INFO] running `Command { std: "docker" "create" "-v" "/var/lib/crater-agent-workspace/builds/worker-6-tc2/target:/opt/rustwide/target:rw,Z" "-v" "/var/lib/crater-agent-workspace/builds/worker-6-tc2/source:/opt/rustwide/workdir:ro,Z" "-v" "/var/lib/crater-agent-workspace/cargo-home:/opt/rustwide/cargo-home:ro,Z" "-v" "/var/lib/crater-agent-workspace/rustup-home:/opt/rustwide/rustup-home:ro,Z" "-e" "SOURCE_DIR=/opt/rustwide/workdir" "-e" "CARGO_TARGET_DIR=/opt/rustwide/target" "-e" "CARGO_HOME=/opt/rustwide/cargo-home" "-e" "RUSTUP_HOME=/opt/rustwide/rustup-home" "-w" "/opt/rustwide/workdir" "-m" "1610612736" "--user" "0:0" "--network" "none" "ghcr.io/rust-lang/crates-build-env/linux@sha256:2788e3201cd34a07e3172128adcd8b3090168a8e3bcc40d7c032b9dda1df7d1c" "/opt/rustwide/cargo-home/bin/cargo" "+nightly-2024-02-05" "metadata" "--no-deps" "--format-version=1", kill_on_drop: false }`
[INFO] [stdout] a5e5d73385a8b2d8e7bf177f54e0aaabada8858ca4b2f6f2b518125b58828ebe
[INFO] running `Command { std: "docker" "start" "-a" "a5e5d73385a8b2d8e7bf177f54e0aaabada8858ca4b2f6f2b518125b58828ebe", kill_on_drop: false }`
[INFO] running `Command { std: "docker" "inspect" "a5e5d73385a8b2d8e7bf177f54e0aaabada8858ca4b2f6f2b518125b58828ebe", kill_on_drop: false }`
[INFO] running `Command { std: "docker" "rm" "-f" "a5e5d73385a8b2d8e7bf177f54e0aaabada8858ca4b2f6f2b518125b58828ebe", kill_on_drop: false }`
[INFO] [stdout] a5e5d73385a8b2d8e7bf177f54e0aaabada8858ca4b2f6f2b518125b58828ebe
[INFO] running `Command { std: "docker" "create" "-v" "/var/lib/crater-agent-workspace/builds/worker-6-tc2/target:/opt/rustwide/target:rw,Z" "-v" "/var/lib/crater-agent-workspace/builds/worker-6-tc2/source:/opt/rustwide/workdir:ro,Z" "-v" "/var/lib/crater-agent-workspace/cargo-home:/opt/rustwide/cargo-home:ro,Z" "-v" "/var/lib/crater-agent-workspace/rustup-home:/opt/rustwide/rustup-home:ro,Z" "-e" "SOURCE_DIR=/opt/rustwide/workdir" "-e" "CARGO_TARGET_DIR=/opt/rustwide/target" "-e" "CARGO_INCREMENTAL=0" "-e" "RUST_BACKTRACE=full" "-e" "RUSTFLAGS=--cap-lints=forbid -Dunexpected_cfgs" "-e" "RUSTDOCFLAGS=--cap-lints=forbid" "-e" "CARGO_HOME=/opt/rustwide/cargo-home" "-e" "RUSTUP_HOME=/opt/rustwide/rustup-home" "-w" "/opt/rustwide/workdir" "-m" "1610612736" "--user" "0:0" "--network" "none" "ghcr.io/rust-lang/crates-build-env/linux@sha256:2788e3201cd34a07e3172128adcd8b3090168a8e3bcc40d7c032b9dda1df7d1c" "/opt/rustwide/cargo-home/bin/cargo" "+nightly-2024-02-05" "check" "--frozen" "--all" "--all-targets" "--message-format=json" "-Zcheck-cfg", kill_on_drop: false }`
[INFO] [stdout] 119b8fccb759e4c1df4bd7c30d8ea95ead9d06a9ca841cc166383a8005a0b492
[INFO] running `Command { std: "docker" "start" "-a" "119b8fccb759e4c1df4bd7c30d8ea95ead9d06a9ca841cc166383a8005a0b492", kill_on_drop: false }`
[INFO] [stderr]    Compiling proc-macro2 v1.0.78
[INFO] [stderr]    Compiling unicode-ident v1.0.12
[INFO] [stderr]    Compiling version_check v0.9.4
[INFO] [stderr]     Checking cfg-if v1.0.0
[INFO] [stderr]    Compiling typenum v1.17.0
[INFO] [stderr]    Compiling libc v0.2.153
[INFO] [stderr]    Compiling autocfg v1.1.0
[INFO] [stderr]    Compiling serde v1.0.196
[INFO] [stderr]    Compiling syn v1.0.109
[INFO] [stderr]     Checking subtle v2.4.1
[INFO] [stderr]    Compiling hashbrown v0.14.3
[INFO] [stderr]    Compiling equivalent v1.0.1
[INFO] [stderr]    Compiling winnow v0.5.37
[INFO] [stderr]     Checking once_cell v1.19.0
[INFO] [stderr]     Checking const-oid v0.9.6
[INFO] [stderr]     Checking memchr v2.7.1
[INFO] [stderr]     Checking arrayvec v0.7.4
[INFO] [stderr]     Checking ppv-lite86 v0.2.17
[INFO] [stderr]    Compiling crunchy v0.2.2
[INFO] [stderr]    Compiling generic-array v0.14.7
[INFO] [stderr]    Compiling ahash v0.7.7
[INFO] [stderr]    Compiling indexmap v1.9.3
[INFO] [stderr]     Checking byteorder v1.5.0
[INFO] [stderr]     Checking byte-slice-cast v1.2.2
[INFO] [stderr]     Checking bytes v1.5.0
[INFO] [stderr]     Checking tinyvec_macros v0.1.1
[INFO] [stderr]    Compiling ahash v0.8.7
[INFO] [stderr]     Checking tinyvec v1.6.0
[INFO] [stderr]    Compiling regex-syntax v0.8.2
[INFO] [stderr]    Compiling getrandom v0.1.16
[INFO] [stderr]     Checking log v0.4.20
[INFO] [stderr]    Compiling indexmap v2.2.2
[INFO] [stderr]     Checking zerocopy v0.7.32
[INFO] [stderr]     Checking unicode-bidi v0.3.15
[INFO] [stderr]     Checking percent-encoding v2.3.1
[INFO] [stderr]    Compiling quote v1.0.35
[INFO] [stderr]    Compiling aho-corasick v1.1.2
[INFO] [stderr]     Checking cpufeatures v0.2.12
[INFO] [stderr]     Checking form_urlencoded v1.2.1
[INFO] [stderr]    Compiling crc32fast v1.3.2
[INFO] [stderr]    Compiling thiserror v1.0.56
[INFO] [stderr]    Compiling syn v2.0.48
[INFO] [stderr]    Compiling cc v1.0.83
[INFO] [stderr]    Compiling num-traits v0.2.17
[INFO] [stderr]    Compiling anyhow v1.0.79
[INFO] [stderr]    Compiling rustix v0.38.31
[INFO] [stderr]    Compiling lazy_static v1.4.0
[INFO] [stderr]    Compiling io-lifetimes v1.0.11
[INFO] [stderr]    Compiling target-lexicon v0.12.13
[INFO] [stderr]     Checking fallible-iterator v0.2.0
[INFO] [stderr]     Checking unicode-normalization v0.1.22
[INFO] [stderr]     Checking stable_deref_trait v1.2.0
[INFO] [stderr]     Checking getrandom v0.2.12
[INFO] [stderr]    Compiling memoffset v0.8.0
[INFO] [stderr]    Compiling paste v1.0.14
[INFO] [stderr]     Checking rand_core v0.5.1
[INFO] [stderr]     Checking rand_core v0.6.4
[INFO] [stderr]     Checking static_assertions v1.1.0
[INFO] [stderr]     Checking bitflags v2.4.2
[INFO] [stderr]     Checking sp-std v12.0.0
[INFO] [stderr]    Compiling rustix v0.36.17
[INFO] [stderr]     Checking linux-raw-sys v0.4.13
[INFO] [stderr]     Checking pin-project-lite v0.2.13
[INFO] [stderr]     Checking rand_chacha v0.3.1
[INFO] [stderr]    Compiling digest v0.9.0
[INFO] [stderr]     Checking hashbrown v0.12.3
[INFO] [stderr]     Checking generic-array v0.12.4
[INFO] [stderr]     Checking hashbrown v0.13.2
[INFO] [stderr]     Checking rand v0.8.5
[INFO] [stderr]     Checking idna v0.5.0
[INFO] [stderr]     Checking tracing-core v0.1.32
[INFO] [stderr]     Checking linux-raw-sys v0.1.4
[INFO] [stderr]    Compiling cpp_demangle v0.3.5
[INFO] [stderr]    Compiling wasmtime-runtime v8.0.1
[INFO] [stderr]     Checking itoa v1.0.10
[INFO] [stderr]     Checking rustc-demangle v0.1.23
[INFO] [stderr]     Checking url v2.5.0
[INFO] [stderr]     Checking bitflags v1.3.2
[INFO] [stderr]     Checking smallvec v1.13.1
[INFO] [stderr]    Compiling psm v0.1.21
[INFO] [stderr]    Compiling libsecp256k1-core v0.3.0
[INFO] [stderr]    Compiling slab v0.4.9
[INFO] [stderr]     Checking wasmtime-jit-debug v8.0.1
[INFO] [stderr]     Checking wasmtime-asm-macros v8.0.1
[INFO] [stderr]    Compiling serde_json v1.0.113
[INFO] [stderr]     Checking byte-tools v0.3.1
[INFO] [stderr]     Checking arrayref v0.3.7
[INFO] [stderr]     Checking regex-syntax v0.6.29
[INFO] [stderr]     Checking keccak v0.1.5
[INFO] [stderr]    Compiling ref-cast v1.0.22
[INFO] [stderr]    Compiling regex-automata v0.4.5
[INFO] [stderr]     Checking block-padding v0.1.5
[INFO] [stderr]     Checking digest v0.8.1
[INFO] [stderr]     Checking wasmtime-jit-icache-coherence v8.0.1
[INFO] [stderr]     Checking hex v0.4.3
[INFO] [stderr]    Compiling ryu v1.0.16
[INFO] [stderr]     Checking rustc-hex v2.1.0
[INFO] [stderr]     Checking iana-time-zone v0.1.60
[INFO] [stderr]     Checking futures-core v0.3.30
[INFO] [stderr]     Checking opaque-debug v0.3.0
[INFO] [stderr]    Compiling wasmtime v8.0.1
[INFO] [stderr]     Checking futures-sink v0.3.30
[INFO] [stderr]     Checking chrono v0.4.33
[INFO] [stderr]     Checking block-buffer v0.7.3
[INFO] [stderr]     Checking futures-channel v0.3.30
[INFO] [stderr]     Checking sharded-slab v0.1.7
[INFO] [stderr]     Checking tracing-log v0.1.4
[INFO] [stderr]    Compiling libsecp256k1-gen-ecmult v0.3.0
[INFO] [stderr]    Compiling libsecp256k1-gen-genmult v0.3.0
[INFO] [stderr]    Compiling secp256k1-sys v0.6.1
[INFO] [stderr]     Checking rand_chacha v0.2.2
[INFO] [stderr]    Compiling lock_api v0.4.11
[INFO] [stderr]     Checking memfd v0.6.4
[INFO] [stderr]     Checking thread_local v1.1.7
[INFO] [stderr]     Checking hash-db v0.16.0
[INFO] [stderr]     Checking futures-io v0.3.30
[INFO] [stderr]    Compiling unicode-xid v0.2.4
[INFO] [stderr]     Checking pin-utils v0.1.0
[INFO] [stderr]    Compiling parking_lot_core v0.9.9
[INFO] [stderr]     Checking fake-simd v0.1.2
[INFO] [stderr]     Checking ansi_term v0.12.1
[INFO] [stderr]     Checking opaque-debug v0.2.3
[INFO] [stderr]     Checking futures-task v0.3.30
[INFO] [stderr]    Compiling libsecp256k1 v0.7.1
[INFO] [stderr]     Checking sha2 v0.8.2
[INFO] [stderr]     Checking rand v0.7.3
[INFO] [stderr]     Checking uint v0.9.5
[INFO] [stderr]     Checking fixed-hash v0.8.0
[INFO] [stderr]     Checking num_cpus v1.16.0
[INFO] [stderr]     Checking scopeguard v1.2.0
[INFO] [stderr]     Checking constant_time_eq v0.3.0
[INFO] [stderr]     Checking environmental v1.1.4
[INFO] [stderr]     Checking arrayvec v0.5.2
[INFO] [stderr]    Compiling semver v1.0.21
[INFO] [stderr]     Checking blake2b_simd v1.0.2
[INFO] [stderr]     Checking num-format v0.4.4
[INFO] [stderr]     Checking bitcoin_hashes v0.11.0
[INFO] [stderr]     Checking base64 v0.13.1
[INFO] [stderr]     Checking regex-automata v0.1.10
[INFO] [stderr]     Checking either v1.9.0
[INFO] [stderr]     Checking dyn-clone v1.0.16
[INFO] [stderr]     Checking parking_lot v0.12.1
[INFO] [stderr]     Checking hash256-std-hasher v0.15.2
[INFO] [stderr]     Checking itertools v0.10.5
[INFO] [stderr]    Compiling crypto-common v0.1.6
[INFO] [stderr]    Compiling block-buffer v0.10.4
[INFO] [stderr]     Checking array-bytes v6.2.2
[INFO] [stderr]     Checking bs58 v0.5.0
[INFO] [stderr]    Compiling backtrace v0.3.69
[INFO] [stderr]    Compiling rustc_version v0.4.0
[INFO] [stderr]    Compiling digest v0.10.7
[INFO] [stderr]    Compiling platforms v3.3.0
[INFO] [stderr]     Checking gimli v0.28.1
[INFO] [stderr]     Checking adler v1.0.2
[INFO] [stderr]    Compiling rustversion v1.0.14
[INFO] [stderr]     Checking miniz_oxide v0.7.2
[INFO] [stderr]     Checking object v0.32.2
[INFO] [stderr]     Checking memory-db v0.32.0
[INFO] [stderr]    Compiling curve25519-dalek v4.1.1
[INFO] [stderr]     Checking trie-root v0.18.0
[INFO] [stderr]     Checking trie-db v0.28.0
[INFO] [stderr]     Checking schnellru v0.2.1
[INFO] [stderr]     Checking matchers v0.0.1
[INFO] [stderr]     Checking nohash-hasher v0.2.0
[INFO] [stderr]    Compiling regex v1.10.3
[INFO] [stderr]    Compiling tiny-keccak v2.0.2
[INFO] [stderr]     Checking integer-sqrt v0.1.5
[INFO] [stderr]    Compiling fs-err v2.11.0
[INFO] [stderr]    Compiling Inflector v0.11.4
[INFO] [stderr]    Compiling sha2 v0.10.8
[INFO] [stderr]    Compiling const-random-macro v0.1.16
[INFO] [stderr]    Compiling sp-io v28.0.0
[INFO] [stderr]    Compiling sha3 v0.10.8
[INFO] [stderr]    Compiling expander v2.0.0
[INFO] [stderr]    Compiling blake2 v0.10.6
[INFO] [stderr]     Checking ff v0.13.0
[INFO] [stderr]    Compiling proc-macro-error-attr v1.0.4
[INFO] [stderr]     Checking base16ct v0.2.0
[INFO] [stderr]     Checking group v0.13.0
[INFO] [stderr]    Compiling const-random v0.1.17
[INFO] [stderr]    Compiling proc-macro-error v1.0.4
[INFO] [stderr]    Compiling same-file v1.0.6
[INFO] [stderr]    Compiling twox-hash v1.6.3
[INFO] [stderr]     Checking parity-wasm v0.45.0
[INFO] [stderr]    Compiling async-trait v0.1.77
[INFO] [stderr]    Compiling walkdir v2.4.0
[INFO] [stderr]     Checking addr2line v0.21.0
[INFO] [stderr]    Compiling sp-core-hashing v13.0.0
[INFO] [stderr]    Compiling include_dir_macros v0.7.3
[INFO] [stderr]    Compiling common-path v1.0.0
[INFO] [stderr]    Compiling termcolor v1.4.1
[INFO] [stderr]    Compiling proc-macro-warning v1.0.2
[INFO] [stderr]     Checking tt-call v1.0.9
[INFO] [stderr]    Compiling cfg-expr v0.15.6
[INFO] [stderr]     Checking secp256k1 v0.24.3
[INFO] [stderr]    Compiling include_dir v0.7.3
[INFO] [stderr]    Compiling impl-trait-for-tuples v0.2.2
[INFO] [stderr]    Compiling derive_more v0.99.17
[INFO] [stderr]    Compiling dyn-clonable-impl v0.9.0
[INFO] [stderr]    Compiling derive-syn-parse v0.1.5
[INFO] [stderr]    Compiling serde_derive v1.0.196
[INFO] [stderr]    Compiling zeroize_derive v1.4.2
[INFO] [stderr]    Compiling thiserror-impl v1.0.56
[INFO] [stderr]    Compiling tracing-attributes v0.1.27
[INFO] [stderr]    Compiling ref-cast-impl v1.0.22
[INFO] [stderr]    Compiling sp-debug-derive v12.0.0
[INFO] [stderr]    Compiling futures-macro v0.3.30
[INFO] [stderr]    Compiling curve25519-dalek-derive v0.1.1
[INFO] [stderr]    Compiling macro_magic_core_macros v0.5.0
[INFO] [stderr]    Compiling sp-core-hashing-proc-macro v13.0.0
[INFO] [stderr]     Checking dyn-clonable v0.9.0
[INFO] [stderr]    Compiling frame-support-procedural-tools-derive v10.0.0
[INFO] [stderr]    Compiling aquamarine v0.3.3
[INFO] [stderr]     Checking sp-panic-handler v12.0.0
[INFO] [stderr]    Compiling macro_magic_core v0.5.0
[INFO] [stderr]     Checking zeroize v1.7.0
[INFO] [stderr]     Checking curve25519-dalek v2.1.3
[INFO] [stderr]     Checking merlin v2.0.1
[INFO] [stderr]     Checking secrecy v0.8.0
[INFO] [stderr]     Checking der v0.7.8
[INFO] [stderr]     Checking futures-util v0.3.30
[INFO] [stderr]    Compiling macro_magic_macros v0.5.0
[INFO] [stderr]     Checking schnorrkel v0.9.1
[INFO] [stderr]     Checking block-buffer v0.9.0
[INFO] [stderr]     Checking tracing v0.1.40
[INFO] [stderr]     Checking crypto-mac v0.8.0
[INFO] [stderr]     Checking crypto-mac v0.11.1
[INFO] [stderr]     Checking crypto-bigint v0.5.5
[INFO] [stderr]     Checking sha2 v0.9.9
[INFO] [stderr]     Checking hmac v0.8.1
[INFO] [stderr]     Checking curve25519-dalek v3.2.0
[INFO] [stderr]     Checking hmac v0.11.0
[INFO] [stderr]     Checking pbkdf2 v0.8.0
[INFO] [stderr]     Checking hmac-drbg v0.3.0
[INFO] [stderr]     Checking signature v2.2.0
[INFO] [stderr]     Checking ed25519 v2.2.3
[INFO] [stderr]     Checking substrate-bip39 v0.4.5
[INFO] [stderr]     Checking hmac v0.12.1
[INFO] [stderr]     Checking rfc6979 v0.4.0
[INFO] [stderr]    Compiling macro_magic v0.5.0
[INFO] [stderr]     Checking sec1 v0.7.3
[INFO] [stderr]     Checking spki v0.7.3
[INFO] [stderr]     Checking ed25519-zebra v3.1.0
[INFO] [stderr]     Checking ed25519-dalek v2.1.0
[INFO] [stderr]     Checking elliptic-curve v0.13.8
[INFO] [stderr]     Checking futures-executor v0.3.30
[INFO] [stderr]     Checking ecdsa v0.16.9
[INFO] [stderr]     Checking futures v0.3.30
[INFO] [stderr]     Checking k256 v0.13.3
[INFO] [stderr]     Checking cranelift-entity v0.95.1
[INFO] [stderr]     Checking impl-serde v0.4.0
[INFO] [stderr]     Checking bincode v1.3.3
[INFO] [stderr]     Checking tracing-serde v0.1.3
[INFO] [stderr]     Checking bip39 v2.0.0
[INFO] [stderr]     Checking wasmparser v0.102.0
[INFO] [stderr]     Checking gimli v0.27.3
[INFO] [stderr]     Checking object v0.30.4
[INFO] [stderr]    Compiling toml_datetime v0.6.3
[INFO] [stderr]    Compiling serde_spanned v0.6.5
[INFO] [stderr]    Compiling toml_edit v0.19.15
[INFO] [stderr]    Compiling toml_edit v0.20.2
[INFO] [stderr]     Checking tracing-subscriber v0.2.25
[INFO] [stderr]    Compiling ss58-registry v1.46.0
[INFO] [stderr]    Compiling proc-macro-crate v1.3.1
[INFO] [stderr]    Compiling frame-support-procedural-tools v9.0.0
[INFO] [stderr]    Compiling proc-macro-crate v2.0.2
[INFO] [stderr]    Compiling toml v0.8.2
[INFO] [stderr]    Compiling scale-info-derive v2.10.0
[INFO] [stderr]    Compiling sp-runtime-interface-proc-macro v15.0.0
[INFO] [stderr]    Compiling sp-api-proc-macro v13.0.0
[INFO] [stderr]    Compiling frame-support-procedural v21.0.0
[INFO] [stderr]    Compiling parity-scale-codec-derive v3.6.9
[INFO] [stderr]    Compiling docify_macros v0.2.7
[INFO] [stderr]     Checking wasmtime-types v8.0.1
[INFO] [stderr]     Checking addr2line v0.19.0
[INFO] [stderr]     Checking wasmtime-environ v8.0.1
[INFO] [stderr]     Checking parity-scale-codec v3.6.9
[INFO] [stderr]     Checking docify v0.2.7
[INFO] [stderr]     Checking scale-info v2.10.0
[INFO] [stderr]     Checking impl-codec v0.6.0
[INFO] [stderr]     Checking sp-storage v17.0.0
[INFO] [stderr]     Checking sp-tracing v14.0.0
[INFO] [stderr]    Compiling sp-version-proc-macro v12.0.0
[INFO] [stderr]     Checking wasmtime-jit v8.0.1
[INFO] [stderr]     Checking sp-externalities v0.23.0
[INFO] [stderr]     Checking primitive-types v0.12.2
[INFO] [stderr]     Checking bounded-collections v0.1.9
[INFO] [stderr]     Checking sp-arithmetic v21.0.0
[INFO] [stderr]     Checking frame-metadata v16.0.0
[INFO] [stderr]     Checking sp-metadata-ir v0.4.0
[INFO] [stderr]     Checking sp-wasm-interface v18.0.0
[INFO] [stderr]     Checking sp-runtime-interface v22.0.0
[INFO] [stderr]     Checking sp-core v26.0.0
[INFO] [stderr]     Checking sp-trie v27.0.0
[INFO] [stderr]     Checking sp-keystore v0.32.0
[INFO] [stderr]     Checking sp-weights v25.0.0
[INFO] [stderr]     Checking sp-state-machine v0.33.0
[INFO] [stderr]     Checking sp-application-crypto v28.0.0
[INFO] [stderr]     Checking sp-runtime v29.0.0
[INFO] [stderr]     Checking sp-version v27.0.0
[INFO] [stderr]     Checking sp-inherents v24.0.0
[INFO] [stderr]     Checking sp-staking v24.0.0
[INFO] [stderr]     Checking sp-api v24.0.0
[INFO] [stderr]     Checking sp-genesis-builder v0.5.0
[INFO] [stderr]     Checking frame-support v26.0.0
[INFO] [stderr]     Checking frame-system v26.0.0
[INFO] [stderr]     Checking pallet-vesting v26.0.0 (/opt/rustwide/workdir)
[INFO] [stdout] error: unexpected `cfg` condition name: `rustfmt`
[INFO] [stdout]   --> src/weights.rs:42:13
[INFO] [stdout]    |
[INFO] [stdout] 42 | #![cfg_attr(rustfmt, rustfmt_skip)]
[INFO] [stdout]    |             ^^^^^^^
[INFO] [stdout]    |
[INFO] [stdout]    = help: expected names are: `debug_assertions`, `doc`, `doctest`, `feature`, `miri`, `overflow_checks`, `panic`, `proc_macro`, `relocation_model`, `sanitize`, `sanitizer_cfi_generalize_pointers`, `sanitizer_cfi_normalize_integers`, `target_abi`, `target_arch`, `target_endian`, `target_env`, `target_family`, `target_feature`, `target_has_atomic`, `target_has_atomic_equal_alignment`, `target_has_atomic_load_store`, `target_os`, `target_pointer_width`, `target_thread_local`, `target_vendor`, `test`, `unix`, `windows`
[INFO] [stdout]    = help: consider using a Cargo feature instead or adding `println!("cargo:rustc-check-cfg=cfg(rustfmt)");` to the top of a `build.rs`
[INFO] [stdout]    = note: see <https://doc.rust-lang.org/nightly/cargo/reference/unstable.html#check-cfg> for more information about checking conditional configuration
[INFO] [stdout]    = note: requested on the command line with `-D unexpected-cfgs`
[INFO] [stdout] 
[INFO] [stdout] 
[INFO] [stdout] error[E0432]: unresolved import `sp_core`
[INFO] [stdout]   --> src/mock.rs:22:5
[INFO] [stdout]    |
[INFO] [stdout] 22 | use sp_core::H256;
[INFO] [stdout]    |     ^^^^^^^ use of undeclared crate or module `sp_core`
[INFO] [stdout] 
[INFO] [stdout] 
[INFO] [stdout] error[E0432]: unresolved imports `crate::mock::Balances`, `crate::mock::System`, `crate::mock::Test`
[INFO] [stdout]   --> src/tests.rs:27:19
[INFO] [stdout]    |
[INFO] [stdout] 27 | use crate::mock::{Balances, ExtBuilder, System, Test, Vesting};
[INFO] [stdout]    |                   ^^^^^^^^              ^^^^^^  ^^^^ no `Test` in `mock`
[INFO] [stdout]    |                   |                     |
[INFO] [stdout]    |                   |                     no `System` in `mock`
[INFO] [stdout]    |                   no `Balances` in `mock`
[INFO] [stdout]    |                   help: a similar name exists in the module: `BalanceOf`
[INFO] [stdout]    |
[INFO] [stdout]    = help: consider importing one of these items instead:
[INFO] [stdout]            sp_std::alloc::System
[INFO] [stdout]            std::alloc::System
[INFO] [stdout] 
[INFO] [stdout] 
[INFO] [stdout] error[E0433]: failed to resolve: use of undeclared crate or module `pallet_balances`
[INFO] [stdout]   --> src/mock.rs:37:13
[INFO] [stdout]    |
[INFO] [stdout] 37 |         Balances: pallet_balances::{Pallet, Call, Storage, Config<T>, Event<T>},
[INFO] [stdout]    |                   ^^^^^^^^^^^^^^^ use of undeclared crate or module `pallet_balances`
[INFO] [stdout] 
[INFO] [stdout] 
[INFO] [stdout] error[E0433]: failed to resolve: use of undeclared crate or module `sp_io`
[INFO] [stdout]    --> src/mock.rs:151:17
[INFO] [stdout]     |
[INFO] [stdout] 151 |         let mut ext = sp_io::TestExternalities::new(t);
[INFO] [stdout]     |                       ^^^^^ use of undeclared crate or module `sp_io`
[INFO] [stdout] 
[INFO] [stdout] 
[INFO] [stdout] error[E0412]: cannot find type `Test` in this scope
[INFO] [stdout]   --> src/mock.rs:31:47
[INFO] [stdout]    |
[INFO] [stdout] 31 | type Block = frame_system::mocking::MockBlock<Test>;
[INFO] [stdout]    |                                               ^^^^ not found in this scope
[INFO] [stdout]    |
[INFO] [stdout] help: you might be missing a type parameter
[INFO] [stdout]    |
[INFO] [stdout] 31 | type Block<Test> = frame_system::mocking::MockBlock<Test>;
[INFO] [stdout]    |           ++++++
[INFO] [stdout] 
[INFO] [stdout] 
[INFO] [stdout] error[E0412]: cannot find type `Test` in this scope
[INFO] [stdout]   --> src/mock.rs:42:31
[INFO] [stdout]    |
[INFO] [stdout] 42 | impl frame_system::Config for Test {
[INFO] [stdout]    |                               ^^^^ not found in this scope
[INFO] [stdout] 
[INFO] [stdout] 
[INFO] [stdout] error[E0412]: cannot find type `RuntimeCall` in this scope
[INFO] [stdout]   --> src/mock.rs:49:21
[INFO] [stdout]    |
[INFO] [stdout] 49 |     type RuntimeCall = RuntimeCall;
[INFO] [stdout]    |                        ^^^^^^^^^^^
[INFO] [stdout]    |
[INFO] [stdout] help: you might have meant to use the associated type
[INFO] [stdout]    |
[INFO] [stdout] 49 |     type RuntimeCall = Self::RuntimeCall;
[INFO] [stdout]    |                        ++++++
[INFO] [stdout] 
[INFO] [stdout] 
[INFO] [stdout] error[E0412]: cannot find type `RuntimeEvent` in this scope
[INFO] [stdout]   --> src/mock.rs:51:22
[INFO] [stdout]    |
[INFO] [stdout] 51 |     type RuntimeEvent = RuntimeEvent;
[INFO] [stdout]    |                         ^^^^^^^^^^^^
[INFO] [stdout]    |
[INFO] [stdout] help: you might have meant to use the associated type
[INFO] [stdout]    |
[INFO] [stdout] 51 |     type RuntimeEvent = Self::RuntimeEvent;
[INFO] [stdout]    |                         ++++++
[INFO] [stdout] 
[INFO] [stdout] 
[INFO] [stdout] error[E0412]: cannot find type `RuntimeOrigin` in this scope
[INFO] [stdout]   --> src/mock.rs:61:23
[INFO] [stdout]    |
[INFO] [stdout] 61 |     type RuntimeOrigin = RuntimeOrigin;
[INFO] [stdout]    |                          ^^^^^^^^^^^^^
[INFO] [stdout]    |
[INFO] [stdout] help: you might have meant to use the associated type
[INFO] [stdout]    |
[INFO] [stdout] 61 |     type RuntimeOrigin = Self::RuntimeOrigin;
[INFO] [stdout]    |                          ++++++
[INFO] [stdout] 
[INFO] [stdout] 
[INFO] [stdout] error[E0412]: cannot find type `PalletInfo` in this scope
[INFO] [stdout]   --> src/mock.rs:62:20
[INFO] [stdout]    |
[INFO] [stdout] 62 |     type PalletInfo = PalletInfo;
[INFO] [stdout]    |                       ^^^^^^^^^^
[INFO] [stdout]    |
[INFO] [stdout] help: you might have meant to use the associated type
[INFO] [stdout]    |
[INFO] [stdout] 62 |     type PalletInfo = Self::PalletInfo;
[INFO] [stdout]    |                       ++++++
[INFO] [stdout] help: consider importing this trait
[INFO] [stdout]    |
[INFO] [stdout] 18 + use frame_support::traits::PalletInfo;
[INFO] [stdout]    |
[INFO] [stdout] 
[INFO] [stdout] 
[INFO] [stdout] error[E0412]: cannot find type `Test` in this scope
[INFO] [stdout]   --> src/mock.rs:68:34
[INFO] [stdout]    |
[INFO] [stdout] 68 | impl pallet_balances::Config for Test {
[INFO] [stdout]    |                                  ^^^^ not found in this scope
[INFO] [stdout] 
[INFO] [stdout] 
[INFO] [stdout] error[E0412]: cannot find type `System` in this scope
[INFO] [stdout]   --> src/mock.rs:69:22
[INFO] [stdout]    |
[INFO] [stdout] 69 |     type AccountStore = System;
[INFO] [stdout]    |                         ^^^^^^ not found in this scope
[INFO] [stdout]    |
[INFO] [stdout] help: consider importing one of these items
[INFO] [stdout]    |
[INFO] [stdout] 18 + use sp_std::alloc::System;
[INFO] [stdout]    |
[INFO] [stdout] 18 + use std::alloc::System;
[INFO] [stdout]    |
[INFO] [stdout] 
[INFO] [stdout] 
[INFO] [stdout] error[E0412]: cannot find type `RuntimeEvent` in this scope
[INFO] [stdout]   --> src/mock.rs:72:22
[INFO] [stdout]    |
[INFO] [stdout] 72 |     type RuntimeEvent = RuntimeEvent;
[INFO] [stdout]    |                         ^^^^^^^^^^^^ not found in this scope
[INFO] [stdout] 
[INFO] [stdout] 
[INFO] [stdout] error[E0412]: cannot find type `Test` in this scope
[INFO] [stdout]   --> src/mock.rs:90:17
[INFO] [stdout]    |
[INFO] [stdout] 90 | impl Config for Test {
[INFO] [stdout]    |                 ^^^^ not found in this scope
[INFO] [stdout] 
[INFO] [stdout] 
[INFO] [stdout] error[E0412]: cannot find type `Balances` in this scope
[INFO] [stdout]   --> src/mock.rs:92:18
[INFO] [stdout]    |
[INFO] [stdout] 92 |       type Currency = Balances;
[INFO] [stdout]    |                       ^^^^^^^^ help: a type alias with a similar name exists: `BalanceOf`
[INFO] [stdout]    |
[INFO] [stdout]   ::: src/lib.rs:85:1
[INFO] [stdout]    |
[INFO] [stdout] 85 | / type BalanceOf<T> =
[INFO] [stdout] 86 | |     <<T as Config>::Currency as Currency<<T as frame_system::Config>::AccountId>>::Balance;
[INFO] [stdout]    | |___________________________________________________________________________________________- similarly named type alias `BalanceOf` defined here
[INFO] [stdout] 
[INFO] [stdout] 
[INFO] [stdout] error[E0412]: cannot find type `RuntimeEvent` in this scope
[INFO] [stdout]   --> src/mock.rs:93:22
[INFO] [stdout]    |
[INFO] [stdout] 93 |     type RuntimeEvent = RuntimeEvent;
[INFO] [stdout]    |                         ^^^^^^^^^^^^
[INFO] [stdout]    |
[INFO] [stdout] help: you might have meant to use the associated type
[INFO] [stdout]    |
[INFO] [stdout] 93 |     type RuntimeEvent = Self::RuntimeEvent;
[INFO] [stdout]    |                         ++++++
[INFO] [stdout] 
[INFO] [stdout] 
[INFO] [stdout] error[E0433]: failed to resolve: use of undeclared crate or module `sp_io`
[INFO] [stdout]    --> src/mock.rs:122:24
[INFO] [stdout]     |
[INFO] [stdout] 122 |     pub fn build(self) -> sp_io::TestExternalities {
[INFO] [stdout]     |                           ^^^^^ use of undeclared crate or module `sp_io`
[INFO] [stdout] 
[INFO] [stdout] 
[INFO] [stdout] error[E0412]: cannot find type `Test` in this scope
[INFO] [stdout]    --> src/mock.rs:124:45
[INFO] [stdout]     |
[INFO] [stdout] 124 |         let mut t = frame_system::GenesisConfig::<Test>::default().build_storage().unwrap();
[INFO] [stdout]     |                                                   ^^^^ not found in this scope
[INFO] [stdout]     |
[INFO] [stdout] help: you might be missing a type parameter
[INFO] [stdout]     |
[INFO] [stdout] 111 | impl<Test> ExtBuilder {
[INFO] [stdout]     |     ++++++
[INFO] [stdout] 
[INFO] [stdout] 
[INFO] [stdout] error[E0412]: cannot find type `Test` in this scope
[INFO] [stdout]    --> src/mock.rs:125:36
[INFO] [stdout]     |
[INFO] [stdout] 125 |         pallet_balances::GenesisConfig::<Test> {
[INFO] [stdout]     |                                          ^^^^ not found in this scope
[INFO] [stdout]     |
[INFO] [stdout] help: you might be missing a type parameter
[INFO] [stdout]     |
[INFO] [stdout] 111 | impl<Test> ExtBuilder {
[INFO] [stdout]     |     ++++++
[INFO] [stdout] 
[INFO] [stdout] 
[INFO] [stdout] error[E0412]: cannot find type `Test` in this scope
[INFO] [stdout]    --> src/mock.rs:148:35
[INFO] [stdout]     |
[INFO] [stdout] 148 |         pallet_vesting::GenesisConfig::<Test> { vesting }
[INFO] [stdout]     |                                         ^^^^ not found in this scope
[INFO] [stdout]     |
[INFO] [stdout] help: you might be missing a type parameter
[INFO] [stdout]     |
[INFO] [stdout] 111 | impl<Test> ExtBuilder {
[INFO] [stdout]     |     ++++++
[INFO] [stdout] 
[INFO] [stdout] 
[INFO] [stdout] error[E0433]: failed to resolve: use of undeclared type `System`
[INFO] [stdout]    --> src/mock.rs:152:23
[INFO] [stdout]     |
[INFO] [stdout] 152 |         ext.execute_with(|| System::set_block_number(1));
[INFO] [stdout]     |                             ^^^^^^ use of undeclared type `System`
[INFO] [stdout]     |
[INFO] [stdout] help: consider importing one of these items
[INFO] [stdout]     |
[INFO] [stdout] 18  + use sp_std::alloc::System;
[INFO] [stdout]     |
[INFO] [stdout] 18  + use std::alloc::System;
[INFO] [stdout]     |
[INFO] [stdout] 
[INFO] [stdout] 
[INFO] [stdout] error[E0603]: type alias import `Vesting` is private
[INFO] [stdout]    --> src/tests.rs:27:55
[INFO] [stdout]     |
[INFO] [stdout] 27  | use crate::mock::{Balances, ExtBuilder, System, Test, Vesting};
[INFO] [stdout]     |                                                       ^^^^^^^ private type alias import
[INFO] [stdout]     |
[INFO] [stdout] note: the type alias import `Vesting` is defined here...
[INFO] [stdout]    --> src/mock.rs:28:5
[INFO] [stdout]     |
[INFO] [stdout] 28  | use super::*;
[INFO] [stdout]     |     ^^^^^^^^
[INFO] [stdout] note: ...and refers to the type alias import `Vesting` which is defined here...
[INFO] [stdout]    --> src/lib.rs:81:9
[INFO] [stdout]     |
[INFO] [stdout] 81  | pub use pallet::*;
[INFO] [stdout]     |         ^^^^^^^^^ you could import this re-export
[INFO] [stdout] note: ...and refers to the type alias `Vesting` which is defined here
[INFO] [stdout]    --> src/lib.rs:201:2
[INFO] [stdout]     |
[INFO] [stdout] 201 | /     pub type Vesting<T: Config> = StorageMap<
[INFO] [stdout] 202 | |         _,
[INFO] [stdout] 203 | |         Blake2_128Concat,
[INFO] [stdout] 204 | |         T::AccountId,
[INFO] [stdout] 205 | |         BoundedVec<VestingInfo<BalanceOf<T>, BlockNumberFor<T>>, MaxVestingSchedulesGet<T>>,
[INFO] [stdout] 206 | |     >;
[INFO] [stdout]     | |______^ you could import this directly
[INFO] [stdout] help: import `Vesting` directly
[INFO] [stdout]     |
[INFO] [stdout] 27  | use crate::mock::{Balances, ExtBuilder, System, Test, pallet::Vesting};
[INFO] [stdout]     |                                                       ~~~~~~~~~~~~~~~
[INFO] [stdout] 
[INFO] [stdout] 
[INFO] [stdout] error: unexpected `cfg` condition name: `rustfmt`
[INFO] [stdout]   --> src/weights.rs:42:13
[INFO] [stdout]    |
[INFO] [stdout] 42 | #![cfg_attr(rustfmt, rustfmt_skip)]
[INFO] [stdout]    |             ^^^^^^^
[INFO] [stdout]    |
[INFO] [stdout]    = help: expected names are: `debug_assertions`, `doc`, `doctest`, `feature`, `miri`, `overflow_checks`, `panic`, `proc_macro`, `relocation_model`, `sanitize`, `sanitizer_cfi_generalize_pointers`, `sanitizer_cfi_normalize_integers`, `target_abi`, `target_arch`, `target_endian`, `target_env`, `target_family`, `target_feature`, `target_has_atomic`, `target_has_atomic_equal_alignment`, `target_has_atomic_load_store`, `target_os`, `target_pointer_width`, `target_thread_local`, `target_vendor`, `test`, `unix`, `windows`
[INFO] [stdout]    = help: consider using a Cargo feature instead or adding `println!("cargo:rustc-check-cfg=cfg(rustfmt)");` to the top of a `build.rs`
[INFO] [stdout]    = note: see <https://doc.rust-lang.org/nightly/cargo/reference/unstable.html#check-cfg> for more information about checking conditional configuration
[INFO] [stdout]    = note: requested on the command line with `-D unexpected-cfgs`
[INFO] [stdout] 
[INFO] [stdout] 
[INFO] [stdout] error[E0433]: failed to resolve: use of undeclared crate or module `pallet_balances`
[INFO] [stdout]   --> src/mock.rs:43:21
[INFO] [stdout]    |
[INFO] [stdout] 43 |     type AccountData = pallet_balances::AccountData<u64>;
[INFO] [stdout]    |                        ^^^^^^^^^^^^^^^ use of undeclared crate or module `pallet_balances`
[INFO] [stdout] 
[INFO] [stdout] 
[INFO] [stdout] error[E0433]: failed to resolve: use of undeclared crate or module `pallet_balances`
[INFO] [stdout]   --> src/mock.rs:68:6
[INFO] [stdout]    |
[INFO] [stdout] 68 | impl pallet_balances::Config for Test {
[INFO] [stdout]    |      ^^^^^^^^^^^^^^^ use of undeclared crate or module `pallet_balances`
[INFO] [stdout] 
[INFO] [stdout] 
[INFO] [stdout] error[E0433]: failed to resolve: use of undeclared crate or module `pallet_balances`
[INFO] [stdout]    --> src/mock.rs:125:3
[INFO] [stdout]     |
[INFO] [stdout] 125 |         pallet_balances::GenesisConfig::<Test> {
[INFO] [stdout]     |         ^^^^^^^^^^^^^^^ use of undeclared crate or module `pallet_balances`
[INFO] [stdout] 
[INFO] [stdout] 
[INFO] [stdout] error: aborting due to 26 previous errors
[INFO] [stdout] 
[INFO] [stdout] 
[INFO] [stdout] Some errors have detailed explanations: E0412, E0432, E0433, E0603.
[INFO] [stdout] 
[INFO] [stdout] For more information about an error, try `rustc --explain E0412`.
[INFO] [stdout] 
[INFO] [stderr] error: could not compile `pallet-vesting` (lib test) due to 27 previous errors
[INFO] [stderr] warning: build failed, waiting for other jobs to finish...
[INFO] [stdout] error: aborting due to 1 previous error
[INFO] [stdout] 
[INFO] [stdout] 
[INFO] [stderr] error: could not compile `pallet-vesting` (lib) due to 2 previous errors
[INFO] running `Command { std: "docker" "inspect" "119b8fccb759e4c1df4bd7c30d8ea95ead9d06a9ca841cc166383a8005a0b492", kill_on_drop: false }`
[INFO] running `Command { std: "docker" "rm" "-f" "119b8fccb759e4c1df4bd7c30d8ea95ead9d06a9ca841cc166383a8005a0b492", kill_on_drop: false }`
[INFO] [stdout] 119b8fccb759e4c1df4bd7c30d8ea95ead9d06a9ca841cc166383a8005a0b492
