[INFO] fetching crate pagefind_microjson 0.1.4...
[INFO] checking pagefind_microjson-0.1.4 against nightly-2024-02-05 for check-cfg
[INFO] extracting crate pagefind_microjson 0.1.4 into /workspace/builds/worker-0-tc1/source
[INFO] validating manifest of crates.io crate pagefind_microjson 0.1.4 on toolchain nightly-2024-02-05
[INFO] running `Command { std: CARGO_HOME="/workspace/cargo-home" RUSTUP_HOME="/workspace/rustup-home" "/workspace/cargo-home/bin/cargo" "+nightly-2024-02-05" "metadata" "--manifest-path" "Cargo.toml" "--no-deps", kill_on_drop: false }`
[INFO] started tweaking crates.io crate pagefind_microjson 0.1.4
[INFO] finished tweaking crates.io crate pagefind_microjson 0.1.4
[INFO] tweaked toml for crates.io crate pagefind_microjson 0.1.4 written to /workspace/builds/worker-0-tc1/source/Cargo.toml
[INFO] running `Command { std: CARGO_HOME="/workspace/cargo-home" RUSTUP_HOME="/workspace/rustup-home" "/workspace/cargo-home/bin/cargo" "+nightly-2024-02-05" "generate-lockfile" "--manifest-path" "Cargo.toml", kill_on_drop: false }`
[INFO] [stderr]     Updating crates.io index
[INFO] running `Command { std: CARGO_HOME="/workspace/cargo-home" RUSTUP_HOME="/workspace/rustup-home" "/workspace/cargo-home/bin/cargo" "+nightly-2024-02-05" "fetch" "--manifest-path" "Cargo.toml", kill_on_drop: false }`
[INFO] [stderr]     Blocking waiting for file lock on package cache
[INFO] [stderr]     Blocking waiting for file lock on package cache
[INFO] running `Command { std: "docker" "create" "-v" "/var/lib/crater-agent-workspace/builds/worker-0-tc1/target:/opt/rustwide/target:rw,Z" "-v" "/var/lib/crater-agent-workspace/builds/worker-0-tc1/source:/opt/rustwide/workdir:ro,Z" "-v" "/var/lib/crater-agent-workspace/cargo-home:/opt/rustwide/cargo-home:ro,Z" "-v" "/var/lib/crater-agent-workspace/rustup-home:/opt/rustwide/rustup-home:ro,Z" "-e" "SOURCE_DIR=/opt/rustwide/workdir" "-e" "CARGO_TARGET_DIR=/opt/rustwide/target" "-e" "CARGO_HOME=/opt/rustwide/cargo-home" "-e" "RUSTUP_HOME=/opt/rustwide/rustup-home" "-w" "/opt/rustwide/workdir" "-m" "1610612736" "--user" "0:0" "--network" "none" "ghcr.io/rust-lang/crates-build-env/linux@sha256:2788e3201cd34a07e3172128adcd8b3090168a8e3bcc40d7c032b9dda1df7d1c" "/opt/rustwide/cargo-home/bin/cargo" "+nightly-2024-02-05" "metadata" "--no-deps" "--format-version=1", kill_on_drop: false }`
[INFO] [stdout] b4502dfd403c6fac566a314de566c0517528d5a6f4d09687bf404270a1fae53e
[INFO] running `Command { std: "docker" "start" "-a" "b4502dfd403c6fac566a314de566c0517528d5a6f4d09687bf404270a1fae53e", kill_on_drop: false }`
[INFO] running `Command { std: "docker" "inspect" "b4502dfd403c6fac566a314de566c0517528d5a6f4d09687bf404270a1fae53e", kill_on_drop: false }`
[INFO] running `Command { std: "docker" "rm" "-f" "b4502dfd403c6fac566a314de566c0517528d5a6f4d09687bf404270a1fae53e", kill_on_drop: false }`
[INFO] [stdout] b4502dfd403c6fac566a314de566c0517528d5a6f4d09687bf404270a1fae53e
[INFO] running `Command { std: "docker" "create" "-v" "/var/lib/crater-agent-workspace/builds/worker-0-tc1/target:/opt/rustwide/target:rw,Z" "-v" "/var/lib/crater-agent-workspace/builds/worker-0-tc1/source:/opt/rustwide/workdir:ro,Z" "-v" "/var/lib/crater-agent-workspace/cargo-home:/opt/rustwide/cargo-home:ro,Z" "-v" "/var/lib/crater-agent-workspace/rustup-home:/opt/rustwide/rustup-home:ro,Z" "-e" "SOURCE_DIR=/opt/rustwide/workdir" "-e" "CARGO_TARGET_DIR=/opt/rustwide/target" "-e" "CARGO_INCREMENTAL=0" "-e" "RUST_BACKTRACE=full" "-e" "RUSTFLAGS=--cap-lints=forbid" "-e" "RUSTDOCFLAGS=--cap-lints=forbid" "-e" "CARGO_HOME=/opt/rustwide/cargo-home" "-e" "RUSTUP_HOME=/opt/rustwide/rustup-home" "-w" "/opt/rustwide/workdir" "-m" "1610612736" "--user" "0:0" "--network" "none" "ghcr.io/rust-lang/crates-build-env/linux@sha256:2788e3201cd34a07e3172128adcd8b3090168a8e3bcc40d7c032b9dda1df7d1c" "/opt/rustwide/cargo-home/bin/cargo" "+nightly-2024-02-05" "check" "--frozen" "--all" "--all-targets" "--message-format=json", kill_on_drop: false }`
[INFO] [stdout] bbe32517cc46012c4b8c0aaa28bc7b8190ca6704e7588dfb04d1e70d8e4f247f
[INFO] running `Command { std: "docker" "start" "-a" "bbe32517cc46012c4b8c0aaa28bc7b8190ca6704e7588dfb04d1e70d8e4f247f", kill_on_drop: false }`
[INFO] [stderr]    Compiling serde v1.0.196
[INFO] [stderr]    Compiling crossbeam-utils v0.8.19
[INFO] [stderr]    Compiling proc-macro2 v1.0.78
[INFO] [stderr]    Compiling unicode-ident v1.0.12
[INFO] [stderr]    Compiling libc v0.2.153
[INFO] [stderr]     Checking either v1.9.0
[INFO] [stderr]     Checking itoa v1.0.10
[INFO] [stderr]    Compiling serde_json v1.0.113
[INFO] [stderr]    Compiling rayon-core v1.12.1
[INFO] [stderr]     Checking ryu v1.0.16
[INFO] [stderr]     Checking regex-syntax v0.8.2
[INFO] [stderr]     Checking unicode-width v0.1.11
[INFO] [stderr]     Checking memchr v2.7.1
[INFO] [stderr]     Checking plotters-backend v0.3.5
[INFO] [stderr]     Checking bitflags v1.3.2
[INFO] [stderr]    Compiling num-traits v0.2.17
[INFO] [stderr]     Checking cast v0.3.0
[INFO] [stderr]     Checking half v1.8.2
[INFO] [stderr]     Checking walkdir v2.4.0
[INFO] [stderr]     Checking textwrap v0.11.0
[INFO] [stderr]     Checking oorandom v11.1.3
[INFO] [stderr]     Checking plotters-svg v0.3.5
[INFO] [stderr]     Checking pagefind_microjson v0.1.4 (/opt/rustwide/workdir)
[INFO] [stderr]     Checking itertools v0.10.5
[INFO] [stderr]     Checking clap v2.34.0
[INFO] [stderr]     Checking csv-core v0.1.11
[INFO] [stderr]    Compiling quote v1.0.35
[INFO] [stderr]    Compiling syn v2.0.48
[INFO] [stderr]     Checking regex-automata v0.4.5
[INFO] [stderr]     Checking atty v0.2.14
[INFO] [stderr]     Checking crossbeam-epoch v0.9.18
[INFO] [stderr]     Checking crossbeam-deque v0.8.5
[INFO] [stderr]     Checking criterion-plot v0.4.5
[INFO] [stderr]     Checking plotters v0.3.5
[INFO] [stderr]     Checking rayon v1.8.1
[INFO] [stderr]     Checking regex v1.10.3
[INFO] [stderr]     Checking serde_cbor v0.11.2
[INFO] [stderr]     Checking csv v1.3.0
[INFO] [stderr]     Checking tinytemplate v1.2.1
[INFO] [stderr]    Compiling serde_derive v1.0.196
[INFO] [stderr]     Checking criterion v0.3.6
[INFO] [stdout] error[E0432]: unresolved import `microjson`
[INFO] [stdout]  --> benches/criterion_bench.rs:5:5
[INFO] [stdout]   |
[INFO] [stdout] 5 | use microjson::*;
[INFO] [stdout]   |     ^^^^^^^^^ use of undeclared crate or module `microjson`
[INFO] [stdout] 
[INFO] [stdout] 
[INFO] [stdout] error[E0433]: failed to resolve: use of undeclared type `JSONValue`
[INFO] [stdout]   --> benches/criterion_bench.rs:12:44
[INFO] [stdout]    |
[INFO] [stdout] 12 |     c.bench_function("load", |b| b.iter(|| JSONValue::parse_and_verify(&json_payload)));
[INFO] [stdout]    |                                            ^^^^^^^^^ use of undeclared type `JSONValue`
[INFO] [stdout]    |
[INFO] [stdout] help: consider importing this struct
[INFO] [stdout]    |
[INFO] [stdout] 1  + use pagefind_microjson::JSONValue;
[INFO] [stdout]    |
[INFO] [stdout] 
[INFO] [stdout] 
[INFO] [stdout] error[E0433]: failed to resolve: use of undeclared type `JSONValue`
[INFO] [stdout]   --> benches/criterion_bench.rs:14:17
[INFO] [stdout]    |
[INFO] [stdout] 14 |     let value = JSONValue::parse(&json_payload);
[INFO] [stdout]    |                 ^^^^^^^^^ use of undeclared type `JSONValue`
[INFO] [stdout]    |
[INFO] [stdout] help: consider importing this struct
[INFO] [stdout]    |
[INFO] [stdout] 1  + use pagefind_microjson::JSONValue;
[INFO] [stdout]    |
[INFO] [stdout] 
[INFO] [stdout] 
[INFO] [stdout] error[E0433]: failed to resolve: use of undeclared type `JSONValue`
[INFO] [stdout]   --> benches/criterion_bench.rs:40:50
[INFO] [stdout]    |
[INFO] [stdout] 40 |     c.bench_function("load_array", |b| b.iter(|| JSONValue::parse_and_verify(&json_payload)));
[INFO] [stdout]    |                                                  ^^^^^^^^^ use of undeclared type `JSONValue`
[INFO] [stdout]    |
[INFO] [stdout] help: consider importing this struct
[INFO] [stdout]    |
[INFO] [stdout] 1  + use pagefind_microjson::JSONValue;
[INFO] [stdout]    |
[INFO] [stdout] 
[INFO] [stdout] 
[INFO] [stdout] error[E0433]: failed to resolve: use of undeclared type `JSONValue`
[INFO] [stdout]   --> benches/criterion_bench.rs:42:16
[INFO] [stdout]    |
[INFO] [stdout] 42 |     let json = JSONValue::parse(&json_payload).unwrap();
[INFO] [stdout]    |                ^^^^^^^^^ use of undeclared type `JSONValue`
[INFO] [stdout]    |
[INFO] [stdout] help: consider importing this struct
[INFO] [stdout]    |
[INFO] [stdout] 1  + use pagefind_microjson::JSONValue;
[INFO] [stdout]    |
[INFO] [stdout] 
[INFO] [stdout] 
[INFO] [stdout] error[E0432]: unresolved import `microjson`
[INFO] [stdout]  --> tests/large_input.rs:1:5
[INFO] [stdout]   |
[INFO] [stdout] 1 | use microjson::*;
[INFO] [stdout]   |     ^^^^^^^^^ use of undeclared crate or module `microjson`
[INFO] [stdout] 
[INFO] [stdout] 
[INFO] [stdout] error: aborting due to 5 previous errors
[INFO] [stdout] 
[INFO] [stdout] 
[INFO] [stdout] Some errors have detailed explanations: E0432, E0433.
[INFO] [stdout] 
[INFO] [stdout] For more information about an error, try `rustc --explain E0432`.
[INFO] [stdout] 
[INFO] [stderr] error: could not compile `pagefind_microjson` (bench "criterion_bench") due to 6 previous errors
[INFO] [stderr] warning: build failed, waiting for other jobs to finish...
[INFO] [stdout] error[E0433]: failed to resolve: use of undeclared type `JSONValue`
[INFO] [stdout]  --> tests/large_input.rs:5:17
[INFO] [stdout]   |
[INFO] [stdout] 5 |     let value = JSONValue::parse(JSON_PAYLOAD).unwrap();
[INFO] [stdout]   |                 ^^^^^^^^^ use of undeclared type `JSONValue`
[INFO] [stdout]   |
[INFO] [stdout] help: consider importing this struct
[INFO] [stdout]   |
[INFO] [stdout] 1 + use pagefind_microjson::JSONValue;
[INFO] [stdout]   |
[INFO] [stdout] 
[INFO] [stdout] 
[INFO] [stdout] error: aborting due to 2 previous errors
[INFO] [stdout] 
[INFO] [stdout] 
[INFO] [stdout] Some errors have detailed explanations: E0432, E0433.
[INFO] [stdout] 
[INFO] [stdout] For more information about an error, try `rustc --explain E0432`.
[INFO] [stdout] 
[INFO] [stderr] error: could not compile `pagefind_microjson` (test "large_input") due to 3 previous errors
[INFO] running `Command { std: "docker" "inspect" "bbe32517cc46012c4b8c0aaa28bc7b8190ca6704e7588dfb04d1e70d8e4f247f", kill_on_drop: false }`
[INFO] running `Command { std: "docker" "rm" "-f" "bbe32517cc46012c4b8c0aaa28bc7b8190ca6704e7588dfb04d1e70d8e4f247f", kill_on_drop: false }`
[INFO] [stdout] bbe32517cc46012c4b8c0aaa28bc7b8190ca6704e7588dfb04d1e70d8e4f247f
