[INFO] fetching crate p2p-net-oura 0.39.3...
[INFO] checking p2p-net-oura-0.39.3 against nightly-2024-02-05 for check-cfg
[INFO] extracting crate p2p-net-oura 0.39.3 into /workspace/builds/worker-6-tc1/source
[INFO] validating manifest of crates.io crate p2p-net-oura 0.39.3 on toolchain nightly-2024-02-05
[INFO] running `Command { std: CARGO_HOME="/workspace/cargo-home" RUSTUP_HOME="/workspace/rustup-home" "/workspace/cargo-home/bin/cargo" "+nightly-2024-02-05" "metadata" "--manifest-path" "Cargo.toml" "--no-deps", kill_on_drop: false }`
[INFO] started tweaking crates.io crate p2p-net-oura 0.39.3
[INFO] removed 0 missing examples
[INFO] finished tweaking crates.io crate p2p-net-oura 0.39.3
[INFO] tweaked toml for crates.io crate p2p-net-oura 0.39.3 written to /workspace/builds/worker-6-tc1/source/Cargo.toml
[INFO] crate crates.io crate p2p-net-oura 0.39.3 already has a lockfile, it will not be regenerated
[INFO] running `Command { std: CARGO_HOME="/workspace/cargo-home" RUSTUP_HOME="/workspace/rustup-home" "/workspace/cargo-home/bin/cargo" "+nightly-2024-02-05" "fetch" "--manifest-path" "Cargo.toml", kill_on_drop: false }`
[INFO] [stderr]     Updating crates.io index
[INFO] [stderr]  Downloading crates ...
[INFO] [stderr]   Downloaded asn1_der v0.7.6
[INFO] [stderr]   Downloaded chacha20poly1305 v0.8.2
[INFO] [stderr]   Downloaded async-std-resolver v0.20.4
[INFO] [stderr]   Downloaded multistream-select v0.10.4
[INFO] [stderr]   Downloaded if-addrs v0.6.7
[INFO] [stderr]   Downloaded lru v0.6.6
[INFO] [stderr]   Downloaded chacha20 v0.7.3
[INFO] [stderr]   Downloaded trust-dns-proto v0.20.4
[INFO] [stderr]   Downloaded minicbor-derive v0.6.4
[INFO] [stderr]   Downloaded trust-dns-resolver v0.20.4
[INFO] [stderr]   Downloaded async-lock v3.1.0
[INFO] [stderr]   Downloaded libp2p-mdns-ouro v0.31.1
[INFO] running `Command { std: "docker" "create" "-v" "/var/lib/crater-agent-workspace/builds/worker-6-tc1/target:/opt/rustwide/target:rw,Z" "-v" "/var/lib/crater-agent-workspace/builds/worker-6-tc1/source:/opt/rustwide/workdir:ro,Z" "-v" "/var/lib/crater-agent-workspace/cargo-home:/opt/rustwide/cargo-home:ro,Z" "-v" "/var/lib/crater-agent-workspace/rustup-home:/opt/rustwide/rustup-home:ro,Z" "-e" "SOURCE_DIR=/opt/rustwide/workdir" "-e" "CARGO_TARGET_DIR=/opt/rustwide/target" "-e" "CARGO_HOME=/opt/rustwide/cargo-home" "-e" "RUSTUP_HOME=/opt/rustwide/rustup-home" "-w" "/opt/rustwide/workdir" "-m" "1610612736" "--user" "0:0" "--network" "none" "ghcr.io/rust-lang/crates-build-env/linux@sha256:2788e3201cd34a07e3172128adcd8b3090168a8e3bcc40d7c032b9dda1df7d1c" "/opt/rustwide/cargo-home/bin/cargo" "+nightly-2024-02-05" "metadata" "--no-deps" "--format-version=1", kill_on_drop: false }`
[INFO] [stdout] cc8dfb89de75a19e1467ffa05e4cbddb6e615b48bccb8ffbb367c866dd3358fc
[INFO] running `Command { std: "docker" "start" "-a" "cc8dfb89de75a19e1467ffa05e4cbddb6e615b48bccb8ffbb367c866dd3358fc", kill_on_drop: false }`
[INFO] running `Command { std: "docker" "inspect" "cc8dfb89de75a19e1467ffa05e4cbddb6e615b48bccb8ffbb367c866dd3358fc", kill_on_drop: false }`
[INFO] running `Command { std: "docker" "rm" "-f" "cc8dfb89de75a19e1467ffa05e4cbddb6e615b48bccb8ffbb367c866dd3358fc", kill_on_drop: false }`
[INFO] [stdout] cc8dfb89de75a19e1467ffa05e4cbddb6e615b48bccb8ffbb367c866dd3358fc
[INFO] running `Command { std: "docker" "create" "-v" "/var/lib/crater-agent-workspace/builds/worker-6-tc1/target:/opt/rustwide/target:rw,Z" "-v" "/var/lib/crater-agent-workspace/builds/worker-6-tc1/source:/opt/rustwide/workdir:ro,Z" "-v" "/var/lib/crater-agent-workspace/cargo-home:/opt/rustwide/cargo-home:ro,Z" "-v" "/var/lib/crater-agent-workspace/rustup-home:/opt/rustwide/rustup-home:ro,Z" "-e" "SOURCE_DIR=/opt/rustwide/workdir" "-e" "CARGO_TARGET_DIR=/opt/rustwide/target" "-e" "CARGO_INCREMENTAL=0" "-e" "RUST_BACKTRACE=full" "-e" "RUSTFLAGS=--cap-lints=forbid" "-e" "RUSTDOCFLAGS=--cap-lints=forbid" "-e" "CARGO_HOME=/opt/rustwide/cargo-home" "-e" "RUSTUP_HOME=/opt/rustwide/rustup-home" "-w" "/opt/rustwide/workdir" "-m" "1610612736" "--user" "0:0" "--network" "none" "ghcr.io/rust-lang/crates-build-env/linux@sha256:2788e3201cd34a07e3172128adcd8b3090168a8e3bcc40d7c032b9dda1df7d1c" "/opt/rustwide/cargo-home/bin/cargo" "+nightly-2024-02-05" "check" "--frozen" "--all" "--all-targets" "--message-format=json", kill_on_drop: false }`
[INFO] [stdout] f8d382d9235c05519225e3116c88ce8354f60c153c3901c5bf4440bba6b3f358
[INFO] running `Command { std: "docker" "start" "-a" "f8d382d9235c05519225e3116c88ce8354f60c153c3901c5bf4440bba6b3f358", kill_on_drop: false }`
[INFO] [stderr]    Compiling proc-macro2 v1.0.69
[INFO] [stderr]    Compiling futures-core v0.3.29
[INFO] [stderr]    Compiling either v1.9.0
[INFO] [stderr]     Checking futures-io v0.3.29
[INFO] [stderr]    Compiling anyhow v1.0.75
[INFO] [stderr]    Compiling rustix v0.38.24
[INFO] [stderr]    Compiling log v0.4.20
[INFO] [stderr]    Compiling linux-raw-sys v0.4.11
[INFO] [stderr]    Compiling bitflags v2.4.1
[INFO] [stderr]    Compiling itertools v0.10.5
[INFO] [stderr]    Compiling home v0.5.5
[INFO] [stderr]    Compiling indexmap v1.9.3
[INFO] [stderr]    Compiling hashbrown v0.12.3
[INFO] [stderr]    Compiling bytes v1.5.0
[INFO] [stderr]    Compiling futures-channel v0.3.29
[INFO] [stderr]    Compiling fastrand v2.0.1
[INFO] [stderr]    Compiling futures-task v0.3.29
[INFO] [stderr]    Compiling unicode-segmentation v1.10.1
[INFO] [stderr]    Compiling fixedbitset v0.2.0
[INFO] [stderr]    Compiling cfg-if v1.0.0
[INFO] [stderr]     Checking value-bag v1.4.2
[INFO] [stderr]    Compiling futures-util v0.3.29
[INFO] [stderr]    Compiling quote v1.0.33
[INFO] [stderr]    Compiling multimap v0.8.3
[INFO] [stderr]    Compiling heck v0.3.3
[INFO] [stderr]    Compiling syn v2.0.39
[INFO] [stderr]    Compiling syn v1.0.109
[INFO] [stderr]     Checking once_cell v1.18.0
[INFO] [stderr]    Compiling getrandom v0.1.16
[INFO] [stderr]    Compiling ring v0.16.20
[INFO] [stderr]    Compiling petgraph v0.5.1
[INFO] [stderr]     Checking block-padding v0.2.1
[INFO] [stderr]     Checking block-buffer v0.9.0
[INFO] [stderr]     Checking rand_core v0.5.1
[INFO] [stderr]     Checking subtle v2.5.0
[INFO] [stderr]     Checking tinyvec v1.6.0
[INFO] [stderr]    Compiling typenum v1.17.0
[INFO] [stderr]     Checking smallvec v1.11.2
[INFO] [stderr]    Compiling which v4.4.2
[INFO] [stderr]    Compiling tempfile v3.8.1
[INFO] [stderr]    Compiling crunchy v0.2.2
[INFO] [stderr]    Compiling generic-array v0.14.7
[INFO] [stderr]    Compiling prost-build v0.8.0
[INFO] [stderr]     Checking unicode-normalization v0.1.22
[INFO] [stderr]    Compiling lock_api v0.4.11
[INFO] [stderr]     Checking untrusted v0.7.1
[INFO] [stderr]     Checking unicode-bidi v0.3.13
[INFO] [stderr]    Compiling parking_lot_core v0.8.6
[INFO] [stderr]     Checking cpufeatures v0.2.11
[INFO] [stderr]     Checking spin v0.5.2
[INFO] [stderr]    Compiling digest v0.9.0
[INFO] [stderr]     Checking rand_chacha v0.2.2
[INFO] [stderr]     Checking instant v0.1.12
[INFO] [stderr]    Compiling proc-macro-error-attr v1.0.4
[INFO] [stderr]    Compiling equivalent v1.0.1
[INFO] [stderr]    Compiling hashbrown v0.14.2
[INFO] [stderr]     Checking percent-encoding v2.3.0
[INFO] [stderr]     Checking idna v0.4.0
[INFO] [stderr]     Checking form_urlencoded v1.2.0
[INFO] [stderr]     Checking rand v0.7.3
[INFO] [stderr]    Compiling libsecp256k1-core v0.2.2
[INFO] [stderr]    Compiling proc-macro-error v1.0.4
[INFO] [stderr]    Compiling winnow v0.5.19
[INFO] [stderr]    Compiling indexmap v2.1.0
[INFO] [stderr]    Compiling toml_datetime v0.6.5
[INFO] [stderr]    Compiling serde v1.0.192
[INFO] [stderr]     Checking parking_lot v0.11.2
[INFO] [stderr]     Checking url v2.4.1
[INFO] [stderr]     Checking sha2 v0.9.9
[INFO] [stderr]     Checking data-encoding v2.4.0
[INFO] [stderr]    Compiling unicode-xid v0.2.4
[INFO] [stderr]    Compiling pin-project-internal v0.4.30
[INFO] [stderr]    Compiling libsecp256k1-gen-genmult v0.2.1
[INFO] [stderr]    Compiling libsecp256k1-gen-ecmult v0.2.1
[INFO] [stderr]     Checking crypto-mac v0.8.0
[INFO] [stderr]     Checking signature v1.6.4
[INFO] [stderr]     Checking base64 v0.12.3
[INFO] [stderr]    Compiling libsecp256k1 v0.5.0
[INFO] [stderr]     Checking hmac v0.8.1
[INFO] [stderr]     Checking ed25519 v1.5.3
[INFO] [stderr]     Checking hmac-drbg v0.3.0
[INFO] [stderr]     Checking bs58 v0.4.0
[INFO] [stderr]    Compiling synstructure v0.12.6
[INFO] [stderr]     Checking futures-timer v3.0.2
[INFO] [stderr]     Checking void v1.0.2
[INFO] [stderr]     Checking asn1_der v0.7.6
[INFO] [stderr]    Compiling toml_edit v0.19.15
[INFO] [stderr]    Compiling crossbeam-utils v0.8.16
[INFO] [stderr]     Checking getrandom v0.2.11
[INFO] [stderr]     Checking parking v2.2.0
[INFO] [stderr]     Checking event-listener v2.5.3
[INFO] [stderr]     Checking rand_core v0.6.4
[INFO] [stderr]    Compiling polling v2.8.0
[INFO] [stderr]     Checking waker-fn v1.1.1
[INFO] [stderr]    Compiling rustix v0.37.27
[INFO] [stderr]     Checking fastrand v1.9.0
[INFO] [stderr]     Checking async-lock v2.8.0
[INFO] [stderr]     Checking concurrent-queue v2.3.0
[INFO] [stderr]     Checking futures-lite v1.13.0
[INFO] [stderr]     Checking io-lifetimes v1.0.11
[INFO] [stderr]    Compiling async-io v1.13.0
[INFO] [stderr]     Checking linux-raw-sys v0.3.8
[INFO] [stderr]     Checking event-listener v3.1.0
[INFO] [stderr]     Checking rand_chacha v0.3.1
[INFO] [stderr]     Checking socket2 v0.4.10
[INFO] [stderr]    Compiling wasm-bindgen-shared v0.2.88
[INFO] [stderr]     Checking rand v0.8.5
[INFO] [stderr]     Checking event-listener-strategy v0.3.0
[INFO] [stderr]    Compiling memchr v2.6.4
[INFO] [stderr]    Compiling proc-macro-crate v1.3.1
[INFO] [stderr]     Checking tracing-core v0.1.32
[INFO] [stderr]    Compiling futures-macro v0.3.29
[INFO] [stderr]    Compiling thiserror-impl v1.0.50
[INFO] [stderr]    Compiling zeroize_derive v1.4.2
[INFO] [stderr]    Compiling serde_derive v1.0.192
[INFO] [stderr]    Compiling pin-project-internal v1.1.3
[INFO] [stderr]    Compiling prost-derive v0.8.0
[INFO] [stderr]     Checking zeroize v1.3.0
[INFO] [stderr]     Checking curve25519-dalek v3.2.1
[INFO] [stderr]    Compiling multihash-derive v0.7.2
[INFO] [stderr]     Checking thiserror v1.0.50
[INFO] [stderr]    Compiling pest v2.7.5
[INFO] [stderr]    Compiling bumpalo v3.14.0
[INFO] [stderr]    Compiling prost v0.8.0
[INFO] [stderr]     Checking pin-project v1.1.3
[INFO] [stderr]     Checking atomic-waker v1.1.2
[INFO] [stderr]     Checking async-task v4.5.0
[INFO] [stderr]    Compiling prost-types v0.8.0
[INFO] [stderr]     Checking ipnet v2.9.0
[INFO] [stderr]    Compiling libz-sys v1.1.12
[INFO] [stderr]     Checking piper v0.2.1
[INFO] [stderr]    Compiling wasm-bindgen-backend v0.2.88
[INFO] [stderr]     Checking tracing v0.1.40
[INFO] [stderr]     Checking async-lock v3.1.0
[INFO] [stderr]    Compiling semver-parser v0.10.2
[INFO] [stderr]     Checking async-channel v2.1.0
[INFO] [stderr]     Checking futures-lite v2.0.1
[INFO] [stderr]     Checking quick-error v1.2.3
[INFO] [stderr]     Checking pin-project v0.4.30
[INFO] [stderr]    Compiling async-trait v0.1.74
[INFO] [stderr]     Checking async-executor v1.6.0
[INFO] [stderr]     Checking blocking v1.5.1
[INFO] [stderr]    Compiling semver v0.11.0
[INFO] [stderr]     Checking futures-executor v0.3.29
[INFO] [stderr]     Checking asynchronous-codec v0.6.2
[INFO] [stderr]     Checking futures v0.3.29
[INFO] [stderr]     Checking unsigned-varint v0.7.2
[INFO] [stderr]     Checking rw-stream-sink v0.2.1
[INFO] [stderr]     Checking wasm-timer v0.2.5
[INFO] [stderr]    Compiling wasm-bindgen-macro-support v0.2.88
[INFO] [stderr]     Checking async-channel v1.9.0
[INFO] [stderr]     Checking multihash v0.14.0
[INFO] [stderr]     Checking multistream-select v0.10.4
[INFO] [stderr]    Compiling ahash v0.7.7
[INFO] [stderr]    Compiling heck v0.4.1
[INFO] [stderr]    Compiling wasm-bindgen v0.2.88
[INFO] [stderr]     Checking matches v0.1.10
[INFO] [stderr]     Checking match_cfg v0.1.0
[INFO] [stderr]     Checking miniz_oxide v0.7.1
[INFO] [stderr]     Checking hostname v0.3.1
[INFO] [stderr]     Checking idna v0.2.3
[INFO] [stderr]    Compiling enum-as-inner v0.3.4
[INFO] [stderr]     Checking async-global-executor v2.3.1
[INFO] [stderr]    Compiling rustc_version v0.3.3
[INFO] [stderr]    Compiling async-attributes v1.1.2
[INFO] [stderr]    Compiling libp2p-core v0.29.0
[INFO] [stderr]     Checking webpki v0.21.4
[INFO] [stderr]     Checking kv-log-macro v1.0.7
[INFO] [stderr]     Checking aho-corasick v1.1.2
[INFO] [stderr]     Checking linked-hash-map v0.5.6
[INFO] [stderr]     Checking lru-cache v0.1.2
[INFO] [stderr]    Compiling snow v0.8.0
[INFO] [stderr]     Checking flate2 v1.0.28
[INFO] [stderr]    Compiling wasm-bindgen-macro v0.2.88
[INFO] [stderr]     Checking trust-dns-proto v0.20.4
[INFO] [stderr]     Checking async-std v1.12.0
[INFO] [stderr]     Checking resolv-conf v0.7.0
[INFO] [stderr]     Checking sct v0.6.1
[INFO] [stderr]     Checking nohash-hasher v0.2.0
[INFO] [stderr]     Checking rustls v0.19.1
[INFO] [stderr]     Checking hashbrown v0.11.2
[INFO] [stderr]    Compiling libp2p-identify v0.30.0
[INFO] [stderr]     Checking regex-automata v0.4.3
[INFO] [stderr]    Compiling libp2p-gossipsub v0.32.0
[INFO] [stderr]    Compiling libp2p-kad v0.31.0
[INFO] [stderr]     Checking js-sys v0.3.65
[INFO] [stderr]     Checking trust-dns-resolver v0.20.4
[INFO] [stderr]    Compiling libp2p-floodsub v0.30.0
[INFO] [stderr]    Compiling libp2p-noise v0.32.0
[INFO] [stderr]    Compiling libp2p-plaintext v0.29.0
[INFO] [stderr]    Compiling libp2p-relay v0.3.0
[INFO] [stderr]     Checking if-watch v0.2.2
[INFO] [stderr]    Compiling minicbor-derive v0.6.4
[INFO] [stderr]     Checking multiaddr v0.13.0
[INFO] [stderr]     Checking ed25519-dalek v1.0.1
[INFO] [stderr]     Checking sha-1 v0.9.8
[INFO] [stderr]     Checking cipher v0.3.0
[INFO] [stderr]     Checking regex v1.10.2
[INFO] [stderr]     Checking keccak v0.1.4
[INFO] [stderr]     Checking soketto v0.4.2
[INFO] [stderr]     Checking salsa20 v0.8.1
[INFO] [stderr]     Checking sha3 v0.9.1
[INFO] [stderr]     Checking quicksink v0.1.2
[INFO] [stderr]     Checking uint v0.9.5
[INFO] [stderr]     Checking futures-rustls v0.21.1
[INFO] [stderr]     Checking async-std-resolver v0.20.4
[INFO] [stderr]     Checking lru v0.6.6
[INFO] [stderr]     Checking yamux v0.9.0
[INFO] [stderr]     Checking webpki-roots v0.21.1
[INFO] [stderr]     Checking dns-parser v0.8.0
[INFO] [stderr]     Checking x25519-dalek v1.2.0
[INFO] [stderr]     Checking cuckoofilter v0.5.0
[INFO] [stderr]     Checking arrayvec v0.5.2
[INFO] [stderr]     Checking hex_fmt v0.3.0
[INFO] [stderr]     Checking parity-send-wrapper v0.1.0
[INFO] [stderr]     Checking libp2p-pnet v0.21.0
[INFO] [stderr]    Compiling libp2p-swarm-derive v0.24.0
[INFO] [stderr]    Compiling tokio-macros v2.2.0
[INFO] [stderr]     Checking atty v0.2.14
[INFO] [stderr]     Checking humantime v2.1.0
[INFO] [stderr]     Checking termcolor v1.4.0
[INFO] [stderr]     Checking atomic v0.5.3
[INFO] [stderr]     Checking env_logger v0.8.4
[INFO] [stderr]     Checking tokio v1.34.0
[INFO] [stderr]     Checking minicbor v0.8.1
[INFO] [stderr]     Checking wasm-bindgen-futures v0.4.38
[INFO] [stderr]     Checking libp2p-swarm v0.30.0
[INFO] [stderr]     Checking libp2p-websocket v0.30.0
[INFO] [stderr]     Checking libp2p-tcp v0.29.0
[INFO] [stderr]     Checking libp2p-yamux v0.33.0
[INFO] [stderr]     Checking libp2p-mplex v0.29.0
[INFO] [stderr]     Checking libp2p-wasm-ext v0.29.0
[INFO] [stderr]     Checking libp2p-deflate v0.29.0
[INFO] [stderr]     Checking libp2p-uds v0.29.0
[INFO] [stderr]     Checking libp2p-dns v0.29.0
[INFO] [stderr]     Checking libp2p-ping v0.30.0
[INFO] [stderr]     Checking libp2p-request-response v0.12.0
[INFO] [stderr]     Checking libp2p-mdns-ouro v0.31.1
[INFO] [stderr]     Checking p2p-net-oura v0.39.3 (/opt/rustwide/workdir)
[INFO] [stdout] error[E0433]: failed to resolve: use of undeclared crate or module `libp2p`
[INFO] [stdout]   --> examples/distributed-key-value-store.rs:45:5
[INFO] [stdout]    |
[INFO] [stdout] 45 | use libp2p::kad::record::store::MemoryStore;
[INFO] [stdout]    |     ^^^^^^ use of undeclared crate or module `libp2p`
[INFO] [stdout] 
[INFO] [stdout] 
[INFO] [stdout] error[E0433]: failed to resolve: use of undeclared crate or module `libp2p`
[INFO] [stdout]   --> examples/distributed-key-value-store.rs:46:5
[INFO] [stdout]    |
[INFO] [stdout] 46 | use libp2p::kad::{
[INFO] [stdout]    |     ^^^^^^ use of undeclared crate or module `libp2p`
[INFO] [stdout] 
[INFO] [stdout] 
[INFO] [stdout] error[E0433]: failed to resolve: use of undeclared crate or module `libp2p`
[INFO] [stdout]   --> examples/ping.rs:45:5
[INFO] [stdout]    |
[INFO] [stdout] 45 | use libp2p::ping::{Ping, PingConfig};
[INFO] [stdout]    |     ^^^^^^ use of undeclared crate or module `libp2p`
[INFO] [stdout] 
[INFO] [stdout] 
[INFO] [stdout] error[E0433]: failed to resolve: use of undeclared crate or module `libp2p`
[INFO] [stdout]   --> examples/ping.rs:46:5
[INFO] [stdout]    |
[INFO] [stdout] 46 | use libp2p::swarm::{Swarm, SwarmEvent};
[INFO] [stdout]    |     ^^^^^^ use of undeclared crate or module `libp2p`
[INFO] [stdout] 
[INFO] [stdout] 
[INFO] [stdout] error[E0433]: failed to resolve: use of undeclared crate or module `libp2p`
[INFO] [stdout]   --> examples/gossipsub-chat.rs:52:5
[INFO] [stdout]    |
[INFO] [stdout] 52 | use libp2p::gossipsub::MessageId;
[INFO] [stdout]    |     ^^^^^^ use of undeclared crate or module `libp2p`
[INFO] [stdout] 
[INFO] [stdout] 
[INFO] [stdout] error[E0433]: failed to resolve: use of undeclared crate or module `libp2p`
[INFO] [stdout]   --> examples/distributed-key-value-store.rs:57:5
[INFO] [stdout]    |
[INFO] [stdout] 57 | use libp2p::{
[INFO] [stdout]    |     ^^^^^^ use of undeclared crate or module `libp2p`
[INFO] [stdout] 
[INFO] [stdout] 
[INFO] [stdout] error[E0433]: failed to resolve: use of undeclared crate or module `libp2p`
[INFO] [stdout]   --> examples/gossipsub-chat.rs:53:5
[INFO] [stdout]    |
[INFO] [stdout] 53 | use libp2p::gossipsub::{
[INFO] [stdout]    |     ^^^^^^ use of undeclared crate or module `libp2p`
[INFO] [stdout] 
[INFO] [stdout] 
[INFO] [stdout] error[E0432]: unresolved import `libp2p`
[INFO] [stdout]   --> examples/distributed-key-value-store.rs:57:5
[INFO] [stdout]    |
[INFO] [stdout] 57 | use libp2p::{
[INFO] [stdout]    |     ^^^^^^ use of undeclared crate or module `libp2p`
[INFO] [stdout] 
[INFO] [stdout] 
[INFO] [stdout] error: aborting due to 4 previous errors
[INFO] [stdout] 
[INFO] [stdout] 
[INFO] [stdout] error[E0433]: failed to resolve: use of undeclared crate or module `libp2p`
[INFO] [stdout]   --> examples/ipfs-private.rs:36:5
[INFO] [stdout]    |
[INFO] [stdout] 36 | use libp2p::{
[INFO] [stdout]    |     ^^^^^^ use of undeclared crate or module `libp2p`
[INFO] [stdout] 
[INFO] [stdout] 
[INFO] [stdout] error[E0433]: failed to resolve: use of undeclared crate or module `libp2p`
[INFO] [stdout]   --> examples/chat.rs:54:5
[INFO] [stdout]    |
[INFO] [stdout] 54 | use libp2p::{
[INFO] [stdout]    |     ^^^^^^ use of undeclared crate or module `libp2p`
[INFO] [stdout] 
[INFO] [stdout] 
[INFO] [stdout] error[E0432]: unresolved import `libp2p`
[INFO] [stdout]   --> examples/chat.rs:54:5
[INFO] [stdout]    |
[INFO] [stdout] 54 | use libp2p::{
[INFO] [stdout]    |     ^^^^^^ use of undeclared crate or module `libp2p`
[INFO] [stdout] 
[INFO] [stdout] 
[INFO] [stdout] error[E0432]: unresolved import `libp2p`
[INFO] [stdout]   --> examples/ping.rs:47:5
[INFO] [stdout]    |
[INFO] [stdout] 47 | use libp2p::{identity, PeerId};
[INFO] [stdout]    |     ^^^^^^ use of undeclared crate or module `libp2p`
[INFO] [stdout] 
[INFO] [stdout] 
[INFO] [stdout] Some errors have detailed explanations: E0432, E0433.
[INFO] [stdout] 
[INFO] [stdout] For more information about an error, try `rustc --explain E0432`.
[INFO] [stdout] 
[INFO] [stdout] error: cannot find attribute `behaviour` in this scope
[INFO] [stdout]   --> examples/chat.rs:91:11
[INFO] [stdout]    |
[INFO] [stdout] 91 |         #[behaviour(ignore)]
[INFO] [stdout]    |           ^^^^^^^^^
[INFO] [stdout] 
[INFO] [stdout] 
[INFO] [stderr] error: could not compile `p2p-net-oura` (example "distributed-key-value-store") due to 5 previous errors
[INFO] [stderr] warning: build failed, waiting for other jobs to finish...
[INFO] [stdout] error[E0433]: failed to resolve: use of undeclared crate or module `libp2p`
[INFO] [stdout]   --> examples/gossipsub-chat.rs:56:5
[INFO] [stdout]    |
[INFO] [stdout] 56 | use libp2p::{gossipsub, identity, swarm::SwarmEvent, PeerId};
[INFO] [stdout]    |     ^^^^^^ use of undeclared crate or module `libp2p`
[INFO] [stdout] 
[INFO] [stdout] 
[INFO] [stdout] error[E0432]: unresolved import `libp2p`
[INFO] [stdout]   --> examples/ipfs-private.rs:36:5
[INFO] [stdout]    |
[INFO] [stdout] 36 | use libp2p::{
[INFO] [stdout]    |     ^^^^^^ use of undeclared crate or module `libp2p`
[INFO] [stdout] 
[INFO] [stdout] 
[INFO] [stdout] warning: unused import: `str::FromStr`
[INFO] [stdout]   --> examples/ipfs-private.rs:57:5
[INFO] [stdout]    |
[INFO] [stdout] 57 |     str::FromStr,
[INFO] [stdout]    |     ^^^^^^^^^^^^
[INFO] [stdout]    |
[INFO] [stdout]    = note: `#[warn(unused_imports)]` on by default
[INFO] [stdout] 
[INFO] [stdout] 
[INFO] [stdout] error[E0432]: unresolved import `libp2p`
[INFO] [stdout]   --> examples/gossipsub-chat.rs:56:5
[INFO] [stdout]    |
[INFO] [stdout] 56 | use libp2p::{gossipsub, identity, swarm::SwarmEvent, PeerId};
[INFO] [stdout]    |     ^^^^^^ use of undeclared crate or module `libp2p`
[INFO] [stdout] 
[INFO] [stdout] 
[INFO] [stdout] error: aborting due to 2 previous errors; 1 warning emitted
[INFO] [stdout] 
[INFO] [stdout] 
[INFO] [stdout] Some errors have detailed explanations: E0432, E0433.
[INFO] [stdout] 
[INFO] [stdout] For more information about an error, try `rustc --explain E0432`.
[INFO] [stdout] 
[INFO] [stdout] error[E0433]: failed to resolve: use of undeclared crate or module `libp2p`
[INFO] [stdout]   --> examples/chat.rs:76:21
[INFO] [stdout]    |
[INFO] [stdout] 76 |     let transport = libp2p::development_transport(local_key).await?;
[INFO] [stdout]    |                     ^^^^^^ use of undeclared crate or module `libp2p`
[INFO] [stdout] 
[INFO] [stdout] 
[INFO] [stdout] error: aborting due to 4 previous errors
[INFO] [stdout] 
[INFO] [stdout] 
[INFO] [stdout] Some errors have detailed explanations: E0432, E0433.
[INFO] [stdout] 
[INFO] [stdout] For more information about an error, try `rustc --explain E0432`.
[INFO] [stdout] 
[INFO] [stdout] error[E0433]: failed to resolve: use of undeclared crate or module `libp2p`
[INFO] [stdout]   --> examples/mdns-passive-discovery.rs:22:5
[INFO] [stdout]    |
[INFO] [stdout] 22 | use libp2p::{
[INFO] [stdout]    |     ^^^^^^ use of undeclared crate or module `libp2p`
[INFO] [stdout] 
[INFO] [stdout] 
[INFO] [stderr] error: could not compile `p2p-net-oura` (example "ipfs-private") due to 3 previous errors; 1 warning emitted
[INFO] [stdout] error[E0432]: unresolved import `libp2p`
[INFO] [stdout]   --> examples/mdns-passive-discovery.rs:22:5
[INFO] [stdout]    |
[INFO] [stdout] 22 | use libp2p::{
[INFO] [stdout]    |     ^^^^^^ use of undeclared crate or module `libp2p`
[INFO] [stdout] 
[INFO] [stdout] 
[INFO] [stderr] error: could not compile `p2p-net-oura` (example "chat") due to 5 previous errors
[INFO] [stdout] error[E0433]: failed to resolve: use of undeclared crate or module `libp2p`
[INFO] [stdout]   --> examples/ping.rs:56:30
[INFO] [stdout]    |
[INFO] [stdout] 56 |     let transport = block_on(libp2p::development_transport(local_key))?;
[INFO] [stdout]    |                              ^^^^^^ use of undeclared crate or module `libp2p`
[INFO] [stdout] 
[INFO] [stdout] 
[INFO] [stdout] error: aborting due to 4 previous errors
[INFO] [stdout] 
[INFO] [stdout] 
[INFO] [stdout] Some errors have detailed explanations: E0432, E0433.
[INFO] [stdout] 
[INFO] [stdout] For more information about an error, try `rustc --explain E0432`.
[INFO] [stdout] 
[INFO] [stdout] error[E0433]: failed to resolve: use of undeclared crate or module `libp2p`
[INFO] [stdout]   --> examples/mdns-passive-discovery.rs:40:21
[INFO] [stdout]    |
[INFO] [stdout] 40 |     let transport = libp2p::development_transport(id_keys).await?;
[INFO] [stdout]    |                     ^^^^^^ use of undeclared crate or module `libp2p`
[INFO] [stdout] 
[INFO] [stdout] 
[INFO] [stderr] error: could not compile `p2p-net-oura` (example "ping") due to 5 previous errors
[INFO] [stdout] error[E0433]: failed to resolve: use of undeclared crate or module `libp2p`
[INFO] [stdout]   --> examples/ipfs-kad.rs:28:5
[INFO] [stdout]    |
[INFO] [stdout] 28 | use libp2p::{
[INFO] [stdout]    |     ^^^^^^ use of undeclared crate or module `libp2p`
[INFO] [stdout] 
[INFO] [stdout] 
[INFO] [stdout] error[E0433]: failed to resolve: use of undeclared crate or module `libp2p`
[INFO] [stdout]   --> examples/ipfs-kad.rs:35:5
[INFO] [stdout]    |
[INFO] [stdout] 35 | use libp2p::kad::{
[INFO] [stdout]    |     ^^^^^^ use of undeclared crate or module `libp2p`
[INFO] [stdout] 
[INFO] [stdout] 
[INFO] [stdout] error[E0433]: failed to resolve: use of undeclared crate or module `libp2p`
[INFO] [stdout]   --> examples/ipfs-kad.rs:42:5
[INFO] [stdout]    |
[INFO] [stdout] 42 | use libp2p::kad::record::store::MemoryStore;
[INFO] [stdout]    |     ^^^^^^ use of undeclared crate or module `libp2p`
[INFO] [stdout] 
[INFO] [stdout] 
[INFO] [stdout] error[E0432]: unresolved import `libp2p`
[INFO] [stdout]   --> examples/ipfs-kad.rs:28:5
[INFO] [stdout]    |
[INFO] [stdout] 28 | use libp2p::{
[INFO] [stdout]    |     ^^^^^^ use of undeclared crate or module `libp2p`
[INFO] [stdout] 
[INFO] [stdout] 
[INFO] [stdout] warning: unused import: `str::FromStr`
[INFO] [stdout]   --> examples/ipfs-kad.rs:43:30
[INFO] [stdout]    |
[INFO] [stdout] 43 | use std::{env, error::Error, str::FromStr, time::Duration};
[INFO] [stdout]    |                              ^^^^^^^^^^^^
[INFO] [stdout]    |
[INFO] [stdout]    = note: `#[warn(unused_imports)]` on by default
[INFO] [stdout] 
[INFO] [stdout] 
[INFO] [stdout] warning: unused import: `futures::StreamExt`
[INFO] [stdout]   --> examples/mdns-passive-discovery.rs:21:5
[INFO] [stdout]    |
[INFO] [stdout] 21 | use futures::StreamExt;
[INFO] [stdout]    |     ^^^^^^^^^^^^^^^^^^
[INFO] [stdout]    |
[INFO] [stdout]    = note: `#[warn(unused_imports)]` on by default
[INFO] [stdout] 
[INFO] [stdout] 
[INFO] [stdout] error: aborting due to 3 previous errors; 1 warning emitted
[INFO] [stdout] 
[INFO] [stdout] 
[INFO] [stdout] Some errors have detailed explanations: E0432, E0433.
[INFO] [stdout] 
[INFO] [stdout] For more information about an error, try `rustc --explain E0432`.
[INFO] [stdout] 
[INFO] [stdout] error[E0433]: failed to resolve: use of undeclared crate or module `libp2p`
[INFO] [stdout]    --> examples/gossipsub-chat.rs:115:9
[INFO] [stdout]     |
[INFO] [stdout] 115 |         libp2p::Swarm::new(transport, gossipsub, local_peer_id)
[INFO] [stdout]     |         ^^^^^^ use of undeclared crate or module `libp2p`
[INFO] [stdout]     |
[INFO] [stdout] help: consider importing one of these items
[INFO] [stdout]     |
[INFO] [stdout] 49  + use libp2p_swarm::Swarm;
[INFO] [stdout]     |
[INFO] [stdout] 49  + use p2p_net_oura::Swarm;
[INFO] [stdout]     |
[INFO] [stdout] help: if you import `Swarm`, refer to it directly
[INFO] [stdout]     |
[INFO] [stdout] 115 -         libp2p::Swarm::new(transport, gossipsub, local_peer_id)
[INFO] [stdout] 115 +         Swarm::new(transport, gossipsub, local_peer_id)
[INFO] [stdout]     |
[INFO] [stdout] 
[INFO] [stdout] 
[INFO] [stderr] error: could not compile `p2p-net-oura` (example "mdns-passive-discovery") due to 4 previous errors; 1 warning emitted
[INFO] [stdout] error[E0433]: failed to resolve: use of undeclared crate or module `libp2p`
[INFO] [stdout]   --> examples/gossipsub-chat.rs:75:21
[INFO] [stdout]    |
[INFO] [stdout] 75 |     let transport = libp2p::development_transport(local_key.clone()).await?;
[INFO] [stdout]    |                     ^^^^^^ use of undeclared crate or module `libp2p`
[INFO] [stdout] 
[INFO] [stdout] 
[INFO] [stdout] warning: unused import: `futures::StreamExt`
[INFO] [stdout]   --> examples/ipfs-kad.rs:27:5
[INFO] [stdout]    |
[INFO] [stdout] 27 | use futures::StreamExt;
[INFO] [stdout]    |     ^^^^^^^^^^^^^^^^^^
[INFO] [stdout] 
[INFO] [stdout] 
[INFO] [stdout] error: aborting due to 4 previous errors; 2 warnings emitted
[INFO] [stdout] 
[INFO] [stdout] 
[INFO] [stdout] Some errors have detailed explanations: E0432, E0433.
[INFO] [stdout] 
[INFO] [stdout] For more information about an error, try `rustc --explain E0432`.
[INFO] [stdout] 
[INFO] [stderr] error: could not compile `p2p-net-oura` (example "ipfs-kad") due to 5 previous errors; 2 warnings emitted
[INFO] [stdout] warning: unused import: `Hash`
[INFO] [stdout]   --> examples/gossipsub-chat.rs:58:17
[INFO] [stdout]    |
[INFO] [stdout] 58 | use std::hash::{Hash, Hasher};
[INFO] [stdout]    |                 ^^^^
[INFO] [stdout]    |
[INFO] [stdout]    = note: `#[warn(unused_imports)]` on by default
[INFO] [stdout] 
[INFO] [stdout] 
[INFO] [stdout] error: aborting due to 6 previous errors; 1 warning emitted
[INFO] [stdout] 
[INFO] [stdout] 
[INFO] [stdout] Some errors have detailed explanations: E0432, E0433.
[INFO] [stdout] 
[INFO] [stdout] For more information about an error, try `rustc --explain E0432`.
[INFO] [stdout] 
[INFO] [stderr] error: could not compile `p2p-net-oura` (example "gossipsub-chat") due to 7 previous errors; 1 warning emitted
[INFO] running `Command { std: "docker" "inspect" "f8d382d9235c05519225e3116c88ce8354f60c153c3901c5bf4440bba6b3f358", kill_on_drop: false }`
[INFO] running `Command { std: "docker" "rm" "-f" "f8d382d9235c05519225e3116c88ce8354f60c153c3901c5bf4440bba6b3f358", kill_on_drop: false }`
[INFO] [stdout] f8d382d9235c05519225e3116c88ce8354f60c153c3901c5bf4440bba6b3f358
[INFO] checking p2p-net-oura-0.39.3 against nightly-2024-02-05+rustflags=-Dunexpected_cfgs+cargoflags=-Zcheck-cfg for check-cfg
[INFO] extracting crate p2p-net-oura 0.39.3 into /workspace/builds/worker-6-tc2/source
[INFO] validating manifest of crates.io crate p2p-net-oura 0.39.3 on toolchain nightly-2024-02-05
[INFO] running `Command { std: CARGO_HOME="/workspace/cargo-home" RUSTUP_HOME="/workspace/rustup-home" "/workspace/cargo-home/bin/cargo" "+nightly-2024-02-05" "metadata" "--manifest-path" "Cargo.toml" "--no-deps", kill_on_drop: false }`
[INFO] started tweaking crates.io crate p2p-net-oura 0.39.3
[INFO] removed 0 missing examples
[INFO] finished tweaking crates.io crate p2p-net-oura 0.39.3
[INFO] tweaked toml for crates.io crate p2p-net-oura 0.39.3 written to /workspace/builds/worker-6-tc2/source/Cargo.toml
[INFO] crate crates.io crate p2p-net-oura 0.39.3 already has a lockfile, it will not be regenerated
[INFO] running `Command { std: CARGO_HOME="/workspace/cargo-home" RUSTUP_HOME="/workspace/rustup-home" "/workspace/cargo-home/bin/cargo" "+nightly-2024-02-05" "fetch" "--manifest-path" "Cargo.toml", kill_on_drop: false }`
[INFO] running `Command { std: "docker" "create" "-v" "/var/lib/crater-agent-workspace/builds/worker-6-tc2/target:/opt/rustwide/target:rw,Z" "-v" "/var/lib/crater-agent-workspace/builds/worker-6-tc2/source:/opt/rustwide/workdir:ro,Z" "-v" "/var/lib/crater-agent-workspace/cargo-home:/opt/rustwide/cargo-home:ro,Z" "-v" "/var/lib/crater-agent-workspace/rustup-home:/opt/rustwide/rustup-home:ro,Z" "-e" "SOURCE_DIR=/opt/rustwide/workdir" "-e" "CARGO_TARGET_DIR=/opt/rustwide/target" "-e" "CARGO_HOME=/opt/rustwide/cargo-home" "-e" "RUSTUP_HOME=/opt/rustwide/rustup-home" "-w" "/opt/rustwide/workdir" "-m" "1610612736" "--user" "0:0" "--network" "none" "ghcr.io/rust-lang/crates-build-env/linux@sha256:2788e3201cd34a07e3172128adcd8b3090168a8e3bcc40d7c032b9dda1df7d1c" "/opt/rustwide/cargo-home/bin/cargo" "+nightly-2024-02-05" "metadata" "--no-deps" "--format-version=1", kill_on_drop: false }`
[INFO] [stdout] db3b1d189f2096e074d848e14191bc370fa157cca6363aeb170e62e54fbf28de
[INFO] running `Command { std: "docker" "start" "-a" "db3b1d189f2096e074d848e14191bc370fa157cca6363aeb170e62e54fbf28de", kill_on_drop: false }`
[INFO] running `Command { std: "docker" "inspect" "db3b1d189f2096e074d848e14191bc370fa157cca6363aeb170e62e54fbf28de", kill_on_drop: false }`
[INFO] running `Command { std: "docker" "rm" "-f" "db3b1d189f2096e074d848e14191bc370fa157cca6363aeb170e62e54fbf28de", kill_on_drop: false }`
[INFO] [stdout] db3b1d189f2096e074d848e14191bc370fa157cca6363aeb170e62e54fbf28de
[INFO] running `Command { std: "docker" "create" "-v" "/var/lib/crater-agent-workspace/builds/worker-6-tc2/target:/opt/rustwide/target:rw,Z" "-v" "/var/lib/crater-agent-workspace/builds/worker-6-tc2/source:/opt/rustwide/workdir:ro,Z" "-v" "/var/lib/crater-agent-workspace/cargo-home:/opt/rustwide/cargo-home:ro,Z" "-v" "/var/lib/crater-agent-workspace/rustup-home:/opt/rustwide/rustup-home:ro,Z" "-e" "SOURCE_DIR=/opt/rustwide/workdir" "-e" "CARGO_TARGET_DIR=/opt/rustwide/target" "-e" "CARGO_INCREMENTAL=0" "-e" "RUST_BACKTRACE=full" "-e" "RUSTFLAGS=--cap-lints=forbid -Dunexpected_cfgs" "-e" "RUSTDOCFLAGS=--cap-lints=forbid" "-e" "CARGO_HOME=/opt/rustwide/cargo-home" "-e" "RUSTUP_HOME=/opt/rustwide/rustup-home" "-w" "/opt/rustwide/workdir" "-m" "1610612736" "--user" "0:0" "--network" "none" "ghcr.io/rust-lang/crates-build-env/linux@sha256:2788e3201cd34a07e3172128adcd8b3090168a8e3bcc40d7c032b9dda1df7d1c" "/opt/rustwide/cargo-home/bin/cargo" "+nightly-2024-02-05" "check" "--frozen" "--all" "--all-targets" "--message-format=json" "-Zcheck-cfg", kill_on_drop: false }`
[INFO] [stdout] 2f75d3d5f11aa0626e489c6ad230b67c430fed399c734293d93af04983d92d21
[INFO] running `Command { std: "docker" "start" "-a" "2f75d3d5f11aa0626e489c6ad230b67c430fed399c734293d93af04983d92d21", kill_on_drop: false }`
[INFO] [stderr]    Compiling proc-macro2 v1.0.69
[INFO] [stderr]    Compiling futures-core v0.3.29
[INFO] [stderr]     Checking futures-io v0.3.29
[INFO] [stderr]    Compiling either v1.9.0
[INFO] [stderr]    Compiling anyhow v1.0.75
[INFO] [stderr]    Compiling log v0.4.20
[INFO] [stderr]    Compiling rustix v0.38.24
[INFO] [stderr]    Compiling linux-raw-sys v0.4.11
[INFO] [stderr]    Compiling bitflags v2.4.1
[INFO] [stderr]    Compiling itertools v0.10.5
[INFO] [stderr]    Compiling home v0.5.5
[INFO] [stderr]    Compiling indexmap v1.9.3
[INFO] [stderr]    Compiling bytes v1.5.0
[INFO] [stderr]    Compiling hashbrown v0.12.3
[INFO] [stderr]    Compiling unicode-segmentation v1.10.1
[INFO] [stderr]    Compiling fastrand v2.0.1
[INFO] [stderr]    Compiling futures-channel v0.3.29
[INFO] [stderr]    Compiling cfg-if v1.0.0
[INFO] [stderr]    Compiling futures-task v0.3.29
[INFO] [stderr]    Compiling fixedbitset v0.2.0
[INFO] [stderr]    Compiling quote v1.0.33
[INFO] [stderr]    Compiling heck v0.3.3
[INFO] [stderr]     Checking value-bag v1.4.2
[INFO] [stderr]    Compiling futures-util v0.3.29
[INFO] [stderr]    Compiling syn v2.0.39
[INFO] [stderr]    Compiling syn v1.0.109
[INFO] [stderr]    Compiling multimap v0.8.3
[INFO] [stderr]     Checking once_cell v1.18.0
[INFO] [stderr]    Compiling getrandom v0.1.16
[INFO] [stderr]    Compiling petgraph v0.5.1
[INFO] [stderr]    Compiling ring v0.16.20
[INFO] [stderr]     Checking block-padding v0.2.1
[INFO] [stderr]     Checking block-buffer v0.9.0
[INFO] [stderr]     Checking rand_core v0.5.1
[INFO] [stderr]     Checking subtle v2.5.0
[INFO] [stderr]     Checking tinyvec v1.6.0
[INFO] [stderr]    Compiling typenum v1.17.0
[INFO] [stderr]    Compiling crunchy v0.2.2
[INFO] [stderr]     Checking smallvec v1.11.2
[INFO] [stderr]    Compiling lock_api v0.4.11
[INFO] [stderr]    Compiling which v4.4.2
[INFO] [stderr]    Compiling tempfile v3.8.1
[INFO] [stderr]    Compiling generic-array v0.14.7
[INFO] [stderr]     Checking spin v0.5.2
[INFO] [stderr]     Checking unicode-normalization v0.1.22
[INFO] [stderr]    Compiling prost-build v0.8.0
[INFO] [stderr]     Checking untrusted v0.7.1
[INFO] [stderr]    Compiling parking_lot_core v0.8.6
[INFO] [stderr]     Checking unicode-bidi v0.3.13
[INFO] [stderr]     Checking cpufeatures v0.2.11
[INFO] [stderr]    Compiling digest v0.9.0
[INFO] [stderr]     Checking rand_chacha v0.2.2
[INFO] [stderr]    Compiling proc-macro-error-attr v1.0.4
[INFO] [stderr]     Checking instant v0.1.12
[INFO] [stderr]    Compiling hashbrown v0.14.2
[INFO] [stderr]     Checking percent-encoding v2.3.0
[INFO] [stderr]    Compiling equivalent v1.0.1
[INFO] [stderr]     Checking form_urlencoded v1.2.0
[INFO] [stderr]    Compiling libsecp256k1-core v0.2.2
[INFO] [stderr]     Checking idna v0.4.0
[INFO] [stderr]     Checking rand v0.7.3
[INFO] [stderr]    Compiling proc-macro-error v1.0.4
[INFO] [stderr]    Compiling indexmap v2.1.0
[INFO] [stderr]    Compiling winnow v0.5.19
[INFO] [stderr]    Compiling toml_datetime v0.6.5
[INFO] [stderr]    Compiling serde v1.0.192
[INFO] [stderr]     Checking url v2.4.1
[INFO] [stderr]     Checking parking_lot v0.11.2
[INFO] [stderr]     Checking sha2 v0.9.9
[INFO] [stderr]    Compiling pin-project-internal v0.4.30
[INFO] [stderr]     Checking data-encoding v2.4.0
[INFO] [stderr]    Compiling unicode-xid v0.2.4
[INFO] [stderr]    Compiling libsecp256k1-gen-genmult v0.2.1
[INFO] [stderr]    Compiling libsecp256k1-gen-ecmult v0.2.1
[INFO] [stderr]     Checking crypto-mac v0.8.0
[INFO] [stderr]     Checking base64 v0.12.3
[INFO] [stderr]     Checking signature v1.6.4
[INFO] [stderr]    Compiling libsecp256k1 v0.5.0
[INFO] [stderr]     Checking hmac v0.8.1
[INFO] [stderr]     Checking ed25519 v1.5.3
[INFO] [stderr]     Checking hmac-drbg v0.3.0
[INFO] [stderr]    Compiling synstructure v0.12.6
[INFO] [stderr]     Checking bs58 v0.4.0
[INFO] [stderr]     Checking futures-timer v3.0.2
[INFO] [stderr]     Checking void v1.0.2
[INFO] [stderr]    Compiling toml_edit v0.19.15
[INFO] [stderr]     Checking asn1_der v0.7.6
[INFO] [stderr]    Compiling crossbeam-utils v0.8.16
[INFO] [stderr]     Checking getrandom v0.2.11
[INFO] [stderr]     Checking parking v2.2.0
[INFO] [stderr]     Checking event-listener v2.5.3
[INFO] [stderr]     Checking rand_core v0.6.4
[INFO] [stderr]    Compiling polling v2.8.0
[INFO] [stderr]    Compiling rustix v0.37.27
[INFO] [stderr]     Checking waker-fn v1.1.1
[INFO] [stderr]     Checking fastrand v1.9.0
[INFO] [stderr]     Checking async-lock v2.8.0
[INFO] [stderr]     Checking concurrent-queue v2.3.0
[INFO] [stderr]     Checking futures-lite v1.13.0
[INFO] [stderr]     Checking io-lifetimes v1.0.11
[INFO] [stderr]    Compiling async-io v1.13.0
[INFO] [stderr]     Checking linux-raw-sys v0.3.8
[INFO] [stderr]     Checking event-listener v3.1.0
[INFO] [stderr]     Checking rand_chacha v0.3.1
[INFO] [stderr]     Checking socket2 v0.4.10
[INFO] [stderr]    Compiling wasm-bindgen-shared v0.2.88
[INFO] [stderr]     Checking rand v0.8.5
[INFO] [stderr]     Checking event-listener-strategy v0.3.0
[INFO] [stderr]    Compiling memchr v2.6.4
[INFO] [stderr]    Compiling futures-macro v0.3.29
[INFO] [stderr]    Compiling thiserror-impl v1.0.50
[INFO] [stderr]    Compiling zeroize_derive v1.4.2
[INFO] [stderr]    Compiling serde_derive v1.0.192
[INFO] [stderr]    Compiling pin-project-internal v1.1.3
[INFO] [stderr]    Compiling prost-derive v0.8.0
[INFO] [stderr]     Checking zeroize v1.3.0
[INFO] [stderr]    Compiling proc-macro-crate v1.3.1
[INFO] [stderr]     Checking curve25519-dalek v3.2.1
[INFO] [stderr]    Compiling multihash-derive v0.7.2
[INFO] [stderr]     Checking thiserror v1.0.50
[INFO] [stderr]    Compiling pest v2.7.5
[INFO] [stderr]     Checking pin-project v1.1.3
[INFO] [stderr]     Checking atomic-waker v1.1.2
[INFO] [stderr]     Checking async-task v4.5.0
[INFO] [stderr]     Checking tracing-core v0.1.32
[INFO] [stderr]     Checking ipnet v2.9.0
[INFO] [stderr]    Compiling bumpalo v3.14.0
[INFO] [stderr]     Checking tracing v0.1.40
[INFO] [stderr]    Compiling prost v0.8.0
[INFO] [stderr]    Compiling wasm-bindgen-backend v0.2.88
[INFO] [stderr]    Compiling libz-sys v1.1.12
[INFO] [stderr]     Checking piper v0.2.1
[INFO] [stderr]     Checking async-lock v3.1.0
[INFO] [stderr]    Compiling prost-types v0.8.0
[INFO] [stderr]     Checking futures-executor v0.3.29
[INFO] [stderr]     Checking asynchronous-codec v0.6.2
[INFO] [stderr]     Checking pin-project v0.4.30
[INFO] [stderr]     Checking futures v0.3.29
[INFO] [stderr]    Compiling semver-parser v0.10.2
[INFO] [stderr]     Checking rw-stream-sink v0.2.1
[INFO] [stderr]     Checking wasm-timer v0.2.5
[INFO] [stderr]     Checking async-channel v2.1.0
[INFO] [stderr]     Checking unsigned-varint v0.7.2
[INFO] [stderr]     Checking futures-lite v2.0.1
[INFO] [stderr]     Checking quick-error v1.2.3
[INFO] [stderr]    Compiling semver v0.11.0
[INFO] [stderr]     Checking blocking v1.5.1
[INFO] [stderr]     Checking multihash v0.14.0
[INFO] [stderr]     Checking multistream-select v0.10.4
[INFO] [stderr]    Compiling async-trait v0.1.74
[INFO] [stderr]     Checking async-executor v1.6.0
[INFO] [stderr]     Checking async-channel v1.9.0
[INFO] [stderr]    Compiling wasm-bindgen-macro-support v0.2.88
[INFO] [stderr]    Compiling ahash v0.7.7
[INFO] [stderr]     Checking match_cfg v0.1.0
[INFO] [stderr]    Compiling heck v0.4.1
[INFO] [stderr]    Compiling wasm-bindgen v0.2.88
[INFO] [stderr]     Checking matches v0.1.10
[INFO] [stderr]     Checking idna v0.2.3
[INFO] [stderr]    Compiling enum-as-inner v0.3.4
[INFO] [stderr]     Checking hostname v0.3.1
[INFO] [stderr]     Checking miniz_oxide v0.7.1
[INFO] [stderr]     Checking async-global-executor v2.3.1
[INFO] [stderr]    Compiling rustc_version v0.3.3
[INFO] [stderr]    Compiling async-attributes v1.1.2
[INFO] [stderr]    Compiling wasm-bindgen-macro v0.2.88
[INFO] [stderr]    Compiling libp2p-core v0.29.0
[INFO] [stderr]     Checking webpki v0.21.4
[INFO] [stderr]     Checking kv-log-macro v1.0.7
[INFO] [stderr]     Checking aho-corasick v1.1.2
[INFO] [stderr]     Checking linked-hash-map v0.5.6
[INFO] [stderr]     Checking trust-dns-proto v0.20.4
[INFO] [stderr]     Checking lru-cache v0.1.2
[INFO] [stderr]    Compiling snow v0.8.0
[INFO] [stderr]     Checking flate2 v1.0.28
[INFO] [stderr]     Checking resolv-conf v0.7.0
[INFO] [stderr]     Checking async-std v1.12.0
[INFO] [stderr]     Checking sct v0.6.1
[INFO] [stderr]     Checking nohash-hasher v0.2.0
[INFO] [stderr]     Checking hashbrown v0.11.2
[INFO] [stderr]     Checking rustls v0.19.1
[INFO] [stderr]    Compiling libp2p-gossipsub v0.32.0
[INFO] [stderr]     Checking regex-automata v0.4.3
[INFO] [stderr]     Checking js-sys v0.3.65
[INFO] [stderr]    Compiling libp2p-identify v0.30.0
[INFO] [stderr]    Compiling libp2p-kad v0.31.0
[INFO] [stderr]     Checking trust-dns-resolver v0.20.4
[INFO] [stderr]    Compiling libp2p-noise v0.32.0
[INFO] [stderr]    Compiling libp2p-floodsub v0.30.0
[INFO] [stderr]     Checking multiaddr v0.13.0
[INFO] [stderr]     Checking ed25519-dalek v1.0.1
[INFO] [stderr]    Compiling libp2p-plaintext v0.29.0
[INFO] [stderr]    Compiling libp2p-relay v0.3.0
[INFO] [stderr]     Checking if-watch v0.2.2
[INFO] [stderr]    Compiling minicbor-derive v0.6.4
[INFO] [stderr]     Checking sha-1 v0.9.8
[INFO] [stderr]     Checking cipher v0.3.0
[INFO] [stderr]     Checking keccak v0.1.4
[INFO] [stderr]     Checking quicksink v0.1.2
[INFO] [stderr]     Checking salsa20 v0.8.1
[INFO] [stderr]     Checking regex v1.10.2
[INFO] [stderr]     Checking soketto v0.4.2
[INFO] [stderr]     Checking sha3 v0.9.1
[INFO] [stderr]     Checking uint v0.9.5
[INFO] [stderr]     Checking async-std-resolver v0.20.4
[INFO] [stderr]     Checking futures-rustls v0.21.1
[INFO] [stderr]     Checking lru v0.6.6
[INFO] [stderr]     Checking yamux v0.9.0
[INFO] [stderr]     Checking webpki-roots v0.21.1
[INFO] [stderr]     Checking dns-parser v0.8.0
[INFO] [stderr]     Checking x25519-dalek v1.2.0
[INFO] [stderr]     Checking cuckoofilter v0.5.0
[INFO] [stderr]     Checking hex_fmt v0.3.0
[INFO] [stderr]     Checking arrayvec v0.5.2
[INFO] [stderr]     Checking parity-send-wrapper v0.1.0
[INFO] [stderr]     Checking libp2p-pnet v0.21.0
[INFO] [stderr]    Compiling libp2p-swarm-derive v0.24.0
[INFO] [stderr]    Compiling tokio-macros v2.2.0
[INFO] [stderr]     Checking atty v0.2.14
[INFO] [stderr]     Checking atomic v0.5.3
[INFO] [stderr]     Checking humantime v2.1.0
[INFO] [stderr]     Checking termcolor v1.4.0
[INFO] [stderr]     Checking env_logger v0.8.4
[INFO] [stderr]     Checking wasm-bindgen-futures v0.4.38
[INFO] [stderr]     Checking tokio v1.34.0
[INFO] [stderr]     Checking minicbor v0.8.1
[INFO] [stderr]     Checking libp2p-swarm v0.30.0
[INFO] [stderr]     Checking libp2p-yamux v0.33.0
[INFO] [stderr]     Checking libp2p-tcp v0.29.0
[INFO] [stderr]     Checking libp2p-dns v0.29.0
[INFO] [stderr]     Checking libp2p-wasm-ext v0.29.0
[INFO] [stderr]     Checking libp2p-uds v0.29.0
[INFO] [stderr]     Checking libp2p-websocket v0.30.0
[INFO] [stderr]     Checking libp2p-mplex v0.29.0
[INFO] [stderr]     Checking libp2p-deflate v0.29.0
[INFO] [stderr]     Checking libp2p-ping v0.30.0
[INFO] [stderr]     Checking libp2p-request-response v0.12.0
[INFO] [stderr]     Checking libp2p-mdns-ouro v0.31.1
[INFO] [stderr]     Checking p2p-net-oura v0.39.3 (/opt/rustwide/workdir)
[INFO] [stdout] error: unexpected `cfg` condition name: `docsrs`
[INFO] [stdout]   --> src/lib.rs:46:12
[INFO] [stdout]    |
[INFO] [stdout] 46 | #[cfg_attr(docsrs, doc(cfg(feature = "deflate")))]
[INFO] [stdout]    |            ^^^^^^
[INFO] [stdout]    |
[INFO] [stdout]    = help: expected names are: `debug_assertions`, `doc`, `doctest`, `feature`, `miri`, `overflow_checks`, `panic`, `proc_macro`, `relocation_model`, `sanitize`, `sanitizer_cfi_generalize_pointers`, `sanitizer_cfi_normalize_integers`, `target_abi`, `target_arch`, `target_endian`, `target_env`, `target_family`, `target_feature`, `target_has_atomic`, `target_has_atomic_equal_alignment`, `target_has_atomic_load_store`, `target_os`, `target_pointer_width`, `target_thread_local`, `target_vendor`, `test`, `unix`, `windows`
[INFO] [stdout]    = help: consider using a Cargo feature instead or adding `println!("cargo:rustc-check-cfg=cfg(docsrs)");` to the top of a `build.rs`
[INFO] [stdout]    = note: see <https://doc.rust-lang.org/nightly/cargo/reference/unstable.html#check-cfg> for more information about checking conditional configuration
[INFO] [stdout]    = note: requested on the command line with `-D unexpected-cfgs`
[INFO] [stdout] 
[INFO] [stdout] 
[INFO] [stdout] error: unexpected `cfg` condition name: `docsrs`
[INFO] [stdout]   --> src/lib.rs:46:12
[INFO] [stdout]    |
[INFO] [stdout] 46 | #[cfg_attr(docsrs, doc(cfg(feature = "deflate")))]
[INFO] [stdout]    |            ^^^^^^
[INFO] [stdout]    |
[INFO] [stdout]    = help: expected names are: `debug_assertions`, `doc`, `doctest`, `feature`, `miri`, `overflow_checks`, `panic`, `proc_macro`, `relocation_model`, `sanitize`, `sanitizer_cfi_generalize_pointers`, `sanitizer_cfi_normalize_integers`, `target_abi`, `target_arch`, `target_endian`, `target_env`, `target_family`, `target_feature`, `target_has_atomic`, `target_has_atomic_equal_alignment`, `target_has_atomic_load_store`, `target_os`, `target_pointer_width`, `target_thread_local`, `target_vendor`, `test`, `unix`, `windows`
[INFO] [stdout]    = help: consider using a Cargo feature instead or adding `println!("cargo:rustc-check-cfg=cfg(docsrs)");` to the top of a `build.rs`
[INFO] [stdout]    = note: see <https://doc.rust-lang.org/nightly/cargo/reference/unstable.html#check-cfg> for more information about checking conditional configuration
[INFO] [stdout]    = note: requested on the command line with `-D unexpected-cfgs`
[INFO] [stdout] 
[INFO] [stdout] 
[INFO] [stdout] error: unexpected `cfg` condition name: `docsrs`
[INFO] [stdout]   --> src/lib.rs:51:12
[INFO] [stdout]    |
[INFO] [stdout] 51 | #[cfg_attr(docsrs, doc(cfg(any(feature = "dns-async-std", feature = "dns-tokio"))))]
[INFO] [stdout]    |            ^^^^^^
[INFO] [stdout]    |
[INFO] [stdout]    = help: consider using a Cargo feature instead or adding `println!("cargo:rustc-check-cfg=cfg(docsrs)");` to the top of a `build.rs`
[INFO] [stdout]    = note: see <https://doc.rust-lang.org/nightly/cargo/reference/unstable.html#check-cfg> for more information about checking conditional configuration
[INFO] [stdout] 
[INFO] [stdout] 
[INFO] [stdout] error: unexpected `cfg` condition name: `docsrs`
[INFO] [stdout]   --> src/lib.rs:56:12
[INFO] [stdout]    |
[INFO] [stdout] 56 | #[cfg_attr(docsrs, doc(cfg(feature = "identify")))]
[INFO] [stdout]    |            ^^^^^^
[INFO] [stdout]    |
[INFO] [stdout]    = help: consider using a Cargo feature instead or adding `println!("cargo:rustc-check-cfg=cfg(docsrs)");` to the top of a `build.rs`
[INFO] [stdout]    = note: see <https://doc.rust-lang.org/nightly/cargo/reference/unstable.html#check-cfg> for more information about checking conditional configuration
[INFO] [stdout] 
[INFO] [stdout] 
[INFO] [stdout] error: unexpected `cfg` condition name: `docsrs`
[INFO] [stdout]   --> src/lib.rs:60:12
[INFO] [stdout]    |
[INFO] [stdout] 60 | #[cfg_attr(docsrs, doc(cfg(feature = "kad")))]
[INFO] [stdout]    |            ^^^^^^
[INFO] [stdout]    |
[INFO] [stdout]    = help: consider using a Cargo feature instead or adding `println!("cargo:rustc-check-cfg=cfg(docsrs)");` to the top of a `build.rs`
[INFO] [stdout]    = note: see <https://doc.rust-lang.org/nightly/cargo/reference/unstable.html#check-cfg> for more information about checking conditional configuration
[INFO] [stdout] 
[INFO] [stdout] 
[INFO] [stdout] error: unexpected `cfg` condition name: `docsrs`
[INFO] [stdout]   --> src/lib.rs:64:12
[INFO] [stdout]    |
[INFO] [stdout] 64 | #[cfg_attr(docsrs, doc(cfg(feature = "floodsub")))]
[INFO] [stdout]    |            ^^^^^^
[INFO] [stdout]    |
[INFO] [stdout]    = help: consider using a Cargo feature instead or adding `println!("cargo:rustc-check-cfg=cfg(docsrs)");` to the top of a `build.rs`
[INFO] [stdout]    = note: see <https://doc.rust-lang.org/nightly/cargo/reference/unstable.html#check-cfg> for more information about checking conditional configuration
[INFO] [stdout] 
[INFO] [stdout] 
[INFO] [stdout] error: unexpected `cfg` condition name: `docsrs`
[INFO] [stdout]   --> src/lib.rs:68:12
[INFO] [stdout]    |
[INFO] [stdout] 68 | #[cfg_attr(docsrs, doc(cfg(feature = "gossipsub")))]
[INFO] [stdout]    |            ^^^^^^
[INFO] [stdout]    |
[INFO] [stdout]    = help: consider using a Cargo feature instead or adding `println!("cargo:rustc-check-cfg=cfg(docsrs)");` to the top of a `build.rs`
[INFO] [stdout]    = note: see <https://doc.rust-lang.org/nightly/cargo/reference/unstable.html#check-cfg> for more information about checking conditional configuration
[INFO] [stdout] 
[INFO] [stdout] 
[INFO] [stdout] error: unexpected `cfg` condition name: `docsrs`
[INFO] [stdout]   --> src/lib.rs:72:12
[INFO] [stdout]    |
[INFO] [stdout] 72 | #[cfg_attr(docsrs, doc(cfg(feature = "mplex")))]
[INFO] [stdout]    |            ^^^^^^
[INFO] [stdout]    |
[INFO] [stdout]    = help: consider using a Cargo feature instead or adding `println!("cargo:rustc-check-cfg=cfg(docsrs)");` to the top of a `build.rs`
[INFO] [stdout]    = note: see <https://doc.rust-lang.org/nightly/cargo/reference/unstable.html#check-cfg> for more information about checking conditional configuration
[INFO] [stdout] 
[INFO] [stdout] 
[INFO] [stdout] error: unexpected `cfg` condition name: `docsrs`
[INFO] [stdout]   --> src/lib.rs:76:12
[INFO] [stdout]    |
[INFO] [stdout] 76 | #[cfg_attr(docsrs, doc(cfg(feature = "mdns")))]
[INFO] [stdout]    |            ^^^^^^
[INFO] [stdout]    |
[INFO] [stdout]    = help: consider using a Cargo feature instead or adding `println!("cargo:rustc-check-cfg=cfg(docsrs)");` to the top of a `build.rs`
[INFO] [stdout]    = note: see <https://doc.rust-lang.org/nightly/cargo/reference/unstable.html#check-cfg> for more information about checking conditional configuration
[INFO] [stdout] 
[INFO] [stdout] 
[INFO] [stdout] error: unexpected `cfg` condition name: `docsrs`
[INFO] [stdout]   --> src/lib.rs:81:12
[INFO] [stdout]    |
[INFO] [stdout] 81 | #[cfg_attr(docsrs, doc(cfg(feature = "noise")))]
[INFO] [stdout]    |            ^^^^^^
[INFO] [stdout]    |
[INFO] [stdout]    = help: consider using a Cargo feature instead or adding `println!("cargo:rustc-check-cfg=cfg(docsrs)");` to the top of a `build.rs`
[INFO] [stdout]    = note: see <https://doc.rust-lang.org/nightly/cargo/reference/unstable.html#check-cfg> for more information about checking conditional configuration
[INFO] [stdout] 
[INFO] [stdout] 
[INFO] [stdout] error: unexpected `cfg` condition name: `docsrs`
[INFO] [stdout]   --> src/lib.rs:85:12
[INFO] [stdout]    |
[INFO] [stdout] 85 | #[cfg_attr(docsrs, doc(cfg(feature = "ping")))]
[INFO] [stdout]    |            ^^^^^^
[INFO] [stdout]    |
[INFO] [stdout]    = help: consider using a Cargo feature instead or adding `println!("cargo:rustc-check-cfg=cfg(docsrs)");` to the top of a `build.rs`
[INFO] [stdout]    = note: see <https://doc.rust-lang.org/nightly/cargo/reference/unstable.html#check-cfg> for more information about checking conditional configuration
[INFO] [stdout] 
[INFO] [stdout] 
[INFO] [stdout] error: unexpected `cfg` condition name: `docsrs`
[INFO] [stdout]   --> src/lib.rs:89:12
[INFO] [stdout]    |
[INFO] [stdout] 89 | #[cfg_attr(docsrs, doc(cfg(feature = "plaintext")))]
[INFO] [stdout]    |            ^^^^^^
[INFO] [stdout]    |
[INFO] [stdout]    = help: consider using a Cargo feature instead or adding `println!("cargo:rustc-check-cfg=cfg(docsrs)");` to the top of a `build.rs`
[INFO] [stdout]    = note: see <https://doc.rust-lang.org/nightly/cargo/reference/unstable.html#check-cfg> for more information about checking conditional configuration
[INFO] [stdout] 
[INFO] [stdout] 
[INFO] [stdout] error: unexpected `cfg` condition name: `docsrs`
[INFO] [stdout]   --> src/lib.rs:95:12
[INFO] [stdout]    |
[INFO] [stdout] 95 | #[cfg_attr(docsrs, doc(cfg(any(feature = "tcp-async-io", feature = "tcp-tokio"))))]
[INFO] [stdout]    |            ^^^^^^
[INFO] [stdout]    |
[INFO] [stdout]    = help: consider using a Cargo feature instead or adding `println!("cargo:rustc-check-cfg=cfg(docsrs)");` to the top of a `build.rs`
[INFO] [stdout]    = note: see <https://doc.rust-lang.org/nightly/cargo/reference/unstable.html#check-cfg> for more information about checking conditional configuration
[INFO] [stdout] 
[INFO] [stdout] 
[INFO] [stdout] error: unexpected `cfg` condition name: `docsrs`
[INFO] [stdout]    --> src/lib.rs:100:12
[INFO] [stdout]     |
[INFO] [stdout] 100 | #[cfg_attr(docsrs, doc(cfg(feature = "uds")))]
[INFO] [stdout]     |            ^^^^^^
[INFO] [stdout]     |
[INFO] [stdout]     = help: consider using a Cargo feature instead or adding `println!("cargo:rustc-check-cfg=cfg(docsrs)");` to the top of a `build.rs`
[INFO] [stdout]     = note: see <https://doc.rust-lang.org/nightly/cargo/reference/unstable.html#check-cfg> for more information about checking conditional configuration
[INFO] [stdout] 
[INFO] [stdout] 
[INFO] [stdout] error: unexpected `cfg` condition name: `docsrs`
[INFO] [stdout]    --> src/lib.rs:104:12
[INFO] [stdout]     |
[INFO] [stdout] 104 | #[cfg_attr(docsrs, doc(cfg(feature = "wasm-ext")))]
[INFO] [stdout]     |            ^^^^^^
[INFO] [stdout]     |
[INFO] [stdout]     = help: consider using a Cargo feature instead or adding `println!("cargo:rustc-check-cfg=cfg(docsrs)");` to the top of a `build.rs`
[INFO] [stdout]     = note: see <https://doc.rust-lang.org/nightly/cargo/reference/unstable.html#check-cfg> for more information about checking conditional configuration
[INFO] [stdout] 
[INFO] [stdout] 
[INFO] [stdout] error: unexpected `cfg` condition name: `docsrs`
[INFO] [stdout]    --> src/lib.rs:108:12
[INFO] [stdout]     |
[INFO] [stdout] 108 | #[cfg_attr(docsrs, doc(cfg(feature = "websocket")))]
[INFO] [stdout]     |            ^^^^^^
[INFO] [stdout]     |
[INFO] [stdout]     = help: consider using a Cargo feature instead or adding `println!("cargo:rustc-check-cfg=cfg(docsrs)");` to the top of a `build.rs`
[INFO] [stdout]     = note: see <https://doc.rust-lang.org/nightly/cargo/reference/unstable.html#check-cfg> for more information about checking conditional configuration
[INFO] [stdout] 
[INFO] [stdout] 
[INFO] [stdout] error: unexpected `cfg` condition name: `docsrs`
[INFO] [stdout]    --> src/lib.rs:113:12
[INFO] [stdout]     |
[INFO] [stdout] 113 | #[cfg_attr(docsrs, doc(cfg(feature = "yamux")))]
[INFO] [stdout]     |            ^^^^^^
[INFO] [stdout]     |
[INFO] [stdout]     = help: consider using a Cargo feature instead or adding `println!("cargo:rustc-check-cfg=cfg(docsrs)");` to the top of a `build.rs`
[INFO] [stdout]     = note: see <https://doc.rust-lang.org/nightly/cargo/reference/unstable.html#check-cfg> for more information about checking conditional configuration
[INFO] [stdout] 
[INFO] [stdout] 
[INFO] [stdout] error: unexpected `cfg` condition name: `docsrs`
[INFO] [stdout]    --> src/lib.rs:117:12
[INFO] [stdout]     |
[INFO] [stdout] 117 | #[cfg_attr(docsrs, doc(cfg(feature = "pnet")))]
[INFO] [stdout]     |            ^^^^^^
[INFO] [stdout]     |
[INFO] [stdout]     = help: consider using a Cargo feature instead or adding `println!("cargo:rustc-check-cfg=cfg(docsrs)");` to the top of a `build.rs`
[INFO] [stdout]     = note: see <https://doc.rust-lang.org/nightly/cargo/reference/unstable.html#check-cfg> for more information about checking conditional configuration
[INFO] [stdout] 
[INFO] [stdout] 
[INFO] [stdout] error: unexpected `cfg` condition name: `docsrs`
[INFO] [stdout]    --> src/lib.rs:121:12
[INFO] [stdout]     |
[INFO] [stdout] 121 | #[cfg_attr(docsrs, doc(cfg(feature = "relay")))]
[INFO] [stdout]     |            ^^^^^^
[INFO] [stdout]     |
[INFO] [stdout]     = help: consider using a Cargo feature instead or adding `println!("cargo:rustc-check-cfg=cfg(docsrs)");` to the top of a `build.rs`
[INFO] [stdout]     = note: see <https://doc.rust-lang.org/nightly/cargo/reference/unstable.html#check-cfg> for more information about checking conditional configuration
[INFO] [stdout] 
[INFO] [stdout] 
[INFO] [stdout] error: unexpected `cfg` condition name: `docsrs`
[INFO] [stdout]    --> src/lib.rs:125:12
[INFO] [stdout]     |
[INFO] [stdout] 125 | #[cfg_attr(docsrs, doc(cfg(feature = "request-response")))]
[INFO] [stdout]     |            ^^^^^^
[INFO] [stdout]     |
[INFO] [stdout]     = help: consider using a Cargo feature instead or adding `println!("cargo:rustc-check-cfg=cfg(docsrs)");` to the top of a `build.rs`
[INFO] [stdout]     = note: see <https://doc.rust-lang.org/nightly/cargo/reference/unstable.html#check-cfg> for more information about checking conditional configuration
[INFO] [stdout] 
[INFO] [stdout] 
[INFO] [stdout] error: unexpected `cfg` condition name: `docsrs`
[INFO] [stdout]    --> src/lib.rs:162:12
[INFO] [stdout]     |
[INFO] [stdout] 162 | #[cfg_attr(docsrs, doc(cfg(all(not(any(target_os = "emscripten", target_os = "wasi", target_os = "unknown")), feature = "tcp-async-io", f...
[INFO] [stdout]     |            ^^^^^^
[INFO] [stdout]     |
[INFO] [stdout]     = help: consider using a Cargo feature instead or adding `println!("cargo:rustc-check-cfg=cfg(docsrs)");` to the top of a `build.rs`
[INFO] [stdout]     = note: see <https://doc.rust-lang.org/nightly/cargo/reference/unstable.html#check-cfg> for more information about checking conditional configuration
[INFO] [stdout] 
[INFO] [stdout] 
[INFO] [stdout] error: unexpected `cfg` condition name: `docsrs`
[INFO] [stdout]   --> src/lib.rs:51:12
[INFO] [stdout]    |
[INFO] [stdout] 51 | #[cfg_attr(docsrs, doc(cfg(any(feature = "dns-async-std", feature = "dns-tokio"))))]
[INFO] [stdout]    |            ^^^^^^
[INFO] [stdout]    |
[INFO] [stdout]    = help: consider using a Cargo feature instead or adding `println!("cargo:rustc-check-cfg=cfg(docsrs)");` to the top of a `build.rs`
[INFO] [stdout]    = note: see <https://doc.rust-lang.org/nightly/cargo/reference/unstable.html#check-cfg> for more information about checking conditional configuration
[INFO] [stdout] 
[INFO] [stdout] 
[INFO] [stdout] error: unexpected `cfg` condition name: `docsrs`
[INFO] [stdout]   --> src/lib.rs:56:12
[INFO] [stdout]    |
[INFO] [stdout] 56 | #[cfg_attr(docsrs, doc(cfg(feature = "identify")))]
[INFO] [stdout]    |            ^^^^^^
[INFO] [stdout]    |
[INFO] [stdout]    = help: consider using a Cargo feature instead or adding `println!("cargo:rustc-check-cfg=cfg(docsrs)");` to the top of a `build.rs`
[INFO] [stdout]    = note: see <https://doc.rust-lang.org/nightly/cargo/reference/unstable.html#check-cfg> for more information about checking conditional configuration
[INFO] [stdout] 
[INFO] [stdout] 
[INFO] [stdout] error: unexpected `cfg` condition name: `docsrs`
[INFO] [stdout]   --> src/lib.rs:60:12
[INFO] [stdout]    |
[INFO] [stdout] 60 | #[cfg_attr(docsrs, doc(cfg(feature = "kad")))]
[INFO] [stdout]    |            ^^^^^^
[INFO] [stdout]    |
[INFO] [stdout]    = help: consider using a Cargo feature instead or adding `println!("cargo:rustc-check-cfg=cfg(docsrs)");` to the top of a `build.rs`
[INFO] [stdout]    = note: see <https://doc.rust-lang.org/nightly/cargo/reference/unstable.html#check-cfg> for more information about checking conditional configuration
[INFO] [stdout] 
[INFO] [stdout] 
[INFO] [stdout] error: unexpected `cfg` condition name: `docsrs`
[INFO] [stdout]   --> src/lib.rs:64:12
[INFO] [stdout]    |
[INFO] [stdout] 64 | #[cfg_attr(docsrs, doc(cfg(feature = "floodsub")))]
[INFO] [stdout]    |            ^^^^^^
[INFO] [stdout]    |
[INFO] [stdout]    = help: consider using a Cargo feature instead or adding `println!("cargo:rustc-check-cfg=cfg(docsrs)");` to the top of a `build.rs`
[INFO] [stdout]    = note: see <https://doc.rust-lang.org/nightly/cargo/reference/unstable.html#check-cfg> for more information about checking conditional configuration
[INFO] [stdout] 
[INFO] [stdout] 
[INFO] [stdout] error: unexpected `cfg` condition name: `docsrs`
[INFO] [stdout]   --> src/lib.rs:68:12
[INFO] [stdout]    |
[INFO] [stdout] 68 | #[cfg_attr(docsrs, doc(cfg(feature = "gossipsub")))]
[INFO] [stdout]    |            ^^^^^^
[INFO] [stdout]    |
[INFO] [stdout]    = help: consider using a Cargo feature instead or adding `println!("cargo:rustc-check-cfg=cfg(docsrs)");` to the top of a `build.rs`
[INFO] [stdout]    = note: see <https://doc.rust-lang.org/nightly/cargo/reference/unstable.html#check-cfg> for more information about checking conditional configuration
[INFO] [stdout] 
[INFO] [stdout] 
[INFO] [stdout] error: unexpected `cfg` condition name: `docsrs`
[INFO] [stdout]   --> src/lib.rs:72:12
[INFO] [stdout]    |
[INFO] [stdout] 72 | #[cfg_attr(docsrs, doc(cfg(feature = "mplex")))]
[INFO] [stdout]    |            ^^^^^^
[INFO] [stdout]    |
[INFO] [stdout]    = help: consider using a Cargo feature instead or adding `println!("cargo:rustc-check-cfg=cfg(docsrs)");` to the top of a `build.rs`
[INFO] [stdout]    = note: see <https://doc.rust-lang.org/nightly/cargo/reference/unstable.html#check-cfg> for more information about checking conditional configuration
[INFO] [stdout] 
[INFO] [stdout] 
[INFO] [stdout] error: unexpected `cfg` condition name: `docsrs`
[INFO] [stdout]   --> src/lib.rs:76:12
[INFO] [stdout]    |
[INFO] [stdout] 76 | #[cfg_attr(docsrs, doc(cfg(feature = "mdns")))]
[INFO] [stdout]    |            ^^^^^^
[INFO] [stdout]    |
[INFO] [stdout]    = help: consider using a Cargo feature instead or adding `println!("cargo:rustc-check-cfg=cfg(docsrs)");` to the top of a `build.rs`
[INFO] [stdout]    = note: see <https://doc.rust-lang.org/nightly/cargo/reference/unstable.html#check-cfg> for more information about checking conditional configuration
[INFO] [stdout] 
[INFO] [stdout] 
[INFO] [stdout] error: unexpected `cfg` condition name: `docsrs`
[INFO] [stdout]   --> src/lib.rs:81:12
[INFO] [stdout]    |
[INFO] [stdout] 81 | #[cfg_attr(docsrs, doc(cfg(feature = "noise")))]
[INFO] [stdout]    |            ^^^^^^
[INFO] [stdout]    |
[INFO] [stdout]    = help: consider using a Cargo feature instead or adding `println!("cargo:rustc-check-cfg=cfg(docsrs)");` to the top of a `build.rs`
[INFO] [stdout]    = note: see <https://doc.rust-lang.org/nightly/cargo/reference/unstable.html#check-cfg> for more information about checking conditional configuration
[INFO] [stdout] 
[INFO] [stdout] 
[INFO] [stdout] error: unexpected `cfg` condition name: `docsrs`
[INFO] [stdout]   --> src/lib.rs:85:12
[INFO] [stdout]    |
[INFO] [stdout] 85 | #[cfg_attr(docsrs, doc(cfg(feature = "ping")))]
[INFO] [stdout]    |            ^^^^^^
[INFO] [stdout]    |
[INFO] [stdout]    = help: consider using a Cargo feature instead or adding `println!("cargo:rustc-check-cfg=cfg(docsrs)");` to the top of a `build.rs`
[INFO] [stdout]    = note: see <https://doc.rust-lang.org/nightly/cargo/reference/unstable.html#check-cfg> for more information about checking conditional configuration
[INFO] [stdout] 
[INFO] [stdout] 
[INFO] [stdout] error: unexpected `cfg` condition name: `docsrs`
[INFO] [stdout]   --> src/lib.rs:89:12
[INFO] [stdout]    |
[INFO] [stdout] 89 | #[cfg_attr(docsrs, doc(cfg(feature = "plaintext")))]
[INFO] [stdout]    |            ^^^^^^
[INFO] [stdout]    |
[INFO] [stdout]    = help: consider using a Cargo feature instead or adding `println!("cargo:rustc-check-cfg=cfg(docsrs)");` to the top of a `build.rs`
[INFO] [stdout]    = note: see <https://doc.rust-lang.org/nightly/cargo/reference/unstable.html#check-cfg> for more information about checking conditional configuration
[INFO] [stdout] 
[INFO] [stdout] 
[INFO] [stdout] error: unexpected `cfg` condition name: `docsrs`
[INFO] [stdout]   --> src/lib.rs:95:12
[INFO] [stdout]    |
[INFO] [stdout] 95 | #[cfg_attr(docsrs, doc(cfg(any(feature = "tcp-async-io", feature = "tcp-tokio"))))]
[INFO] [stdout]    |            ^^^^^^
[INFO] [stdout]    |
[INFO] [stdout]    = help: consider using a Cargo feature instead or adding `println!("cargo:rustc-check-cfg=cfg(docsrs)");` to the top of a `build.rs`
[INFO] [stdout]    = note: see <https://doc.rust-lang.org/nightly/cargo/reference/unstable.html#check-cfg> for more information about checking conditional configuration
[INFO] [stdout] 
[INFO] [stdout] 
[INFO] [stdout] error: unexpected `cfg` condition name: `docsrs`
[INFO] [stdout]    --> src/lib.rs:100:12
[INFO] [stdout]     |
[INFO] [stdout] 100 | #[cfg_attr(docsrs, doc(cfg(feature = "uds")))]
[INFO] [stdout]     |            ^^^^^^
[INFO] [stdout]     |
[INFO] [stdout]     = help: consider using a Cargo feature instead or adding `println!("cargo:rustc-check-cfg=cfg(docsrs)");` to the top of a `build.rs`
[INFO] [stdout]     = note: see <https://doc.rust-lang.org/nightly/cargo/reference/unstable.html#check-cfg> for more information about checking conditional configuration
[INFO] [stdout] 
[INFO] [stdout] 
[INFO] [stdout] error: unexpected `cfg` condition name: `docsrs`
[INFO] [stdout]    --> src/lib.rs:104:12
[INFO] [stdout]     |
[INFO] [stdout] 104 | #[cfg_attr(docsrs, doc(cfg(feature = "wasm-ext")))]
[INFO] [stdout]     |            ^^^^^^
[INFO] [stdout]     |
[INFO] [stdout]     = help: consider using a Cargo feature instead or adding `println!("cargo:rustc-check-cfg=cfg(docsrs)");` to the top of a `build.rs`
[INFO] [stdout]     = note: see <https://doc.rust-lang.org/nightly/cargo/reference/unstable.html#check-cfg> for more information about checking conditional configuration
[INFO] [stdout] 
[INFO] [stdout] 
[INFO] [stdout] error: unexpected `cfg` condition name: `docsrs`
[INFO] [stdout]    --> src/lib.rs:108:12
[INFO] [stdout]     |
[INFO] [stdout] 108 | #[cfg_attr(docsrs, doc(cfg(feature = "websocket")))]
[INFO] [stdout]     |            ^^^^^^
[INFO] [stdout]     |
[INFO] [stdout]     = help: consider using a Cargo feature instead or adding `println!("cargo:rustc-check-cfg=cfg(docsrs)");` to the top of a `build.rs`
[INFO] [stdout]     = note: see <https://doc.rust-lang.org/nightly/cargo/reference/unstable.html#check-cfg> for more information about checking conditional configuration
[INFO] [stdout] 
[INFO] [stdout] 
[INFO] [stdout] error: unexpected `cfg` condition name: `docsrs`
[INFO] [stdout]    --> src/lib.rs:113:12
[INFO] [stdout]     |
[INFO] [stdout] 113 | #[cfg_attr(docsrs, doc(cfg(feature = "yamux")))]
[INFO] [stdout]     |            ^^^^^^
[INFO] [stdout]     |
[INFO] [stdout]     = help: consider using a Cargo feature instead or adding `println!("cargo:rustc-check-cfg=cfg(docsrs)");` to the top of a `build.rs`
[INFO] [stdout]     = note: see <https://doc.rust-lang.org/nightly/cargo/reference/unstable.html#check-cfg> for more information about checking conditional configuration
[INFO] [stdout] 
[INFO] [stdout] 
[INFO] [stdout] error: unexpected `cfg` condition name: `docsrs`
[INFO] [stdout]    --> src/lib.rs:117:12
[INFO] [stdout]     |
[INFO] [stdout] 117 | #[cfg_attr(docsrs, doc(cfg(feature = "pnet")))]
[INFO] [stdout]     |            ^^^^^^
[INFO] [stdout]     |
[INFO] [stdout]     = help: consider using a Cargo feature instead or adding `println!("cargo:rustc-check-cfg=cfg(docsrs)");` to the top of a `build.rs`
[INFO] [stdout]     = note: see <https://doc.rust-lang.org/nightly/cargo/reference/unstable.html#check-cfg> for more information about checking conditional configuration
[INFO] [stdout] 
[INFO] [stdout] 
[INFO] [stdout] error: unexpected `cfg` condition name: `docsrs`
[INFO] [stdout]    --> src/lib.rs:121:12
[INFO] [stdout]     |
[INFO] [stdout] 121 | #[cfg_attr(docsrs, doc(cfg(feature = "relay")))]
[INFO] [stdout]     |            ^^^^^^
[INFO] [stdout]     |
[INFO] [stdout]     = help: consider using a Cargo feature instead or adding `println!("cargo:rustc-check-cfg=cfg(docsrs)");` to the top of a `build.rs`
[INFO] [stdout]     = note: see <https://doc.rust-lang.org/nightly/cargo/reference/unstable.html#check-cfg> for more information about checking conditional configuration
[INFO] [stdout] 
[INFO] [stdout] 
[INFO] [stdout] error: unexpected `cfg` condition name: `docsrs`
[INFO] [stdout]    --> src/lib.rs:125:12
[INFO] [stdout]     |
[INFO] [stdout] 125 | #[cfg_attr(docsrs, doc(cfg(feature = "request-response")))]
[INFO] [stdout]     |            ^^^^^^
[INFO] [stdout]     |
[INFO] [stdout]     = help: consider using a Cargo feature instead or adding `println!("cargo:rustc-check-cfg=cfg(docsrs)");` to the top of a `build.rs`
[INFO] [stdout]     = note: see <https://doc.rust-lang.org/nightly/cargo/reference/unstable.html#check-cfg> for more information about checking conditional configuration
[INFO] [stdout] 
[INFO] [stdout] 
[INFO] [stdout] error: unexpected `cfg` condition name: `docsrs`
[INFO] [stdout]    --> src/lib.rs:162:12
[INFO] [stdout]     |
[INFO] [stdout] 162 | #[cfg_attr(docsrs, doc(cfg(all(not(any(target_os = "emscripten", target_os = "wasi", target_os = "unknown")), feature = "tcp-async-io", f...
[INFO] [stdout]     |            ^^^^^^
[INFO] [stdout]     |
[INFO] [stdout]     = help: consider using a Cargo feature instead or adding `println!("cargo:rustc-check-cfg=cfg(docsrs)");` to the top of a `build.rs`
[INFO] [stdout]     = note: see <https://doc.rust-lang.org/nightly/cargo/reference/unstable.html#check-cfg> for more information about checking conditional configuration
[INFO] [stdout] 
[INFO] [stdout] 
[INFO] [stdout] error: aborting due to 20 previous errors
[INFO] [stdout] 
[INFO] [stdout] 
[INFO] [stderr] error: could not compile `p2p-net-oura` (lib) due to 21 previous errors
[INFO] [stderr] warning: build failed, waiting for other jobs to finish...
[INFO] [stdout] error: aborting due to 20 previous errors
[INFO] [stdout] 
[INFO] [stdout] 
[INFO] [stderr] error: could not compile `p2p-net-oura` (lib test) due to 21 previous errors
[INFO] running `Command { std: "docker" "inspect" "2f75d3d5f11aa0626e489c6ad230b67c430fed399c734293d93af04983d92d21", kill_on_drop: false }`
[INFO] running `Command { std: "docker" "rm" "-f" "2f75d3d5f11aa0626e489c6ad230b67c430fed399c734293d93af04983d92d21", kill_on_drop: false }`
[INFO] [stdout] 2f75d3d5f11aa0626e489c6ad230b67c430fed399c734293d93af04983d92d21
