[INFO] fetching crate p-arse 0.0.1...
[INFO] checking p-arse-0.0.1 against nightly-2024-02-05 for check-cfg
[INFO] extracting crate p-arse 0.0.1 into /workspace/builds/worker-1-tc1/source
[INFO] validating manifest of crates.io crate p-arse 0.0.1 on toolchain nightly-2024-02-05
[INFO] running `Command { std: CARGO_HOME="/workspace/cargo-home" RUSTUP_HOME="/workspace/rustup-home" "/workspace/cargo-home/bin/cargo" "+nightly-2024-02-05" "metadata" "--manifest-path" "Cargo.toml" "--no-deps", kill_on_drop: false }`
[INFO] started tweaking crates.io crate p-arse 0.0.1
[INFO] finished tweaking crates.io crate p-arse 0.0.1
[INFO] tweaked toml for crates.io crate p-arse 0.0.1 written to /workspace/builds/worker-1-tc1/source/Cargo.toml
[INFO] crate crates.io crate p-arse 0.0.1 already has a lockfile, it will not be regenerated
[INFO] running `Command { std: CARGO_HOME="/workspace/cargo-home" RUSTUP_HOME="/workspace/rustup-home" "/workspace/cargo-home/bin/cargo" "+nightly-2024-02-05" "fetch" "--manifest-path" "Cargo.toml", kill_on_drop: false }`
[INFO] [stderr]     Updating crates.io index
[INFO] [stderr]  Downloading crates ...
[INFO] [stderr]   Downloaded duple v0.0.1
[INFO] running `Command { std: "docker" "create" "-v" "/var/lib/crater-agent-workspace/builds/worker-1-tc1/target:/opt/rustwide/target:rw,Z" "-v" "/var/lib/crater-agent-workspace/builds/worker-1-tc1/source:/opt/rustwide/workdir:ro,Z" "-v" "/var/lib/crater-agent-workspace/cargo-home:/opt/rustwide/cargo-home:ro,Z" "-v" "/var/lib/crater-agent-workspace/rustup-home:/opt/rustwide/rustup-home:ro,Z" "-e" "SOURCE_DIR=/opt/rustwide/workdir" "-e" "CARGO_TARGET_DIR=/opt/rustwide/target" "-e" "CARGO_HOME=/opt/rustwide/cargo-home" "-e" "RUSTUP_HOME=/opt/rustwide/rustup-home" "-w" "/opt/rustwide/workdir" "-m" "1610612736" "--user" "0:0" "--network" "none" "ghcr.io/rust-lang/crates-build-env/linux@sha256:2788e3201cd34a07e3172128adcd8b3090168a8e3bcc40d7c032b9dda1df7d1c" "/opt/rustwide/cargo-home/bin/cargo" "+nightly-2024-02-05" "metadata" "--no-deps" "--format-version=1", kill_on_drop: false }`
[INFO] [stdout] 4983a1cb39b2e613b1c50dfba602e602067b9d392261ddd1f4a75bf968bd8f09
[INFO] running `Command { std: "docker" "start" "-a" "4983a1cb39b2e613b1c50dfba602e602067b9d392261ddd1f4a75bf968bd8f09", kill_on_drop: false }`
[INFO] running `Command { std: "docker" "inspect" "4983a1cb39b2e613b1c50dfba602e602067b9d392261ddd1f4a75bf968bd8f09", kill_on_drop: false }`
[INFO] running `Command { std: "docker" "rm" "-f" "4983a1cb39b2e613b1c50dfba602e602067b9d392261ddd1f4a75bf968bd8f09", kill_on_drop: false }`
[INFO] [stdout] 4983a1cb39b2e613b1c50dfba602e602067b9d392261ddd1f4a75bf968bd8f09
[INFO] running `Command { std: "docker" "create" "-v" "/var/lib/crater-agent-workspace/builds/worker-1-tc1/target:/opt/rustwide/target:rw,Z" "-v" "/var/lib/crater-agent-workspace/builds/worker-1-tc1/source:/opt/rustwide/workdir:ro,Z" "-v" "/var/lib/crater-agent-workspace/cargo-home:/opt/rustwide/cargo-home:ro,Z" "-v" "/var/lib/crater-agent-workspace/rustup-home:/opt/rustwide/rustup-home:ro,Z" "-e" "SOURCE_DIR=/opt/rustwide/workdir" "-e" "CARGO_TARGET_DIR=/opt/rustwide/target" "-e" "CARGO_INCREMENTAL=0" "-e" "RUST_BACKTRACE=full" "-e" "RUSTFLAGS=--cap-lints=forbid" "-e" "RUSTDOCFLAGS=--cap-lints=forbid" "-e" "CARGO_HOME=/opt/rustwide/cargo-home" "-e" "RUSTUP_HOME=/opt/rustwide/rustup-home" "-w" "/opt/rustwide/workdir" "-m" "1610612736" "--user" "0:0" "--network" "none" "ghcr.io/rust-lang/crates-build-env/linux@sha256:2788e3201cd34a07e3172128adcd8b3090168a8e3bcc40d7c032b9dda1df7d1c" "/opt/rustwide/cargo-home/bin/cargo" "+nightly-2024-02-05" "check" "--frozen" "--all" "--all-targets" "--message-format=json", kill_on_drop: false }`
[INFO] [stdout] 9acd36e293306664d56f97131cba1912dbbd79c8faadc9be7b298944dc3a1d29
[INFO] running `Command { std: "docker" "start" "-a" "9acd36e293306664d56f97131cba1912dbbd79c8faadc9be7b298944dc3a1d29", kill_on_drop: false }`
[INFO] [stderr]     Checking duple v0.0.1
[INFO] [stderr]     Checking p-arse v0.0.1 (/opt/rustwide/workdir)
[INFO] [stdout] error[E0635]: unknown feature `str_split_inclusive_as_str`
[INFO] [stdout]  --> src/lib.rs:1:32
[INFO] [stdout]   |
[INFO] [stdout] 1 | #![feature(pattern, fn_traits, str_split_inclusive_as_str)]
[INFO] [stdout]   |                                ^^^^^^^^^^^^^^^^^^^^^^^^^^
[INFO] [stdout] 
[INFO] [stdout] 
[INFO] [stdout] error[E0635]: unknown feature `str_split_inclusive_as_str`
[INFO] [stdout]  --> src/lib.rs:1:32
[INFO] [stdout]   |
[INFO] [stdout] 1 | #![feature(pattern, fn_traits, str_split_inclusive_as_str)]
[INFO] [stdout]   |                                ^^^^^^^^^^^^^^^^^^^^^^^^^^
[INFO] [stdout] 
[INFO] [stdout] 
[INFO] [stdout] error: aborting due to 1 previous error
[INFO] [stdout] 
[INFO] [stdout] 
[INFO] [stdout] For more information about this error, try `rustc --explain E0635`.
[INFO] [stdout] 
[INFO] [stdout] error: aborting due to 1 previous error
[INFO] [stdout] 
[INFO] [stdout] 
[INFO] [stdout] For more information about this error, try `rustc --explain E0635`.
[INFO] [stdout] 
[INFO] [stderr] error: could not compile `p-arse` (lib test) due to 2 previous errors
[INFO] [stderr] warning: build failed, waiting for other jobs to finish...
[INFO] [stderr] error: could not compile `p-arse` (lib) due to 2 previous errors
[INFO] running `Command { std: "docker" "inspect" "9acd36e293306664d56f97131cba1912dbbd79c8faadc9be7b298944dc3a1d29", kill_on_drop: false }`
[INFO] running `Command { std: "docker" "rm" "-f" "9acd36e293306664d56f97131cba1912dbbd79c8faadc9be7b298944dc3a1d29", kill_on_drop: false }`
[INFO] [stdout] 9acd36e293306664d56f97131cba1912dbbd79c8faadc9be7b298944dc3a1d29
[INFO] checking p-arse-0.0.1 against nightly-2024-02-05+rustflags=-Dunexpected_cfgs+cargoflags=-Zcheck-cfg for check-cfg
[INFO] extracting crate p-arse 0.0.1 into /workspace/builds/worker-1-tc2/source
[INFO] validating manifest of crates.io crate p-arse 0.0.1 on toolchain nightly-2024-02-05
[INFO] running `Command { std: CARGO_HOME="/workspace/cargo-home" RUSTUP_HOME="/workspace/rustup-home" "/workspace/cargo-home/bin/cargo" "+nightly-2024-02-05" "metadata" "--manifest-path" "Cargo.toml" "--no-deps", kill_on_drop: false }`
[INFO] started tweaking crates.io crate p-arse 0.0.1
[INFO] finished tweaking crates.io crate p-arse 0.0.1
[INFO] tweaked toml for crates.io crate p-arse 0.0.1 written to /workspace/builds/worker-1-tc2/source/Cargo.toml
[INFO] crate crates.io crate p-arse 0.0.1 already has a lockfile, it will not be regenerated
[INFO] running `Command { std: CARGO_HOME="/workspace/cargo-home" RUSTUP_HOME="/workspace/rustup-home" "/workspace/cargo-home/bin/cargo" "+nightly-2024-02-05" "fetch" "--manifest-path" "Cargo.toml", kill_on_drop: false }`
[INFO] running `Command { std: "docker" "create" "-v" "/var/lib/crater-agent-workspace/builds/worker-1-tc2/target:/opt/rustwide/target:rw,Z" "-v" "/var/lib/crater-agent-workspace/builds/worker-1-tc2/source:/opt/rustwide/workdir:ro,Z" "-v" "/var/lib/crater-agent-workspace/cargo-home:/opt/rustwide/cargo-home:ro,Z" "-v" "/var/lib/crater-agent-workspace/rustup-home:/opt/rustwide/rustup-home:ro,Z" "-e" "SOURCE_DIR=/opt/rustwide/workdir" "-e" "CARGO_TARGET_DIR=/opt/rustwide/target" "-e" "CARGO_HOME=/opt/rustwide/cargo-home" "-e" "RUSTUP_HOME=/opt/rustwide/rustup-home" "-w" "/opt/rustwide/workdir" "-m" "1610612736" "--user" "0:0" "--network" "none" "ghcr.io/rust-lang/crates-build-env/linux@sha256:2788e3201cd34a07e3172128adcd8b3090168a8e3bcc40d7c032b9dda1df7d1c" "/opt/rustwide/cargo-home/bin/cargo" "+nightly-2024-02-05" "metadata" "--no-deps" "--format-version=1", kill_on_drop: false }`
[INFO] [stdout] ead19d8d91f26e5f33cf95479cd157bf4a878d5ca043cf015bacb92a9f9fc380
[INFO] running `Command { std: "docker" "start" "-a" "ead19d8d91f26e5f33cf95479cd157bf4a878d5ca043cf015bacb92a9f9fc380", kill_on_drop: false }`
[INFO] running `Command { std: "docker" "inspect" "ead19d8d91f26e5f33cf95479cd157bf4a878d5ca043cf015bacb92a9f9fc380", kill_on_drop: false }`
[INFO] running `Command { std: "docker" "rm" "-f" "ead19d8d91f26e5f33cf95479cd157bf4a878d5ca043cf015bacb92a9f9fc380", kill_on_drop: false }`
[INFO] [stdout] ead19d8d91f26e5f33cf95479cd157bf4a878d5ca043cf015bacb92a9f9fc380
[INFO] running `Command { std: "docker" "create" "-v" "/var/lib/crater-agent-workspace/builds/worker-1-tc2/target:/opt/rustwide/target:rw,Z" "-v" "/var/lib/crater-agent-workspace/builds/worker-1-tc2/source:/opt/rustwide/workdir:ro,Z" "-v" "/var/lib/crater-agent-workspace/cargo-home:/opt/rustwide/cargo-home:ro,Z" "-v" "/var/lib/crater-agent-workspace/rustup-home:/opt/rustwide/rustup-home:ro,Z" "-e" "SOURCE_DIR=/opt/rustwide/workdir" "-e" "CARGO_TARGET_DIR=/opt/rustwide/target" "-e" "CARGO_INCREMENTAL=0" "-e" "RUST_BACKTRACE=full" "-e" "RUSTFLAGS=--cap-lints=forbid -Dunexpected_cfgs" "-e" "RUSTDOCFLAGS=--cap-lints=forbid" "-e" "CARGO_HOME=/opt/rustwide/cargo-home" "-e" "RUSTUP_HOME=/opt/rustwide/rustup-home" "-w" "/opt/rustwide/workdir" "-m" "1610612736" "--user" "0:0" "--network" "none" "ghcr.io/rust-lang/crates-build-env/linux@sha256:2788e3201cd34a07e3172128adcd8b3090168a8e3bcc40d7c032b9dda1df7d1c" "/opt/rustwide/cargo-home/bin/cargo" "+nightly-2024-02-05" "check" "--frozen" "--all" "--all-targets" "--message-format=json" "-Zcheck-cfg", kill_on_drop: false }`
[INFO] [stdout] 0b9a5a5ea0d967e23f800edcc3132c9780a5371e3ce3e855c21b4fd2031b9a4c
[INFO] running `Command { std: "docker" "start" "-a" "0b9a5a5ea0d967e23f800edcc3132c9780a5371e3ce3e855c21b4fd2031b9a4c", kill_on_drop: false }`
[INFO] [stderr]     Checking duple v0.0.1
[INFO] [stderr]     Checking p-arse v0.0.1 (/opt/rustwide/workdir)
[INFO] [stdout] error[E0635]: unknown feature `str_split_inclusive_as_str`
[INFO] [stdout]  --> src/lib.rs:1:32
[INFO] [stdout]   |
[INFO] [stdout] 1 | #![feature(pattern, fn_traits, str_split_inclusive_as_str)]
[INFO] [stdout]   |                                ^^^^^^^^^^^^^^^^^^^^^^^^^^
[INFO] [stdout] 
[INFO] [stdout] 
[INFO] [stdout] error[E0635]: unknown feature `str_split_inclusive_as_str`
[INFO] [stdout]  --> src/lib.rs:1:32
[INFO] [stdout]   |
[INFO] [stdout] 1 | #![feature(pattern, fn_traits, str_split_inclusive_as_str)]
[INFO] [stdout]   |                                ^^^^^^^^^^^^^^^^^^^^^^^^^^
[INFO] [stdout] 
[INFO] [stdout] 
[INFO] [stdout] error: aborting due to 1 previous error
[INFO] [stdout] 
[INFO] [stdout] 
[INFO] [stdout] For more information about this error, try `rustc --explain E0635`.
[INFO] [stdout] 
[INFO] [stderr] error: could not compile `p-arse` (lib) due to 2 previous errors
[INFO] [stderr] warning: build failed, waiting for other jobs to finish...
[INFO] [stdout] error: aborting due to 1 previous error
[INFO] [stdout] 
[INFO] [stdout] 
[INFO] [stdout] For more information about this error, try `rustc --explain E0635`.
[INFO] [stdout] 
[INFO] [stderr] error: could not compile `p-arse` (lib test) due to 2 previous errors
[INFO] running `Command { std: "docker" "inspect" "0b9a5a5ea0d967e23f800edcc3132c9780a5371e3ce3e855c21b4fd2031b9a4c", kill_on_drop: false }`
[INFO] running `Command { std: "docker" "rm" "-f" "0b9a5a5ea0d967e23f800edcc3132c9780a5371e3ce3e855c21b4fd2031b9a4c", kill_on_drop: false }`
[INFO] [stdout] 0b9a5a5ea0d967e23f800edcc3132c9780a5371e3ce3e855c21b4fd2031b9a4c
