[INFO] fetching crate oxi-api 0.3.0...
[INFO] checking oxi-api-0.3.0 against nightly-2024-02-05 for check-cfg
[INFO] extracting crate oxi-api 0.3.0 into /workspace/builds/worker-6-tc1/source
[INFO] validating manifest of crates.io crate oxi-api 0.3.0 on toolchain nightly-2024-02-05
[INFO] running `Command { std: CARGO_HOME="/workspace/cargo-home" RUSTUP_HOME="/workspace/rustup-home" "/workspace/cargo-home/bin/cargo" "+nightly-2024-02-05" "metadata" "--manifest-path" "Cargo.toml" "--no-deps", kill_on_drop: false }`
[INFO] started tweaking crates.io crate oxi-api 0.3.0
[INFO] finished tweaking crates.io crate oxi-api 0.3.0
[INFO] tweaked toml for crates.io crate oxi-api 0.3.0 written to /workspace/builds/worker-6-tc1/source/Cargo.toml
[INFO] running `Command { std: CARGO_HOME="/workspace/cargo-home" RUSTUP_HOME="/workspace/rustup-home" "/workspace/cargo-home/bin/cargo" "+nightly-2024-02-05" "generate-lockfile" "--manifest-path" "Cargo.toml", kill_on_drop: false }`
[INFO] [stderr]     Updating crates.io index
[INFO] running `Command { std: CARGO_HOME="/workspace/cargo-home" RUSTUP_HOME="/workspace/rustup-home" "/workspace/cargo-home/bin/cargo" "+nightly-2024-02-05" "fetch" "--manifest-path" "Cargo.toml", kill_on_drop: false }`
[INFO] [stderr]  Downloading crates ...
[INFO] [stderr]   Downloaded oxi-types v0.3.0
[INFO] [stderr]   Downloaded oxi-luajit v0.3.0
[INFO] running `Command { std: "docker" "create" "-v" "/var/lib/crater-agent-workspace/builds/worker-6-tc1/target:/opt/rustwide/target:rw,Z" "-v" "/var/lib/crater-agent-workspace/builds/worker-6-tc1/source:/opt/rustwide/workdir:ro,Z" "-v" "/var/lib/crater-agent-workspace/cargo-home:/opt/rustwide/cargo-home:ro,Z" "-v" "/var/lib/crater-agent-workspace/rustup-home:/opt/rustwide/rustup-home:ro,Z" "-e" "SOURCE_DIR=/opt/rustwide/workdir" "-e" "CARGO_TARGET_DIR=/opt/rustwide/target" "-e" "CARGO_HOME=/opt/rustwide/cargo-home" "-e" "RUSTUP_HOME=/opt/rustwide/rustup-home" "-w" "/opt/rustwide/workdir" "-m" "1610612736" "--user" "0:0" "--network" "none" "ghcr.io/rust-lang/crates-build-env/linux@sha256:2788e3201cd34a07e3172128adcd8b3090168a8e3bcc40d7c032b9dda1df7d1c" "/opt/rustwide/cargo-home/bin/cargo" "+nightly-2024-02-05" "metadata" "--no-deps" "--format-version=1", kill_on_drop: false }`
[INFO] [stdout] ec95de16006b2916ee5c0bedd5402107d76f50a1b93fcaa32983bc4f5a2c93b2
[INFO] running `Command { std: "docker" "start" "-a" "ec95de16006b2916ee5c0bedd5402107d76f50a1b93fcaa32983bc4f5a2c93b2", kill_on_drop: false }`
[INFO] running `Command { std: "docker" "inspect" "ec95de16006b2916ee5c0bedd5402107d76f50a1b93fcaa32983bc4f5a2c93b2", kill_on_drop: false }`
[INFO] running `Command { std: "docker" "rm" "-f" "ec95de16006b2916ee5c0bedd5402107d76f50a1b93fcaa32983bc4f5a2c93b2", kill_on_drop: false }`
[INFO] [stdout] ec95de16006b2916ee5c0bedd5402107d76f50a1b93fcaa32983bc4f5a2c93b2
[INFO] running `Command { std: "docker" "create" "-v" "/var/lib/crater-agent-workspace/builds/worker-6-tc1/target:/opt/rustwide/target:rw,Z" "-v" "/var/lib/crater-agent-workspace/builds/worker-6-tc1/source:/opt/rustwide/workdir:ro,Z" "-v" "/var/lib/crater-agent-workspace/cargo-home:/opt/rustwide/cargo-home:ro,Z" "-v" "/var/lib/crater-agent-workspace/rustup-home:/opt/rustwide/rustup-home:ro,Z" "-e" "SOURCE_DIR=/opt/rustwide/workdir" "-e" "CARGO_TARGET_DIR=/opt/rustwide/target" "-e" "CARGO_INCREMENTAL=0" "-e" "RUST_BACKTRACE=full" "-e" "RUSTFLAGS=--cap-lints=forbid" "-e" "RUSTDOCFLAGS=--cap-lints=forbid" "-e" "CARGO_HOME=/opt/rustwide/cargo-home" "-e" "RUSTUP_HOME=/opt/rustwide/rustup-home" "-w" "/opt/rustwide/workdir" "-m" "1610612736" "--user" "0:0" "--network" "none" "ghcr.io/rust-lang/crates-build-env/linux@sha256:2788e3201cd34a07e3172128adcd8b3090168a8e3bcc40d7c032b9dda1df7d1c" "/opt/rustwide/cargo-home/bin/cargo" "+nightly-2024-02-05" "check" "--frozen" "--all" "--all-targets" "--message-format=json", kill_on_drop: false }`
[INFO] [stdout] 4f2ac4193a83724c5dd9af2645c63d2eee0e1b3d656efcb2665cfd99b2666dbf
[INFO] running `Command { std: "docker" "start" "-a" "4f2ac4193a83724c5dd9af2645c63d2eee0e1b3d656efcb2665cfd99b2666dbf", kill_on_drop: false }`
[INFO] [stderr]    Compiling serde_derive v1.0.196
[INFO] [stderr]    Compiling serde_repr v0.1.18
[INFO] [stderr]     Checking oxi-luajit v0.3.0
[INFO] [stderr]     Checking serde v1.0.196
[INFO] [stderr]     Checking oxi-types v0.3.0
[INFO] [stderr]     Checking oxi-api v0.3.0 (/opt/rustwide/workdir)
[INFO] [stdout] error[E0412]: cannot find type `EvalStatuslineOpts` in this scope
[INFO] [stdout]   --> src/ffi/global.rs:83:22
[INFO] [stdout]    |
[INFO] [stdout] 83 |         opts: *const EvalStatuslineOpts,
[INFO] [stdout]    |                      ^^^^^^^^^^^^^^^^^^ not found in this scope
[INFO] [stdout] 
[INFO] [stdout] 
[INFO] [stdout] error[E0412]: cannot find type `EvalStatuslineOpts` in this scope
[INFO] [stdout]    --> src/global.rs:207:12
[INFO] [stdout]     |
[INFO] [stdout] 207 |     opts: &EvalStatuslineOpts,
[INFO] [stdout]     |            ^^^^^^^^^^^^^^^^^^ not found in this scope
[INFO] [stdout] 
[INFO] [stdout] 
[INFO] [stdout] error[E0412]: cannot find type `EvalStatuslineOpts` in this scope
[INFO] [stdout]   --> src/opts/eval_statusline.rs:32:6
[INFO] [stdout]    |
[INFO] [stdout] 32 | impl EvalStatuslineOpts {
[INFO] [stdout]    |      ^^^^^^^^^^^^^^^^^^ not found in this scope
[INFO] [stdout] 
[INFO] [stdout] 
[INFO] [stdout] error[E0412]: cannot find type `EvalStatuslineOpts` in this scope
[INFO] [stdout]   --> src/opts/eval_statusline.rs:41:38
[INFO] [stdout]    |
[INFO] [stdout] 41 | pub struct EvalStatuslineOptsBuilder(EvalStatuslineOpts);
[INFO] [stdout]    |                                      ^^^^^^^^^^^^^^^^^^ not found in this scope
[INFO] [stdout] 
[INFO] [stdout] 
[INFO] [stdout] error[E0412]: cannot find type `EvalStatuslineOpts` in this scope
[INFO] [stdout]    --> src/opts/eval_statusline.rs:104:32
[INFO] [stdout]     |
[INFO] [stdout] 104 |     pub fn build(&mut self) -> EvalStatuslineOpts {
[INFO] [stdout]     |                                ^^^^^^^^^^^^^^^^^^ not found in this scope
[INFO] [stdout] 
[INFO] [stdout] 
[INFO] [stdout] error[E0412]: cannot find type `EvalStatuslineOpts` in this scope
[INFO] [stdout]   --> src/ffi/global.rs:83:22
[INFO] [stdout]    |
[INFO] [stdout] 83 |         opts: *const EvalStatuslineOpts,
[INFO] [stdout]    |                      ^^^^^^^^^^^^^^^^^^ not found in this scope
[INFO] [stdout] 
[INFO] [stdout] 
[INFO] [stdout] error[E0412]: cannot find type `EvalStatuslineOpts` in this scope
[INFO] [stdout]    --> src/global.rs:207:12
[INFO] [stdout]     |
[INFO] [stdout] 207 |     opts: &EvalStatuslineOpts,
[INFO] [stdout]     |            ^^^^^^^^^^^^^^^^^^ not found in this scope
[INFO] [stdout] 
[INFO] [stdout] 
[INFO] [stdout] error[E0412]: cannot find type `EvalStatuslineOpts` in this scope
[INFO] [stdout]   --> src/opts/eval_statusline.rs:32:6
[INFO] [stdout]    |
[INFO] [stdout] 32 | impl EvalStatuslineOpts {
[INFO] [stdout]    |      ^^^^^^^^^^^^^^^^^^ not found in this scope
[INFO] [stdout] 
[INFO] [stdout] 
[INFO] [stdout] error[E0412]: cannot find type `EvalStatuslineOpts` in this scope
[INFO] [stdout]   --> src/opts/eval_statusline.rs:41:38
[INFO] [stdout]    |
[INFO] [stdout] 41 | pub struct EvalStatuslineOptsBuilder(EvalStatuslineOpts);
[INFO] [stdout]    |                                      ^^^^^^^^^^^^^^^^^^ not found in this scope
[INFO] [stdout] 
[INFO] [stdout] 
[INFO] [stdout] warning: unused import: `oxi_types::Object`
[INFO] [stdout]  --> src/opts/eval_statusline.rs:1:5
[INFO] [stdout]   |
[INFO] [stdout] 1 | use oxi_types::Object;
[INFO] [stdout]   |     ^^^^^^^^^^^^^^^^^
[INFO] [stdout]   |
[INFO] [stdout]   = note: `#[warn(unused_imports)]` on by default
[INFO] [stdout] 
[INFO] [stdout] 
[INFO] [stdout] error[E0412]: cannot find type `EvalStatuslineOpts` in this scope
[INFO] [stdout]    --> src/opts/eval_statusline.rs:104:32
[INFO] [stdout]     |
[INFO] [stdout] 104 |     pub fn build(&mut self) -> EvalStatuslineOpts {
[INFO] [stdout]     |                                ^^^^^^^^^^^^^^^^^^ not found in this scope
[INFO] [stdout] 
[INFO] [stdout] 
[INFO] [stdout] warning: unused import: `oxi_types::Object`
[INFO] [stdout]  --> src/opts/eval_statusline.rs:1:5
[INFO] [stdout]   |
[INFO] [stdout] 1 | use oxi_types::Object;
[INFO] [stdout]   |     ^^^^^^^^^^^^^^^^^
[INFO] [stdout]   |
[INFO] [stdout]   = note: `#[warn(unused_imports)]` on by default
[INFO] [stdout] 
[INFO] [stdout] 
[INFO] [stdout] error: aborting due to 5 previous errors; 1 warning emitted
[INFO] [stdout] 
[INFO] [stdout] 
[INFO] [stdout] For more information about this error, try `rustc --explain E0412`.
[INFO] [stdout] 
[INFO] [stderr] error: could not compile `oxi-api` (lib test) due to 6 previous errors; 1 warning emitted
[INFO] [stderr] warning: build failed, waiting for other jobs to finish...
[INFO] [stdout] error: aborting due to 5 previous errors; 1 warning emitted
[INFO] [stdout] 
[INFO] [stdout] 
[INFO] [stdout] For more information about this error, try `rustc --explain E0412`.
[INFO] [stdout] 
[INFO] [stderr] error: could not compile `oxi-api` (lib) due to 6 previous errors; 1 warning emitted
[INFO] running `Command { std: "docker" "inspect" "4f2ac4193a83724c5dd9af2645c63d2eee0e1b3d656efcb2665cfd99b2666dbf", kill_on_drop: false }`
[INFO] running `Command { std: "docker" "rm" "-f" "4f2ac4193a83724c5dd9af2645c63d2eee0e1b3d656efcb2665cfd99b2666dbf", kill_on_drop: false }`
[INFO] [stdout] 4f2ac4193a83724c5dd9af2645c63d2eee0e1b3d656efcb2665cfd99b2666dbf
[INFO] checking oxi-api-0.3.0 against nightly-2024-02-05+rustflags=-Dunexpected_cfgs+cargoflags=-Zcheck-cfg for check-cfg
[INFO] extracting crate oxi-api 0.3.0 into /workspace/builds/worker-6-tc2/source
[INFO] validating manifest of crates.io crate oxi-api 0.3.0 on toolchain nightly-2024-02-05
[INFO] running `Command { std: CARGO_HOME="/workspace/cargo-home" RUSTUP_HOME="/workspace/rustup-home" "/workspace/cargo-home/bin/cargo" "+nightly-2024-02-05" "metadata" "--manifest-path" "Cargo.toml" "--no-deps", kill_on_drop: false }`
[INFO] started tweaking crates.io crate oxi-api 0.3.0
[INFO] finished tweaking crates.io crate oxi-api 0.3.0
[INFO] tweaked toml for crates.io crate oxi-api 0.3.0 written to /workspace/builds/worker-6-tc2/source/Cargo.toml
[INFO] running `Command { std: CARGO_HOME="/workspace/cargo-home" RUSTUP_HOME="/workspace/rustup-home" "/workspace/cargo-home/bin/cargo" "+nightly-2024-02-05" "generate-lockfile" "--manifest-path" "Cargo.toml", kill_on_drop: false }`
[INFO] [stderr]     Updating crates.io index
[INFO] running `Command { std: CARGO_HOME="/workspace/cargo-home" RUSTUP_HOME="/workspace/rustup-home" "/workspace/cargo-home/bin/cargo" "+nightly-2024-02-05" "fetch" "--manifest-path" "Cargo.toml", kill_on_drop: false }`
[INFO] running `Command { std: "docker" "create" "-v" "/var/lib/crater-agent-workspace/builds/worker-6-tc2/target:/opt/rustwide/target:rw,Z" "-v" "/var/lib/crater-agent-workspace/builds/worker-6-tc2/source:/opt/rustwide/workdir:ro,Z" "-v" "/var/lib/crater-agent-workspace/cargo-home:/opt/rustwide/cargo-home:ro,Z" "-v" "/var/lib/crater-agent-workspace/rustup-home:/opt/rustwide/rustup-home:ro,Z" "-e" "SOURCE_DIR=/opt/rustwide/workdir" "-e" "CARGO_TARGET_DIR=/opt/rustwide/target" "-e" "CARGO_HOME=/opt/rustwide/cargo-home" "-e" "RUSTUP_HOME=/opt/rustwide/rustup-home" "-w" "/opt/rustwide/workdir" "-m" "1610612736" "--user" "0:0" "--network" "none" "ghcr.io/rust-lang/crates-build-env/linux@sha256:2788e3201cd34a07e3172128adcd8b3090168a8e3bcc40d7c032b9dda1df7d1c" "/opt/rustwide/cargo-home/bin/cargo" "+nightly-2024-02-05" "metadata" "--no-deps" "--format-version=1", kill_on_drop: false }`
[INFO] [stdout] d11d96969307b4593e3f0ca17fad6e90f5d759baae2ab99fb3cfe9ddcc9fdcec
[INFO] running `Command { std: "docker" "start" "-a" "d11d96969307b4593e3f0ca17fad6e90f5d759baae2ab99fb3cfe9ddcc9fdcec", kill_on_drop: false }`
[INFO] running `Command { std: "docker" "inspect" "d11d96969307b4593e3f0ca17fad6e90f5d759baae2ab99fb3cfe9ddcc9fdcec", kill_on_drop: false }`
[INFO] running `Command { std: "docker" "rm" "-f" "d11d96969307b4593e3f0ca17fad6e90f5d759baae2ab99fb3cfe9ddcc9fdcec", kill_on_drop: false }`
[INFO] [stdout] d11d96969307b4593e3f0ca17fad6e90f5d759baae2ab99fb3cfe9ddcc9fdcec
[INFO] running `Command { std: "docker" "create" "-v" "/var/lib/crater-agent-workspace/builds/worker-6-tc2/target:/opt/rustwide/target:rw,Z" "-v" "/var/lib/crater-agent-workspace/builds/worker-6-tc2/source:/opt/rustwide/workdir:ro,Z" "-v" "/var/lib/crater-agent-workspace/cargo-home:/opt/rustwide/cargo-home:ro,Z" "-v" "/var/lib/crater-agent-workspace/rustup-home:/opt/rustwide/rustup-home:ro,Z" "-e" "SOURCE_DIR=/opt/rustwide/workdir" "-e" "CARGO_TARGET_DIR=/opt/rustwide/target" "-e" "CARGO_INCREMENTAL=0" "-e" "RUST_BACKTRACE=full" "-e" "RUSTFLAGS=--cap-lints=forbid -Dunexpected_cfgs" "-e" "RUSTDOCFLAGS=--cap-lints=forbid" "-e" "CARGO_HOME=/opt/rustwide/cargo-home" "-e" "RUSTUP_HOME=/opt/rustwide/rustup-home" "-w" "/opt/rustwide/workdir" "-m" "1610612736" "--user" "0:0" "--network" "none" "ghcr.io/rust-lang/crates-build-env/linux@sha256:2788e3201cd34a07e3172128adcd8b3090168a8e3bcc40d7c032b9dda1df7d1c" "/opt/rustwide/cargo-home/bin/cargo" "+nightly-2024-02-05" "check" "--frozen" "--all" "--all-targets" "--message-format=json" "-Zcheck-cfg", kill_on_drop: false }`
[INFO] [stdout] 5dd87beb9579ff5b67323203ff95fa8c17c7d8b63aa624f2460306648a923565
[INFO] running `Command { std: "docker" "start" "-a" "5dd87beb9579ff5b67323203ff95fa8c17c7d8b63aa624f2460306648a923565", kill_on_drop: false }`
[INFO] [stderr]    Compiling serde_derive v1.0.196
[INFO] [stderr]    Compiling serde_repr v0.1.18
[INFO] [stderr]     Checking oxi-luajit v0.3.0
[INFO] [stderr]     Checking serde v1.0.196
[INFO] [stderr]     Checking oxi-types v0.3.0
[INFO] [stderr]     Checking oxi-api v0.3.0 (/opt/rustwide/workdir)
[INFO] [stdout] error[E0412]: cannot find type `EvalStatuslineOpts` in this scope
[INFO] [stdout]   --> src/ffi/global.rs:83:22
[INFO] [stdout]    |
[INFO] [stdout] 83 |         opts: *const EvalStatuslineOpts,
[INFO] [stdout]    |                      ^^^^^^^^^^^^^^^^^^ not found in this scope
[INFO] [stdout] 
[INFO] [stdout] 
[INFO] [stdout] error[E0412]: cannot find type `EvalStatuslineOpts` in this scope
[INFO] [stdout]    --> src/global.rs:207:12
[INFO] [stdout]     |
[INFO] [stdout] 207 |     opts: &EvalStatuslineOpts,
[INFO] [stdout]     |            ^^^^^^^^^^^^^^^^^^ not found in this scope
[INFO] [stdout] 
[INFO] [stdout] 
[INFO] [stdout] error[E0412]: cannot find type `EvalStatuslineOpts` in this scope
[INFO] [stdout]   --> src/opts/eval_statusline.rs:32:6
[INFO] [stdout]    |
[INFO] [stdout] 32 | impl EvalStatuslineOpts {
[INFO] [stdout]    |      ^^^^^^^^^^^^^^^^^^ not found in this scope
[INFO] [stdout] 
[INFO] [stdout] 
[INFO] [stdout] error[E0412]: cannot find type `EvalStatuslineOpts` in this scope
[INFO] [stdout]   --> src/opts/eval_statusline.rs:41:38
[INFO] [stdout]    |
[INFO] [stdout] 41 | pub struct EvalStatuslineOptsBuilder(EvalStatuslineOpts);
[INFO] [stdout]    |                                      ^^^^^^^^^^^^^^^^^^ not found in this scope
[INFO] [stdout] 
[INFO] [stdout] 
[INFO] [stdout] error[E0412]: cannot find type `EvalStatuslineOpts` in this scope
[INFO] [stdout]   --> src/ffi/global.rs:83:22
[INFO] [stdout]    |
[INFO] [stdout] 83 |         opts: *const EvalStatuslineOpts,
[INFO] [stdout]    |                      ^^^^^^^^^^^^^^^^^^ not found in this scope
[INFO] [stdout] 
[INFO] [stdout] 
[INFO] [stdout] error[E0412]: cannot find type `EvalStatuslineOpts` in this scope
[INFO] [stdout]    --> src/opts/eval_statusline.rs:104:32
[INFO] [stdout]     |
[INFO] [stdout] 104 |     pub fn build(&mut self) -> EvalStatuslineOpts {
[INFO] [stdout]     |                                ^^^^^^^^^^^^^^^^^^ not found in this scope
[INFO] [stdout] 
[INFO] [stdout] 
[INFO] [stdout] error[E0412]: cannot find type `EvalStatuslineOpts` in this scope
[INFO] [stdout]    --> src/global.rs:207:12
[INFO] [stdout]     |
[INFO] [stdout] 207 |     opts: &EvalStatuslineOpts,
[INFO] [stdout]     |            ^^^^^^^^^^^^^^^^^^ not found in this scope
[INFO] [stdout] 
[INFO] [stdout] 
[INFO] [stdout] error[E0412]: cannot find type `EvalStatuslineOpts` in this scope
[INFO] [stdout]   --> src/opts/eval_statusline.rs:32:6
[INFO] [stdout]    |
[INFO] [stdout] 32 | impl EvalStatuslineOpts {
[INFO] [stdout]    |      ^^^^^^^^^^^^^^^^^^ not found in this scope
[INFO] [stdout] 
[INFO] [stdout] 
[INFO] [stdout] error[E0412]: cannot find type `EvalStatuslineOpts` in this scope
[INFO] [stdout]   --> src/opts/eval_statusline.rs:41:38
[INFO] [stdout]    |
[INFO] [stdout] 41 | pub struct EvalStatuslineOptsBuilder(EvalStatuslineOpts);
[INFO] [stdout]    |                                      ^^^^^^^^^^^^^^^^^^ not found in this scope
[INFO] [stdout] 
[INFO] [stdout] 
[INFO] [stdout] error[E0412]: cannot find type `EvalStatuslineOpts` in this scope
[INFO] [stdout]    --> src/opts/eval_statusline.rs:104:32
[INFO] [stdout]     |
[INFO] [stdout] 104 |     pub fn build(&mut self) -> EvalStatuslineOpts {
[INFO] [stdout]     |                                ^^^^^^^^^^^^^^^^^^ not found in this scope
[INFO] [stdout] 
[INFO] [stdout] 
[INFO] [stdout] error: unexpected `cfg` condition name: `docsrs`
[INFO] [stdout]   --> src/lib.rs:14:13
[INFO] [stdout]    |
[INFO] [stdout] 14 | #![cfg_attr(docsrs, feature(doc_cfg))]
[INFO] [stdout]    |             ^^^^^^
[INFO] [stdout]    |
[INFO] [stdout]    = help: expected names are: `debug_assertions`, `doc`, `doctest`, `feature`, `miri`, `overflow_checks`, `panic`, `proc_macro`, `relocation_model`, `sanitize`, `sanitizer_cfi_generalize_pointers`, `sanitizer_cfi_normalize_integers`, `target_abi`, `target_arch`, `target_endian`, `target_env`, `target_family`, `target_feature`, `target_has_atomic`, `target_has_atomic_equal_alignment`, `target_has_atomic_load_store`, `target_os`, `target_pointer_width`, `target_thread_local`, `target_vendor`, `test`, `unix`, `windows`
[INFO] [stdout]    = help: consider using a Cargo feature instead or adding `println!("cargo:rustc-check-cfg=cfg(docsrs)");` to the top of a `build.rs`
[INFO] [stdout]    = note: see <https://doc.rust-lang.org/nightly/cargo/reference/unstable.html#check-cfg> for more information about checking conditional configuration
[INFO] [stdout]    = note: requested on the command line with `-D unexpected-cfgs`
[INFO] [stdout] 
[INFO] [stdout] 
[INFO] [stdout] warning: unused import: `oxi_types::Object`
[INFO] [stdout]  --> src/opts/eval_statusline.rs:1:5
[INFO] [stdout]   |
[INFO] [stdout] 1 | use oxi_types::Object;
[INFO] [stdout]   |     ^^^^^^^^^^^^^^^^^
[INFO] [stdout]   |
[INFO] [stdout]   = note: `#[warn(unused_imports)]` on by default
[INFO] [stdout] 
[INFO] [stdout] 
[INFO] [stdout] error: unexpected `cfg` condition name: `docsrs`
[INFO] [stdout]   --> src/lib.rs:14:13
[INFO] [stdout]    |
[INFO] [stdout] 14 | #![cfg_attr(docsrs, feature(doc_cfg))]
[INFO] [stdout]    |             ^^^^^^
[INFO] [stdout]    |
[INFO] [stdout]    = help: expected names are: `debug_assertions`, `doc`, `doctest`, `feature`, `miri`, `overflow_checks`, `panic`, `proc_macro`, `relocation_model`, `sanitize`, `sanitizer_cfi_generalize_pointers`, `sanitizer_cfi_normalize_integers`, `target_abi`, `target_arch`, `target_endian`, `target_env`, `target_family`, `target_feature`, `target_has_atomic`, `target_has_atomic_equal_alignment`, `target_has_atomic_load_store`, `target_os`, `target_pointer_width`, `target_thread_local`, `target_vendor`, `test`, `unix`, `windows`
[INFO] [stdout]    = help: consider using a Cargo feature instead or adding `println!("cargo:rustc-check-cfg=cfg(docsrs)");` to the top of a `build.rs`
[INFO] [stdout]    = note: see <https://doc.rust-lang.org/nightly/cargo/reference/unstable.html#check-cfg> for more information about checking conditional configuration
[INFO] [stdout]    = note: requested on the command line with `-D unexpected-cfgs`
[INFO] [stdout] 
[INFO] [stdout] 
[INFO] [stdout] warning: unused import: `oxi_types::Object`
[INFO] [stdout]  --> src/opts/eval_statusline.rs:1:5
[INFO] [stdout]   |
[INFO] [stdout] 1 | use oxi_types::Object;
[INFO] [stdout]   |     ^^^^^^^^^^^^^^^^^
[INFO] [stdout]   |
[INFO] [stdout]   = note: `#[warn(unused_imports)]` on by default
[INFO] [stdout] 
[INFO] [stdout] 
[INFO] [stdout] error: unexpected `cfg` condition name: `docsrs`
[INFO] [stdout]   --> src/types/window_config.rs:66:9
[INFO] [stdout]    |
[INFO] [stdout] 66 |         docsrs,
[INFO] [stdout]    |         ^^^^^^
[INFO] [stdout]    |
[INFO] [stdout]    = help: consider using a Cargo feature instead or adding `println!("cargo:rustc-check-cfg=cfg(docsrs)");` to the top of a `build.rs`
[INFO] [stdout]    = note: see <https://doc.rust-lang.org/nightly/cargo/reference/unstable.html#check-cfg> for more information about checking conditional configuration
[INFO] [stdout] 
[INFO] [stdout] 
[INFO] [stdout] error: unexpected `cfg` condition name: `docsrs`
[INFO] [stdout]   --> src/types/window_config.rs:74:9
[INFO] [stdout]    |
[INFO] [stdout] 74 |         docsrs,
[INFO] [stdout]    |         ^^^^^^
[INFO] [stdout]    |
[INFO] [stdout]    = help: consider using a Cargo feature instead or adding `println!("cargo:rustc-check-cfg=cfg(docsrs)");` to the top of a `build.rs`
[INFO] [stdout]    = note: see <https://doc.rust-lang.org/nightly/cargo/reference/unstable.html#check-cfg> for more information about checking conditional configuration
[INFO] [stdout] 
[INFO] [stdout] 
[INFO] [stdout] error: unexpected `cfg` condition name: `docsrs`
[INFO] [stdout]   --> src/types/window_config.rs:66:9
[INFO] [stdout]    |
[INFO] [stdout] 66 |         docsrs,
[INFO] [stdout]    |         ^^^^^^
[INFO] [stdout]    |
[INFO] [stdout]    = help: consider using a Cargo feature instead or adding `println!("cargo:rustc-check-cfg=cfg(docsrs)");` to the top of a `build.rs`
[INFO] [stdout]    = note: see <https://doc.rust-lang.org/nightly/cargo/reference/unstable.html#check-cfg> for more information about checking conditional configuration
[INFO] [stdout] 
[INFO] [stdout] 
[INFO] [stdout] error: unexpected `cfg` condition name: `docsrs`
[INFO] [stdout]   --> src/types/window_config.rs:74:9
[INFO] [stdout]    |
[INFO] [stdout] 74 |         docsrs,
[INFO] [stdout]    |         ^^^^^^
[INFO] [stdout]    |
[INFO] [stdout]    = help: consider using a Cargo feature instead or adding `println!("cargo:rustc-check-cfg=cfg(docsrs)");` to the top of a `build.rs`
[INFO] [stdout]    = note: see <https://doc.rust-lang.org/nightly/cargo/reference/unstable.html#check-cfg> for more information about checking conditional configuration
[INFO] [stdout] 
[INFO] [stdout] 
[INFO] [stdout] error: aborting due to 8 previous errors; 1 warning emitted
[INFO] [stdout] 
[INFO] [stdout] 
[INFO] [stdout] For more information about this error, try `rustc --explain E0412`.
[INFO] [stdout] 
[INFO] [stderr] error: could not compile `oxi-api` (lib test) due to 9 previous errors; 1 warning emitted
[INFO] [stderr] warning: build failed, waiting for other jobs to finish...
[INFO] [stdout] error: aborting due to 8 previous errors; 1 warning emitted
[INFO] [stdout] 
[INFO] [stdout] 
[INFO] [stdout] For more information about this error, try `rustc --explain E0412`.
[INFO] [stdout] 
[INFO] [stderr] error: could not compile `oxi-api` (lib) due to 9 previous errors; 1 warning emitted
[INFO] running `Command { std: "docker" "inspect" "5dd87beb9579ff5b67323203ff95fa8c17c7d8b63aa624f2460306648a923565", kill_on_drop: false }`
[INFO] running `Command { std: "docker" "rm" "-f" "5dd87beb9579ff5b67323203ff95fa8c17c7d8b63aa624f2460306648a923565", kill_on_drop: false }`
[INFO] [stdout] 5dd87beb9579ff5b67323203ff95fa8c17c7d8b63aa624f2460306648a923565
