[INFO] fetching crate otp 0.1.0...
[INFO] checking otp-0.1.0 against nightly-2024-02-05 for check-cfg
[INFO] extracting crate otp 0.1.0 into /workspace/builds/worker-0-tc1/source
[INFO] validating manifest of crates.io crate otp 0.1.0 on toolchain nightly-2024-02-05
[INFO] running `Command { std: CARGO_HOME="/workspace/cargo-home" RUSTUP_HOME="/workspace/rustup-home" "/workspace/cargo-home/bin/cargo" "+nightly-2024-02-05" "metadata" "--manifest-path" "Cargo.toml" "--no-deps", kill_on_drop: false }`
[INFO] started tweaking crates.io crate otp 0.1.0
[INFO] finished tweaking crates.io crate otp 0.1.0
[INFO] tweaked toml for crates.io crate otp 0.1.0 written to /workspace/builds/worker-0-tc1/source/Cargo.toml
[INFO] running `Command { std: CARGO_HOME="/workspace/cargo-home" RUSTUP_HOME="/workspace/rustup-home" "/workspace/cargo-home/bin/cargo" "+nightly-2024-02-05" "generate-lockfile" "--manifest-path" "Cargo.toml", kill_on_drop: false }`
[INFO] [stderr]     Updating crates.io index
[INFO] running `Command { std: CARGO_HOME="/workspace/cargo-home" RUSTUP_HOME="/workspace/rustup-home" "/workspace/cargo-home/bin/cargo" "+nightly-2024-02-05" "fetch" "--manifest-path" "Cargo.toml", kill_on_drop: false }`
[INFO] [stderr]  Downloading crates ...
[INFO] [stderr]   Downloaded hmac-sha1 v0.2.2
[INFO] running `Command { std: "docker" "create" "-v" "/var/lib/crater-agent-workspace/builds/worker-0-tc1/target:/opt/rustwide/target:rw,Z" "-v" "/var/lib/crater-agent-workspace/builds/worker-0-tc1/source:/opt/rustwide/workdir:ro,Z" "-v" "/var/lib/crater-agent-workspace/cargo-home:/opt/rustwide/cargo-home:ro,Z" "-v" "/var/lib/crater-agent-workspace/rustup-home:/opt/rustwide/rustup-home:ro,Z" "-e" "SOURCE_DIR=/opt/rustwide/workdir" "-e" "CARGO_TARGET_DIR=/opt/rustwide/target" "-e" "CARGO_HOME=/opt/rustwide/cargo-home" "-e" "RUSTUP_HOME=/opt/rustwide/rustup-home" "-w" "/opt/rustwide/workdir" "-m" "1610612736" "--user" "0:0" "--network" "none" "ghcr.io/rust-lang/crates-build-env/linux@sha256:2788e3201cd34a07e3172128adcd8b3090168a8e3bcc40d7c032b9dda1df7d1c" "/opt/rustwide/cargo-home/bin/cargo" "+nightly-2024-02-05" "metadata" "--no-deps" "--format-version=1", kill_on_drop: false }`
[INFO] [stdout] eb87e7a522c1092561ff5bc09e81a160950e974eccbab61518ae38bb4502cfb1
[INFO] running `Command { std: "docker" "start" "-a" "eb87e7a522c1092561ff5bc09e81a160950e974eccbab61518ae38bb4502cfb1", kill_on_drop: false }`
[INFO] running `Command { std: "docker" "inspect" "eb87e7a522c1092561ff5bc09e81a160950e974eccbab61518ae38bb4502cfb1", kill_on_drop: false }`
[INFO] running `Command { std: "docker" "rm" "-f" "eb87e7a522c1092561ff5bc09e81a160950e974eccbab61518ae38bb4502cfb1", kill_on_drop: false }`
[INFO] [stdout] eb87e7a522c1092561ff5bc09e81a160950e974eccbab61518ae38bb4502cfb1
[INFO] running `Command { std: "docker" "create" "-v" "/var/lib/crater-agent-workspace/builds/worker-0-tc1/target:/opt/rustwide/target:rw,Z" "-v" "/var/lib/crater-agent-workspace/builds/worker-0-tc1/source:/opt/rustwide/workdir:ro,Z" "-v" "/var/lib/crater-agent-workspace/cargo-home:/opt/rustwide/cargo-home:ro,Z" "-v" "/var/lib/crater-agent-workspace/rustup-home:/opt/rustwide/rustup-home:ro,Z" "-e" "SOURCE_DIR=/opt/rustwide/workdir" "-e" "CARGO_TARGET_DIR=/opt/rustwide/target" "-e" "CARGO_INCREMENTAL=0" "-e" "RUST_BACKTRACE=full" "-e" "RUSTFLAGS=--cap-lints=forbid" "-e" "RUSTDOCFLAGS=--cap-lints=forbid" "-e" "CARGO_HOME=/opt/rustwide/cargo-home" "-e" "RUSTUP_HOME=/opt/rustwide/rustup-home" "-w" "/opt/rustwide/workdir" "-m" "1610612736" "--user" "0:0" "--network" "none" "ghcr.io/rust-lang/crates-build-env/linux@sha256:2788e3201cd34a07e3172128adcd8b3090168a8e3bcc40d7c032b9dda1df7d1c" "/opt/rustwide/cargo-home/bin/cargo" "+nightly-2024-02-05" "check" "--frozen" "--all" "--all-targets" "--message-format=json", kill_on_drop: false }`
[INFO] [stdout] d033085880a967228a0842008d52967dfce4d52ec986129832a80dce9484f237
[INFO] running `Command { std: "docker" "start" "-a" "d033085880a967228a0842008d52967dfce4d52ec986129832a80dce9484f237", kill_on_drop: false }`
[INFO] [stderr]     Checking subtle v2.5.0
[INFO] [stderr]     Checking time v0.1.45
[INFO] [stderr]     Checking digest v0.10.7
[INFO] [stderr]     Checking sha1 v0.10.6
[INFO] [stderr]     Checking hmac v0.12.1
[INFO] [stderr]     Checking hmac-sha1 v0.2.2
[INFO] [stderr]     Checking otp v0.1.0 (/opt/rustwide/workdir)
[INFO] [stdout] error[E0463]: can't find crate for `hmacsha1`
[INFO] [stdout]  --> src/lib.rs:1:1
[INFO] [stdout]   |
[INFO] [stdout] 1 | extern crate hmacsha1;
[INFO] [stdout]   | ^^^^^^^^^^^^^^^^^^^^^^ can't find crate
[INFO] [stdout] 
[INFO] [stdout] 
[INFO] [stdout] error[E0463]: can't find crate for `hmacsha1`
[INFO] [stdout]  --> src/lib.rs:1:1
[INFO] [stdout]   |
[INFO] [stdout] 1 | extern crate hmacsha1;
[INFO] [stdout]   | ^^^^^^^^^^^^^^^^^^^^^^ can't find crate
[INFO] [stdout] 
[INFO] [stdout] 
[INFO] [stdout] error: aborting due to 1 previous error
[INFO] [stdout] 
[INFO] [stdout] 
[INFO] [stdout] For more information about this error, try `rustc --explain E0463`.
[INFO] [stdout] 
[INFO] [stderr] error: could not compile `otp` (lib) due to 2 previous errors
[INFO] [stderr] warning: build failed, waiting for other jobs to finish...
[INFO] [stdout] error: aborting due to 1 previous error
[INFO] [stdout] 
[INFO] [stdout] 
[INFO] [stdout] For more information about this error, try `rustc --explain E0463`.
[INFO] [stdout] 
[INFO] [stderr] error: could not compile `otp` (lib test) due to 2 previous errors
[INFO] running `Command { std: "docker" "inspect" "d033085880a967228a0842008d52967dfce4d52ec986129832a80dce9484f237", kill_on_drop: false }`
[INFO] running `Command { std: "docker" "rm" "-f" "d033085880a967228a0842008d52967dfce4d52ec986129832a80dce9484f237", kill_on_drop: false }`
[INFO] [stdout] d033085880a967228a0842008d52967dfce4d52ec986129832a80dce9484f237
[INFO] checking otp-0.1.0 against nightly-2024-02-05+rustflags=-Dunexpected_cfgs+cargoflags=-Zcheck-cfg for check-cfg
[INFO] extracting crate otp 0.1.0 into /workspace/builds/worker-0-tc2/source
[INFO] validating manifest of crates.io crate otp 0.1.0 on toolchain nightly-2024-02-05
[INFO] running `Command { std: CARGO_HOME="/workspace/cargo-home" RUSTUP_HOME="/workspace/rustup-home" "/workspace/cargo-home/bin/cargo" "+nightly-2024-02-05" "metadata" "--manifest-path" "Cargo.toml" "--no-deps", kill_on_drop: false }`
[INFO] started tweaking crates.io crate otp 0.1.0
[INFO] finished tweaking crates.io crate otp 0.1.0
[INFO] tweaked toml for crates.io crate otp 0.1.0 written to /workspace/builds/worker-0-tc2/source/Cargo.toml
[INFO] running `Command { std: CARGO_HOME="/workspace/cargo-home" RUSTUP_HOME="/workspace/rustup-home" "/workspace/cargo-home/bin/cargo" "+nightly-2024-02-05" "generate-lockfile" "--manifest-path" "Cargo.toml", kill_on_drop: false }`
[INFO] [stderr]     Updating crates.io index
[INFO] running `Command { std: CARGO_HOME="/workspace/cargo-home" RUSTUP_HOME="/workspace/rustup-home" "/workspace/cargo-home/bin/cargo" "+nightly-2024-02-05" "fetch" "--manifest-path" "Cargo.toml", kill_on_drop: false }`
[INFO] running `Command { std: "docker" "create" "-v" "/var/lib/crater-agent-workspace/builds/worker-0-tc2/target:/opt/rustwide/target:rw,Z" "-v" "/var/lib/crater-agent-workspace/builds/worker-0-tc2/source:/opt/rustwide/workdir:ro,Z" "-v" "/var/lib/crater-agent-workspace/cargo-home:/opt/rustwide/cargo-home:ro,Z" "-v" "/var/lib/crater-agent-workspace/rustup-home:/opt/rustwide/rustup-home:ro,Z" "-e" "SOURCE_DIR=/opt/rustwide/workdir" "-e" "CARGO_TARGET_DIR=/opt/rustwide/target" "-e" "CARGO_HOME=/opt/rustwide/cargo-home" "-e" "RUSTUP_HOME=/opt/rustwide/rustup-home" "-w" "/opt/rustwide/workdir" "-m" "1610612736" "--user" "0:0" "--network" "none" "ghcr.io/rust-lang/crates-build-env/linux@sha256:2788e3201cd34a07e3172128adcd8b3090168a8e3bcc40d7c032b9dda1df7d1c" "/opt/rustwide/cargo-home/bin/cargo" "+nightly-2024-02-05" "metadata" "--no-deps" "--format-version=1", kill_on_drop: false }`
[INFO] [stdout] 4f0cbf94cec0fbe3655ad1be2d80c6ea64558eedb269157c17a8a7e278408b49
[INFO] running `Command { std: "docker" "start" "-a" "4f0cbf94cec0fbe3655ad1be2d80c6ea64558eedb269157c17a8a7e278408b49", kill_on_drop: false }`
[INFO] running `Command { std: "docker" "inspect" "4f0cbf94cec0fbe3655ad1be2d80c6ea64558eedb269157c17a8a7e278408b49", kill_on_drop: false }`
[INFO] running `Command { std: "docker" "rm" "-f" "4f0cbf94cec0fbe3655ad1be2d80c6ea64558eedb269157c17a8a7e278408b49", kill_on_drop: false }`
[INFO] [stdout] 4f0cbf94cec0fbe3655ad1be2d80c6ea64558eedb269157c17a8a7e278408b49
[INFO] running `Command { std: "docker" "create" "-v" "/var/lib/crater-agent-workspace/builds/worker-0-tc2/target:/opt/rustwide/target:rw,Z" "-v" "/var/lib/crater-agent-workspace/builds/worker-0-tc2/source:/opt/rustwide/workdir:ro,Z" "-v" "/var/lib/crater-agent-workspace/cargo-home:/opt/rustwide/cargo-home:ro,Z" "-v" "/var/lib/crater-agent-workspace/rustup-home:/opt/rustwide/rustup-home:ro,Z" "-e" "SOURCE_DIR=/opt/rustwide/workdir" "-e" "CARGO_TARGET_DIR=/opt/rustwide/target" "-e" "CARGO_INCREMENTAL=0" "-e" "RUST_BACKTRACE=full" "-e" "RUSTFLAGS=--cap-lints=forbid -Dunexpected_cfgs" "-e" "RUSTDOCFLAGS=--cap-lints=forbid" "-e" "CARGO_HOME=/opt/rustwide/cargo-home" "-e" "RUSTUP_HOME=/opt/rustwide/rustup-home" "-w" "/opt/rustwide/workdir" "-m" "1610612736" "--user" "0:0" "--network" "none" "ghcr.io/rust-lang/crates-build-env/linux@sha256:2788e3201cd34a07e3172128adcd8b3090168a8e3bcc40d7c032b9dda1df7d1c" "/opt/rustwide/cargo-home/bin/cargo" "+nightly-2024-02-05" "check" "--frozen" "--all" "--all-targets" "--message-format=json" "-Zcheck-cfg", kill_on_drop: false }`
[INFO] [stdout] 83be30f63bac8b4048e45afe409c15ca0d575bb201d322f24c7faa4262fac4e5
[INFO] running `Command { std: "docker" "start" "-a" "83be30f63bac8b4048e45afe409c15ca0d575bb201d322f24c7faa4262fac4e5", kill_on_drop: false }`
[INFO] [stderr]     Checking subtle v2.5.0
[INFO] [stderr]     Checking time v0.1.45
[INFO] [stderr]     Checking digest v0.10.7
[INFO] [stderr]     Checking sha1 v0.10.6
[INFO] [stderr]     Checking hmac v0.12.1
[INFO] [stderr]     Checking hmac-sha1 v0.2.2
[INFO] [stderr]     Checking otp v0.1.0 (/opt/rustwide/workdir)
[INFO] [stdout] error[E0463]: can't find crate for `hmacsha1`
[INFO] [stdout]  --> src/lib.rs:1:1
[INFO] [stdout]   |
[INFO] [stdout] 1 | extern crate hmacsha1;
[INFO] [stdout]   | ^^^^^^^^^^^^^^^^^^^^^^ can't find crate
[INFO] [stdout] 
[INFO] [stdout] 
[INFO] [stdout] error[E0463]: can't find crate for `hmacsha1`
[INFO] [stdout]  --> src/lib.rs:1:1
[INFO] [stdout]   |
[INFO] [stdout] 1 | extern crate hmacsha1;
[INFO] [stdout]   | ^^^^^^^^^^^^^^^^^^^^^^ can't find crate
[INFO] [stdout] 
[INFO] [stdout] 
[INFO] [stdout] error: aborting due to 1 previous error
[INFO] [stdout] 
[INFO] [stdout] 
[INFO] [stdout] For more information about this error, try `rustc --explain E0463`.
[INFO] [stdout] 
[INFO] [stderr] error: could not compile `otp` (lib) due to 2 previous errors
[INFO] [stderr] warning: build failed, waiting for other jobs to finish...
[INFO] [stdout] error: aborting due to 1 previous error
[INFO] [stdout] 
[INFO] [stdout] 
[INFO] [stdout] For more information about this error, try `rustc --explain E0463`.
[INFO] [stdout] 
[INFO] [stderr] error: could not compile `otp` (lib test) due to 2 previous errors
[INFO] running `Command { std: "docker" "inspect" "83be30f63bac8b4048e45afe409c15ca0d575bb201d322f24c7faa4262fac4e5", kill_on_drop: false }`
[INFO] running `Command { std: "docker" "rm" "-f" "83be30f63bac8b4048e45afe409c15ca0d575bb201d322f24c7faa4262fac4e5", kill_on_drop: false }`
[INFO] [stdout] 83be30f63bac8b4048e45afe409c15ca0d575bb201d322f24c7faa4262fac4e5
