[INFO] fetching crate otlp-exporter 0.1.0...
[INFO] checking otlp-exporter-0.1.0 against nightly-2024-02-05 for check-cfg
[INFO] extracting crate otlp-exporter 0.1.0 into /workspace/builds/worker-0-tc1/source
[INFO] validating manifest of crates.io crate otlp-exporter 0.1.0 on toolchain nightly-2024-02-05
[INFO] running `Command { std: CARGO_HOME="/workspace/cargo-home" RUSTUP_HOME="/workspace/rustup-home" "/workspace/cargo-home/bin/cargo" "+nightly-2024-02-05" "metadata" "--manifest-path" "Cargo.toml" "--no-deps", kill_on_drop: false }`
[INFO] started tweaking crates.io crate otlp-exporter 0.1.0
[INFO] finished tweaking crates.io crate otlp-exporter 0.1.0
[INFO] tweaked toml for crates.io crate otlp-exporter 0.1.0 written to /workspace/builds/worker-0-tc1/source/Cargo.toml
[INFO] running `Command { std: CARGO_HOME="/workspace/cargo-home" RUSTUP_HOME="/workspace/rustup-home" "/workspace/cargo-home/bin/cargo" "+nightly-2024-02-05" "generate-lockfile" "--manifest-path" "Cargo.toml", kill_on_drop: false }`
[INFO] [stderr]     Updating crates.io index
[INFO] running `Command { std: CARGO_HOME="/workspace/cargo-home" RUSTUP_HOME="/workspace/rustup-home" "/workspace/cargo-home/bin/cargo" "+nightly-2024-02-05" "fetch" "--manifest-path" "Cargo.toml", kill_on_drop: false }`
[INFO] [stderr]  Downloading crates ...
[INFO] [stderr]   Downloaded grpcio v0.12.1
[INFO] [stderr]   Downloaded temp-env v0.3.6
[INFO] [stderr]   Downloaded opentelemetry v0.20.0
[INFO] [stderr]   Downloaded opentelemetry-semantic-conventions v0.12.0
[INFO] [stderr]   Downloaded opentelemetry_sdk v0.20.0
[INFO] [stderr]   Downloaded opentelemetry-proto v0.3.0
[INFO] [stderr]   Downloaded boringssl-src v0.5.2+6195bf8
[INFO] [stderr]   Downloaded grpcio-sys v0.12.1+1.46.5-patched
[INFO] running `Command { std: "docker" "create" "-v" "/var/lib/crater-agent-workspace/builds/worker-0-tc1/target:/opt/rustwide/target:rw,Z" "-v" "/var/lib/crater-agent-workspace/builds/worker-0-tc1/source:/opt/rustwide/workdir:ro,Z" "-v" "/var/lib/crater-agent-workspace/cargo-home:/opt/rustwide/cargo-home:ro,Z" "-v" "/var/lib/crater-agent-workspace/rustup-home:/opt/rustwide/rustup-home:ro,Z" "-e" "SOURCE_DIR=/opt/rustwide/workdir" "-e" "CARGO_TARGET_DIR=/opt/rustwide/target" "-e" "CARGO_HOME=/opt/rustwide/cargo-home" "-e" "RUSTUP_HOME=/opt/rustwide/rustup-home" "-w" "/opt/rustwide/workdir" "-m" "1610612736" "--user" "0:0" "--network" "none" "ghcr.io/rust-lang/crates-build-env/linux@sha256:2788e3201cd34a07e3172128adcd8b3090168a8e3bcc40d7c032b9dda1df7d1c" "/opt/rustwide/cargo-home/bin/cargo" "+nightly-2024-02-05" "metadata" "--no-deps" "--format-version=1", kill_on_drop: false }`
[INFO] [stdout] 5e2bc240b5f0576d412d13f390b35f2aeecb09dfdbebbf704f19975eb671b36c
[INFO] running `Command { std: "docker" "start" "-a" "5e2bc240b5f0576d412d13f390b35f2aeecb09dfdbebbf704f19975eb671b36c", kill_on_drop: false }`
[INFO] running `Command { std: "docker" "inspect" "5e2bc240b5f0576d412d13f390b35f2aeecb09dfdbebbf704f19975eb671b36c", kill_on_drop: false }`
[INFO] running `Command { std: "docker" "rm" "-f" "5e2bc240b5f0576d412d13f390b35f2aeecb09dfdbebbf704f19975eb671b36c", kill_on_drop: false }`
[INFO] [stdout] 5e2bc240b5f0576d412d13f390b35f2aeecb09dfdbebbf704f19975eb671b36c
[INFO] running `Command { std: "docker" "create" "-v" "/var/lib/crater-agent-workspace/builds/worker-0-tc1/target:/opt/rustwide/target:rw,Z" "-v" "/var/lib/crater-agent-workspace/builds/worker-0-tc1/source:/opt/rustwide/workdir:ro,Z" "-v" "/var/lib/crater-agent-workspace/cargo-home:/opt/rustwide/cargo-home:ro,Z" "-v" "/var/lib/crater-agent-workspace/rustup-home:/opt/rustwide/rustup-home:ro,Z" "-e" "SOURCE_DIR=/opt/rustwide/workdir" "-e" "CARGO_TARGET_DIR=/opt/rustwide/target" "-e" "CARGO_INCREMENTAL=0" "-e" "RUST_BACKTRACE=full" "-e" "RUSTFLAGS=--cap-lints=forbid" "-e" "RUSTDOCFLAGS=--cap-lints=forbid" "-e" "CARGO_HOME=/opt/rustwide/cargo-home" "-e" "RUSTUP_HOME=/opt/rustwide/rustup-home" "-w" "/opt/rustwide/workdir" "-m" "1610612736" "--user" "0:0" "--network" "none" "ghcr.io/rust-lang/crates-build-env/linux@sha256:2788e3201cd34a07e3172128adcd8b3090168a8e3bcc40d7c032b9dda1df7d1c" "/opt/rustwide/cargo-home/bin/cargo" "+nightly-2024-02-05" "check" "--frozen" "--all" "--all-targets" "--message-format=json", kill_on_drop: false }`
[INFO] [stdout] 4200c12c416f1dd91617b9947ae5f33888e01a45bc9993acfb468c32bacda728
[INFO] running `Command { std: "docker" "start" "-a" "4200c12c416f1dd91617b9947ae5f33888e01a45bc9993acfb468c32bacda728", kill_on_drop: false }`
[INFO] [stderr]    Compiling num-traits v0.2.17
[INFO] [stderr]    Compiling indexmap v1.9.3
[INFO] [stderr]     Checking urlencoding v2.1.3
[INFO] [stderr]     Checking num_cpus v1.16.0
[INFO] [stderr]    Compiling futures-macro v0.3.30
[INFO] [stderr]    Compiling thiserror-impl v1.0.56
[INFO] [stderr]    Compiling tokio-macros v2.2.0
[INFO] [stderr]    Compiling async-trait v0.1.77
[INFO] [stderr]     Checking rand v0.8.5
[INFO] [stderr]     Checking temp-env v0.3.6
[INFO] [stderr]     Checking futures-util v0.3.30
[INFO] [stderr]     Checking tokio v1.36.0
[INFO] [stderr]     Checking ordered-float v3.9.2
[INFO] [stderr]     Checking thiserror v1.0.56
[INFO] [stderr]     Checking tokio-stream v0.1.14
[INFO] [stderr]     Checking opentelemetry_api v0.20.0
[INFO] [stderr]     Checking futures-executor v0.3.30
[INFO] [stderr]     Checking futures v0.3.30
[INFO] [stderr]     Checking opentelemetry_sdk v0.20.0
[INFO] [stderr]     Checking opentelemetry-proto v0.3.0
[INFO] [stderr]     Checking opentelemetry v0.20.0
[INFO] [stderr]     Checking otlp-exporter v0.1.0 (/opt/rustwide/workdir)
[INFO] [stderr]     Checking opentelemetry-semantic-conventions v0.12.0
[INFO] [stdout] error[E0425]: cannot find function `default_protocol` in this scope
[INFO] [stdout]    --> src/config.rs:412:13
[INFO] [stdout]     |
[INFO] [stdout] 412 |             default_protocol(),
[INFO] [stdout]     |             ^^^^^^^^^^^^^^^^ not found in this scope
[INFO] [stdout] 
[INFO] [stdout] 
[INFO] [stdout] error[E0425]: cannot find function `default_protocol` in this scope
[INFO] [stdout]    --> src/config.rs:590:24
[INFO] [stdout]     |
[INFO] [stdout] 590 |         let protocol = default_protocol();
[INFO] [stdout]     |                        ^^^^^^^^^^^^^^^^ not found in this scope
[INFO] [stdout] 
[INFO] [stdout] 
[INFO] [stdout] error: aborting due to 2 previous errors
[INFO] [stdout] 
[INFO] [stdout] 
[INFO] [stdout] For more information about this error, try `rustc --explain E0425`.
[INFO] [stdout] 
[INFO] [stderr] error: could not compile `otlp-exporter` (lib) due to 3 previous errors
[INFO] [stderr] warning: build failed, waiting for other jobs to finish...
[INFO] [stdout] error[E0432]: unresolved imports `super::OTEL_EXPORTER_OTLP_LOGS_ENDPOINT`, `super::OTEL_EXPORTER_OTLP_LOGS_HEADERS`, `super::OTEL_EXPORTER_OTLP_METRICS_ENDPOINT`, `super::OTEL_EXPORTER_OTLP_METRICS_HEADERS`, `super::OTEL_EXPORTER_OTLP_TRACES_ENDPOINT`, `super::OTEL_EXPORTER_OTLP_TRACES_HEADERS`
[INFO] [stdout]    --> src/config.rs:721:37
[INFO] [stdout]     |
[INFO] [stdout] 721 |         OTEL_EXPORTER_OTLP_HEADERS, OTEL_EXPORTER_OTLP_LOGS_ENDPOINT,
[INFO] [stdout]     |                                     ^^^^^^^^^^^^^^^^^^^^^^^^^^^^^^^^ no `OTEL_EXPORTER_OTLP_LOGS_ENDPOINT` in `config`
[INFO] [stdout] 722 |         OTEL_EXPORTER_OTLP_LOGS_HEADERS, OTEL_EXPORTER_OTLP_METRICS_ENDPOINT,
[INFO] [stdout]     |         ^^^^^^^^^^^^^^^^^^^^^^^^^^^^^^^  ^^^^^^^^^^^^^^^^^^^^^^^^^^^^^^^^^^^ no `OTEL_EXPORTER_OTLP_METRICS_ENDPOINT` in `config`
[INFO] [stdout]     |         |
[INFO] [stdout]     |         no `OTEL_EXPORTER_OTLP_LOGS_HEADERS` in `config`
[INFO] [stdout] 723 |         OTEL_EXPORTER_OTLP_METRICS_HEADERS, OTEL_EXPORTER_OTLP_TRACES_ENDPOINT,
[INFO] [stdout]     |         ^^^^^^^^^^^^^^^^^^^^^^^^^^^^^^^^^^  ^^^^^^^^^^^^^^^^^^^^^^^^^^^^^^^^^^ no `OTEL_EXPORTER_OTLP_TRACES_ENDPOINT` in `config`
[INFO] [stdout]     |         |
[INFO] [stdout]     |         no `OTEL_EXPORTER_OTLP_METRICS_HEADERS` in `config`
[INFO] [stdout] 724 |         OTEL_EXPORTER_OTLP_TRACES_HEADERS,
[INFO] [stdout]     |         ^^^^^^^^^^^^^^^^^^^^^^^^^^^^^^^^^ no `OTEL_EXPORTER_OTLP_TRACES_HEADERS` in `config`
[INFO] [stdout]     |
[INFO] [stdout] help: a similar name exists in the module
[INFO] [stdout]     |
[INFO] [stdout] 721 |         OTEL_EXPORTER_OTLP_HEADERS, OTEL_EXPORTER_OTLP_ENDPOINT,
[INFO] [stdout]     |                                     ~~~~~~~~~~~~~~~~~~~~~~~~~~~
[INFO] [stdout] help: a similar name exists in the module
[INFO] [stdout]     |
[INFO] [stdout] 722 |         OTEL_EXPORTER_OTLP_HEADERS, OTEL_EXPORTER_OTLP_METRICS_ENDPOINT,
[INFO] [stdout]     |         ~~~~~~~~~~~~~~~~~~~~~~~~~~
[INFO] [stdout] help: a similar name exists in the module
[INFO] [stdout]     |
[INFO] [stdout] 722 |         OTEL_EXPORTER_OTLP_LOGS_HEADERS, OTEL_EXPORTER_OTLP_ENDPOINT,
[INFO] [stdout]     |                                          ~~~~~~~~~~~~~~~~~~~~~~~~~~~
[INFO] [stdout] help: a similar name exists in the module
[INFO] [stdout]     |
[INFO] [stdout] 723 |         OTEL_EXPORTER_OTLP_HEADERS, OTEL_EXPORTER_OTLP_TRACES_ENDPOINT,
[INFO] [stdout]     |         ~~~~~~~~~~~~~~~~~~~~~~~~~~
[INFO] [stdout] help: a similar name exists in the module
[INFO] [stdout]     |
[INFO] [stdout] 723 |         OTEL_EXPORTER_OTLP_METRICS_HEADERS, OTEL_EXPORTER_OTLP_ENDPOINT,
[INFO] [stdout]     |                                             ~~~~~~~~~~~~~~~~~~~~~~~~~~~
[INFO] [stdout] help: a similar name exists in the module
[INFO] [stdout]     |
[INFO] [stdout] 724 |         OTEL_EXPORTER_OTLP_HEADERS,
[INFO] [stdout]     |         ~~~~~~~~~~~~~~~~~~~~~~~~~~
[INFO] [stdout] 
[INFO] [stdout] 
[INFO] [stdout] error[E0425]: cannot find function `default_protocol` in this scope
[INFO] [stdout]    --> src/config.rs:412:13
[INFO] [stdout]     |
[INFO] [stdout] 412 |             default_protocol(),
[INFO] [stdout]     |             ^^^^^^^^^^^^^^^^ not found in this scope
[INFO] [stdout] 
[INFO] [stdout] 
[INFO] [stdout] error[E0425]: cannot find function `default_protocol` in this scope
[INFO] [stdout]    --> src/config.rs:590:24
[INFO] [stdout]     |
[INFO] [stdout] 590 |         let protocol = default_protocol();
[INFO] [stdout]     |                        ^^^^^^^^^^^^^^^^ not found in this scope
[INFO] [stdout] 
[INFO] [stdout] 
[INFO] [stdout] error: aborting due to 3 previous errors
[INFO] [stdout] 
[INFO] [stdout] 
[INFO] [stdout] Some errors have detailed explanations: E0425, E0432.
[INFO] [stdout] 
[INFO] [stdout] For more information about an error, try `rustc --explain E0425`.
[INFO] [stdout] 
[INFO] [stderr] error: could not compile `otlp-exporter` (lib test) due to 4 previous errors
[INFO] running `Command { std: "docker" "inspect" "4200c12c416f1dd91617b9947ae5f33888e01a45bc9993acfb468c32bacda728", kill_on_drop: false }`
[INFO] running `Command { std: "docker" "rm" "-f" "4200c12c416f1dd91617b9947ae5f33888e01a45bc9993acfb468c32bacda728", kill_on_drop: false }`
[INFO] [stdout] 4200c12c416f1dd91617b9947ae5f33888e01a45bc9993acfb468c32bacda728
