[INFO] fetching crate osm-tags 0.1.1...
[INFO] checking osm-tags-0.1.1 against nightly-2024-02-05 for check-cfg
[INFO] extracting crate osm-tags 0.1.1 into /workspace/builds/worker-6-tc1/source
[INFO] validating manifest of crates.io crate osm-tags 0.1.1 on toolchain nightly-2024-02-05
[INFO] running `Command { std: CARGO_HOME="/workspace/cargo-home" RUSTUP_HOME="/workspace/rustup-home" "/workspace/cargo-home/bin/cargo" "+nightly-2024-02-05" "metadata" "--manifest-path" "Cargo.toml" "--no-deps", kill_on_drop: false }`
[INFO] started tweaking crates.io crate osm-tags 0.1.1
[INFO] finished tweaking crates.io crate osm-tags 0.1.1
[INFO] tweaked toml for crates.io crate osm-tags 0.1.1 written to /workspace/builds/worker-6-tc1/source/Cargo.toml
[INFO] running `Command { std: CARGO_HOME="/workspace/cargo-home" RUSTUP_HOME="/workspace/rustup-home" "/workspace/cargo-home/bin/cargo" "+nightly-2024-02-05" "generate-lockfile" "--manifest-path" "Cargo.toml", kill_on_drop: false }`
[INFO] [stderr]     Updating crates.io index
[INFO] running `Command { std: CARGO_HOME="/workspace/cargo-home" RUSTUP_HOME="/workspace/rustup-home" "/workspace/cargo-home/bin/cargo" "+nightly-2024-02-05" "fetch" "--manifest-path" "Cargo.toml", kill_on_drop: false }`
[INFO] running `Command { std: "docker" "create" "-v" "/var/lib/crater-agent-workspace/builds/worker-6-tc1/target:/opt/rustwide/target:rw,Z" "-v" "/var/lib/crater-agent-workspace/builds/worker-6-tc1/source:/opt/rustwide/workdir:ro,Z" "-v" "/var/lib/crater-agent-workspace/cargo-home:/opt/rustwide/cargo-home:ro,Z" "-v" "/var/lib/crater-agent-workspace/rustup-home:/opt/rustwide/rustup-home:ro,Z" "-e" "SOURCE_DIR=/opt/rustwide/workdir" "-e" "CARGO_TARGET_DIR=/opt/rustwide/target" "-e" "CARGO_HOME=/opt/rustwide/cargo-home" "-e" "RUSTUP_HOME=/opt/rustwide/rustup-home" "-w" "/opt/rustwide/workdir" "-m" "1610612736" "--user" "0:0" "--network" "none" "ghcr.io/rust-lang/crates-build-env/linux@sha256:2788e3201cd34a07e3172128adcd8b3090168a8e3bcc40d7c032b9dda1df7d1c" "/opt/rustwide/cargo-home/bin/cargo" "+nightly-2024-02-05" "metadata" "--no-deps" "--format-version=1", kill_on_drop: false }`
[INFO] [stdout] 2ad8f6948b19d455eb3150708a022b0a4372f135880cd52fbb4b6bad76a73ef5
[INFO] running `Command { std: "docker" "start" "-a" "2ad8f6948b19d455eb3150708a022b0a4372f135880cd52fbb4b6bad76a73ef5", kill_on_drop: false }`
[INFO] running `Command { std: "docker" "inspect" "2ad8f6948b19d455eb3150708a022b0a4372f135880cd52fbb4b6bad76a73ef5", kill_on_drop: false }`
[INFO] running `Command { std: "docker" "rm" "-f" "2ad8f6948b19d455eb3150708a022b0a4372f135880cd52fbb4b6bad76a73ef5", kill_on_drop: false }`
[INFO] [stdout] 2ad8f6948b19d455eb3150708a022b0a4372f135880cd52fbb4b6bad76a73ef5
[INFO] running `Command { std: "docker" "create" "-v" "/var/lib/crater-agent-workspace/builds/worker-6-tc1/target:/opt/rustwide/target:rw,Z" "-v" "/var/lib/crater-agent-workspace/builds/worker-6-tc1/source:/opt/rustwide/workdir:ro,Z" "-v" "/var/lib/crater-agent-workspace/cargo-home:/opt/rustwide/cargo-home:ro,Z" "-v" "/var/lib/crater-agent-workspace/rustup-home:/opt/rustwide/rustup-home:ro,Z" "-e" "SOURCE_DIR=/opt/rustwide/workdir" "-e" "CARGO_TARGET_DIR=/opt/rustwide/target" "-e" "CARGO_INCREMENTAL=0" "-e" "RUST_BACKTRACE=full" "-e" "RUSTFLAGS=--cap-lints=forbid" "-e" "RUSTDOCFLAGS=--cap-lints=forbid" "-e" "CARGO_HOME=/opt/rustwide/cargo-home" "-e" "RUSTUP_HOME=/opt/rustwide/rustup-home" "-w" "/opt/rustwide/workdir" "-m" "1610612736" "--user" "0:0" "--network" "none" "ghcr.io/rust-lang/crates-build-env/linux@sha256:2788e3201cd34a07e3172128adcd8b3090168a8e3bcc40d7c032b9dda1df7d1c" "/opt/rustwide/cargo-home/bin/cargo" "+nightly-2024-02-05" "check" "--frozen" "--all" "--all-targets" "--message-format=json", kill_on_drop: false }`
[INFO] [stdout] 57fbbb62a3ab8c786eb11f1d758499238942e4919b4bb4f4a58fd65bd97a84e0
[INFO] running `Command { std: "docker" "start" "-a" "57fbbb62a3ab8c786eb11f1d758499238942e4919b4bb4f4a58fd65bd97a84e0", kill_on_drop: false }`
[INFO] [stderr]    Compiling serde v1.0.196
[INFO] [stderr]     Checking kstring v2.0.0
[INFO] [stderr]     Checking osm-tags v0.1.1 (/opt/rustwide/workdir)
[INFO] [stderr]     Checking serde_json v1.0.113
[INFO] [stdout] error[E0277]: the trait bound `Tags: serde::ser::Serialize` is not satisfied
[INFO] [stdout]     --> src/lib.rs:387:42
[INFO] [stdout]      |
[INFO] [stdout] 387  |         assert_eq!(serde_json::to_string(&tags).unwrap(), tags_str);
[INFO] [stdout]      |                    --------------------- ^^^^^ the trait `serde::ser::Serialize` is not implemented for `Tags`
[INFO] [stdout]      |                    |
[INFO] [stdout]      |                    required by a bound introduced by this call
[INFO] [stdout]      |
[INFO] [stdout]      = help: the following other types implement trait `serde::ser::Serialize`:
[INFO] [stdout]                bool
[INFO] [stdout]                char
[INFO] [stdout]                isize
[INFO] [stdout]                i8
[INFO] [stdout]                i16
[INFO] [stdout]                i32
[INFO] [stdout]                i64
[INFO] [stdout]                i128
[INFO] [stdout]              and 130 others
[INFO] [stdout] note: required by a bound in `serde_json::to_string`
[INFO] [stdout]     --> /opt/rustwide/cargo-home/registry/src/index.crates.io-6f17d22bba15001f/serde_json-1.0.113/src/ser.rs:2209:17
[INFO] [stdout]      |
[INFO] [stdout] 2207 | pub fn to_string<T>(value: &T) -> Result<String>
[INFO] [stdout]      |        --------- required by a bound in this function
[INFO] [stdout] 2208 | where
[INFO] [stdout] 2209 |     T: ?Sized + Serialize,
[INFO] [stdout]      |                 ^^^^^^^^^ required by this bound in `to_string`
[INFO] [stdout] 
[INFO] [stdout] 
[INFO] [stdout] error[E0277]: the trait bound `Tags: serde::de::Deserialize<'_>` is not satisfied
[INFO] [stdout]     --> src/lib.rs:388:29
[INFO] [stdout]      |
[INFO] [stdout] 388  |         let de_tags: Tags = serde_json::from_str(tags_str).unwrap();
[INFO] [stdout]      |                             ^^^^^^^^^^^^^^^^^^^^^^^^^^^^^^ the trait `serde::de::Deserialize<'_>` is not implemented for `Tags`
[INFO] [stdout]      |
[INFO] [stdout]      = help: the following other types implement trait `serde::de::Deserialize<'de>`:
[INFO] [stdout]                bool
[INFO] [stdout]                char
[INFO] [stdout]                isize
[INFO] [stdout]                i8
[INFO] [stdout]                i16
[INFO] [stdout]                i32
[INFO] [stdout]                i64
[INFO] [stdout]                i128
[INFO] [stdout]              and 130 others
[INFO] [stdout] note: required by a bound in `serde_json::from_str`
[INFO] [stdout]     --> /opt/rustwide/cargo-home/registry/src/index.crates.io-6f17d22bba15001f/serde_json-1.0.113/src/de.rs:2676:8
[INFO] [stdout]      |
[INFO] [stdout] 2674 | pub fn from_str<'a, T>(s: &'a str) -> Result<T>
[INFO] [stdout]      |        -------- required by a bound in this function
[INFO] [stdout] 2675 | where
[INFO] [stdout] 2676 |     T: de::Deserialize<'a>,
[INFO] [stdout]      |        ^^^^^^^^^^^^^^^^^^^ required by this bound in `from_str`
[INFO] [stdout] 
[INFO] [stdout] 
[INFO] [stdout] error: aborting due to 2 previous errors
[INFO] [stdout] 
[INFO] [stdout] 
[INFO] [stdout] For more information about this error, try `rustc --explain E0277`.
[INFO] [stdout] 
[INFO] [stderr] error: could not compile `osm-tags` (lib test) due to 3 previous errors
[INFO] running `Command { std: "docker" "inspect" "57fbbb62a3ab8c786eb11f1d758499238942e4919b4bb4f4a58fd65bd97a84e0", kill_on_drop: false }`
[INFO] running `Command { std: "docker" "rm" "-f" "57fbbb62a3ab8c786eb11f1d758499238942e4919b4bb4f4a58fd65bd97a84e0", kill_on_drop: false }`
[INFO] [stdout] 57fbbb62a3ab8c786eb11f1d758499238942e4919b4bb4f4a58fd65bd97a84e0
[INFO] checking osm-tags-0.1.1 against nightly-2024-02-05+rustflags=-Dunexpected_cfgs+cargoflags=-Zcheck-cfg for check-cfg
[INFO] extracting crate osm-tags 0.1.1 into /workspace/builds/worker-6-tc2/source
[INFO] validating manifest of crates.io crate osm-tags 0.1.1 on toolchain nightly-2024-02-05
[INFO] running `Command { std: CARGO_HOME="/workspace/cargo-home" RUSTUP_HOME="/workspace/rustup-home" "/workspace/cargo-home/bin/cargo" "+nightly-2024-02-05" "metadata" "--manifest-path" "Cargo.toml" "--no-deps", kill_on_drop: false }`
[INFO] started tweaking crates.io crate osm-tags 0.1.1
[INFO] finished tweaking crates.io crate osm-tags 0.1.1
[INFO] tweaked toml for crates.io crate osm-tags 0.1.1 written to /workspace/builds/worker-6-tc2/source/Cargo.toml
[INFO] running `Command { std: CARGO_HOME="/workspace/cargo-home" RUSTUP_HOME="/workspace/rustup-home" "/workspace/cargo-home/bin/cargo" "+nightly-2024-02-05" "generate-lockfile" "--manifest-path" "Cargo.toml", kill_on_drop: false }`
[INFO] [stderr]     Updating crates.io index
[INFO] running `Command { std: CARGO_HOME="/workspace/cargo-home" RUSTUP_HOME="/workspace/rustup-home" "/workspace/cargo-home/bin/cargo" "+nightly-2024-02-05" "fetch" "--manifest-path" "Cargo.toml", kill_on_drop: false }`
[INFO] running `Command { std: "docker" "create" "-v" "/var/lib/crater-agent-workspace/builds/worker-6-tc2/target:/opt/rustwide/target:rw,Z" "-v" "/var/lib/crater-agent-workspace/builds/worker-6-tc2/source:/opt/rustwide/workdir:ro,Z" "-v" "/var/lib/crater-agent-workspace/cargo-home:/opt/rustwide/cargo-home:ro,Z" "-v" "/var/lib/crater-agent-workspace/rustup-home:/opt/rustwide/rustup-home:ro,Z" "-e" "SOURCE_DIR=/opt/rustwide/workdir" "-e" "CARGO_TARGET_DIR=/opt/rustwide/target" "-e" "CARGO_HOME=/opt/rustwide/cargo-home" "-e" "RUSTUP_HOME=/opt/rustwide/rustup-home" "-w" "/opt/rustwide/workdir" "-m" "1610612736" "--user" "0:0" "--network" "none" "ghcr.io/rust-lang/crates-build-env/linux@sha256:2788e3201cd34a07e3172128adcd8b3090168a8e3bcc40d7c032b9dda1df7d1c" "/opt/rustwide/cargo-home/bin/cargo" "+nightly-2024-02-05" "metadata" "--no-deps" "--format-version=1", kill_on_drop: false }`
[INFO] [stdout] 609e1e7f503ff1b2988d5e4ef7d1fabdfb0aadc759ef25cda009691f3510c00c
[INFO] running `Command { std: "docker" "start" "-a" "609e1e7f503ff1b2988d5e4ef7d1fabdfb0aadc759ef25cda009691f3510c00c", kill_on_drop: false }`
[INFO] running `Command { std: "docker" "inspect" "609e1e7f503ff1b2988d5e4ef7d1fabdfb0aadc759ef25cda009691f3510c00c", kill_on_drop: false }`
[INFO] running `Command { std: "docker" "rm" "-f" "609e1e7f503ff1b2988d5e4ef7d1fabdfb0aadc759ef25cda009691f3510c00c", kill_on_drop: false }`
[INFO] [stdout] 609e1e7f503ff1b2988d5e4ef7d1fabdfb0aadc759ef25cda009691f3510c00c
[INFO] running `Command { std: "docker" "create" "-v" "/var/lib/crater-agent-workspace/builds/worker-6-tc2/target:/opt/rustwide/target:rw,Z" "-v" "/var/lib/crater-agent-workspace/builds/worker-6-tc2/source:/opt/rustwide/workdir:ro,Z" "-v" "/var/lib/crater-agent-workspace/cargo-home:/opt/rustwide/cargo-home:ro,Z" "-v" "/var/lib/crater-agent-workspace/rustup-home:/opt/rustwide/rustup-home:ro,Z" "-e" "SOURCE_DIR=/opt/rustwide/workdir" "-e" "CARGO_TARGET_DIR=/opt/rustwide/target" "-e" "CARGO_INCREMENTAL=0" "-e" "RUST_BACKTRACE=full" "-e" "RUSTFLAGS=--cap-lints=forbid -Dunexpected_cfgs" "-e" "RUSTDOCFLAGS=--cap-lints=forbid" "-e" "CARGO_HOME=/opt/rustwide/cargo-home" "-e" "RUSTUP_HOME=/opt/rustwide/rustup-home" "-w" "/opt/rustwide/workdir" "-m" "1610612736" "--user" "0:0" "--network" "none" "ghcr.io/rust-lang/crates-build-env/linux@sha256:2788e3201cd34a07e3172128adcd8b3090168a8e3bcc40d7c032b9dda1df7d1c" "/opt/rustwide/cargo-home/bin/cargo" "+nightly-2024-02-05" "check" "--frozen" "--all" "--all-targets" "--message-format=json" "-Zcheck-cfg", kill_on_drop: false }`
[INFO] [stdout] 1e65581f19d21609a711adabe02f6ccb30f3cbb2654243f49a838143e3ff24d4
[INFO] running `Command { std: "docker" "start" "-a" "1e65581f19d21609a711adabe02f6ccb30f3cbb2654243f49a838143e3ff24d4", kill_on_drop: false }`
[INFO] [stderr]    Compiling serde v1.0.196
[INFO] [stderr]     Checking kstring v2.0.0
[INFO] [stderr]     Checking osm-tags v0.1.1 (/opt/rustwide/workdir)
[INFO] [stderr]     Checking serde_json v1.0.113
[INFO] [stdout] error[E0277]: the trait bound `Tags: serde::ser::Serialize` is not satisfied
[INFO] [stdout]     --> src/lib.rs:387:42
[INFO] [stdout]      |
[INFO] [stdout] 387  |         assert_eq!(serde_json::to_string(&tags).unwrap(), tags_str);
[INFO] [stdout]      |                    --------------------- ^^^^^ the trait `serde::ser::Serialize` is not implemented for `Tags`
[INFO] [stdout]      |                    |
[INFO] [stdout]      |                    required by a bound introduced by this call
[INFO] [stdout]      |
[INFO] [stdout]      = help: the following other types implement trait `serde::ser::Serialize`:
[INFO] [stdout]                bool
[INFO] [stdout]                char
[INFO] [stdout]                isize
[INFO] [stdout]                i8
[INFO] [stdout]                i16
[INFO] [stdout]                i32
[INFO] [stdout]                i64
[INFO] [stdout]                i128
[INFO] [stdout]              and 130 others
[INFO] [stdout] note: required by a bound in `serde_json::to_string`
[INFO] [stdout]     --> /opt/rustwide/cargo-home/registry/src/index.crates.io-6f17d22bba15001f/serde_json-1.0.113/src/ser.rs:2209:17
[INFO] [stdout]      |
[INFO] [stdout] 2207 | pub fn to_string<T>(value: &T) -> Result<String>
[INFO] [stdout]      |        --------- required by a bound in this function
[INFO] [stdout] 2208 | where
[INFO] [stdout] 2209 |     T: ?Sized + Serialize,
[INFO] [stdout]      |                 ^^^^^^^^^ required by this bound in `to_string`
[INFO] [stdout] 
[INFO] [stdout] 
[INFO] [stdout] error[E0277]: the trait bound `Tags: serde::de::Deserialize<'_>` is not satisfied
[INFO] [stdout]     --> src/lib.rs:388:29
[INFO] [stdout]      |
[INFO] [stdout] 388  |         let de_tags: Tags = serde_json::from_str(tags_str).unwrap();
[INFO] [stdout]      |                             ^^^^^^^^^^^^^^^^^^^^^^^^^^^^^^ the trait `serde::de::Deserialize<'_>` is not implemented for `Tags`
[INFO] [stdout]      |
[INFO] [stdout]      = help: the following other types implement trait `serde::de::Deserialize<'de>`:
[INFO] [stdout]                bool
[INFO] [stdout]                char
[INFO] [stdout]                isize
[INFO] [stdout]                i8
[INFO] [stdout]                i16
[INFO] [stdout]                i32
[INFO] [stdout]                i64
[INFO] [stdout]                i128
[INFO] [stdout]              and 130 others
[INFO] [stdout] note: required by a bound in `serde_json::from_str`
[INFO] [stdout]     --> /opt/rustwide/cargo-home/registry/src/index.crates.io-6f17d22bba15001f/serde_json-1.0.113/src/de.rs:2676:8
[INFO] [stdout]      |
[INFO] [stdout] 2674 | pub fn from_str<'a, T>(s: &'a str) -> Result<T>
[INFO] [stdout]      |        -------- required by a bound in this function
[INFO] [stdout] 2675 | where
[INFO] [stdout] 2676 |     T: de::Deserialize<'a>,
[INFO] [stdout]      |        ^^^^^^^^^^^^^^^^^^^ required by this bound in `from_str`
[INFO] [stdout] 
[INFO] [stdout] 
[INFO] [stdout] error: aborting due to 2 previous errors
[INFO] [stdout] 
[INFO] [stdout] 
[INFO] [stdout] For more information about this error, try `rustc --explain E0277`.
[INFO] [stdout] 
[INFO] [stderr] error: could not compile `osm-tags` (lib test) due to 3 previous errors
[INFO] running `Command { std: "docker" "inspect" "1e65581f19d21609a711adabe02f6ccb30f3cbb2654243f49a838143e3ff24d4", kill_on_drop: false }`
[INFO] running `Command { std: "docker" "rm" "-f" "1e65581f19d21609a711adabe02f6ccb30f3cbb2654243f49a838143e3ff24d4", kill_on_drop: false }`
[INFO] [stdout] 1e65581f19d21609a711adabe02f6ccb30f3cbb2654243f49a838143e3ff24d4
