[INFO] fetching crate orx-imp-vec 0.9.7...
[INFO] checking orx-imp-vec-0.9.7 against nightly-2024-02-05 for check-cfg
[INFO] extracting crate orx-imp-vec 0.9.7 into /workspace/builds/worker-5-tc1/source
[INFO] validating manifest of crates.io crate orx-imp-vec 0.9.7 on toolchain nightly-2024-02-05
[INFO] running `Command { std: CARGO_HOME="/workspace/cargo-home" RUSTUP_HOME="/workspace/rustup-home" "/workspace/cargo-home/bin/cargo" "+nightly-2024-02-05" "metadata" "--manifest-path" "Cargo.toml" "--no-deps", kill_on_drop: false }`
[INFO] started tweaking crates.io crate orx-imp-vec 0.9.7
[INFO] finished tweaking crates.io crate orx-imp-vec 0.9.7
[INFO] tweaked toml for crates.io crate orx-imp-vec 0.9.7 written to /workspace/builds/worker-5-tc1/source/Cargo.toml
[INFO] running `Command { std: CARGO_HOME="/workspace/cargo-home" RUSTUP_HOME="/workspace/rustup-home" "/workspace/cargo-home/bin/cargo" "+nightly-2024-02-05" "generate-lockfile" "--manifest-path" "Cargo.toml", kill_on_drop: false }`
[INFO] [stderr]     Updating crates.io index
[INFO] running `Command { std: CARGO_HOME="/workspace/cargo-home" RUSTUP_HOME="/workspace/rustup-home" "/workspace/cargo-home/bin/cargo" "+nightly-2024-02-05" "fetch" "--manifest-path" "Cargo.toml", kill_on_drop: false }`
[INFO] [stderr]  Downloading crates ...
[INFO] [stderr]   Downloaded orx-fixed-vec v0.3.3
[INFO] [stderr]   Downloaded orx-pinned-vec v0.4.3
[INFO] [stderr]   Downloaded orx-fixed-vec v0.4.6
[INFO] [stderr]   Downloaded orx-pinned-vec v0.5.3
[INFO] [stderr]   Downloaded orx-split-vec v0.9.5
[INFO] running `Command { std: "docker" "create" "-v" "/var/lib/crater-agent-workspace/builds/worker-5-tc1/target:/opt/rustwide/target:rw,Z" "-v" "/var/lib/crater-agent-workspace/builds/worker-5-tc1/source:/opt/rustwide/workdir:ro,Z" "-v" "/var/lib/crater-agent-workspace/cargo-home:/opt/rustwide/cargo-home:ro,Z" "-v" "/var/lib/crater-agent-workspace/rustup-home:/opt/rustwide/rustup-home:ro,Z" "-e" "SOURCE_DIR=/opt/rustwide/workdir" "-e" "CARGO_TARGET_DIR=/opt/rustwide/target" "-e" "CARGO_HOME=/opt/rustwide/cargo-home" "-e" "RUSTUP_HOME=/opt/rustwide/rustup-home" "-w" "/opt/rustwide/workdir" "-m" "1610612736" "--user" "0:0" "--network" "none" "ghcr.io/rust-lang/crates-build-env/linux@sha256:2788e3201cd34a07e3172128adcd8b3090168a8e3bcc40d7c032b9dda1df7d1c" "/opt/rustwide/cargo-home/bin/cargo" "+nightly-2024-02-05" "metadata" "--no-deps" "--format-version=1", kill_on_drop: false }`
[INFO] [stdout] d85755ae03cc694692f47118bcb025dd1b2ea31e023ae5e1ac2e359e561e9237
[INFO] running `Command { std: "docker" "start" "-a" "d85755ae03cc694692f47118bcb025dd1b2ea31e023ae5e1ac2e359e561e9237", kill_on_drop: false }`
[INFO] running `Command { std: "docker" "inspect" "d85755ae03cc694692f47118bcb025dd1b2ea31e023ae5e1ac2e359e561e9237", kill_on_drop: false }`
[INFO] running `Command { std: "docker" "rm" "-f" "d85755ae03cc694692f47118bcb025dd1b2ea31e023ae5e1ac2e359e561e9237", kill_on_drop: false }`
[INFO] [stdout] d85755ae03cc694692f47118bcb025dd1b2ea31e023ae5e1ac2e359e561e9237
[INFO] running `Command { std: "docker" "create" "-v" "/var/lib/crater-agent-workspace/builds/worker-5-tc1/target:/opt/rustwide/target:rw,Z" "-v" "/var/lib/crater-agent-workspace/builds/worker-5-tc1/source:/opt/rustwide/workdir:ro,Z" "-v" "/var/lib/crater-agent-workspace/cargo-home:/opt/rustwide/cargo-home:ro,Z" "-v" "/var/lib/crater-agent-workspace/rustup-home:/opt/rustwide/rustup-home:ro,Z" "-e" "SOURCE_DIR=/opt/rustwide/workdir" "-e" "CARGO_TARGET_DIR=/opt/rustwide/target" "-e" "CARGO_INCREMENTAL=0" "-e" "RUST_BACKTRACE=full" "-e" "RUSTFLAGS=--cap-lints=forbid" "-e" "RUSTDOCFLAGS=--cap-lints=forbid" "-e" "CARGO_HOME=/opt/rustwide/cargo-home" "-e" "RUSTUP_HOME=/opt/rustwide/rustup-home" "-w" "/opt/rustwide/workdir" "-m" "1610612736" "--user" "0:0" "--network" "none" "ghcr.io/rust-lang/crates-build-env/linux@sha256:2788e3201cd34a07e3172128adcd8b3090168a8e3bcc40d7c032b9dda1df7d1c" "/opt/rustwide/cargo-home/bin/cargo" "+nightly-2024-02-05" "check" "--frozen" "--all" "--all-targets" "--message-format=json", kill_on_drop: false }`
[INFO] [stdout] e2a03d539c86f8cef84a59ab252f8da92b094b83ef7be502298001e23791084e
[INFO] running `Command { std: "docker" "start" "-a" "e2a03d539c86f8cef84a59ab252f8da92b094b83ef7be502298001e23791084e", kill_on_drop: false }`
[INFO] [stderr]     Checking orx-pinned-vec v0.5.3
[INFO] [stderr]     Checking orx-pinned-vec v0.4.3
[INFO] [stderr]     Checking orx-fixed-vec v0.3.3
[INFO] [stderr]     Checking orx-fixed-vec v0.4.6
[INFO] [stderr]     Checking orx-split-vec v0.9.5
[INFO] [stderr]     Checking orx-imp-vec v0.9.7 (/opt/rustwide/workdir)
[INFO] [stdout] error[E0277]: the trait bound `SplitVec<T, G>: orx_pinned_vec::PinnedVec<T>` is not satisfied
[INFO] [stdout]   --> src/common_traits/into.rs:12:12
[INFO] [stdout]    |
[INFO] [stdout] 12 | impl<T, G> From<ImpVec<T, SplitVec<T, G>>> for SplitVec<T, G>
[INFO] [stdout]    |            ^^^^^^^^^^^^^^^^^^^^^^^^^^^^^^^ the trait `orx_pinned_vec::PinnedVec<T>` is not implemented for `SplitVec<T, G>`
[INFO] [stdout]    |
[INFO] [stdout]    = help: the trait `orx_pinned_vec::PinnedVec<T>` is implemented for `FixedVec<T>`
[INFO] [stdout] note: required by a bound in `ImpVec`
[INFO] [stdout]   --> src/imp_vec.rs:17:8
[INFO] [stdout]    |
[INFO] [stdout] 15 | pub struct ImpVec<T, P = SplitVec<T>>
[INFO] [stdout]    |            ------ required by a bound in this struct
[INFO] [stdout] 16 | where
[INFO] [stdout] 17 |     P: PinnedVec<T>,
[INFO] [stdout]    |        ^^^^^^^^^^^^ required by this bound in `ImpVec`
[INFO] [stdout] 
[INFO] [stdout] 
[INFO] [stdout] error[E0277]: the trait bound `SplitVec<T, G>: orx_pinned_vec::PinnedVec<T>` is not satisfied
[INFO] [stdout]   --> src/common_traits/into.rs:16:20
[INFO] [stdout]    |
[INFO] [stdout] 16 |     fn from(value: ImpVec<T, SplitVec<T, G>>) -> Self {
[INFO] [stdout]    |                    ^^^^^^^^^^^^^^^^^^^^^^^^^ the trait `orx_pinned_vec::PinnedVec<T>` is not implemented for `SplitVec<T, G>`
[INFO] [stdout]    |
[INFO] [stdout]    = help: the trait `orx_pinned_vec::PinnedVec<T>` is implemented for `FixedVec<T>`
[INFO] [stdout] note: required by a bound in `ImpVec`
[INFO] [stdout]   --> src/imp_vec.rs:17:8
[INFO] [stdout]    |
[INFO] [stdout] 15 | pub struct ImpVec<T, P = SplitVec<T>>
[INFO] [stdout]    |            ------ required by a bound in this struct
[INFO] [stdout] 16 | where
[INFO] [stdout] 17 |     P: PinnedVec<T>,
[INFO] [stdout]    |        ^^^^^^^^^^^^ required by this bound in `ImpVec`
[INFO] [stdout] 
[INFO] [stdout] 
[INFO] [stdout] error: aborting due to 2 previous errors
[INFO] [stdout] 
[INFO] [stdout] 
[INFO] [stdout] For more information about this error, try `rustc --explain E0277`.
[INFO] [stdout] 
[INFO] [stderr] error: could not compile `orx-imp-vec` (lib) due to 3 previous errors
[INFO] [stderr] warning: build failed, waiting for other jobs to finish...
[INFO] [stdout] error[E0277]: the trait bound `orx_split_vec::SplitVec<T, G>: orx_pinned_vec::PinnedVec<T>` is not satisfied
[INFO] [stdout]   --> src/common_traits/into.rs:12:12
[INFO] [stdout]    |
[INFO] [stdout] 12 | impl<T, G> From<ImpVec<T, SplitVec<T, G>>> for SplitVec<T, G>
[INFO] [stdout]    |            ^^^^^^^^^^^^^^^^^^^^^^^^^^^^^^^ the trait `orx_pinned_vec::PinnedVec<T>` is not implemented for `orx_split_vec::SplitVec<T, G>`
[INFO] [stdout]    |
[INFO] [stdout]    = help: the trait `orx_pinned_vec::PinnedVec<T>` is implemented for `orx_fixed_vec::FixedVec<T>`
[INFO] [stdout] note: required by a bound in `imp_vec::ImpVec`
[INFO] [stdout]   --> src/imp_vec.rs:17:8
[INFO] [stdout]    |
[INFO] [stdout] 15 | pub struct ImpVec<T, P = SplitVec<T>>
[INFO] [stdout]    |            ------ required by a bound in this struct
[INFO] [stdout] 16 | where
[INFO] [stdout] 17 |     P: PinnedVec<T>,
[INFO] [stdout]    |        ^^^^^^^^^^^^ required by this bound in `ImpVec`
[INFO] [stdout] 
[INFO] [stdout] 
[INFO] [stdout] error[E0277]: the trait bound `orx_split_vec::SplitVec<T, G>: orx_pinned_vec::PinnedVec<T>` is not satisfied
[INFO] [stdout]   --> src/common_traits/into.rs:16:20
[INFO] [stdout]    |
[INFO] [stdout] 16 |     fn from(value: ImpVec<T, SplitVec<T, G>>) -> Self {
[INFO] [stdout]    |                    ^^^^^^^^^^^^^^^^^^^^^^^^^ the trait `orx_pinned_vec::PinnedVec<T>` is not implemented for `orx_split_vec::SplitVec<T, G>`
[INFO] [stdout]    |
[INFO] [stdout]    = help: the trait `orx_pinned_vec::PinnedVec<T>` is implemented for `orx_fixed_vec::FixedVec<T>`
[INFO] [stdout] note: required by a bound in `imp_vec::ImpVec`
[INFO] [stdout]   --> src/imp_vec.rs:17:8
[INFO] [stdout]    |
[INFO] [stdout] 15 | pub struct ImpVec<T, P = SplitVec<T>>
[INFO] [stdout]    |            ------ required by a bound in this struct
[INFO] [stdout] 16 | where
[INFO] [stdout] 17 |     P: PinnedVec<T>,
[INFO] [stdout]    |        ^^^^^^^^^^^^ required by this bound in `ImpVec`
[INFO] [stdout] 
[INFO] [stdout] 
[INFO] [stdout] error: aborting due to 2 previous errors
[INFO] [stdout] 
[INFO] [stdout] 
[INFO] [stdout] For more information about this error, try `rustc --explain E0277`.
[INFO] [stdout] 
[INFO] [stderr] error: could not compile `orx-imp-vec` (lib test) due to 3 previous errors
[INFO] running `Command { std: "docker" "inspect" "e2a03d539c86f8cef84a59ab252f8da92b094b83ef7be502298001e23791084e", kill_on_drop: false }`
[INFO] running `Command { std: "docker" "rm" "-f" "e2a03d539c86f8cef84a59ab252f8da92b094b83ef7be502298001e23791084e", kill_on_drop: false }`
[INFO] [stdout] e2a03d539c86f8cef84a59ab252f8da92b094b83ef7be502298001e23791084e
