[INFO] fetching crate orma-derive 0.3.3...
[INFO] checking orma-derive-0.3.3 against nightly-2024-02-05 for check-cfg
[INFO] extracting crate orma-derive 0.3.3 into /workspace/builds/worker-3-tc1/source
[INFO] validating manifest of crates.io crate orma-derive 0.3.3 on toolchain nightly-2024-02-05
[INFO] running `Command { std: CARGO_HOME="/workspace/cargo-home" RUSTUP_HOME="/workspace/rustup-home" "/workspace/cargo-home/bin/cargo" "+nightly-2024-02-05" "metadata" "--manifest-path" "Cargo.toml" "--no-deps", kill_on_drop: false }`
[INFO] started tweaking crates.io crate orma-derive 0.3.3
[INFO] finished tweaking crates.io crate orma-derive 0.3.3
[INFO] tweaked toml for crates.io crate orma-derive 0.3.3 written to /workspace/builds/worker-3-tc1/source/Cargo.toml
[INFO] running `Command { std: CARGO_HOME="/workspace/cargo-home" RUSTUP_HOME="/workspace/rustup-home" "/workspace/cargo-home/bin/cargo" "+nightly-2024-02-05" "generate-lockfile" "--manifest-path" "Cargo.toml", kill_on_drop: false }`
[INFO] [stderr]     Updating crates.io index
[INFO] running `Command { std: CARGO_HOME="/workspace/cargo-home" RUSTUP_HOME="/workspace/rustup-home" "/workspace/cargo-home/bin/cargo" "+nightly-2024-02-05" "fetch" "--manifest-path" "Cargo.toml", kill_on_drop: false }`
[INFO] running `Command { std: "docker" "create" "-v" "/var/lib/crater-agent-workspace/builds/worker-3-tc1/target:/opt/rustwide/target:rw,Z" "-v" "/var/lib/crater-agent-workspace/builds/worker-3-tc1/source:/opt/rustwide/workdir:ro,Z" "-v" "/var/lib/crater-agent-workspace/cargo-home:/opt/rustwide/cargo-home:ro,Z" "-v" "/var/lib/crater-agent-workspace/rustup-home:/opt/rustwide/rustup-home:ro,Z" "-e" "SOURCE_DIR=/opt/rustwide/workdir" "-e" "CARGO_TARGET_DIR=/opt/rustwide/target" "-e" "CARGO_HOME=/opt/rustwide/cargo-home" "-e" "RUSTUP_HOME=/opt/rustwide/rustup-home" "-w" "/opt/rustwide/workdir" "-m" "1610612736" "--user" "0:0" "--network" "none" "ghcr.io/rust-lang/crates-build-env/linux@sha256:2788e3201cd34a07e3172128adcd8b3090168a8e3bcc40d7c032b9dda1df7d1c" "/opt/rustwide/cargo-home/bin/cargo" "+nightly-2024-02-05" "metadata" "--no-deps" "--format-version=1", kill_on_drop: false }`
[INFO] [stdout] 8773e517e2a38e6e06f30d114e935d26414359956ac666fc96d289312ca808c1
[INFO] running `Command { std: "docker" "start" "-a" "8773e517e2a38e6e06f30d114e935d26414359956ac666fc96d289312ca808c1", kill_on_drop: false }`
[INFO] running `Command { std: "docker" "inspect" "8773e517e2a38e6e06f30d114e935d26414359956ac666fc96d289312ca808c1", kill_on_drop: false }`
[INFO] running `Command { std: "docker" "rm" "-f" "8773e517e2a38e6e06f30d114e935d26414359956ac666fc96d289312ca808c1", kill_on_drop: false }`
[INFO] [stdout] 8773e517e2a38e6e06f30d114e935d26414359956ac666fc96d289312ca808c1
[INFO] running `Command { std: "docker" "create" "-v" "/var/lib/crater-agent-workspace/builds/worker-3-tc1/target:/opt/rustwide/target:rw,Z" "-v" "/var/lib/crater-agent-workspace/builds/worker-3-tc1/source:/opt/rustwide/workdir:ro,Z" "-v" "/var/lib/crater-agent-workspace/cargo-home:/opt/rustwide/cargo-home:ro,Z" "-v" "/var/lib/crater-agent-workspace/rustup-home:/opt/rustwide/rustup-home:ro,Z" "-e" "SOURCE_DIR=/opt/rustwide/workdir" "-e" "CARGO_TARGET_DIR=/opt/rustwide/target" "-e" "CARGO_INCREMENTAL=0" "-e" "RUST_BACKTRACE=full" "-e" "RUSTFLAGS=--cap-lints=forbid" "-e" "RUSTDOCFLAGS=--cap-lints=forbid" "-e" "CARGO_HOME=/opt/rustwide/cargo-home" "-e" "RUSTUP_HOME=/opt/rustwide/rustup-home" "-w" "/opt/rustwide/workdir" "-m" "1610612736" "--user" "0:0" "--network" "none" "ghcr.io/rust-lang/crates-build-env/linux@sha256:2788e3201cd34a07e3172128adcd8b3090168a8e3bcc40d7c032b9dda1df7d1c" "/opt/rustwide/cargo-home/bin/cargo" "+nightly-2024-02-05" "check" "--frozen" "--all" "--all-targets" "--message-format=json", kill_on_drop: false }`
[INFO] [stdout] 52396e9752a6d164bfa7447f815c401397b7feab86922d31a1e83bd7e57e064d
[INFO] running `Command { std: "docker" "start" "-a" "52396e9752a6d164bfa7447f815c401397b7feab86922d31a1e83bd7e57e064d", kill_on_drop: false }`
[INFO] [stderr]    Compiling proc-macro2 v1.0.78
[INFO] [stderr]     Checking unicode-ident v1.0.12
[INFO] [stderr]    Compiling syn v1.0.109
[INFO] [stderr]     Checking iovec v0.1.4
[INFO] [stderr]     Checking net2 v0.2.39
[INFO] [stderr]     Checking signal-hook-registry v1.4.1
[INFO] [stderr]     Checking uuid v0.8.2
[INFO] [stderr]     Checking mio v0.6.23
[INFO] [stderr]     Checking quote v1.0.35
[INFO] [stderr]     Checking mio-uds v0.6.8
[INFO] [stderr]    Compiling syn v2.0.48
[INFO] [stderr]    Compiling serde_derive v1.0.196
[INFO] [stderr]     Checking orma-derive v0.3.3 (/opt/rustwide/workdir)
[INFO] [stderr]    Compiling tokio-macros v0.2.6
[INFO] [stderr]     Checking tokio v0.2.25
[INFO] [stdout] error[E0432]: unresolved import `orma`
[INFO] [stdout]  --> tests/test.rs:1:5
[INFO] [stdout]   |
[INFO] [stdout] 1 | use orma::DbData;
[INFO] [stdout]   |     ^^^^ use of undeclared crate or module `orma`
[INFO] [stdout] 
[INFO] [stdout] 
[INFO] [stdout] error: cannot find derive macro `Serialize` in this scope
[INFO] [stdout]  --> tests/test.rs:8:14
[INFO] [stdout]   |
[INFO] [stdout] 8 |     #[derive(Serialize, Deserialize)]
[INFO] [stdout]   |              ^^^^^^^^^
[INFO] [stdout]   |
[INFO] [stdout] note: `Serialize` is imported here, but it is only a trait, without a derive macro
[INFO] [stdout]  --> tests/test.rs:3:26
[INFO] [stdout]   |
[INFO] [stdout] 3 | use serde::{Deserialize, Serialize};
[INFO] [stdout]   |                          ^^^^^^^^^
[INFO] [stdout] help: consider importing this derive macro
[INFO] [stdout]   |
[INFO] [stdout] 1 + use serde_derive::Serialize;
[INFO] [stdout]   |
[INFO] [stdout] 
[INFO] [stdout] 
[INFO] [stdout] error: cannot find derive macro `Deserialize` in this scope
[INFO] [stdout]  --> tests/test.rs:8:25
[INFO] [stdout]   |
[INFO] [stdout] 8 |     #[derive(Serialize, Deserialize)]
[INFO] [stdout]   |                         ^^^^^^^^^^^
[INFO] [stdout]   |
[INFO] [stdout] note: `Deserialize` is imported here, but it is only a trait, without a derive macro
[INFO] [stdout]  --> tests/test.rs:3:13
[INFO] [stdout]   |
[INFO] [stdout] 3 | use serde::{Deserialize, Serialize};
[INFO] [stdout]   |             ^^^^^^^^^^^
[INFO] [stdout] help: consider importing this derive macro
[INFO] [stdout]   |
[INFO] [stdout] 1 + use serde_derive::Deserialize;
[INFO] [stdout]   |
[INFO] [stdout] 
[INFO] [stdout] 
[INFO] [stdout] error: cannot find attribute `serde` in this scope
[INFO] [stdout]  --> tests/test.rs:7:5
[INFO] [stdout]   |
[INFO] [stdout] 7 |     #[orma_obj(table = "xxx")]
[INFO] [stdout]   |     ^^^^^^^^^^^^^^^^^^^^^^^^^^
[INFO] [stdout]   |
[INFO] [stdout]   = note: `serde` is in scope, but it is a crate, not an attribute
[INFO] [stdout]   = note: this error originates in the attribute macro `orma_obj` (in Nightly builds, run with -Z macro-backtrace for more info)
[INFO] [stdout] 
[INFO] [stdout] 
[INFO] [stdout] error[E0433]: failed to resolve: could not find `orma` in the list of imported crates
[INFO] [stdout]  --> tests/test.rs:7:5
[INFO] [stdout]   |
[INFO] [stdout] 7 |     #[orma_obj(table = "xxx")]
[INFO] [stdout]   |     ^^^^^^^^^^^^^^^^^^^^^^^^^^ could not find `orma` in the list of imported crates
[INFO] [stdout]   |
[INFO] [stdout]   = note: this error originates in the attribute macro `orma_obj` (in Nightly builds, run with -Z macro-backtrace for more info)
[INFO] [stdout] 
[INFO] [stdout] 
[INFO] [stdout] error: aborting due to 5 previous errors
[INFO] [stdout] 
[INFO] [stdout] 
[INFO] [stdout] Some errors have detailed explanations: E0432, E0433.
[INFO] [stdout] 
[INFO] [stdout] For more information about an error, try `rustc --explain E0432`.
[INFO] [stdout] 
[INFO] [stderr] error: could not compile `orma-derive` (test "test") due to 6 previous errors
[INFO] [stderr] warning: build failed, waiting for other jobs to finish...
[INFO] running `Command { std: "docker" "inspect" "52396e9752a6d164bfa7447f815c401397b7feab86922d31a1e83bd7e57e064d", kill_on_drop: false }`
[INFO] running `Command { std: "docker" "rm" "-f" "52396e9752a6d164bfa7447f815c401397b7feab86922d31a1e83bd7e57e064d", kill_on_drop: false }`
[INFO] [stdout] 52396e9752a6d164bfa7447f815c401397b7feab86922d31a1e83bd7e57e064d
[INFO] checking orma-derive-0.3.3 against nightly-2024-02-05+rustflags=-Dunexpected_cfgs+cargoflags=-Zcheck-cfg for check-cfg
[INFO] extracting crate orma-derive 0.3.3 into /workspace/builds/worker-3-tc2/source
[INFO] validating manifest of crates.io crate orma-derive 0.3.3 on toolchain nightly-2024-02-05
[INFO] running `Command { std: CARGO_HOME="/workspace/cargo-home" RUSTUP_HOME="/workspace/rustup-home" "/workspace/cargo-home/bin/cargo" "+nightly-2024-02-05" "metadata" "--manifest-path" "Cargo.toml" "--no-deps", kill_on_drop: false }`
[INFO] started tweaking crates.io crate orma-derive 0.3.3
[INFO] finished tweaking crates.io crate orma-derive 0.3.3
[INFO] tweaked toml for crates.io crate orma-derive 0.3.3 written to /workspace/builds/worker-3-tc2/source/Cargo.toml
[INFO] running `Command { std: CARGO_HOME="/workspace/cargo-home" RUSTUP_HOME="/workspace/rustup-home" "/workspace/cargo-home/bin/cargo" "+nightly-2024-02-05" "generate-lockfile" "--manifest-path" "Cargo.toml", kill_on_drop: false }`
[INFO] [stderr]     Updating crates.io index
[INFO] running `Command { std: CARGO_HOME="/workspace/cargo-home" RUSTUP_HOME="/workspace/rustup-home" "/workspace/cargo-home/bin/cargo" "+nightly-2024-02-05" "fetch" "--manifest-path" "Cargo.toml", kill_on_drop: false }`
[INFO] running `Command { std: "docker" "create" "-v" "/var/lib/crater-agent-workspace/builds/worker-3-tc2/target:/opt/rustwide/target:rw,Z" "-v" "/var/lib/crater-agent-workspace/builds/worker-3-tc2/source:/opt/rustwide/workdir:ro,Z" "-v" "/var/lib/crater-agent-workspace/cargo-home:/opt/rustwide/cargo-home:ro,Z" "-v" "/var/lib/crater-agent-workspace/rustup-home:/opt/rustwide/rustup-home:ro,Z" "-e" "SOURCE_DIR=/opt/rustwide/workdir" "-e" "CARGO_TARGET_DIR=/opt/rustwide/target" "-e" "CARGO_HOME=/opt/rustwide/cargo-home" "-e" "RUSTUP_HOME=/opt/rustwide/rustup-home" "-w" "/opt/rustwide/workdir" "-m" "1610612736" "--user" "0:0" "--network" "none" "ghcr.io/rust-lang/crates-build-env/linux@sha256:2788e3201cd34a07e3172128adcd8b3090168a8e3bcc40d7c032b9dda1df7d1c" "/opt/rustwide/cargo-home/bin/cargo" "+nightly-2024-02-05" "metadata" "--no-deps" "--format-version=1", kill_on_drop: false }`
[INFO] [stdout] ac9e6c10515a10ed33842abafb5556882ed7c99cf76f01c34057747511b886c4
[INFO] running `Command { std: "docker" "start" "-a" "ac9e6c10515a10ed33842abafb5556882ed7c99cf76f01c34057747511b886c4", kill_on_drop: false }`
[INFO] running `Command { std: "docker" "inspect" "ac9e6c10515a10ed33842abafb5556882ed7c99cf76f01c34057747511b886c4", kill_on_drop: false }`
[INFO] running `Command { std: "docker" "rm" "-f" "ac9e6c10515a10ed33842abafb5556882ed7c99cf76f01c34057747511b886c4", kill_on_drop: false }`
[INFO] [stdout] ac9e6c10515a10ed33842abafb5556882ed7c99cf76f01c34057747511b886c4
[INFO] running `Command { std: "docker" "create" "-v" "/var/lib/crater-agent-workspace/builds/worker-3-tc2/target:/opt/rustwide/target:rw,Z" "-v" "/var/lib/crater-agent-workspace/builds/worker-3-tc2/source:/opt/rustwide/workdir:ro,Z" "-v" "/var/lib/crater-agent-workspace/cargo-home:/opt/rustwide/cargo-home:ro,Z" "-v" "/var/lib/crater-agent-workspace/rustup-home:/opt/rustwide/rustup-home:ro,Z" "-e" "SOURCE_DIR=/opt/rustwide/workdir" "-e" "CARGO_TARGET_DIR=/opt/rustwide/target" "-e" "CARGO_INCREMENTAL=0" "-e" "RUST_BACKTRACE=full" "-e" "RUSTFLAGS=--cap-lints=forbid -Dunexpected_cfgs" "-e" "RUSTDOCFLAGS=--cap-lints=forbid" "-e" "CARGO_HOME=/opt/rustwide/cargo-home" "-e" "RUSTUP_HOME=/opt/rustwide/rustup-home" "-w" "/opt/rustwide/workdir" "-m" "1610612736" "--user" "0:0" "--network" "none" "ghcr.io/rust-lang/crates-build-env/linux@sha256:2788e3201cd34a07e3172128adcd8b3090168a8e3bcc40d7c032b9dda1df7d1c" "/opt/rustwide/cargo-home/bin/cargo" "+nightly-2024-02-05" "check" "--frozen" "--all" "--all-targets" "--message-format=json" "-Zcheck-cfg", kill_on_drop: false }`
[INFO] [stdout] 2db9aba301a8b54fe07e667fcbfbb52a8a7e7820751b86c7b54880790c10b093
[INFO] running `Command { std: "docker" "start" "-a" "2db9aba301a8b54fe07e667fcbfbb52a8a7e7820751b86c7b54880790c10b093", kill_on_drop: false }`
[INFO] [stderr]    Compiling proc-macro2 v1.0.78
[INFO] [stderr]     Checking unicode-ident v1.0.12
[INFO] [stderr]    Compiling syn v1.0.109
[INFO] [stderr]     Checking net2 v0.2.39
[INFO] [stderr]     Checking iovec v0.1.4
[INFO] [stderr]     Checking signal-hook-registry v1.4.1
[INFO] [stderr]     Checking uuid v0.8.2
[INFO] [stderr]     Checking mio v0.6.23
[INFO] [stderr]    Compiling quote v1.0.35
[INFO] [stderr]    Compiling syn v2.0.48
[INFO] [stderr]     Checking mio-uds v0.6.8
[INFO] [stderr]     Checking orma-derive v0.3.3 (/opt/rustwide/workdir)
[INFO] [stderr]    Compiling serde_derive v1.0.196
[INFO] [stderr]    Compiling tokio-macros v0.2.6
[INFO] [stderr]     Checking tokio v0.2.25
[INFO] [stdout] error[E0432]: unresolved import `orma`
[INFO] [stdout]  --> tests/test.rs:1:5
[INFO] [stdout]   |
[INFO] [stdout] 1 | use orma::DbData;
[INFO] [stdout]   |     ^^^^ use of undeclared crate or module `orma`
[INFO] [stdout] 
[INFO] [stdout] 
[INFO] [stdout] error: cannot find derive macro `Serialize` in this scope
[INFO] [stdout]  --> tests/test.rs:8:14
[INFO] [stdout]   |
[INFO] [stdout] 8 |     #[derive(Serialize, Deserialize)]
[INFO] [stdout]   |              ^^^^^^^^^
[INFO] [stdout]   |
[INFO] [stdout] note: `Serialize` is imported here, but it is only a trait, without a derive macro
[INFO] [stdout]  --> tests/test.rs:3:26
[INFO] [stdout]   |
[INFO] [stdout] 3 | use serde::{Deserialize, Serialize};
[INFO] [stdout]   |                          ^^^^^^^^^
[INFO] [stdout] help: consider importing this derive macro
[INFO] [stdout]   |
[INFO] [stdout] 1 + use serde_derive::Serialize;
[INFO] [stdout]   |
[INFO] [stdout] 
[INFO] [stdout] 
[INFO] [stdout] error: cannot find derive macro `Deserialize` in this scope
[INFO] [stdout]  --> tests/test.rs:8:25
[INFO] [stdout]   |
[INFO] [stdout] 8 |     #[derive(Serialize, Deserialize)]
[INFO] [stdout]   |                         ^^^^^^^^^^^
[INFO] [stdout]   |
[INFO] [stdout] note: `Deserialize` is imported here, but it is only a trait, without a derive macro
[INFO] [stdout]  --> tests/test.rs:3:13
[INFO] [stdout]   |
[INFO] [stdout] 3 | use serde::{Deserialize, Serialize};
[INFO] [stdout]   |             ^^^^^^^^^^^
[INFO] [stdout] help: consider importing this derive macro
[INFO] [stdout]   |
[INFO] [stdout] 1 + use serde_derive::Deserialize;
[INFO] [stdout]   |
[INFO] [stdout] 
[INFO] [stdout] 
[INFO] [stdout] error: cannot find attribute `serde` in this scope
[INFO] [stdout]  --> tests/test.rs:7:5
[INFO] [stdout]   |
[INFO] [stdout] 7 |     #[orma_obj(table = "xxx")]
[INFO] [stdout]   |     ^^^^^^^^^^^^^^^^^^^^^^^^^^
[INFO] [stdout]   |
[INFO] [stdout]   = note: `serde` is in scope, but it is a crate, not an attribute
[INFO] [stdout]   = note: this error originates in the attribute macro `orma_obj` (in Nightly builds, run with -Z macro-backtrace for more info)
[INFO] [stdout] 
[INFO] [stdout] 
[INFO] [stdout] error[E0433]: failed to resolve: could not find `orma` in the list of imported crates
[INFO] [stdout]  --> tests/test.rs:7:5
[INFO] [stdout]   |
[INFO] [stdout] 7 |     #[orma_obj(table = "xxx")]
[INFO] [stdout]   |     ^^^^^^^^^^^^^^^^^^^^^^^^^^ could not find `orma` in the list of imported crates
[INFO] [stdout]   |
[INFO] [stdout]   = note: this error originates in the attribute macro `orma_obj` (in Nightly builds, run with -Z macro-backtrace for more info)
[INFO] [stdout] 
[INFO] [stdout] 
[INFO] [stdout] error: aborting due to 5 previous errors
[INFO] [stdout] 
[INFO] [stdout] 
[INFO] [stdout] Some errors have detailed explanations: E0432, E0433.
[INFO] [stdout] 
[INFO] [stdout] For more information about an error, try `rustc --explain E0432`.
[INFO] [stdout] 
[INFO] [stderr] error: could not compile `orma-derive` (test "test") due to 6 previous errors
[INFO] [stderr] warning: build failed, waiting for other jobs to finish...
[INFO] running `Command { std: "docker" "inspect" "2db9aba301a8b54fe07e667fcbfbb52a8a7e7820751b86c7b54880790c10b093", kill_on_drop: false }`
[INFO] running `Command { std: "docker" "rm" "-f" "2db9aba301a8b54fe07e667fcbfbb52a8a7e7820751b86c7b54880790c10b093", kill_on_drop: false }`
[INFO] [stdout] 2db9aba301a8b54fe07e667fcbfbb52a8a7e7820751b86c7b54880790c10b093
