[INFO] fetching crate ori-winit 0.1.0-alpha.0...
[INFO] checking ori-winit-0.1.0-alpha.0 against nightly-2024-02-05 for check-cfg
[INFO] extracting crate ori-winit 0.1.0-alpha.0 into /workspace/builds/worker-6-tc1/source
[INFO] validating manifest of crates.io crate ori-winit 0.1.0-alpha.0 on toolchain nightly-2024-02-05
[INFO] running `Command { std: CARGO_HOME="/workspace/cargo-home" RUSTUP_HOME="/workspace/rustup-home" "/workspace/cargo-home/bin/cargo" "+nightly-2024-02-05" "metadata" "--manifest-path" "Cargo.toml" "--no-deps", kill_on_drop: false }`
[INFO] started tweaking crates.io crate ori-winit 0.1.0-alpha.0
[INFO] finished tweaking crates.io crate ori-winit 0.1.0-alpha.0
[INFO] tweaked toml for crates.io crate ori-winit 0.1.0-alpha.0 written to /workspace/builds/worker-6-tc1/source/Cargo.toml
[INFO] running `Command { std: CARGO_HOME="/workspace/cargo-home" RUSTUP_HOME="/workspace/rustup-home" "/workspace/cargo-home/bin/cargo" "+nightly-2024-02-05" "generate-lockfile" "--manifest-path" "Cargo.toml", kill_on_drop: false }`
[INFO] [stderr]     Updating crates.io index
[INFO] running `Command { std: CARGO_HOME="/workspace/cargo-home" RUSTUP_HOME="/workspace/rustup-home" "/workspace/cargo-home/bin/cargo" "+nightly-2024-02-05" "fetch" "--manifest-path" "Cargo.toml", kill_on_drop: false }`
[INFO] [stderr]  Downloading crates ...
[INFO] [stderr]   Downloaded ori-graphics v0.1.0-alpha.1
[INFO] [stderr]   Downloaded deref-derive v0.1.0
[INFO] [stderr]   Downloaded syn-rsx v0.9.0
[INFO] [stderr]   Downloaded ori-core v0.1.0-alpha.1
[INFO] [stderr]   Downloaded wgpu_glyph v0.19.0
[INFO] [stderr]   Downloaded ori-macro v0.1.0-alpha.1
[INFO] [stderr]   Downloaded ori-wgpu v0.1.0-alpha.1
[INFO] running `Command { std: "docker" "create" "-v" "/var/lib/crater-agent-workspace/builds/worker-6-tc1/target:/opt/rustwide/target:rw,Z" "-v" "/var/lib/crater-agent-workspace/builds/worker-6-tc1/source:/opt/rustwide/workdir:ro,Z" "-v" "/var/lib/crater-agent-workspace/cargo-home:/opt/rustwide/cargo-home:ro,Z" "-v" "/var/lib/crater-agent-workspace/rustup-home:/opt/rustwide/rustup-home:ro,Z" "-e" "SOURCE_DIR=/opt/rustwide/workdir" "-e" "CARGO_TARGET_DIR=/opt/rustwide/target" "-e" "CARGO_HOME=/opt/rustwide/cargo-home" "-e" "RUSTUP_HOME=/opt/rustwide/rustup-home" "-w" "/opt/rustwide/workdir" "-m" "1610612736" "--user" "0:0" "--network" "none" "ghcr.io/rust-lang/crates-build-env/linux@sha256:2788e3201cd34a07e3172128adcd8b3090168a8e3bcc40d7c032b9dda1df7d1c" "/opt/rustwide/cargo-home/bin/cargo" "+nightly-2024-02-05" "metadata" "--no-deps" "--format-version=1", kill_on_drop: false }`
[INFO] [stdout] 1399ee73697c37c31964e7383083d7ff6205a134ba79644f6735b6113be089ba
[INFO] running `Command { std: "docker" "start" "-a" "1399ee73697c37c31964e7383083d7ff6205a134ba79644f6735b6113be089ba", kill_on_drop: false }`
[INFO] running `Command { std: "docker" "inspect" "1399ee73697c37c31964e7383083d7ff6205a134ba79644f6735b6113be089ba", kill_on_drop: false }`
[INFO] running `Command { std: "docker" "rm" "-f" "1399ee73697c37c31964e7383083d7ff6205a134ba79644f6735b6113be089ba", kill_on_drop: false }`
[INFO] [stdout] 1399ee73697c37c31964e7383083d7ff6205a134ba79644f6735b6113be089ba
[INFO] running `Command { std: "docker" "create" "-v" "/var/lib/crater-agent-workspace/builds/worker-6-tc1/target:/opt/rustwide/target:rw,Z" "-v" "/var/lib/crater-agent-workspace/builds/worker-6-tc1/source:/opt/rustwide/workdir:ro,Z" "-v" "/var/lib/crater-agent-workspace/cargo-home:/opt/rustwide/cargo-home:ro,Z" "-v" "/var/lib/crater-agent-workspace/rustup-home:/opt/rustwide/rustup-home:ro,Z" "-e" "SOURCE_DIR=/opt/rustwide/workdir" "-e" "CARGO_TARGET_DIR=/opt/rustwide/target" "-e" "CARGO_INCREMENTAL=0" "-e" "RUST_BACKTRACE=full" "-e" "RUSTFLAGS=--cap-lints=forbid" "-e" "RUSTDOCFLAGS=--cap-lints=forbid" "-e" "CARGO_HOME=/opt/rustwide/cargo-home" "-e" "RUSTUP_HOME=/opt/rustwide/rustup-home" "-w" "/opt/rustwide/workdir" "-m" "1610612736" "--user" "0:0" "--network" "none" "ghcr.io/rust-lang/crates-build-env/linux@sha256:2788e3201cd34a07e3172128adcd8b3090168a8e3bcc40d7c032b9dda1df7d1c" "/opt/rustwide/cargo-home/bin/cargo" "+nightly-2024-02-05" "check" "--frozen" "--all" "--all-targets" "--message-format=json", kill_on_drop: false }`
[INFO] [stdout] 9a529d8002a5dbf97d12df4cf36546c97003eb814e3d8e0258c15aaacc3eacbd
[INFO] running `Command { std: "docker" "start" "-a" "9a529d8002a5dbf97d12df4cf36546c97003eb814e3d8e0258c15aaacc3eacbd", kill_on_drop: false }`
[INFO] [stderr]    Compiling xml-rs v0.8.19
[INFO] [stderr]     Checking smallvec v1.13.1
[INFO] [stderr]    Compiling bytemuck_derive v1.5.0
[INFO] [stderr]    Compiling wayland-sys v0.29.5
[INFO] [stderr]     Checking libloading v0.8.1
[INFO] [stderr]    Compiling thiserror v1.0.56
[INFO] [stderr]     Checking nix v0.24.3
[INFO] [stderr]    Compiling syn v1.0.109
[INFO] [stderr]    Compiling slotmap v1.0.7
[INFO] [stderr]     Checking either v1.9.0
[INFO] [stderr]     Checking dlib v0.5.2
[INFO] [stderr]     Checking scoped-tls v1.0.1
[INFO] [stderr]    Compiling once_cell v1.19.0
[INFO] [stderr]     Checking downcast-rs v1.2.0
[INFO] [stderr]     Checking rayon v1.8.1
[INFO] [stderr]     Checking tracing-core v0.1.32
[INFO] [stderr]    Compiling memchr v2.7.1
[INFO] [stderr]    Compiling ucd-trie v0.1.6
[INFO] [stderr]    Compiling wayland-scanner v0.29.5
[INFO] [stderr]    Compiling pest v2.7.7
[INFO] [stderr]     Checking nix v0.25.1
[INFO] [stderr]    Compiling tracing-attributes v0.1.27
[INFO] [stderr]     Checking bytemuck v1.14.1
[INFO] [stderr]     Checking wayland-commons v0.29.5
[INFO] [stderr]    Compiling smithay-client-toolkit v0.16.1
[INFO] [stderr]     Checking ttf-parser v0.20.0
[INFO] [stderr]     Checking jpeg-decoder v0.3.1
[INFO] [stderr]     Checking strict-num v0.1.1
[INFO] [stderr]    Compiling wayland-client v0.29.5
[INFO] [stderr]    Compiling wayland-protocols v0.29.5
[INFO] [stderr]     Checking xcursor v0.3.5
[INFO] [stderr]     Checking arrayref v0.3.7
[INFO] [stderr]    Compiling toml_datetime v0.6.5
[INFO] [stderr]     Checking exr v1.72.0
[INFO] [stderr]     Checking tiff v0.9.1
[INFO] [stderr]     Checking calloop v0.10.6
[INFO] [stderr]     Checking owned_ttf_parser v0.20.0
[INFO] [stderr]     Checking tracing v0.1.40
[INFO] [stderr]    Compiling toml_edit v0.19.15
[INFO] [stderr]     Checking tiny-skia-path v0.8.4
[INFO] [stderr]    Compiling pest_meta v2.7.7
[INFO] [stderr]     Checking qoi v0.4.1
[INFO] [stderr]     Checking memmap2 v0.5.10
[INFO] [stderr]    Compiling x11-dl v2.21.0
[INFO] [stderr]     Checking arrayvec v0.7.4
[INFO] [stderr]     Checking regex-syntax v0.8.2
[INFO] [stderr]     Checking regex-syntax v0.6.29
[INFO] [stderr]    Compiling cfg_aliases v0.1.1
[INFO] [stderr]     Checking ab_glyph_rasterizer v0.1.8
[INFO] [stderr]     Checking ab_glyph v0.2.23
[INFO] [stderr]     Checking regex-automata v0.4.5
[INFO] [stderr]     Checking wayland-cursor v0.29.5
[INFO] [stderr]     Checking regex-automata v0.1.10
[INFO] [stderr]    Compiling winit v0.28.7
[INFO] [stderr]     Checking image v0.24.8
[INFO] [stderr]    Compiling proc-macro-crate v1.3.1
[INFO] [stderr]    Compiling pest_generator v2.7.7
[INFO] [stderr]     Checking tiny-skia v0.8.4
[INFO] [stderr]    Compiling proc-macro-error v1.0.4
[INFO] [stderr]    Compiling syn-rsx v0.9.0
[INFO] [stderr]     Checking glam v0.23.0
[INFO] [stderr]     Checking getrandom v0.2.12
[INFO] [stderr]     Checking overload v0.1.1
[INFO] [stderr]     Checking uuid v1.7.0
[INFO] [stderr]     Checking nu-ansi-term v0.46.0
[INFO] [stderr]    Compiling ori-macro v0.1.0-alpha.1
[INFO] [stderr]    Compiling pest_derive v2.7.7
[INFO] [stderr]     Checking regex v1.10.3
[INFO] [stderr]     Checking matchers v0.1.0
[INFO] [stderr]    Compiling deref-derive v0.1.0
[INFO] [stderr]     Checking fxhash v0.2.1
[INFO] [stderr]     Checking tracing-log v0.2.0
[INFO] [stderr]     Checking mio v0.8.10
[INFO] [stderr]     Checking sharded-slab v0.1.7
[INFO] [stderr]     Checking ori-graphics v0.1.0-alpha.1
[INFO] [stderr]     Checking instant v0.1.12
[INFO] [stderr]     Checking thread_local v1.1.7
[INFO] [stderr]     Checking smol_str v0.2.1
[INFO] [stderr]     Checking raw-window-handle v0.5.2
[INFO] [stderr]     Checking ori-core v0.1.0-alpha.1
[INFO] [stderr]     Checking tracing-subscriber v0.3.18
[INFO] [stderr]     Checking sctk-adwaita v0.5.4
[INFO] [stderr]     Checking ori-winit v0.1.0-alpha.0 (/opt/rustwide/workdir)
[INFO] [stdout] error[E0609]: no field `renderer` on type `&mut AppState`
[INFO] [stdout]    --> src/app.rs:201:19
[INFO] [stdout]     |
[INFO] [stdout] 201 |             &self.renderer,
[INFO] [stdout]     |                   ^^^^^^^^ unknown field
[INFO] [stdout]     |
[INFO] [stdout]     = note: available fields are: `window`, `style_loader`, `mouse_position`, `modifiers`, `root` ... and 4 others
[INFO] [stdout] 
[INFO] [stdout] 
[INFO] [stdout] error[E0609]: no field `renderer` on type `&mut AppState`
[INFO] [stdout]    --> src/app.rs:215:19
[INFO] [stdout]     |
[INFO] [stdout] 215 |             &self.renderer,
[INFO] [stdout]     |                   ^^^^^^^^ unknown field
[INFO] [stdout]     |
[INFO] [stdout]     = note: available fields are: `window`, `style_loader`, `mouse_position`, `modifiers`, `root` ... and 4 others
[INFO] [stdout] 
[INFO] [stdout] 
[INFO] [stdout] error[E0609]: no field `renderer` on type `&mut AppState`
[INFO] [stdout]    --> src/app.rs:232:19
[INFO] [stdout]     |
[INFO] [stdout] 232 |             &self.renderer,
[INFO] [stdout]     |                   ^^^^^^^^ unknown field
[INFO] [stdout]     |
[INFO] [stdout]     = note: available fields are: `window`, `style_loader`, `mouse_position`, `modifiers`, `root` ... and 4 others
[INFO] [stdout] 
[INFO] [stdout] 
[INFO] [stdout] error: aborting due to 3 previous errors
[INFO] [stdout] 
[INFO] [stdout] 
[INFO] [stdout] For more information about this error, try `rustc --explain E0609`.
[INFO] [stdout] 
[INFO] [stdout] error[E0609]: no field `renderer` on type `&mut AppState`
[INFO] [stdout]    --> src/app.rs:201:19
[INFO] [stdout]     |
[INFO] [stdout] 201 |             &self.renderer,
[INFO] [stdout]     |                   ^^^^^^^^ unknown field
[INFO] [stdout]     |
[INFO] [stdout]     = note: available fields are: `window`, `style_loader`, `mouse_position`, `modifiers`, `root` ... and 4 others
[INFO] [stdout] 
[INFO] [stdout] 
[INFO] [stdout] error[E0609]: no field `renderer` on type `&mut AppState`
[INFO] [stdout]    --> src/app.rs:215:19
[INFO] [stdout]     |
[INFO] [stdout] 215 |             &self.renderer,
[INFO] [stdout]     |                   ^^^^^^^^ unknown field
[INFO] [stdout]     |
[INFO] [stdout]     = note: available fields are: `window`, `style_loader`, `mouse_position`, `modifiers`, `root` ... and 4 others
[INFO] [stdout] 
[INFO] [stdout] 
[INFO] [stdout] error[E0609]: no field `renderer` on type `&mut AppState`
[INFO] [stdout]    --> src/app.rs:232:19
[INFO] [stdout]     |
[INFO] [stdout] 232 |             &self.renderer,
[INFO] [stdout]     |                   ^^^^^^^^ unknown field
[INFO] [stdout]     |
[INFO] [stdout]     = note: available fields are: `window`, `style_loader`, `mouse_position`, `modifiers`, `root` ... and 4 others
[INFO] [stdout] 
[INFO] [stdout] 
[INFO] [stderr] error: could not compile `ori-winit` (lib) due to 4 previous errors
[INFO] [stderr] warning: build failed, waiting for other jobs to finish...
[INFO] [stdout] error: aborting due to 3 previous errors
[INFO] [stdout] 
[INFO] [stdout] 
[INFO] [stdout] For more information about this error, try `rustc --explain E0609`.
[INFO] [stdout] 
[INFO] [stderr] error: could not compile `ori-winit` (lib test) due to 4 previous errors
[INFO] running `Command { std: "docker" "inspect" "9a529d8002a5dbf97d12df4cf36546c97003eb814e3d8e0258c15aaacc3eacbd", kill_on_drop: false }`
[INFO] running `Command { std: "docker" "rm" "-f" "9a529d8002a5dbf97d12df4cf36546c97003eb814e3d8e0258c15aaacc3eacbd", kill_on_drop: false }`
[INFO] [stdout] 9a529d8002a5dbf97d12df4cf36546c97003eb814e3d8e0258c15aaacc3eacbd
