[INFO] fetching crate orf 0.1.0...
[INFO] checking orf-0.1.0 against nightly-2024-02-05 for check-cfg
[INFO] extracting crate orf 0.1.0 into /workspace/builds/worker-1-tc1/source
[INFO] validating manifest of crates.io crate orf 0.1.0 on toolchain nightly-2024-02-05
[INFO] running `Command { std: CARGO_HOME="/workspace/cargo-home" RUSTUP_HOME="/workspace/rustup-home" "/workspace/cargo-home/bin/cargo" "+nightly-2024-02-05" "metadata" "--manifest-path" "Cargo.toml" "--no-deps", kill_on_drop: false }`
[INFO] started tweaking crates.io crate orf 0.1.0
[INFO] finished tweaking crates.io crate orf 0.1.0
[INFO] tweaked toml for crates.io crate orf 0.1.0 written to /workspace/builds/worker-1-tc1/source/Cargo.toml
[INFO] running `Command { std: CARGO_HOME="/workspace/cargo-home" RUSTUP_HOME="/workspace/rustup-home" "/workspace/cargo-home/bin/cargo" "+nightly-2024-02-05" "generate-lockfile" "--manifest-path" "Cargo.toml", kill_on_drop: false }`
[INFO] [stderr]     Updating crates.io index
[INFO] running `Command { std: CARGO_HOME="/workspace/cargo-home" RUSTUP_HOME="/workspace/rustup-home" "/workspace/cargo-home/bin/cargo" "+nightly-2024-02-05" "fetch" "--manifest-path" "Cargo.toml", kill_on_drop: false }`
[INFO] [stderr]  Downloading crates ...
[INFO] [stderr]   Downloaded phf_macros v0.7.24
[INFO] [stderr]   Downloaded monster v0.1.28
[INFO] [stderr]   Downloaded memmap v0.2.3
[INFO] running `Command { std: "docker" "create" "-v" "/var/lib/crater-agent-workspace/builds/worker-1-tc1/target:/opt/rustwide/target:rw,Z" "-v" "/var/lib/crater-agent-workspace/builds/worker-1-tc1/source:/opt/rustwide/workdir:ro,Z" "-v" "/var/lib/crater-agent-workspace/cargo-home:/opt/rustwide/cargo-home:ro,Z" "-v" "/var/lib/crater-agent-workspace/rustup-home:/opt/rustwide/rustup-home:ro,Z" "-e" "SOURCE_DIR=/opt/rustwide/workdir" "-e" "CARGO_TARGET_DIR=/opt/rustwide/target" "-e" "CARGO_HOME=/opt/rustwide/cargo-home" "-e" "RUSTUP_HOME=/opt/rustwide/rustup-home" "-w" "/opt/rustwide/workdir" "-m" "1610612736" "--user" "0:0" "--network" "none" "ghcr.io/rust-lang/crates-build-env/linux@sha256:2788e3201cd34a07e3172128adcd8b3090168a8e3bcc40d7c032b9dda1df7d1c" "/opt/rustwide/cargo-home/bin/cargo" "+nightly-2024-02-05" "metadata" "--no-deps" "--format-version=1", kill_on_drop: false }`
[INFO] [stdout] 2bc2336410fcca66e1ce37237b4dacc6715f43933c8622a2581d759c6ea4e77c
[INFO] running `Command { std: "docker" "start" "-a" "2bc2336410fcca66e1ce37237b4dacc6715f43933c8622a2581d759c6ea4e77c", kill_on_drop: false }`
[INFO] running `Command { std: "docker" "inspect" "2bc2336410fcca66e1ce37237b4dacc6715f43933c8622a2581d759c6ea4e77c", kill_on_drop: false }`
[INFO] running `Command { std: "docker" "rm" "-f" "2bc2336410fcca66e1ce37237b4dacc6715f43933c8622a2581d759c6ea4e77c", kill_on_drop: false }`
[INFO] [stdout] 2bc2336410fcca66e1ce37237b4dacc6715f43933c8622a2581d759c6ea4e77c
[INFO] running `Command { std: "docker" "create" "-v" "/var/lib/crater-agent-workspace/builds/worker-1-tc1/target:/opt/rustwide/target:rw,Z" "-v" "/var/lib/crater-agent-workspace/builds/worker-1-tc1/source:/opt/rustwide/workdir:ro,Z" "-v" "/var/lib/crater-agent-workspace/cargo-home:/opt/rustwide/cargo-home:ro,Z" "-v" "/var/lib/crater-agent-workspace/rustup-home:/opt/rustwide/rustup-home:ro,Z" "-e" "SOURCE_DIR=/opt/rustwide/workdir" "-e" "CARGO_TARGET_DIR=/opt/rustwide/target" "-e" "CARGO_INCREMENTAL=0" "-e" "RUST_BACKTRACE=full" "-e" "RUSTFLAGS=--cap-lints=forbid" "-e" "RUSTDOCFLAGS=--cap-lints=forbid" "-e" "CARGO_HOME=/opt/rustwide/cargo-home" "-e" "RUSTUP_HOME=/opt/rustwide/rustup-home" "-w" "/opt/rustwide/workdir" "-m" "1610612736" "--user" "0:0" "--network" "none" "ghcr.io/rust-lang/crates-build-env/linux@sha256:2788e3201cd34a07e3172128adcd8b3090168a8e3bcc40d7c032b9dda1df7d1c" "/opt/rustwide/cargo-home/bin/cargo" "+nightly-2024-02-05" "check" "--frozen" "--all" "--all-targets" "--message-format=json", kill_on_drop: false }`
[INFO] [stdout] e7a7b45461496818f12439c193129f14a1236cfcea6e0221808c74be5bace063
[INFO] running `Command { std: "docker" "start" "-a" "e7a7b45461496818f12439c193129f14a1236cfcea6e0221808c74be5bace063", kill_on_drop: false }`
[INFO] [stderr]    Compiling autocfg v0.1.8
[INFO] [stderr]    Compiling rand_core v0.4.2
[INFO] [stderr]    Compiling winapi-build v0.1.1
[INFO] [stderr]    Compiling proc-macro2 v0.4.30
[INFO] [stderr]    Compiling unicode-xid v0.1.0
[INFO] [stderr]    Compiling siphasher v0.2.3
[INFO] [stderr]    Compiling syn v0.15.44
[INFO] [stderr]     Checking winapi v0.2.8
[INFO] [stderr]     Checking nom v1.2.4
[INFO] [stderr]     Checking scoped_threadpool v0.1.9
[INFO] [stderr]     Checking monster v0.1.28
[INFO] [stderr]     Checking num_cpus v0.2.13
[INFO] [stderr]    Compiling rand_pcg v0.1.2
[INFO] [stderr]    Compiling rand_chacha v0.1.1
[INFO] [stderr]    Compiling rand v0.6.5
[INFO] [stderr]    Compiling kernel32-sys v0.2.2
[INFO] [stderr]     Checking phf_shared v0.7.24
[INFO] [stderr]    Compiling rand_core v0.3.1
[INFO] [stderr]    Compiling rand_jitter v0.1.4
[INFO] [stderr]    Compiling rand_os v0.1.3
[INFO] [stderr]    Compiling rand_hc v0.1.0
[INFO] [stderr]    Compiling rand_xorshift v0.1.1
[INFO] [stderr]    Compiling rand_isaac v0.1.1
[INFO] [stderr]     Checking phf v0.7.24
[INFO] [stderr]     Checking fs2 v0.2.5
[INFO] [stderr]     Checking memmap v0.2.3
[INFO] [stderr]    Compiling quote v0.6.13
[INFO] [stderr]    Compiling phf_generator v0.7.24
[INFO] [stderr]    Compiling phf_macros v0.7.24
[INFO] [stderr]     Checking orf v0.1.0 (/opt/rustwide/workdir)
[INFO] [stdout] error[E0557]: feature has been removed
[INFO] [stdout]  --> src/lib.rs:1:12
[INFO] [stdout]   |
[INFO] [stdout] 1 | #![feature(plugin,type_macros,question_mark)]
[INFO] [stdout]   |            ^^^^^^ feature has been removed
[INFO] [stdout]   |
[INFO] [stdout]   = note: plugins are no longer supported
[INFO] [stdout] 
[INFO] [stdout] 
[INFO] [stdout] error[E0557]: feature has been removed
[INFO] [stdout]  --> src/lib.rs:1:12
[INFO] [stdout]   |
[INFO] [stdout] 1 | #![feature(plugin,type_macros,question_mark)]
[INFO] [stdout]   |            ^^^^^^ feature has been removed
[INFO] [stdout]   |
[INFO] [stdout]   = note: plugins are no longer supported
[INFO] [stdout] 
[INFO] [stdout] 
[INFO] [stdout] error: `dbg` is already in scope
[INFO] [stdout]  --> src/lib.rs:5:1
[INFO] [stdout]   |
[INFO] [stdout] 5 | #[macro_use]
[INFO] [stdout]   | ^^^^^^^^^^^^
[INFO] [stdout]   |
[INFO] [stdout]   = note: macro-expanded `#[macro_use]`s may not shadow existing macros (see RFC 1560)
[INFO] [stdout] 
[INFO] [stdout] 
[INFO] [stdout] error: `dbg` is already in scope
[INFO] [stdout]  --> src/lib.rs:5:1
[INFO] [stdout]   |
[INFO] [stdout] 5 | #[macro_use]
[INFO] [stdout]   | ^^^^^^^^^^^^
[INFO] [stdout]   |
[INFO] [stdout]   = note: macro-expanded `#[macro_use]`s may not shadow existing macros (see RFC 1560)
[INFO] [stdout] 
[INFO] [stdout] 
[INFO] [stdout] error: cannot find attribute `plugin` in this scope
[INFO] [stdout]  --> src/lib.rs:2:4
[INFO] [stdout]   |
[INFO] [stdout] 2 | #![plugin(phf_macros)]
[INFO] [stdout]   |    ^^^^^^
[INFO] [stdout] 
[INFO] [stdout] 
[INFO] [stdout] error: cannot find attribute `plugin` in this scope
[INFO] [stdout]  --> src/lib.rs:2:4
[INFO] [stdout]   |
[INFO] [stdout] 2 | #![plugin(phf_macros)]
[INFO] [stdout]   |    ^^^^^^
[INFO] [stdout] 
[INFO] [stdout] 
[INFO] [stdout] error: cannot find macro `phf_map` in this scope
[INFO] [stdout]  --> src/codons.rs:3:47
[INFO] [stdout]   |
[INFO] [stdout] 3 | pub static CODONS: Map<&'static [u8], char> = phf_map! {
[INFO] [stdout]   |                                               ^^^^^^^
[INFO] [stdout] 
[INFO] [stdout] 
[INFO] [stdout] error: cannot find macro `phf_map` in this scope
[INFO] [stdout]  --> src/codons.rs:3:47
[INFO] [stdout]   |
[INFO] [stdout] 3 | pub static CODONS: Map<&'static [u8], char> = phf_map! {
[INFO] [stdout]   |                                               ^^^^^^^
[INFO] [stdout] 
[INFO] [stdout] 
[INFO] [stdout] error: cannot find macro `phf_map` in this scope
[INFO] [stdout]    --> src/codons.rs:102:51
[INFO] [stdout]     |
[INFO] [stdout] 102 | pub static REV_CODONS: Map<&'static [u8], char> = phf_map! {
[INFO] [stdout]     |                                                   ^^^^^^^
[INFO] [stdout] 
[INFO] [stdout] 
[INFO] [stdout] error: cannot find macro `phf_map` in this scope
[INFO] [stdout]    --> src/codons.rs:102:51
[INFO] [stdout]     |
[INFO] [stdout] 102 | pub static REV_CODONS: Map<&'static [u8], char> = phf_map! {
[INFO] [stdout]     |                                                   ^^^^^^^
[INFO] [stdout] 
[INFO] [stdout] 
[INFO] [stdout] warning: unnecessary trailing semicolon
[INFO] [stdout]   --> src/translator.rs:18:67
[INFO] [stdout]    |
[INFO] [stdout] 18 |     let mut done = String::with_capacity(amino_seq.len() / 3 + 2);;
[INFO] [stdout]    |                                                                   ^ help: remove this semicolon
[INFO] [stdout]    |
[INFO] [stdout]    = note: `#[warn(redundant_semicolons)]` on by default
[INFO] [stdout] 
[INFO] [stdout] 
[INFO] [stdout] warning: unnecessary trailing semicolon
[INFO] [stdout]   --> src/translator.rs:67:67
[INFO] [stdout]    |
[INFO] [stdout] 67 |     let mut done = String::with_capacity(amino_seq.len() / 3 + 2);;
[INFO] [stdout]    |                                                                   ^ help: remove this semicolon
[INFO] [stdout] 
[INFO] [stdout] 
[INFO] [stdout] warning: unnecessary trailing semicolon
[INFO] [stdout]   --> src/translator.rs:18:67
[INFO] [stdout]    |
[INFO] [stdout] 18 |     let mut done = String::with_capacity(amino_seq.len() / 3 + 2);;
[INFO] [stdout]    |                                                                   ^ help: remove this semicolon
[INFO] [stdout]    |
[INFO] [stdout]    = note: `#[warn(redundant_semicolons)]` on by default
[INFO] [stdout] 
[INFO] [stdout] 
[INFO] [stdout] warning: unnecessary trailing semicolon
[INFO] [stdout]   --> src/translator.rs:89:67
[INFO] [stdout]    |
[INFO] [stdout] 89 |     let mut done = String::with_capacity(amino_seq.len() / 3 + 2);;
[INFO] [stdout]    |                                                                   ^ help: remove this semicolon
[INFO] [stdout] 
[INFO] [stdout] 
[INFO] [stdout] warning: unnecessary trailing semicolon
[INFO] [stdout]    --> src/translator.rs:112:67
[INFO] [stdout]     |
[INFO] [stdout] 112 |     let mut done = String::with_capacity(amino_seq.len() / 3 + 2);;
[INFO] [stdout]     |                                                                   ^ help: remove this semicolon
[INFO] [stdout] 
[INFO] [stdout] 
[INFO] [stdout] warning: unnecessary trailing semicolon
[INFO] [stdout]   --> src/translator.rs:67:67
[INFO] [stdout]    |
[INFO] [stdout] 67 |     let mut done = String::with_capacity(amino_seq.len() / 3 + 2);;
[INFO] [stdout]    |                                                                   ^ help: remove this semicolon
[INFO] [stdout] 
[INFO] [stdout] 
[INFO] [stdout] warning: unnecessary trailing semicolon
[INFO] [stdout]    --> src/translator.rs:135:67
[INFO] [stdout]     |
[INFO] [stdout] 135 |     let mut done = String::with_capacity(amino_seq.len() / 3 + 2);;
[INFO] [stdout]     |                                                                   ^ help: remove this semicolon
[INFO] [stdout] 
[INFO] [stdout] 
[INFO] [stdout] warning: unnecessary trailing semicolon
[INFO] [stdout]   --> src/translator.rs:89:67
[INFO] [stdout]    |
[INFO] [stdout] 89 |     let mut done = String::with_capacity(amino_seq.len() / 3 + 2);;
[INFO] [stdout]    |                                                                   ^ help: remove this semicolon
[INFO] [stdout] 
[INFO] [stdout] 
[INFO] [stdout] warning: unnecessary trailing semicolon
[INFO] [stdout]    --> src/translator.rs:112:67
[INFO] [stdout]     |
[INFO] [stdout] 112 |     let mut done = String::with_capacity(amino_seq.len() / 3 + 2);;
[INFO] [stdout]     |                                                                   ^ help: remove this semicolon
[INFO] [stdout] 
[INFO] [stdout] 
[INFO] [stdout] warning: unnecessary trailing semicolon
[INFO] [stdout]    --> src/translator.rs:135:67
[INFO] [stdout]     |
[INFO] [stdout] 135 |     let mut done = String::with_capacity(amino_seq.len() / 3 + 2);;
[INFO] [stdout]     |                                                                   ^ help: remove this semicolon
[INFO] [stdout] 
[INFO] [stdout] 
[INFO] [stdout] warning: the feature `type_macros` has been stable since 1.13.0 and no longer requires an attribute to enable
[INFO] [stdout]  --> src/lib.rs:1:19
[INFO] [stdout]   |
[INFO] [stdout] 1 | #![feature(plugin,type_macros,question_mark)]
[INFO] [stdout]   |                   ^^^^^^^^^^^
[INFO] [stdout]   |
[INFO] [stdout]   = note: `#[warn(stable_features)]` on by default
[INFO] [stdout] 
[INFO] [stdout] 
[INFO] [stdout] warning: the feature `question_mark` has been stable since 1.13.0 and no longer requires an attribute to enable
[INFO] [stdout]  --> src/lib.rs:1:31
[INFO] [stdout]   |
[INFO] [stdout] 1 | #![feature(plugin,type_macros,question_mark)]
[INFO] [stdout]   |                               ^^^^^^^^^^^^^
[INFO] [stdout] 
[INFO] [stdout] 
[INFO] [stdout] warning: the feature `type_macros` has been stable since 1.13.0 and no longer requires an attribute to enable
[INFO] [stdout]  --> src/lib.rs:1:19
[INFO] [stdout]   |
[INFO] [stdout] 1 | #![feature(plugin,type_macros,question_mark)]
[INFO] [stdout]   |                   ^^^^^^^^^^^
[INFO] [stdout]   |
[INFO] [stdout]   = note: `#[warn(stable_features)]` on by default
[INFO] [stdout] 
[INFO] [stdout] 
[INFO] [stdout] warning: the feature `question_mark` has been stable since 1.13.0 and no longer requires an attribute to enable
[INFO] [stdout]  --> src/lib.rs:1:31
[INFO] [stdout]   |
[INFO] [stdout] 1 | #![feature(plugin,type_macros,question_mark)]
[INFO] [stdout]   |                               ^^^^^^^^^^^^^
[INFO] [stdout] 
[INFO] [stdout] 
[INFO] [stdout] error: aborting due to 5 previous errors; 7 warnings emitted
[INFO] [stdout] 
[INFO] [stdout] 
[INFO] [stdout] For more information about this error, try `rustc --explain E0557`.
[INFO] [stdout] 
[INFO] [stdout] error: aborting due to 5 previous errors; 7 warnings emitted
[INFO] [stdout] 
[INFO] [stdout] 
[INFO] [stdout] For more information about this error, try `rustc --explain E0557`.
[INFO] [stdout] 
[INFO] [stderr] error: could not compile `orf` (lib test) due to 6 previous errors; 7 warnings emitted
[INFO] [stderr] warning: build failed, waiting for other jobs to finish...
[INFO] [stderr] error: could not compile `orf` (lib) due to 6 previous errors; 7 warnings emitted
[INFO] running `Command { std: "docker" "inspect" "e7a7b45461496818f12439c193129f14a1236cfcea6e0221808c74be5bace063", kill_on_drop: false }`
[INFO] running `Command { std: "docker" "rm" "-f" "e7a7b45461496818f12439c193129f14a1236cfcea6e0221808c74be5bace063", kill_on_drop: false }`
[INFO] [stdout] e7a7b45461496818f12439c193129f14a1236cfcea6e0221808c74be5bace063
[INFO] checking orf-0.1.0 against nightly-2024-02-05+rustflags=-Dunexpected_cfgs+cargoflags=-Zcheck-cfg for check-cfg
[INFO] extracting crate orf 0.1.0 into /workspace/builds/worker-1-tc2/source
[INFO] validating manifest of crates.io crate orf 0.1.0 on toolchain nightly-2024-02-05
[INFO] running `Command { std: CARGO_HOME="/workspace/cargo-home" RUSTUP_HOME="/workspace/rustup-home" "/workspace/cargo-home/bin/cargo" "+nightly-2024-02-05" "metadata" "--manifest-path" "Cargo.toml" "--no-deps", kill_on_drop: false }`
[INFO] started tweaking crates.io crate orf 0.1.0
[INFO] finished tweaking crates.io crate orf 0.1.0
[INFO] tweaked toml for crates.io crate orf 0.1.0 written to /workspace/builds/worker-1-tc2/source/Cargo.toml
[INFO] running `Command { std: CARGO_HOME="/workspace/cargo-home" RUSTUP_HOME="/workspace/rustup-home" "/workspace/cargo-home/bin/cargo" "+nightly-2024-02-05" "generate-lockfile" "--manifest-path" "Cargo.toml", kill_on_drop: false }`
[INFO] [stderr]     Updating crates.io index
[INFO] running `Command { std: CARGO_HOME="/workspace/cargo-home" RUSTUP_HOME="/workspace/rustup-home" "/workspace/cargo-home/bin/cargo" "+nightly-2024-02-05" "fetch" "--manifest-path" "Cargo.toml", kill_on_drop: false }`
[INFO] running `Command { std: "docker" "create" "-v" "/var/lib/crater-agent-workspace/builds/worker-1-tc2/target:/opt/rustwide/target:rw,Z" "-v" "/var/lib/crater-agent-workspace/builds/worker-1-tc2/source:/opt/rustwide/workdir:ro,Z" "-v" "/var/lib/crater-agent-workspace/cargo-home:/opt/rustwide/cargo-home:ro,Z" "-v" "/var/lib/crater-agent-workspace/rustup-home:/opt/rustwide/rustup-home:ro,Z" "-e" "SOURCE_DIR=/opt/rustwide/workdir" "-e" "CARGO_TARGET_DIR=/opt/rustwide/target" "-e" "CARGO_HOME=/opt/rustwide/cargo-home" "-e" "RUSTUP_HOME=/opt/rustwide/rustup-home" "-w" "/opt/rustwide/workdir" "-m" "1610612736" "--user" "0:0" "--network" "none" "ghcr.io/rust-lang/crates-build-env/linux@sha256:2788e3201cd34a07e3172128adcd8b3090168a8e3bcc40d7c032b9dda1df7d1c" "/opt/rustwide/cargo-home/bin/cargo" "+nightly-2024-02-05" "metadata" "--no-deps" "--format-version=1", kill_on_drop: false }`
[INFO] [stdout] af6942b2b114292b21624da84321ff9823fb64d292853e1f29b2684ff3f7099b
[INFO] running `Command { std: "docker" "start" "-a" "af6942b2b114292b21624da84321ff9823fb64d292853e1f29b2684ff3f7099b", kill_on_drop: false }`
[INFO] running `Command { std: "docker" "inspect" "af6942b2b114292b21624da84321ff9823fb64d292853e1f29b2684ff3f7099b", kill_on_drop: false }`
[INFO] running `Command { std: "docker" "rm" "-f" "af6942b2b114292b21624da84321ff9823fb64d292853e1f29b2684ff3f7099b", kill_on_drop: false }`
[INFO] [stdout] af6942b2b114292b21624da84321ff9823fb64d292853e1f29b2684ff3f7099b
[INFO] running `Command { std: "docker" "create" "-v" "/var/lib/crater-agent-workspace/builds/worker-1-tc2/target:/opt/rustwide/target:rw,Z" "-v" "/var/lib/crater-agent-workspace/builds/worker-1-tc2/source:/opt/rustwide/workdir:ro,Z" "-v" "/var/lib/crater-agent-workspace/cargo-home:/opt/rustwide/cargo-home:ro,Z" "-v" "/var/lib/crater-agent-workspace/rustup-home:/opt/rustwide/rustup-home:ro,Z" "-e" "SOURCE_DIR=/opt/rustwide/workdir" "-e" "CARGO_TARGET_DIR=/opt/rustwide/target" "-e" "CARGO_INCREMENTAL=0" "-e" "RUST_BACKTRACE=full" "-e" "RUSTFLAGS=--cap-lints=forbid -Dunexpected_cfgs" "-e" "RUSTDOCFLAGS=--cap-lints=forbid" "-e" "CARGO_HOME=/opt/rustwide/cargo-home" "-e" "RUSTUP_HOME=/opt/rustwide/rustup-home" "-w" "/opt/rustwide/workdir" "-m" "1610612736" "--user" "0:0" "--network" "none" "ghcr.io/rust-lang/crates-build-env/linux@sha256:2788e3201cd34a07e3172128adcd8b3090168a8e3bcc40d7c032b9dda1df7d1c" "/opt/rustwide/cargo-home/bin/cargo" "+nightly-2024-02-05" "check" "--frozen" "--all" "--all-targets" "--message-format=json" "-Zcheck-cfg", kill_on_drop: false }`
[INFO] [stdout] c757148f1d8b681bd187ad405ec2eae026988a8022945cdec25059a4419d97a0
[INFO] running `Command { std: "docker" "start" "-a" "c757148f1d8b681bd187ad405ec2eae026988a8022945cdec25059a4419d97a0", kill_on_drop: false }`
[INFO] [stderr]    Compiling autocfg v0.1.8
[INFO] [stderr]    Compiling rand_core v0.4.2
[INFO] [stderr]    Compiling proc-macro2 v0.4.30
[INFO] [stderr]    Compiling winapi-build v0.1.1
[INFO] [stderr]    Compiling unicode-xid v0.1.0
[INFO] [stderr]    Compiling syn v0.15.44
[INFO] [stderr]     Checking winapi v0.2.8
[INFO] [stderr]    Compiling siphasher v0.2.3
[INFO] [stderr]     Checking scoped_threadpool v0.1.9
[INFO] [stderr]     Checking monster v0.1.28
[INFO] [stderr]     Checking nom v1.2.4
[INFO] [stderr]     Checking num_cpus v0.2.13
[INFO] [stderr]    Compiling rand_chacha v0.1.1
[INFO] [stderr]    Compiling rand_pcg v0.1.2
[INFO] [stderr]    Compiling rand v0.6.5
[INFO] [stderr]    Compiling kernel32-sys v0.2.2
[INFO] [stderr]     Checking phf_shared v0.7.24
[INFO] [stderr]    Compiling rand_core v0.3.1
[INFO] [stderr]    Compiling rand_jitter v0.1.4
[INFO] [stderr]    Compiling rand_os v0.1.3
[INFO] [stderr]    Compiling rand_hc v0.1.0
[INFO] [stderr]    Compiling rand_isaac v0.1.1
[INFO] [stderr]    Compiling rand_xorshift v0.1.1
[INFO] [stderr]     Checking phf v0.7.24
[INFO] [stderr]     Checking fs2 v0.2.5
[INFO] [stderr]     Checking memmap v0.2.3
[INFO] [stderr]    Compiling quote v0.6.13
[INFO] [stderr]    Compiling phf_generator v0.7.24
[INFO] [stderr]    Compiling phf_macros v0.7.24
[INFO] [stderr]     Checking orf v0.1.0 (/opt/rustwide/workdir)
[INFO] [stdout] error[E0557]: feature has been removed
[INFO] [stdout]  --> src/lib.rs:1:12
[INFO] [stdout]   |
[INFO] [stdout] 1 | #![feature(plugin,type_macros,question_mark)]
[INFO] [stdout]   |            ^^^^^^ feature has been removed
[INFO] [stdout]   |
[INFO] [stdout]   = note: plugins are no longer supported
[INFO] [stdout] 
[INFO] [stdout] 
[INFO] [stdout] error[E0557]: feature has been removed
[INFO] [stdout]  --> src/lib.rs:1:12
[INFO] [stdout]   |
[INFO] [stdout] 1 | #![feature(plugin,type_macros,question_mark)]
[INFO] [stdout]   |            ^^^^^^ feature has been removed
[INFO] [stdout]   |
[INFO] [stdout]   = note: plugins are no longer supported
[INFO] [stdout] 
[INFO] [stdout] 
[INFO] [stdout] error: `dbg` is already in scope
[INFO] [stdout]  --> src/lib.rs:5:1
[INFO] [stdout]   |
[INFO] [stdout] 5 | #[macro_use]
[INFO] [stdout]   | ^^^^^^^^^^^^
[INFO] [stdout]   |
[INFO] [stdout]   = note: macro-expanded `#[macro_use]`s may not shadow existing macros (see RFC 1560)
[INFO] [stdout] 
[INFO] [stdout] 
[INFO] [stdout] error: `dbg` is already in scope
[INFO] [stdout]  --> src/lib.rs:5:1
[INFO] [stdout]   |
[INFO] [stdout] 5 | #[macro_use]
[INFO] [stdout]   | ^^^^^^^^^^^^
[INFO] [stdout]   |
[INFO] [stdout]   = note: macro-expanded `#[macro_use]`s may not shadow existing macros (see RFC 1560)
[INFO] [stdout] 
[INFO] [stdout] 
[INFO] [stdout] error: cannot find attribute `plugin` in this scope
[INFO] [stdout]  --> src/lib.rs:2:4
[INFO] [stdout]   |
[INFO] [stdout] 2 | #![plugin(phf_macros)]
[INFO] [stdout]   |    ^^^^^^
[INFO] [stdout] 
[INFO] [stdout] 
[INFO] [stdout] error: cannot find attribute `plugin` in this scope
[INFO] [stdout]  --> src/lib.rs:2:4
[INFO] [stdout]   |
[INFO] [stdout] 2 | #![plugin(phf_macros)]
[INFO] [stdout]   |    ^^^^^^
[INFO] [stdout] 
[INFO] [stdout] 
[INFO] [stdout] error: cannot find macro `phf_map` in this scope
[INFO] [stdout]  --> src/codons.rs:3:47
[INFO] [stdout]   |
[INFO] [stdout] 3 | pub static CODONS: Map<&'static [u8], char> = phf_map! {
[INFO] [stdout]   |                                               ^^^^^^^
[INFO] [stdout] 
[INFO] [stdout] 
[INFO] [stdout] error: cannot find macro `phf_map` in this scope
[INFO] [stdout]  --> src/codons.rs:3:47
[INFO] [stdout]   |
[INFO] [stdout] 3 | pub static CODONS: Map<&'static [u8], char> = phf_map! {
[INFO] [stdout]   |                                               ^^^^^^^
[INFO] [stdout] 
[INFO] [stdout] 
[INFO] [stdout] error: cannot find macro `phf_map` in this scope
[INFO] [stdout]    --> src/codons.rs:102:51
[INFO] [stdout]     |
[INFO] [stdout] 102 | pub static REV_CODONS: Map<&'static [u8], char> = phf_map! {
[INFO] [stdout]     |                                                   ^^^^^^^
[INFO] [stdout] 
[INFO] [stdout] 
[INFO] [stdout] error: cannot find macro `phf_map` in this scope
[INFO] [stdout]    --> src/codons.rs:102:51
[INFO] [stdout]     |
[INFO] [stdout] 102 | pub static REV_CODONS: Map<&'static [u8], char> = phf_map! {
[INFO] [stdout]     |                                                   ^^^^^^^
[INFO] [stdout] 
[INFO] [stdout] 
[INFO] [stdout] warning: unnecessary trailing semicolon
[INFO] [stdout]   --> src/translator.rs:18:67
[INFO] [stdout]    |
[INFO] [stdout] 18 |     let mut done = String::with_capacity(amino_seq.len() / 3 + 2);;
[INFO] [stdout]    |                                                                   ^ help: remove this semicolon
[INFO] [stdout]    |
[INFO] [stdout]    = note: `#[warn(redundant_semicolons)]` on by default
[INFO] [stdout] 
[INFO] [stdout] 
[INFO] [stdout] warning: unnecessary trailing semicolon
[INFO] [stdout]   --> src/translator.rs:67:67
[INFO] [stdout]    |
[INFO] [stdout] 67 |     let mut done = String::with_capacity(amino_seq.len() / 3 + 2);;
[INFO] [stdout]    |                                                                   ^ help: remove this semicolon
[INFO] [stdout] 
[INFO] [stdout] 
[INFO] [stdout] warning: unnecessary trailing semicolon
[INFO] [stdout]   --> src/translator.rs:89:67
[INFO] [stdout]    |
[INFO] [stdout] 89 |     let mut done = String::with_capacity(amino_seq.len() / 3 + 2);;
[INFO] [stdout]    |                                                                   ^ help: remove this semicolon
[INFO] [stdout] 
[INFO] [stdout] 
[INFO] [stdout] warning: unnecessary trailing semicolon
[INFO] [stdout]    --> src/translator.rs:112:67
[INFO] [stdout]     |
[INFO] [stdout] 112 |     let mut done = String::with_capacity(amino_seq.len() / 3 + 2);;
[INFO] [stdout]     |                                                                   ^ help: remove this semicolon
[INFO] [stdout] 
[INFO] [stdout] 
[INFO] [stdout] warning: unnecessary trailing semicolon
[INFO] [stdout]    --> src/translator.rs:135:67
[INFO] [stdout]     |
[INFO] [stdout] 135 |     let mut done = String::with_capacity(amino_seq.len() / 3 + 2);;
[INFO] [stdout]     |                                                                   ^ help: remove this semicolon
[INFO] [stdout] 
[INFO] [stdout] 
[INFO] [stdout] warning: unnecessary trailing semicolon
[INFO] [stdout]   --> src/translator.rs:18:67
[INFO] [stdout]    |
[INFO] [stdout] 18 |     let mut done = String::with_capacity(amino_seq.len() / 3 + 2);;
[INFO] [stdout]    |                                                                   ^ help: remove this semicolon
[INFO] [stdout]    |
[INFO] [stdout]    = note: `#[warn(redundant_semicolons)]` on by default
[INFO] [stdout] 
[INFO] [stdout] 
[INFO] [stdout] warning: unnecessary trailing semicolon
[INFO] [stdout]   --> src/translator.rs:67:67
[INFO] [stdout]    |
[INFO] [stdout] 67 |     let mut done = String::with_capacity(amino_seq.len() / 3 + 2);;
[INFO] [stdout]    |                                                                   ^ help: remove this semicolon
[INFO] [stdout] 
[INFO] [stdout] 
[INFO] [stdout] warning: unnecessary trailing semicolon
[INFO] [stdout]   --> src/translator.rs:89:67
[INFO] [stdout]    |
[INFO] [stdout] 89 |     let mut done = String::with_capacity(amino_seq.len() / 3 + 2);;
[INFO] [stdout]    |                                                                   ^ help: remove this semicolon
[INFO] [stdout] 
[INFO] [stdout] 
[INFO] [stdout] warning: unnecessary trailing semicolon
[INFO] [stdout]    --> src/translator.rs:112:67
[INFO] [stdout]     |
[INFO] [stdout] 112 |     let mut done = String::with_capacity(amino_seq.len() / 3 + 2);;
[INFO] [stdout]     |                                                                   ^ help: remove this semicolon
[INFO] [stdout] 
[INFO] [stdout] 
[INFO] [stdout] warning: unnecessary trailing semicolon
[INFO] [stdout]    --> src/translator.rs:135:67
[INFO] [stdout]     |
[INFO] [stdout] 135 |     let mut done = String::with_capacity(amino_seq.len() / 3 + 2);;
[INFO] [stdout]     |                                                                   ^ help: remove this semicolon
[INFO] [stdout] 
[INFO] [stdout] 
[INFO] [stdout] warning: the feature `type_macros` has been stable since 1.13.0 and no longer requires an attribute to enable
[INFO] [stdout]  --> src/lib.rs:1:19
[INFO] [stdout]   |
[INFO] [stdout] 1 | #![feature(plugin,type_macros,question_mark)]
[INFO] [stdout]   |                   ^^^^^^^^^^^
[INFO] [stdout]   |
[INFO] [stdout]   = note: `#[warn(stable_features)]` on by default
[INFO] [stdout] 
[INFO] [stdout] 
[INFO] [stdout] warning: the feature `type_macros` has been stable since 1.13.0 and no longer requires an attribute to enable
[INFO] [stdout]  --> src/lib.rs:1:19
[INFO] [stdout]   |
[INFO] [stdout] 1 | #![feature(plugin,type_macros,question_mark)]
[INFO] [stdout]   |                   ^^^^^^^^^^^
[INFO] [stdout]   |
[INFO] [stdout]   = note: `#[warn(stable_features)]` on by default
[INFO] [stdout] 
[INFO] [stdout] 
[INFO] [stdout] warning: the feature `question_mark` has been stable since 1.13.0 and no longer requires an attribute to enable
[INFO] [stdout]  --> src/lib.rs:1:31
[INFO] [stdout]   |
[INFO] [stdout] 1 | #![feature(plugin,type_macros,question_mark)]
[INFO] [stdout]   |                               ^^^^^^^^^^^^^
[INFO] [stdout] 
[INFO] [stdout] 
[INFO] [stdout] warning: the feature `question_mark` has been stable since 1.13.0 and no longer requires an attribute to enable
[INFO] [stdout]  --> src/lib.rs:1:31
[INFO] [stdout]   |
[INFO] [stdout] 1 | #![feature(plugin,type_macros,question_mark)]
[INFO] [stdout]   |                               ^^^^^^^^^^^^^
[INFO] [stdout] 
[INFO] [stdout] 
[INFO] [stdout] error: aborting due to 5 previous errors; 7 warnings emitted
[INFO] [stdout] 
[INFO] [stdout] 
[INFO] [stdout] For more information about this error, try `rustc --explain E0557`.
[INFO] [stdout] 
[INFO] [stdout] error: aborting due to 5 previous errors; 7 warnings emitted
[INFO] [stdout] 
[INFO] [stdout] 
[INFO] [stdout] For more information about this error, try `rustc --explain E0557`.
[INFO] [stdout] 
[INFO] [stderr] error: could not compile `orf` (lib) due to 6 previous errors; 7 warnings emitted
[INFO] [stderr] warning: build failed, waiting for other jobs to finish...
[INFO] [stderr] error: could not compile `orf` (lib test) due to 6 previous errors; 7 warnings emitted
[INFO] running `Command { std: "docker" "inspect" "c757148f1d8b681bd187ad405ec2eae026988a8022945cdec25059a4419d97a0", kill_on_drop: false }`
[INFO] running `Command { std: "docker" "rm" "-f" "c757148f1d8b681bd187ad405ec2eae026988a8022945cdec25059a4419d97a0", kill_on_drop: false }`
[INFO] [stdout] c757148f1d8b681bd187ad405ec2eae026988a8022945cdec25059a4419d97a0
