[INFO] fetching crate ord 0.12.3...
[INFO] checking ord-0.12.3 against nightly-2024-02-05 for check-cfg
[INFO] extracting crate ord 0.12.3 into /workspace/builds/worker-7-tc1/source
[INFO] validating manifest of crates.io crate ord 0.12.3 on toolchain nightly-2024-02-05
[INFO] running `Command { std: CARGO_HOME="/workspace/cargo-home" RUSTUP_HOME="/workspace/rustup-home" "/workspace/cargo-home/bin/cargo" "+nightly-2024-02-05" "metadata" "--manifest-path" "Cargo.toml" "--no-deps", kill_on_drop: false }`
[INFO] started tweaking crates.io crate ord 0.12.3
[INFO] removed 0 missing tests
[INFO] finished tweaking crates.io crate ord 0.12.3
[INFO] tweaked toml for crates.io crate ord 0.12.3 written to /workspace/builds/worker-7-tc1/source/Cargo.toml
[INFO] crate crates.io crate ord 0.12.3 already has a lockfile, it will not be regenerated
[INFO] running `Command { std: CARGO_HOME="/workspace/cargo-home" RUSTUP_HOME="/workspace/rustup-home" "/workspace/cargo-home/bin/cargo" "+nightly-2024-02-05" "fetch" "--manifest-path" "Cargo.toml", kill_on_drop: false }`
[INFO] [stderr]     Updating crates.io index
[INFO] [stderr]  Downloading crates ...
[INFO] [stderr]   Downloaded futures-rustls v0.24.0
[INFO] [stderr]   Downloaded new_mime_guess v4.0.1
[INFO] [stderr]   Downloaded ord-bitcoincore-rpc-json v0.17.1
[INFO] [stderr]   Downloaded async-web-client v0.2.7
[INFO] [stderr]   Downloaded rust-embed-impl v8.0.0
[INFO] [stderr]   Downloaded rustls-acme v0.7.7
[INFO] [stderr]   Downloaded html-escaper v0.2.0
[INFO] [stderr]   Downloaded generic_static v0.2.0
[INFO] [stderr]   Downloaded boilerplate v1.0.0
[INFO] [stderr]   Downloaded diligent-date-parser v0.1.4
[INFO] [stderr]   Downloaded ord-bitcoincore-rpc v0.17.1
[INFO] [stderr]   Downloaded axum-server v0.5.1
[INFO] [stderr]   Downloaded der-parser v7.0.0
[INFO] [stderr]   Downloaded rustix v0.38.26
[INFO] [stderr]   Downloaded rust-embed v8.0.0
[INFO] [stderr]   Downloaded redb v1.4.0
[INFO] [stderr]   Downloaded x509-parser v0.13.2
[INFO] [stderr]   Downloaded mp4 v0.14.0
[INFO] [stderr]   Downloaded asn1-rs v0.3.1
[INFO] [stderr]   Downloaded async-compression v0.4.5
[INFO] [stderr]   Downloaded atom_syndication v0.12.2
[INFO] [stderr]   Downloaded async-http-codec v0.5.8
[INFO] [stderr]   Downloaded oid-registry v0.4.0
[INFO] [stderr]   Downloaded rss v2.0.6
[INFO] [stderr]   Downloaded jsonrpc v0.14.1
[INFO] [stderr]   Downloaded executable-path v1.0.0
[INFO] [stderr]   Downloaded rust-embed-utils v8.0.0
[INFO] [stderr]   Downloaded asn1-rs-derive v0.1.0
[INFO] [stderr]   Downloaded async-ws v0.3.4
[INFO] running `Command { std: "docker" "create" "-v" "/var/lib/crater-agent-workspace/builds/worker-7-tc1/target:/opt/rustwide/target:rw,Z" "-v" "/var/lib/crater-agent-workspace/builds/worker-7-tc1/source:/opt/rustwide/workdir:ro,Z" "-v" "/var/lib/crater-agent-workspace/cargo-home:/opt/rustwide/cargo-home:ro,Z" "-v" "/var/lib/crater-agent-workspace/rustup-home:/opt/rustwide/rustup-home:ro,Z" "-e" "SOURCE_DIR=/opt/rustwide/workdir" "-e" "CARGO_TARGET_DIR=/opt/rustwide/target" "-e" "CARGO_HOME=/opt/rustwide/cargo-home" "-e" "RUSTUP_HOME=/opt/rustwide/rustup-home" "-w" "/opt/rustwide/workdir" "-m" "1610612736" "--user" "0:0" "--network" "none" "ghcr.io/rust-lang/crates-build-env/linux@sha256:2788e3201cd34a07e3172128adcd8b3090168a8e3bcc40d7c032b9dda1df7d1c" "/opt/rustwide/cargo-home/bin/cargo" "+nightly-2024-02-05" "metadata" "--no-deps" "--format-version=1", kill_on_drop: false }`
[INFO] [stdout] 04e9e6532eb041666bcdb758a186931299be66abf603177fd1fe4a1bfb094487
[INFO] running `Command { std: "docker" "start" "-a" "04e9e6532eb041666bcdb758a186931299be66abf603177fd1fe4a1bfb094487", kill_on_drop: false }`
[INFO] running `Command { std: "docker" "inspect" "04e9e6532eb041666bcdb758a186931299be66abf603177fd1fe4a1bfb094487", kill_on_drop: false }`
[INFO] running `Command { std: "docker" "rm" "-f" "04e9e6532eb041666bcdb758a186931299be66abf603177fd1fe4a1bfb094487", kill_on_drop: false }`
[INFO] [stdout] 04e9e6532eb041666bcdb758a186931299be66abf603177fd1fe4a1bfb094487
[INFO] running `Command { std: "docker" "create" "-v" "/var/lib/crater-agent-workspace/builds/worker-7-tc1/target:/opt/rustwide/target:rw,Z" "-v" "/var/lib/crater-agent-workspace/builds/worker-7-tc1/source:/opt/rustwide/workdir:ro,Z" "-v" "/var/lib/crater-agent-workspace/cargo-home:/opt/rustwide/cargo-home:ro,Z" "-v" "/var/lib/crater-agent-workspace/rustup-home:/opt/rustwide/rustup-home:ro,Z" "-e" "SOURCE_DIR=/opt/rustwide/workdir" "-e" "CARGO_TARGET_DIR=/opt/rustwide/target" "-e" "CARGO_INCREMENTAL=0" "-e" "RUST_BACKTRACE=full" "-e" "RUSTFLAGS=--cap-lints=forbid" "-e" "RUSTDOCFLAGS=--cap-lints=forbid" "-e" "CARGO_HOME=/opt/rustwide/cargo-home" "-e" "RUSTUP_HOME=/opt/rustwide/rustup-home" "-w" "/opt/rustwide/workdir" "-m" "1610612736" "--user" "0:0" "--network" "none" "ghcr.io/rust-lang/crates-build-env/linux@sha256:2788e3201cd34a07e3172128adcd8b3090168a8e3bcc40d7c032b9dda1df7d1c" "/opt/rustwide/cargo-home/bin/cargo" "+nightly-2024-02-05" "check" "--frozen" "--all" "--all-targets" "--message-format=json", kill_on_drop: false }`
[INFO] [stdout] 862f6aa87f078d013fcf632a2a0592970955866d6949057b392c04796521f03f
[INFO] running `Command { std: "docker" "start" "-a" "862f6aa87f078d013fcf632a2a0592970955866d6949057b392c04796521f03f", kill_on_drop: false }`
[INFO] [stderr]    Compiling proc-macro2 v1.0.70
[INFO] [stderr]    Compiling libc v0.2.150
[INFO] [stderr]     Checking memchr v2.6.4
[INFO] [stderr]    Compiling futures-core v0.3.29
[INFO] [stderr]    Compiling serde v1.0.193
[INFO] [stderr]    Compiling syn v1.0.109
[INFO] [stderr]     Checking futures-io v0.3.29
[INFO] [stderr]    Compiling futures-task v0.3.29
[INFO] [stderr]    Compiling futures-channel v0.3.29
[INFO] [stderr]     Checking futures-sink v0.3.29
[INFO] [stderr]    Compiling crossbeam-utils v0.8.16
[INFO] [stderr]    Compiling futures-util v0.3.29
[INFO] [stderr]     Checking http v0.2.11
[INFO] [stderr]     Checking tracing-core v0.1.32
[INFO] [stderr]     Checking indexmap v2.1.0
[INFO] [stderr]    Compiling quote v1.0.33
[INFO] [stderr]     Checking tracing v0.1.40
[INFO] [stderr]    Compiling rustversion v1.0.14
[INFO] [stderr]    Compiling cc v1.0.83
[INFO] [stderr]    Compiling syn v2.0.39
[INFO] [stderr]     Checking bitflags v2.4.1
[INFO] [stderr]     Checking parking v2.2.0
[INFO] [stderr]     Checking concurrent-queue v2.3.0
[INFO] [stderr]    Compiling unicase v2.7.0
[INFO] [stderr]    Compiling thiserror v1.0.50
[INFO] [stderr]    Compiling serde_json v1.0.108
[INFO] [stderr]    Compiling time-macros v0.2.15
[INFO] [stderr]     Checking deranged v0.3.9
[INFO] [stderr]     Checking getrandom v0.2.11
[INFO] [stderr]     Checking mio v0.8.9
[INFO] [stderr]     Checking num_cpus v1.16.0
[INFO] [stderr]     Checking socket2 v0.5.5
[INFO] [stderr]     Checking rand_core v0.6.4
[INFO] [stderr]     Checking socket2 v0.4.10
[INFO] [stderr]     Checking rand_chacha v0.3.1
[INFO] [stderr]     Checking http-body v0.4.5
[INFO] [stderr]     Checking rand v0.8.5
[INFO] [stderr]    Compiling typenum v1.17.0
[INFO] [stderr]    Compiling ring v0.17.6
[INFO] [stderr]    Compiling pkg-config v0.3.27
[INFO] [stderr]    Compiling io-lifetimes v1.0.11
[INFO] [stderr]    Compiling bitcoin-private v0.1.0
[INFO] [stderr]    Compiling generic-array v0.14.7
[INFO] [stderr]    Compiling openssl-sys v0.9.96
[INFO] [stderr]    Compiling secp256k1-sys v0.8.1
[INFO] [stderr]     Checking event-listener v4.0.0
[INFO] [stderr]    Compiling polling v2.8.0
[INFO] [stderr]    Compiling memoffset v0.9.0
[INFO] [stderr]    Compiling rustix v0.37.27
[INFO] [stderr]     Checking try-lock v0.2.4
[INFO] [stderr]    Compiling rustls v0.21.9
[INFO] [stderr]     Checking minimal-lexical v0.2.1
[INFO] [stderr]     Checking time v0.3.30
[INFO] [stderr]     Checking want v0.3.1
[INFO] [stderr]     Checking nom v7.1.3
[INFO] [stderr]     Checking event-listener-strategy v0.4.0
[INFO] [stderr]    Compiling darling_core v0.14.4
[INFO] [stderr]    Compiling synstructure v0.12.6
[INFO] [stderr]    Compiling backtrace v0.3.69
[INFO] [stderr]    Compiling ring v0.16.20
[INFO] [stderr]    Compiling crossbeam-epoch v0.9.15
[INFO] [stderr]    Compiling async-io v1.13.0
[INFO] [stderr]     Checking alloc-no-stdlib v2.0.4
[INFO] [stderr]     Checking linux-raw-sys v0.3.8
[INFO] [stderr]    Compiling hex_lit v0.1.1
[INFO] [stderr]     Checking event-listener v2.5.3
[INFO] [stderr]     Checking fastrand v1.9.0
[INFO] [stderr]     Checking cpufeatures v0.2.11
[INFO] [stderr]     Checking waker-fn v1.1.1
[INFO] [stderr]     Checking async-lock v2.8.0
[INFO] [stderr]     Checking futures-lite v1.13.0
[INFO] [stderr]    Compiling serde_derive v1.0.193
[INFO] [stderr]    Compiling futures-macro v0.3.29
[INFO] [stderr]    Compiling tokio-macros v2.2.0
[INFO] [stderr]    Compiling thiserror-impl v1.0.50
[INFO] [stderr]     Checking rustls-webpki v0.101.7
[INFO] [stderr]    Compiling darling_macro v0.14.4
[INFO] [stderr]     Checking sct v0.7.1
[INFO] [stderr]     Checking tokio v1.34.0
[INFO] [stderr]    Compiling asn1-rs-impl v0.1.0
[INFO] [stderr]    Compiling asn1-rs-derive v0.1.0
[INFO] [stderr]    Compiling displaydoc v0.2.4
[INFO] [stderr]    Compiling darling v0.14.4
[INFO] [stderr]     Checking alloc-stdlib v0.2.2
[INFO] [stderr]     Checking rusticata-macros v4.1.0
[INFO] [stderr]    Compiling block-buffer v0.10.4
[INFO] [stderr]    Compiling crypto-common v0.1.6
[INFO] [stderr]     Checking object v0.32.1
[INFO] [stderr]    Compiling anyhow v1.0.75
[INFO] [stderr]    Compiling bitcoin v0.30.2
[INFO] [stderr]     Checking iana-time-zone v0.1.58
[INFO] [stderr]    Compiling async-trait v0.1.74
[INFO] [stderr]     Checking atomic-waker v1.1.2
[INFO] [stderr]    Compiling rustix v0.38.26
[INFO] [stderr]     Checking piper v0.2.1
[INFO] [stderr]     Checking asn1-rs v0.3.1
[INFO] [stderr]    Compiling digest v0.10.7
[INFO] [stderr]     Checking brotli-decompressor v2.5.1
[INFO] [stderr]     Checking futures-executor v0.3.29
[INFO] [stderr]    Compiling derive_builder_core v0.12.0
[INFO] [stderr]     Checking futures v0.3.29
[INFO] [stderr]     Checking tokio-util v0.7.10
[INFO] [stderr]    Compiling strum_macros v0.24.3
[INFO] [stderr]     Checking async-channel v2.1.1
[INFO] [stderr]     Checking h2 v0.3.22
[INFO] [stderr]     Checking async-lock v3.1.2
[INFO] [stderr]     Checking futures-lite v2.0.1
[INFO] [stderr]    Compiling openssl v0.10.60
[INFO] [stderr]     Checking linux-raw-sys v0.4.12
[INFO] [stderr]    Compiling same-file v1.0.6
[INFO] [stderr]    Compiling rayon-core v1.12.0
[INFO] [stderr]     Checking bech32 v0.9.1
[INFO] [stderr]     Checking tower-layer v0.3.2
[INFO] [stderr]    Compiling oid-registry v0.4.0
[INFO] [stderr]     Checking async-task v4.5.0
[INFO] [stderr]    Compiling sha2 v0.10.8
[INFO] [stderr]     Checking blocking v1.5.1
[INFO] [stderr]    Compiling derive_builder_macro v0.12.0
[INFO] [stderr]    Compiling walkdir v2.4.0
[INFO] [stderr]     Checking brotli v3.4.0
[INFO] [stderr]     Checking crossbeam-deque v0.8.3
[INFO] [stderr]     Checking strum v0.24.1
[INFO] [stderr]    Compiling openssl-macros v0.1.1
[INFO] [stderr]    Compiling pin-project-internal v1.1.3
[INFO] [stderr]     Checking bitcoin_hashes v0.12.0
[INFO] [stderr]     Checking chrono v0.4.31
[INFO] [stderr]    Compiling darling_core v0.20.3
[INFO] [stderr]     Checking secp256k1 v0.27.0
[INFO] [stderr]    Compiling new_mime_guess v4.0.1
[INFO] [stderr]    Compiling axum-core v0.3.4
[INFO] [stderr]     Checking aho-corasick v1.1.2
[INFO] [stderr]     Checking generic_static v0.2.0
[INFO] [stderr]     Checking hyper v0.14.27
[INFO] [stderr]    Compiling num-rational v0.4.1
[INFO] [stderr]     Checking utf-8 v0.7.6
[INFO] [stderr]     Checking async-ws v0.3.4
[INFO] [stderr]    Compiling native-tls v0.2.11
[INFO] [stderr]     Checking pin-project v1.1.3
[INFO] [stderr]     Checking diligent-date-parser v0.1.4
[INFO] [stderr]     Checking derive_builder v0.12.0
[INFO] [stderr]     Checking serde_urlencoded v0.7.1
[INFO] [stderr]     Checking regex-automata v0.4.3
[INFO] [stderr]    Compiling rust-embed-utils v8.0.0
[INFO] [stderr]     Checking async-http-codec v0.5.8
[INFO] [stderr]     Checking async-net v1.8.0
[INFO] [stderr]     Checking quick-xml v0.30.0
[INFO] [stderr]     Checking async-compression v0.4.5
[INFO] [stderr]     Checking der-parser v7.0.0
[INFO] [stderr]    Compiling darling_macro v0.20.3
[INFO] [stderr]     Checking tokio-rustls v0.24.1
[INFO] [stderr]     Checking futures-rustls v0.24.0
[INFO] [stderr]     Checking sha1 v0.10.6
[INFO] [stderr]     Checking rustls-pemfile v1.0.4
[INFO] [stderr]     Checking yasna v0.5.2
[INFO] [stderr]    Compiling mime_guess v2.0.4
[INFO] [stderr]    Compiling axum v0.6.20
[INFO] [stderr]     Checking headers-core v0.2.0
[INFO] [stderr]     Checking never v0.1.0
[INFO] [stderr]    Compiling redb v1.4.0
[INFO] [stderr]     Checking webpki-roots v0.25.3
[INFO] [stderr]     Checking data-encoding v2.5.0
[INFO] [stderr]    Compiling mime v0.3.17
[INFO] [stderr]     Checking arc-swap v1.6.0
[INFO] [stderr]     Checking ciborium-io v0.2.1
[INFO] [stderr]     Checking option-ext v0.2.0
[INFO] [stderr]     Checking half v1.8.2
[INFO] [stderr]     Checking dirs-sys v0.4.1
[INFO] [stderr]     Checking clap_builder v4.4.9
[INFO] [stderr]     Checking x509-parser v0.13.2
[INFO] [stderr]     Checking ciborium-ll v0.2.1
[INFO] [stderr]     Checking regex v1.10.2
[INFO] [stderr]     Checking rayon v1.8.0
[INFO] [stderr]     Checking console v0.15.7
[INFO] [stderr]     Checking async-web-client v0.2.7
[INFO] [stderr]     Checking atom_syndication v0.12.2
[INFO] [stderr]    Compiling darling v0.20.3
[INFO] [stderr]     Checking headers v0.3.9
[INFO] [stderr]     Checking rcgen v0.10.0
[INFO] [stderr]     Checking ord-bitcoincore-rpc-json v0.17.1
[INFO] [stderr]    Compiling rust-embed-impl v8.0.0
[INFO] [stderr]     Checking axum-server v0.5.1
[INFO] [stderr]     Checking tower v0.4.13
[INFO] [stderr]     Checking jsonrpc v0.14.1
[INFO] [stderr]     Checking is-terminal v0.4.9
[INFO] [stderr]     Checking serde_path_to_error v0.1.14
[INFO] [stderr]    Compiling clap_derive v4.4.7
[INFO] [stderr]     Checking nix v0.27.1
[INFO] [stderr]     Checking keccak v0.1.4
[INFO] [stderr]     Checking humantime v2.1.0
[INFO] [stderr]     Checking termcolor v1.4.0
[INFO] [stderr]     Checking http-range-header v0.3.1
[INFO] [stderr]     Checking bitcoin_hashes v0.11.0
[INFO] [stderr]     Checking unsafe-libyaml v0.2.9
[INFO] [stderr]     Checking matchit v0.7.3
[INFO] [stderr]     Checking env_logger v0.10.1
[INFO] [stderr]     Checking tower-http v0.4.4
[INFO] [stderr]     Checking idna v0.5.0
[INFO] [stderr]     Checking bip39 v2.0.0
[INFO] [stderr]     Checking serde_yaml v0.9.27
[INFO] [stderr]     Checking ctrlc v3.4.1
[INFO] [stderr]     Checking sha3 v0.10.8
[INFO] [stderr]     Checking mp4 v0.14.0
[INFO] [stderr]     Checking sysinfo v0.29.11
[INFO] [stderr]    Compiling derive_more v0.99.17
[INFO] [stderr]     Checking rust-embed v8.0.0
[INFO] [stderr]     Checking indicatif v0.17.7
[INFO] [stderr]     Checking rustls-acme v0.7.7
[INFO] [stderr]     Checking rss v2.0.6
[INFO] [stderr]     Checking miniscript v10.0.0
[INFO] [stderr]    Compiling boilerplate v1.0.0
[INFO] [stderr]     Checking tokio-native-tls v0.3.1
[INFO] [stderr]     Checking ciborium v0.2.1
[INFO] [stderr]     Checking clap v4.4.10
[INFO] [stderr]     Checking dirs v5.0.1
[INFO] [stderr]     Checking tempfile v3.8.1
[INFO] [stderr]     Checking tokio-stream v0.1.14
[INFO] [stderr]     Checking ord-bitcoincore-rpc v0.17.1
[INFO] [stderr]     Checking html-escaper v0.2.0
[INFO] [stderr]     Checking hyper-tls v0.5.0
[INFO] [stderr]     Checking url v2.5.0
[INFO] [stderr]     Checking diff v0.1.13
[INFO] [stderr]     Checking yansi v0.5.1
[INFO] [stderr]     Checking executable-path v1.0.0
[INFO] [stderr]     Checking unindent v0.2.3
[INFO] [stderr]     Checking pretty_assertions v1.4.0
[INFO] [stderr]     Checking reqwest v0.11.22
[INFO] [stderr]     Checking ord v0.12.3 (/opt/rustwide/workdir)
[INFO] [stdout] error[E0432]: unresolved import `test_bitcoincore_rpc`
[INFO] [stdout]  --> src/test.rs:9:3
[INFO] [stdout]   |
[INFO] [stdout] 9 |   test_bitcoincore_rpc::TransactionTemplate,
[INFO] [stdout]   |   ^^^^^^^^^^^^^^^^^^^^ use of undeclared crate or module `test_bitcoincore_rpc`
[INFO] [stdout]   |
[INFO] [stdout] help: there is a crate or module with a similar name
[INFO] [stdout]   |
[INFO] [stdout] 9 |   bitcoincore_rpc::TransactionTemplate,
[INFO] [stdout]   |   ~~~~~~~~~~~~~~~
[INFO] [stdout] 
[INFO] [stdout] 
[INFO] [stdout] error[E0433]: failed to resolve: use of undeclared crate or module `test_bitcoincore_rpc`
[INFO] [stdout]   --> src/index/testing.rs:15:22
[INFO] [stdout]    |
[INFO] [stdout] 15 |     let rpc_server = test_bitcoincore_rpc::builder()
[INFO] [stdout]    |                      ^^^^^^^^^^^^^^^^^^^^ use of undeclared crate or module `test_bitcoincore_rpc`
[INFO] [stdout]    |
[INFO] [stdout] help: there is a crate or module with a similar name
[INFO] [stdout]    |
[INFO] [stdout] 15 |     let rpc_server = bitcoincore_rpc::builder()
[INFO] [stdout]    |                      ~~~~~~~~~~~~~~~
[INFO] [stdout] 
[INFO] [stdout] 
[INFO] [stdout] error[E0433]: failed to resolve: use of undeclared crate or module `test_bitcoincore_rpc`
[INFO] [stdout]    --> src/options.rs:537:22
[INFO] [stdout]     |
[INFO] [stdout] 537 |     let rpc_server = test_bitcoincore_rpc::builder()
[INFO] [stdout]     |                      ^^^^^^^^^^^^^^^^^^^^ use of undeclared crate or module `test_bitcoincore_rpc`
[INFO] [stdout]     |
[INFO] [stdout] help: there is a crate or module with a similar name
[INFO] [stdout]     |
[INFO] [stdout] 537 |     let rpc_server = bitcoincore_rpc::builder()
[INFO] [stdout]     |                      ~~~~~~~~~~~~~~~
[INFO] [stdout] 
[INFO] [stdout] 
[INFO] [stdout] error[E0433]: failed to resolve: use of undeclared crate or module `test_bitcoincore_rpc`
[INFO] [stdout]     --> src/subcommand/server.rs:1561:24
[INFO] [stdout]      |
[INFO] [stdout] 1561 |       Self::new_server(test_bitcoincore_rpc::spawn(), None, ord_args, server_args)
[INFO] [stdout]      |                        ^^^^^^^^^^^^^^^^^^^^ use of undeclared crate or module `test_bitcoincore_rpc`
[INFO] [stdout]      |
[INFO] [stdout] help: there is a crate or module with a similar name
[INFO] [stdout]      |
[INFO] [stdout] 1561 |       Self::new_server(bitcoincore_rpc::spawn(), None, ord_args, server_args)
[INFO] [stdout]      |                        ~~~~~~~~~~~~~~~
[INFO] [stdout] 
[INFO] [stdout] 
[INFO] [stdout] error[E0433]: failed to resolve: use of undeclared crate or module `test_bitcoincore_rpc`
[INFO] [stdout]     --> src/subcommand/server.rs:1566:9
[INFO] [stdout]      |
[INFO] [stdout] 1566 |         test_bitcoincore_rpc::builder()
[INFO] [stdout]      |         ^^^^^^^^^^^^^^^^^^^^ use of undeclared crate or module `test_bitcoincore_rpc`
[INFO] [stdout]      |
[INFO] [stdout] help: there is a crate or module with a similar name
[INFO] [stdout]      |
[INFO] [stdout] 1566 |         bitcoincore_rpc::builder()
[INFO] [stdout]      |         ~~~~~~~~~~~~~~~
[INFO] [stdout] 
[INFO] [stdout] 
[INFO] [stdout] error[E0433]: failed to resolve: use of undeclared crate or module `test_bitcoincore_rpc`
[INFO] [stdout]     --> src/subcommand/server.rs:1577:9
[INFO] [stdout]      |
[INFO] [stdout] 1577 |         test_bitcoincore_rpc::builder()
[INFO] [stdout]      |         ^^^^^^^^^^^^^^^^^^^^ use of undeclared crate or module `test_bitcoincore_rpc`
[INFO] [stdout]      |
[INFO] [stdout] help: there is a crate or module with a similar name
[INFO] [stdout]      |
[INFO] [stdout] 1577 |         bitcoincore_rpc::builder()
[INFO] [stdout]      |         ~~~~~~~~~~~~~~~
[INFO] [stdout] 
[INFO] [stdout] 
[INFO] [stdout] error[E0433]: failed to resolve: use of undeclared crate or module `test_bitcoincore_rpc`
[INFO] [stdout]     --> src/subcommand/server.rs:1588:9
[INFO] [stdout]      |
[INFO] [stdout] 1588 |         test_bitcoincore_rpc::builder()
[INFO] [stdout]      |         ^^^^^^^^^^^^^^^^^^^^ use of undeclared crate or module `test_bitcoincore_rpc`
[INFO] [stdout]      |
[INFO] [stdout] help: there is a crate or module with a similar name
[INFO] [stdout]      |
[INFO] [stdout] 1588 |         bitcoincore_rpc::builder()
[INFO] [stdout]      |         ~~~~~~~~~~~~~~~
[INFO] [stdout] 
[INFO] [stdout] 
[INFO] [stdout] error[E0433]: failed to resolve: use of undeclared crate or module `test_bitcoincore_rpc`
[INFO] [stdout]     --> src/subcommand/server.rs:1599:9
[INFO] [stdout]      |
[INFO] [stdout] 1599 |         test_bitcoincore_rpc::builder()
[INFO] [stdout]      |         ^^^^^^^^^^^^^^^^^^^^ use of undeclared crate or module `test_bitcoincore_rpc`
[INFO] [stdout]      |
[INFO] [stdout] help: there is a crate or module with a similar name
[INFO] [stdout]      |
[INFO] [stdout] 1599 |         bitcoincore_rpc::builder()
[INFO] [stdout]      |         ~~~~~~~~~~~~~~~
[INFO] [stdout] 
[INFO] [stdout] 
[INFO] [stdout] error[E0433]: failed to resolve: use of undeclared crate or module `test_bitcoincore_rpc`
[INFO] [stdout]     --> src/subcommand/server.rs:3875:30
[INFO] [stdout]      |
[INFO] [stdout] 3875 |     let bitcoin_rpc_server = test_bitcoincore_rpc::spawn();
[INFO] [stdout]      |                              ^^^^^^^^^^^^^^^^^^^^ use of undeclared crate or module `test_bitcoincore_rpc`
[INFO] [stdout]      |
[INFO] [stdout] help: there is a crate or module with a similar name
[INFO] [stdout]      |
[INFO] [stdout] 3875 |     let bitcoin_rpc_server = bitcoincore_rpc::spawn();
[INFO] [stdout]      |                              ~~~~~~~~~~~~~~~
[INFO] [stdout] 
[INFO] [stdout] 
[INFO] [stdout] error[E0433]: failed to resolve: use of undeclared crate or module `test_bitcoincore_rpc`
[INFO] [stdout]     --> src/subcommand/server.rs:1613:27
[INFO] [stdout]      |
[INFO] [stdout] 1613 |       bitcoin_rpc_server: test_bitcoincore_rpc::Handle,
[INFO] [stdout]      |                           ^^^^^^^^^^^^^^^^^^^^ use of undeclared crate or module `test_bitcoincore_rpc`
[INFO] [stdout]      |
[INFO] [stdout] help: there is a crate or module with a similar name
[INFO] [stdout]      |
[INFO] [stdout] 1613 |       bitcoin_rpc_server: bitcoincore_rpc::Handle,
[INFO] [stdout]      |                           ~~~~~~~~~~~~~~~
[INFO] [stdout] 
[INFO] [stdout] 
[INFO] [stdout] error[E0433]: failed to resolve: use of undeclared crate or module `test_bitcoincore_rpc`
[INFO] [stdout]   --> src/index/testing.rs:64:26
[INFO] [stdout]    |
[INFO] [stdout] 64 |   pub(crate) rpc_server: test_bitcoincore_rpc::Handle,
[INFO] [stdout]    |                          ^^^^^^^^^^^^^^^^^^^^ use of undeclared crate or module `test_bitcoincore_rpc`
[INFO] [stdout]    |
[INFO] [stdout] help: there is a crate or module with a similar name
[INFO] [stdout]    |
[INFO] [stdout] 64 |   pub(crate) rpc_server: bitcoincore_rpc::Handle,
[INFO] [stdout]    |                          ~~~~~~~~~~~~~~~
[INFO] [stdout] 
[INFO] [stdout] 
[INFO] [stdout] error[E0433]: failed to resolve: use of undeclared crate or module `test_bitcoincore_rpc`
[INFO] [stdout]     --> src/subcommand/server.rs:1620:27
[INFO] [stdout]      |
[INFO] [stdout] 1620 |       bitcoin_rpc_server: test_bitcoincore_rpc::Handle,
[INFO] [stdout]      |                           ^^^^^^^^^^^^^^^^^^^^ use of undeclared crate or module `test_bitcoincore_rpc`
[INFO] [stdout]      |
[INFO] [stdout] help: there is a crate or module with a similar name
[INFO] [stdout]      |
[INFO] [stdout] 1620 |       bitcoin_rpc_server: bitcoincore_rpc::Handle,
[INFO] [stdout]      |                           ~~~~~~~~~~~~~~~
[INFO] [stdout] 
[INFO] [stdout] 
[INFO] [stdout] error[E0433]: failed to resolve: use of undeclared crate or module `test_bitcoincore_rpc`
[INFO] [stdout]     --> src/subcommand/server.rs:1543:25
[INFO] [stdout]      |
[INFO] [stdout] 1543 |     bitcoin_rpc_server: test_bitcoincore_rpc::Handle,
[INFO] [stdout]      |                         ^^^^^^^^^^^^^^^^^^^^ use of undeclared crate or module `test_bitcoincore_rpc`
[INFO] [stdout]      |
[INFO] [stdout] help: there is a crate or module with a similar name
[INFO] [stdout]      |
[INFO] [stdout] 1543 |     bitcoin_rpc_server: bitcoincore_rpc::Handle,
[INFO] [stdout]      |                         ~~~~~~~~~~~~~~~
[INFO] [stdout] 
[INFO] [stdout] 
[INFO] [stdout] error: aborting due to 13 previous errors
[INFO] [stdout] 
[INFO] [stdout] 
[INFO] [stdout] Some errors have detailed explanations: E0432, E0433.
[INFO] [stdout] 
[INFO] [stdout] For more information about an error, try `rustc --explain E0432`.
[INFO] [stdout] 
[INFO] [stderr] error: could not compile `ord` (lib test) due to 14 previous errors
[INFO] [stderr] warning: build failed, waiting for other jobs to finish...
[INFO] running `Command { std: "docker" "inspect" "862f6aa87f078d013fcf632a2a0592970955866d6949057b392c04796521f03f", kill_on_drop: false }`
[INFO] running `Command { std: "docker" "rm" "-f" "862f6aa87f078d013fcf632a2a0592970955866d6949057b392c04796521f03f", kill_on_drop: false }`
[INFO] [stdout] 862f6aa87f078d013fcf632a2a0592970955866d6949057b392c04796521f03f
