[INFO] fetching crate ora-store-sqlx 0.3.2...
[INFO] checking ora-store-sqlx-0.3.2 against nightly-2024-02-05 for check-cfg
[INFO] extracting crate ora-store-sqlx 0.3.2 into /workspace/builds/worker-4-tc1/source
[INFO] validating manifest of crates.io crate ora-store-sqlx 0.3.2 on toolchain nightly-2024-02-05
[INFO] running `Command { std: CARGO_HOME="/workspace/cargo-home" RUSTUP_HOME="/workspace/rustup-home" "/workspace/cargo-home/bin/cargo" "+nightly-2024-02-05" "metadata" "--manifest-path" "Cargo.toml" "--no-deps", kill_on_drop: false }`
[INFO] started tweaking crates.io crate ora-store-sqlx 0.3.2
[INFO] finished tweaking crates.io crate ora-store-sqlx 0.3.2
[INFO] tweaked toml for crates.io crate ora-store-sqlx 0.3.2 written to /workspace/builds/worker-4-tc1/source/Cargo.toml
[INFO] running `Command { std: CARGO_HOME="/workspace/cargo-home" RUSTUP_HOME="/workspace/rustup-home" "/workspace/cargo-home/bin/cargo" "+nightly-2024-02-05" "generate-lockfile" "--manifest-path" "Cargo.toml", kill_on_drop: false }`
[INFO] [stderr]     Updating crates.io index
[INFO] running `Command { std: CARGO_HOME="/workspace/cargo-home" RUSTUP_HOME="/workspace/rustup-home" "/workspace/cargo-home/bin/cargo" "+nightly-2024-02-05" "fetch" "--manifest-path" "Cargo.toml", kill_on_drop: false }`
[INFO] [stderr]  Downloading crates ...
[INFO] [stderr]   Downloaded ora-worker v0.4.1
[INFO] [stderr]   Downloaded ora-scheduler v0.2.1
[INFO] [stderr]   Downloaded sea-query-derive v0.4.1
[INFO] [stderr]   Downloaded ora-client v0.2.1
[INFO] [stderr]   Downloaded sea-query-binder v0.5.0
[INFO] [stderr]   Downloaded coarsetime v0.1.33
[INFO] [stderr]   Downloaded state v0.6.0
[INFO] [stderr]   Downloaded ora-util v0.1.0
[INFO] [stderr]   Downloaded web-time v1.0.0
[INFO] [stderr]   Downloaded inherent v1.0.11
[INFO] [stderr]   Downloaded ora-timer v0.1.1
[INFO] [stderr]   Downloaded minstant v0.1.6
[INFO] [stderr]   Downloaded sea-query v0.30.7
[INFO] [stderr]   Downloaded sqlx-migrate v0.7.1
[INFO] running `Command { std: "docker" "create" "-v" "/var/lib/crater-agent-workspace/builds/worker-4-tc1/target:/opt/rustwide/target:rw,Z" "-v" "/var/lib/crater-agent-workspace/builds/worker-4-tc1/source:/opt/rustwide/workdir:ro,Z" "-v" "/var/lib/crater-agent-workspace/cargo-home:/opt/rustwide/cargo-home:ro,Z" "-v" "/var/lib/crater-agent-workspace/rustup-home:/opt/rustwide/rustup-home:ro,Z" "-e" "SOURCE_DIR=/opt/rustwide/workdir" "-e" "CARGO_TARGET_DIR=/opt/rustwide/target" "-e" "CARGO_HOME=/opt/rustwide/cargo-home" "-e" "RUSTUP_HOME=/opt/rustwide/rustup-home" "-w" "/opt/rustwide/workdir" "-m" "1610612736" "--user" "0:0" "--network" "none" "ghcr.io/rust-lang/crates-build-env/linux@sha256:2788e3201cd34a07e3172128adcd8b3090168a8e3bcc40d7c032b9dda1df7d1c" "/opt/rustwide/cargo-home/bin/cargo" "+nightly-2024-02-05" "metadata" "--no-deps" "--format-version=1", kill_on_drop: false }`
[INFO] [stdout] aac4882a1746064bbab1d8aff0cf2d75e1ffcdc6b6cc875f7a419b9ab355b97b
[INFO] running `Command { std: "docker" "start" "-a" "aac4882a1746064bbab1d8aff0cf2d75e1ffcdc6b6cc875f7a419b9ab355b97b", kill_on_drop: false }`
[INFO] running `Command { std: "docker" "inspect" "aac4882a1746064bbab1d8aff0cf2d75e1ffcdc6b6cc875f7a419b9ab355b97b", kill_on_drop: false }`
[INFO] running `Command { std: "docker" "rm" "-f" "aac4882a1746064bbab1d8aff0cf2d75e1ffcdc6b6cc875f7a419b9ab355b97b", kill_on_drop: false }`
[INFO] [stdout] aac4882a1746064bbab1d8aff0cf2d75e1ffcdc6b6cc875f7a419b9ab355b97b
[INFO] running `Command { std: "docker" "create" "-v" "/var/lib/crater-agent-workspace/builds/worker-4-tc1/target:/opt/rustwide/target:rw,Z" "-v" "/var/lib/crater-agent-workspace/builds/worker-4-tc1/source:/opt/rustwide/workdir:ro,Z" "-v" "/var/lib/crater-agent-workspace/cargo-home:/opt/rustwide/cargo-home:ro,Z" "-v" "/var/lib/crater-agent-workspace/rustup-home:/opt/rustwide/rustup-home:ro,Z" "-e" "SOURCE_DIR=/opt/rustwide/workdir" "-e" "CARGO_TARGET_DIR=/opt/rustwide/target" "-e" "CARGO_INCREMENTAL=0" "-e" "RUST_BACKTRACE=full" "-e" "RUSTFLAGS=--cap-lints=forbid" "-e" "RUSTDOCFLAGS=--cap-lints=forbid" "-e" "CARGO_HOME=/opt/rustwide/cargo-home" "-e" "RUSTUP_HOME=/opt/rustwide/rustup-home" "-w" "/opt/rustwide/workdir" "-m" "1610612736" "--user" "0:0" "--network" "none" "ghcr.io/rust-lang/crates-build-env/linux@sha256:2788e3201cd34a07e3172128adcd8b3090168a8e3bcc40d7c032b9dda1df7d1c" "/opt/rustwide/cargo-home/bin/cargo" "+nightly-2024-02-05" "check" "--frozen" "--all" "--all-targets" "--message-format=json", kill_on_drop: false }`
[INFO] [stdout] a4db7d187ddd210c770b6b077f562795b2dfa9c4093130b120554dec94b2f53d
[INFO] running `Command { std: "docker" "start" "-a" "a4db7d187ddd210c770b6b077f562795b2dfa9c4093130b120554dec94b2f53d", kill_on_drop: false }`
[INFO] [stderr]    Compiling serde_json v1.0.113
[INFO] [stderr]    Compiling serde v1.0.196
[INFO] [stderr]    Compiling libc v0.2.153
[INFO] [stderr]    Compiling num-traits v0.2.17
[INFO] [stderr]    Compiling ahash v0.8.7
[INFO] [stderr]    Compiling time-macros v0.2.17
[INFO] [stderr]    Compiling subtle v2.5.0
[INFO] [stderr]    Compiling generic-array v0.14.7
[INFO] [stderr]    Compiling tinyvec_macros v0.1.1
[INFO] [stderr]    Compiling zerocopy v0.7.32
[INFO] [stderr]    Compiling syn v1.0.109
[INFO] [stderr]    Compiling scopeguard v1.2.0
[INFO] [stderr]    Compiling futures-core v0.3.30
[INFO] [stderr]    Compiling unicode-bidi v0.3.15
[INFO] [stderr]    Compiling allocator-api2 v0.2.16
[INFO] [stderr]    Compiling tinyvec v1.6.0
[INFO] [stderr]    Compiling smallvec v1.13.1
[INFO] [stderr]    Compiling lock_api v0.4.11
[INFO] [stderr]    Compiling thiserror v1.0.56
[INFO] [stderr]    Compiling percent-encoding v2.3.1
[INFO] [stderr]    Compiling powerfmt v0.2.0
[INFO] [stderr]    Compiling futures-sink v0.3.30
[INFO] [stderr]    Compiling pin-project-lite v0.2.13
[INFO] [stderr]     Checking nom v7.1.3
[INFO] [stderr]    Compiling form_urlencoded v1.2.1
[INFO] [stderr]    Compiling deranged v0.3.11
[INFO] [stderr]    Compiling slab v0.4.9
[INFO] [stderr]    Compiling crossbeam-utils v0.8.19
[INFO] [stderr]    Compiling tracing-core v0.1.32
[INFO] [stderr]    Compiling futures-io v0.3.30
[INFO] [stderr]    Compiling crc-catalog v2.4.0
[INFO] [stderr]    Compiling block-buffer v0.10.4
[INFO] [stderr]    Compiling crypto-common v0.1.6
[INFO] [stderr]    Compiling unicode-segmentation v1.10.1
[INFO] [stderr]    Compiling futures-task v0.3.30
[INFO] [stderr]    Compiling digest v0.10.7
[INFO] [stderr]    Compiling unicode-normalization v0.1.22
[INFO] [stderr]    Compiling pin-utils v0.1.0
[INFO] [stderr]    Compiling unicode_categories v0.1.1
[INFO] [stderr]    Compiling sha2 v0.10.8
[INFO] [stderr]    Compiling heck v0.4.1
[INFO] [stderr]    Compiling hmac v0.12.1
[INFO] [stderr]    Compiling tracing v0.1.40
[INFO] [stderr]    Compiling futures-util v0.3.30
[INFO] [stderr]    Compiling rustix v0.38.31
[INFO] [stderr]    Compiling crossbeam-queue v0.3.11
[INFO] [stderr]    Compiling crc v3.0.1
[INFO] [stderr]    Compiling futures-channel v0.3.30
[INFO] [stderr]    Compiling uuid v1.7.0
[INFO] [stderr]    Compiling getrandom v0.2.12
[INFO] [stderr]    Compiling parking_lot_core v0.9.9
[INFO] [stderr]    Compiling idna v0.5.0
[INFO] [stderr]    Compiling byteorder v1.5.0
[INFO] [stderr]    Compiling bytes v1.5.0
[INFO] [stderr]    Compiling rand_core v0.6.4
[INFO] [stderr]    Compiling dotenvy v0.15.7
[INFO] [stderr]    Compiling parking_lot v0.12.1
[INFO] [stderr]    Compiling atoi v2.0.0
[INFO] [stderr]    Compiling rand_chacha v0.3.1
[INFO] [stderr]    Compiling finl_unicode v1.2.0
[INFO] [stderr]    Compiling event-listener v2.5.3
[INFO] [stderr]    Compiling hashbrown v0.14.3
[INFO] [stderr]    Compiling rand v0.8.5
[INFO] [stderr]    Compiling url v2.5.0
[INFO] [stderr]    Compiling futures-intrusive v0.5.0
[INFO] [stderr]    Compiling stringprep v0.1.4
[INFO] [stderr]    Compiling nix v0.27.1
[INFO] [stderr]    Compiling hkdf v0.12.4
[INFO] [stderr]    Compiling sha1 v0.10.6
[INFO] [stderr]    Compiling md-5 v0.10.6
[INFO] [stderr]    Compiling whoami v1.4.1
[INFO] [stderr]    Compiling indexmap v2.2.2
[INFO] [stderr]    Compiling hashlink v0.8.4
[INFO] [stderr]    Compiling base64 v0.21.7
[INFO] [stderr]    Compiling time v0.3.34
[INFO] [stderr]     Checking chrono v0.4.33
[INFO] [stderr]     Checking either v1.9.0
[INFO] [stderr]    Compiling atomic-write-file v0.1.2
[INFO] [stderr]     Checking itertools v0.12.1
[INFO] [stderr]    Compiling tokio-macros v2.2.0
[INFO] [stderr]    Compiling tempfile v3.10.0
[INFO] [stderr]     Checking cron v0.12.0
[INFO] [stderr]    Compiling prettyplease v0.2.16
[INFO] [stderr]    Compiling same-file v1.0.6
[INFO] [stderr]    Compiling itertools v0.11.0
[INFO] [stderr]    Compiling walkdir v2.4.0
[INFO] [stderr]    Compiling anyhow v1.0.79
[INFO] [stderr]     Checking coarsetime v0.1.33
[INFO] [stderr]     Checking web-time v1.0.0
[INFO] [stderr]    Compiling state v0.6.0
[INFO] [stderr]     Checking indenter v0.3.3
[INFO] [stderr]    Compiling sea-query-derive v0.4.1
[INFO] [stderr]     Checking eyre v0.6.12
[INFO] [stderr]    Compiling inherent v1.0.11
[INFO] [stderr]    Compiling async-stream-impl v0.3.5
[INFO] [stderr]     Checking sqlformat v0.2.3
[INFO] [stderr]     Checking tokio v1.36.0
[INFO] [stderr]    Compiling ctor v0.1.26
[INFO] [stderr]     Checking futures-executor v0.3.30
[INFO] [stderr]     Checking async-stream v0.3.5
[INFO] [stderr]     Checking futures v0.3.30
[INFO] [stderr]     Checking ora-common v0.1.2
[INFO] [stderr]     Checking sea-query v0.30.7
[INFO] [stderr]     Checking minstant v0.1.6
[INFO] [stderr]     Checking ora-util v0.1.0
[INFO] [stderr]     Checking ora-client v0.2.1
[INFO] [stderr]     Checking sqlx-core v0.7.3
[INFO] [stderr]     Checking ora-timer v0.1.1
[INFO] [stderr]     Checking tokio-util v0.7.10
[INFO] [stderr]     Checking ora-worker v0.4.1
[INFO] [stderr]     Checking ora-scheduler v0.2.1
[INFO] [stdout] error[E0277]: the trait bound `Uuid: Serialize` is not satisfied
[INFO] [stdout]     --> /opt/rustwide/cargo-home/registry/src/index.crates.io-6f17d22bba15001f/ora-worker-0.4.1/src/registry.rs:88:24
[INFO] [stdout]      |
[INFO] [stdout] 88   |   #[derive(Debug, Clone, Serialize, Deserialize)]
[INFO] [stdout]      |                          ^^^^^^^^^ the trait `Serialize` is not implemented for `Uuid`
[INFO] [stdout] 89   |   pub struct WorkerInfo {
[INFO] [stdout] 90   | /     /// The worker ID.
[INFO] [stdout] 91   | |     pub id: Uuid,
[INFO] [stdout]      | |________________- required by a bound introduced by this call
[INFO] [stdout]      |
[INFO] [stdout]      = help: the following other types implement trait `Serialize`:
[INFO] [stdout]                bool
[INFO] [stdout]                char
[INFO] [stdout]                isize
[INFO] [stdout]                i8
[INFO] [stdout]                i16
[INFO] [stdout]                i32
[INFO] [stdout]                i64
[INFO] [stdout]                i128
[INFO] [stdout]              and 184 others
[INFO] [stdout] note: required by a bound in `registry::_::_serde::ser::SerializeStruct::serialize_field`
[INFO] [stdout]     --> /opt/rustwide/cargo-home/registry/src/index.crates.io-6f17d22bba15001f/serde-1.0.196/src/ser/mod.rs:1865:12
[INFO] [stdout]      |
[INFO] [stdout] 1859 |     fn serialize_field<T: ?Sized>(
[INFO] [stdout]      |        --------------- required by a bound in this associated function
[INFO] [stdout] ...
[INFO] [stdout] 1865 |         T: Serialize;
[INFO] [stdout]      |            ^^^^^^^^^ required by this bound in `SerializeStruct::serialize_field`
[INFO] [stdout]      = note: this error originates in the derive macro `Serialize` (in Nightly builds, run with -Z macro-backtrace for more info)
[INFO] [stdout] 
[INFO] [stdout] 
[INFO] [stdout] error[E0277]: the trait bound `Uuid: Deserialize<'_>` is not satisfied
[INFO] [stdout]     --> /opt/rustwide/cargo-home/registry/src/index.crates.io-6f17d22bba15001f/ora-worker-0.4.1/src/registry.rs:91:13
[INFO] [stdout]      |
[INFO] [stdout] 91   |     pub id: Uuid,
[INFO] [stdout]      |             ^^^^ the trait `Deserialize<'_>` is not implemented for `Uuid`
[INFO] [stdout]      |
[INFO] [stdout]      = help: the following other types implement trait `Deserialize<'de>`:
[INFO] [stdout]                <bool as Deserialize<'de>>
[INFO] [stdout]                <char as Deserialize<'de>>
[INFO] [stdout]                <isize as Deserialize<'de>>
[INFO] [stdout]                <i8 as Deserialize<'de>>
[INFO] [stdout]                <i16 as Deserialize<'de>>
[INFO] [stdout]                <i32 as Deserialize<'de>>
[INFO] [stdout]                <i64 as Deserialize<'de>>
[INFO] [stdout]                <i128 as Deserialize<'de>>
[INFO] [stdout]              and 192 others
[INFO] [stdout] note: required by a bound in `next_element`
[INFO] [stdout]     --> /opt/rustwide/cargo-home/registry/src/index.crates.io-6f17d22bba15001f/serde-1.0.196/src/de/mod.rs:1726:12
[INFO] [stdout]      |
[INFO] [stdout] 1724 |     fn next_element<T>(&mut self) -> Result<Option<T>, Self::Error>
[INFO] [stdout]      |        ------------ required by a bound in this associated function
[INFO] [stdout] 1725 |     where
[INFO] [stdout] 1726 |         T: Deserialize<'de>,
[INFO] [stdout]      |            ^^^^^^^^^^^^^^^^ required by this bound in `SeqAccess::next_element`
[INFO] [stdout] 
[INFO] [stdout] 
[INFO] [stdout] error[E0277]: the trait bound `Uuid: Deserialize<'_>` is not satisfied
[INFO] [stdout]     --> /opt/rustwide/cargo-home/registry/src/index.crates.io-6f17d22bba15001f/ora-worker-0.4.1/src/registry.rs:91:13
[INFO] [stdout]      |
[INFO] [stdout] 91   |     pub id: Uuid,
[INFO] [stdout]      |             ^^^^ the trait `Deserialize<'_>` is not implemented for `Uuid`
[INFO] [stdout]      |
[INFO] [stdout]      = help: the following other types implement trait `Deserialize<'de>`:
[INFO] [stdout]                <bool as Deserialize<'de>>
[INFO] [stdout]                <char as Deserialize<'de>>
[INFO] [stdout]                <isize as Deserialize<'de>>
[INFO] [stdout]                <i8 as Deserialize<'de>>
[INFO] [stdout]                <i16 as Deserialize<'de>>
[INFO] [stdout]                <i32 as Deserialize<'de>>
[INFO] [stdout]                <i64 as Deserialize<'de>>
[INFO] [stdout]                <i128 as Deserialize<'de>>
[INFO] [stdout]              and 192 others
[INFO] [stdout] note: required by a bound in `next_value`
[INFO] [stdout]     --> /opt/rustwide/cargo-home/registry/src/index.crates.io-6f17d22bba15001f/serde-1.0.196/src/de/mod.rs:1865:12
[INFO] [stdout]      |
[INFO] [stdout] 1863 |     fn next_value<V>(&mut self) -> Result<V, Self::Error>
[INFO] [stdout]      |        ---------- required by a bound in this associated function
[INFO] [stdout] 1864 |     where
[INFO] [stdout] 1865 |         V: Deserialize<'de>,
[INFO] [stdout]      |            ^^^^^^^^^^^^^^^^ required by this bound in `MapAccess::next_value`
[INFO] [stdout] 
[INFO] [stdout] 
[INFO] [stdout] error[E0277]: the trait bound `Uuid: Deserialize<'_>` is not satisfied
[INFO] [stdout]   --> /opt/rustwide/cargo-home/registry/src/index.crates.io-6f17d22bba15001f/ora-worker-0.4.1/src/registry.rs:88:35
[INFO] [stdout]    |
[INFO] [stdout] 88 | #[derive(Debug, Clone, Serialize, Deserialize)]
[INFO] [stdout]    |                                   ^^^^^^^^^^^ the trait `Deserialize<'_>` is not implemented for `Uuid`
[INFO] [stdout]    |
[INFO] [stdout]    = help: the following other types implement trait `Deserialize<'de>`:
[INFO] [stdout]              <bool as Deserialize<'de>>
[INFO] [stdout]              <char as Deserialize<'de>>
[INFO] [stdout]              <isize as Deserialize<'de>>
[INFO] [stdout]              <i8 as Deserialize<'de>>
[INFO] [stdout]              <i16 as Deserialize<'de>>
[INFO] [stdout]              <i32 as Deserialize<'de>>
[INFO] [stdout]              <i64 as Deserialize<'de>>
[INFO] [stdout]              <i128 as Deserialize<'de>>
[INFO] [stdout]            and 192 others
[INFO] [stdout] note: required by a bound in `registry::_::_serde::__private::de::missing_field`
[INFO] [stdout]   --> /opt/rustwide/cargo-home/registry/src/index.crates.io-6f17d22bba15001f/serde-1.0.196/src/private/de.rs:25:8
[INFO] [stdout]    |
[INFO] [stdout] 23 | pub fn missing_field<'de, V, E>(field: &'static str) -> Result<V, E>
[INFO] [stdout]    |        ------------- required by a bound in this function
[INFO] [stdout] 24 | where
[INFO] [stdout] 25 |     V: Deserialize<'de>,
[INFO] [stdout]    |        ^^^^^^^^^^^^^^^^ required by this bound in `missing_field`
[INFO] [stdout]    = note: this error originates in the derive macro `Deserialize` (in Nightly builds, run with -Z macro-backtrace for more info)
[INFO] [stdout] 
[INFO] [stdout] 
[INFO] [stdout] error: aborting due to 4 previous errors
[INFO] [stdout] 
[INFO] [stdout] 
[INFO] [stdout] For more information about this error, try `rustc --explain E0277`.
[INFO] [stdout] 
[INFO] [stderr] error: could not compile `ora-worker` (lib) due to 5 previous errors
[INFO] [stderr] warning: build failed, waiting for other jobs to finish...
[INFO] running `Command { std: "docker" "inspect" "a4db7d187ddd210c770b6b077f562795b2dfa9c4093130b120554dec94b2f53d", kill_on_drop: false }`
[INFO] running `Command { std: "docker" "rm" "-f" "a4db7d187ddd210c770b6b077f562795b2dfa9c4093130b120554dec94b2f53d", kill_on_drop: false }`
[INFO] [stdout] a4db7d187ddd210c770b6b077f562795b2dfa9c4093130b120554dec94b2f53d
[INFO] checking ora-store-sqlx-0.3.2 against nightly-2024-02-05+rustflags=-Dunexpected_cfgs+cargoflags=-Zcheck-cfg for check-cfg
[INFO] extracting crate ora-store-sqlx 0.3.2 into /workspace/builds/worker-4-tc2/source
[INFO] validating manifest of crates.io crate ora-store-sqlx 0.3.2 on toolchain nightly-2024-02-05
[INFO] running `Command { std: CARGO_HOME="/workspace/cargo-home" RUSTUP_HOME="/workspace/rustup-home" "/workspace/cargo-home/bin/cargo" "+nightly-2024-02-05" "metadata" "--manifest-path" "Cargo.toml" "--no-deps", kill_on_drop: false }`
[INFO] started tweaking crates.io crate ora-store-sqlx 0.3.2
[INFO] finished tweaking crates.io crate ora-store-sqlx 0.3.2
[INFO] tweaked toml for crates.io crate ora-store-sqlx 0.3.2 written to /workspace/builds/worker-4-tc2/source/Cargo.toml
[INFO] running `Command { std: CARGO_HOME="/workspace/cargo-home" RUSTUP_HOME="/workspace/rustup-home" "/workspace/cargo-home/bin/cargo" "+nightly-2024-02-05" "generate-lockfile" "--manifest-path" "Cargo.toml", kill_on_drop: false }`
[INFO] [stderr]     Blocking waiting for file lock on package cache
[INFO] [stderr]     Updating crates.io index
[INFO] running `Command { std: CARGO_HOME="/workspace/cargo-home" RUSTUP_HOME="/workspace/rustup-home" "/workspace/cargo-home/bin/cargo" "+nightly-2024-02-05" "fetch" "--manifest-path" "Cargo.toml", kill_on_drop: false }`
[INFO] running `Command { std: "docker" "create" "-v" "/var/lib/crater-agent-workspace/builds/worker-4-tc2/target:/opt/rustwide/target:rw,Z" "-v" "/var/lib/crater-agent-workspace/builds/worker-4-tc2/source:/opt/rustwide/workdir:ro,Z" "-v" "/var/lib/crater-agent-workspace/cargo-home:/opt/rustwide/cargo-home:ro,Z" "-v" "/var/lib/crater-agent-workspace/rustup-home:/opt/rustwide/rustup-home:ro,Z" "-e" "SOURCE_DIR=/opt/rustwide/workdir" "-e" "CARGO_TARGET_DIR=/opt/rustwide/target" "-e" "CARGO_HOME=/opt/rustwide/cargo-home" "-e" "RUSTUP_HOME=/opt/rustwide/rustup-home" "-w" "/opt/rustwide/workdir" "-m" "1610612736" "--user" "0:0" "--network" "none" "ghcr.io/rust-lang/crates-build-env/linux@sha256:2788e3201cd34a07e3172128adcd8b3090168a8e3bcc40d7c032b9dda1df7d1c" "/opt/rustwide/cargo-home/bin/cargo" "+nightly-2024-02-05" "metadata" "--no-deps" "--format-version=1", kill_on_drop: false }`
[INFO] [stdout] 47a3804463b6c246230ed7fe15821237ea07b85a18e21953d587eb6f861e7dbc
[INFO] running `Command { std: "docker" "start" "-a" "47a3804463b6c246230ed7fe15821237ea07b85a18e21953d587eb6f861e7dbc", kill_on_drop: false }`
[INFO] running `Command { std: "docker" "inspect" "47a3804463b6c246230ed7fe15821237ea07b85a18e21953d587eb6f861e7dbc", kill_on_drop: false }`
[INFO] running `Command { std: "docker" "rm" "-f" "47a3804463b6c246230ed7fe15821237ea07b85a18e21953d587eb6f861e7dbc", kill_on_drop: false }`
[INFO] [stdout] 47a3804463b6c246230ed7fe15821237ea07b85a18e21953d587eb6f861e7dbc
[INFO] running `Command { std: "docker" "create" "-v" "/var/lib/crater-agent-workspace/builds/worker-4-tc2/target:/opt/rustwide/target:rw,Z" "-v" "/var/lib/crater-agent-workspace/builds/worker-4-tc2/source:/opt/rustwide/workdir:ro,Z" "-v" "/var/lib/crater-agent-workspace/cargo-home:/opt/rustwide/cargo-home:ro,Z" "-v" "/var/lib/crater-agent-workspace/rustup-home:/opt/rustwide/rustup-home:ro,Z" "-e" "SOURCE_DIR=/opt/rustwide/workdir" "-e" "CARGO_TARGET_DIR=/opt/rustwide/target" "-e" "CARGO_INCREMENTAL=0" "-e" "RUST_BACKTRACE=full" "-e" "RUSTFLAGS=--cap-lints=forbid -Dunexpected_cfgs" "-e" "RUSTDOCFLAGS=--cap-lints=forbid" "-e" "CARGO_HOME=/opt/rustwide/cargo-home" "-e" "RUSTUP_HOME=/opt/rustwide/rustup-home" "-w" "/opt/rustwide/workdir" "-m" "1610612736" "--user" "0:0" "--network" "none" "ghcr.io/rust-lang/crates-build-env/linux@sha256:2788e3201cd34a07e3172128adcd8b3090168a8e3bcc40d7c032b9dda1df7d1c" "/opt/rustwide/cargo-home/bin/cargo" "+nightly-2024-02-05" "check" "--frozen" "--all" "--all-targets" "--message-format=json" "-Zcheck-cfg", kill_on_drop: false }`
[INFO] [stdout] 06847b0440d565b0dfbfaea2894eaced241ac98e363f71427fc2970c68582bcb
[INFO] running `Command { std: "docker" "start" "-a" "06847b0440d565b0dfbfaea2894eaced241ac98e363f71427fc2970c68582bcb", kill_on_drop: false }`
[INFO] [stderr]    Compiling serde_json v1.0.113
[INFO] [stderr]    Compiling serde v1.0.196
[INFO] [stderr]    Compiling num-traits v0.2.17
[INFO] [stderr]    Compiling libc v0.2.153
[INFO] [stderr]    Compiling ahash v0.8.7
[INFO] [stderr]    Compiling time-macros v0.2.17
[INFO] [stderr]    Compiling subtle v2.5.0
[INFO] [stderr]    Compiling generic-array v0.14.7
[INFO] [stderr]    Compiling tinyvec_macros v0.1.1
[INFO] [stderr]    Compiling syn v1.0.109
[INFO] [stderr]    Compiling zerocopy v0.7.32
[INFO] [stderr]    Compiling smallvec v1.13.1
[INFO] [stderr]    Compiling scopeguard v1.2.0
[INFO] [stderr]    Compiling unicode-bidi v0.3.15
[INFO] [stderr]    Compiling futures-core v0.3.30
[INFO] [stderr]    Compiling tinyvec v1.6.0
[INFO] [stderr]    Compiling allocator-api2 v0.2.16
[INFO] [stderr]    Compiling lock_api v0.4.11
[INFO] [stderr]    Compiling thiserror v1.0.56
[INFO] [stderr]    Compiling pin-project-lite v0.2.13
[INFO] [stderr]    Compiling powerfmt v0.2.0
[INFO] [stderr]    Compiling futures-sink v0.3.30
[INFO] [stderr]    Compiling percent-encoding v2.3.1
[INFO] [stderr]    Compiling nom v7.1.3
[INFO] [stderr]    Compiling deranged v0.3.11
[INFO] [stderr]    Compiling form_urlencoded v1.2.1
[INFO] [stderr]    Compiling crossbeam-utils v0.8.19
[INFO] [stderr]    Compiling tracing-core v0.1.32
[INFO] [stderr]    Compiling slab v0.4.9
[INFO] [stderr]    Compiling crypto-common v0.1.6
[INFO] [stderr]    Compiling block-buffer v0.10.4
[INFO] [stderr]    Compiling unicode_categories v0.1.1
[INFO] [stderr]    Compiling pin-utils v0.1.0
[INFO] [stderr]    Compiling digest v0.10.7
[INFO] [stderr]    Compiling futures-task v0.3.30
[INFO] [stderr]    Compiling crc-catalog v2.4.0
[INFO] [stderr]    Compiling unicode-normalization v0.1.22
[INFO] [stderr]    Compiling futures-io v0.3.30
[INFO] [stderr]    Compiling unicode-segmentation v1.10.1
[INFO] [stderr]    Compiling tracing v0.1.40
[INFO] [stderr]    Compiling futures-util v0.3.30
[INFO] [stderr]    Compiling rustix v0.38.31
[INFO] [stderr]    Compiling sha2 v0.10.8
[INFO] [stderr]    Compiling hmac v0.12.1
[INFO] [stderr]    Compiling crc v3.0.1
[INFO] [stderr]    Compiling heck v0.4.1
[INFO] [stderr]    Compiling crossbeam-queue v0.3.11
[INFO] [stderr]    Compiling getrandom v0.2.12
[INFO] [stderr]    Compiling parking_lot_core v0.9.9
[INFO] [stderr]    Compiling futures-channel v0.3.30
[INFO] [stderr]    Compiling rand_core v0.6.4
[INFO] [stderr]    Compiling idna v0.5.0
[INFO] [stderr]    Compiling event-listener v2.5.3
[INFO] [stderr]    Compiling parking_lot v0.12.1
[INFO] [stderr]    Compiling bytes v1.5.0
[INFO] [stderr]    Compiling finl_unicode v1.2.0
[INFO] [stderr]    Compiling dotenvy v0.15.7
[INFO] [stderr]    Compiling rand_chacha v0.3.1
[INFO] [stderr]    Compiling atoi v2.0.0
[INFO] [stderr]    Compiling uuid v1.7.0
[INFO] [stderr]    Compiling hashbrown v0.14.3
[INFO] [stderr]    Compiling futures-intrusive v0.5.0
[INFO] [stderr]    Compiling rand v0.8.5
[INFO] [stderr]    Compiling byteorder v1.5.0
[INFO] [stderr]    Compiling stringprep v0.1.4
[INFO] [stderr]    Compiling url v2.5.0
[INFO] [stderr]    Compiling nix v0.27.1
[INFO] [stderr]    Compiling hkdf v0.12.4
[INFO] [stderr]    Compiling md-5 v0.10.6
[INFO] [stderr]    Compiling sha1 v0.10.6
[INFO] [stderr]    Compiling base64 v0.21.7
[INFO] [stderr]    Compiling whoami v1.4.1
[INFO] [stderr]    Compiling indexmap v2.2.2
[INFO] [stderr]    Compiling time v0.3.34
[INFO] [stderr]    Compiling hashlink v0.8.4
[INFO] [stderr]     Checking chrono v0.4.33
[INFO] [stderr]     Checking either v1.9.0
[INFO] [stderr]     Checking itertools v0.12.1
[INFO] [stderr]    Compiling atomic-write-file v0.1.2
[INFO] [stderr]    Compiling tokio-macros v2.2.0
[INFO] [stderr]     Checking cron v0.12.0
[INFO] [stderr]    Compiling prettyplease v0.2.16
[INFO] [stderr]    Compiling tempfile v3.10.0
[INFO] [stderr]    Compiling same-file v1.0.6
[INFO] [stderr]    Compiling walkdir v2.4.0
[INFO] [stderr]    Compiling itertools v0.11.0
[INFO] [stderr]    Compiling anyhow v1.0.79
[INFO] [stderr]     Checking coarsetime v0.1.33
[INFO] [stderr]    Compiling state v0.6.0
[INFO] [stderr]     Checking indenter v0.3.3
[INFO] [stderr]     Checking web-time v1.0.0
[INFO] [stderr]     Checking eyre v0.6.12
[INFO] [stderr]    Compiling sea-query-derive v0.4.1
[INFO] [stderr]    Compiling inherent v1.0.11
[INFO] [stderr]     Checking sqlformat v0.2.3
[INFO] [stderr]    Compiling async-stream-impl v0.3.5
[INFO] [stderr]     Checking tokio v1.36.0
[INFO] [stderr]    Compiling ctor v0.1.26
[INFO] [stderr]     Checking futures-executor v0.3.30
[INFO] [stderr]     Checking futures v0.3.30
[INFO] [stderr]     Checking async-stream v0.3.5
[INFO] [stderr]     Checking ora-common v0.1.2
[INFO] [stderr]     Checking sea-query v0.30.7
[INFO] [stderr]     Checking sqlx-core v0.7.3
[INFO] [stderr]     Checking minstant v0.1.6
[INFO] [stderr]     Checking ora-util v0.1.0
[INFO] [stderr]     Checking ora-client v0.2.1
[INFO] [stderr]     Checking ora-timer v0.1.1
[INFO] [stderr]     Checking tokio-util v0.7.10
[INFO] [stderr]     Checking ora-worker v0.4.1
[INFO] [stderr]     Checking ora-scheduler v0.2.1
[INFO] [stdout] error[E0277]: the trait bound `Uuid: Serialize` is not satisfied
[INFO] [stdout]     --> /opt/rustwide/cargo-home/registry/src/index.crates.io-6f17d22bba15001f/ora-worker-0.4.1/src/registry.rs:88:24
[INFO] [stdout]      |
[INFO] [stdout] 88   |   #[derive(Debug, Clone, Serialize, Deserialize)]
[INFO] [stdout]      |                          ^^^^^^^^^ the trait `Serialize` is not implemented for `Uuid`
[INFO] [stdout] 89   |   pub struct WorkerInfo {
[INFO] [stdout] 90   | /     /// The worker ID.
[INFO] [stdout] 91   | |     pub id: Uuid,
[INFO] [stdout]      | |________________- required by a bound introduced by this call
[INFO] [stdout]      |
[INFO] [stdout]      = help: the following other types implement trait `Serialize`:
[INFO] [stdout]                bool
[INFO] [stdout]                char
[INFO] [stdout]                isize
[INFO] [stdout]                i8
[INFO] [stdout]                i16
[INFO] [stdout]                i32
[INFO] [stdout]                i64
[INFO] [stdout]                i128
[INFO] [stdout]              and 184 others
[INFO] [stdout] note: required by a bound in `registry::_::_serde::ser::SerializeStruct::serialize_field`
[INFO] [stdout]     --> /opt/rustwide/cargo-home/registry/src/index.crates.io-6f17d22bba15001f/serde-1.0.196/src/ser/mod.rs:1865:12
[INFO] [stdout]      |
[INFO] [stdout] 1859 |     fn serialize_field<T: ?Sized>(
[INFO] [stdout]      |        --------------- required by a bound in this associated function
[INFO] [stdout] ...
[INFO] [stdout] 1865 |         T: Serialize;
[INFO] [stdout]      |            ^^^^^^^^^ required by this bound in `SerializeStruct::serialize_field`
[INFO] [stdout]      = note: this error originates in the derive macro `Serialize` (in Nightly builds, run with -Z macro-backtrace for more info)
[INFO] [stdout] 
[INFO] [stdout] 
[INFO] [stdout] error[E0277]: the trait bound `Uuid: Deserialize<'_>` is not satisfied
[INFO] [stdout]     --> /opt/rustwide/cargo-home/registry/src/index.crates.io-6f17d22bba15001f/ora-worker-0.4.1/src/registry.rs:91:13
[INFO] [stdout]      |
[INFO] [stdout] 91   |     pub id: Uuid,
[INFO] [stdout]      |             ^^^^ the trait `Deserialize<'_>` is not implemented for `Uuid`
[INFO] [stdout]      |
[INFO] [stdout]      = help: the following other types implement trait `Deserialize<'de>`:
[INFO] [stdout]                <bool as Deserialize<'de>>
[INFO] [stdout]                <char as Deserialize<'de>>
[INFO] [stdout]                <isize as Deserialize<'de>>
[INFO] [stdout]                <i8 as Deserialize<'de>>
[INFO] [stdout]                <i16 as Deserialize<'de>>
[INFO] [stdout]                <i32 as Deserialize<'de>>
[INFO] [stdout]                <i64 as Deserialize<'de>>
[INFO] [stdout]                <i128 as Deserialize<'de>>
[INFO] [stdout]              and 192 others
[INFO] [stdout] note: required by a bound in `next_element`
[INFO] [stdout]     --> /opt/rustwide/cargo-home/registry/src/index.crates.io-6f17d22bba15001f/serde-1.0.196/src/de/mod.rs:1726:12
[INFO] [stdout]      |
[INFO] [stdout] 1724 |     fn next_element<T>(&mut self) -> Result<Option<T>, Self::Error>
[INFO] [stdout]      |        ------------ required by a bound in this associated function
[INFO] [stdout] 1725 |     where
[INFO] [stdout] 1726 |         T: Deserialize<'de>,
[INFO] [stdout]      |            ^^^^^^^^^^^^^^^^ required by this bound in `SeqAccess::next_element`
[INFO] [stdout] 
[INFO] [stdout] 
[INFO] [stdout] error[E0277]: the trait bound `Uuid: Deserialize<'_>` is not satisfied
[INFO] [stdout]     --> /opt/rustwide/cargo-home/registry/src/index.crates.io-6f17d22bba15001f/ora-worker-0.4.1/src/registry.rs:91:13
[INFO] [stdout]      |
[INFO] [stdout] 91   |     pub id: Uuid,
[INFO] [stdout]      |             ^^^^ the trait `Deserialize<'_>` is not implemented for `Uuid`
[INFO] [stdout]      |
[INFO] [stdout]      = help: the following other types implement trait `Deserialize<'de>`:
[INFO] [stdout]                <bool as Deserialize<'de>>
[INFO] [stdout]                <char as Deserialize<'de>>
[INFO] [stdout]                <isize as Deserialize<'de>>
[INFO] [stdout]                <i8 as Deserialize<'de>>
[INFO] [stdout]                <i16 as Deserialize<'de>>
[INFO] [stdout]                <i32 as Deserialize<'de>>
[INFO] [stdout]                <i64 as Deserialize<'de>>
[INFO] [stdout]                <i128 as Deserialize<'de>>
[INFO] [stdout]              and 192 others
[INFO] [stdout] note: required by a bound in `next_value`
[INFO] [stdout]     --> /opt/rustwide/cargo-home/registry/src/index.crates.io-6f17d22bba15001f/serde-1.0.196/src/de/mod.rs:1865:12
[INFO] [stdout]      |
[INFO] [stdout] 1863 |     fn next_value<V>(&mut self) -> Result<V, Self::Error>
[INFO] [stdout]      |        ---------- required by a bound in this associated function
[INFO] [stdout] 1864 |     where
[INFO] [stdout] 1865 |         V: Deserialize<'de>,
[INFO] [stdout]      |            ^^^^^^^^^^^^^^^^ required by this bound in `MapAccess::next_value`
[INFO] [stdout] 
[INFO] [stdout] 
[INFO] [stdout] error[E0277]: the trait bound `Uuid: Deserialize<'_>` is not satisfied
[INFO] [stdout]   --> /opt/rustwide/cargo-home/registry/src/index.crates.io-6f17d22bba15001f/ora-worker-0.4.1/src/registry.rs:88:35
[INFO] [stdout]    |
[INFO] [stdout] 88 | #[derive(Debug, Clone, Serialize, Deserialize)]
[INFO] [stdout]    |                                   ^^^^^^^^^^^ the trait `Deserialize<'_>` is not implemented for `Uuid`
[INFO] [stdout]    |
[INFO] [stdout]    = help: the following other types implement trait `Deserialize<'de>`:
[INFO] [stdout]              <bool as Deserialize<'de>>
[INFO] [stdout]              <char as Deserialize<'de>>
[INFO] [stdout]              <isize as Deserialize<'de>>
[INFO] [stdout]              <i8 as Deserialize<'de>>
[INFO] [stdout]              <i16 as Deserialize<'de>>
[INFO] [stdout]              <i32 as Deserialize<'de>>
[INFO] [stdout]              <i64 as Deserialize<'de>>
[INFO] [stdout]              <i128 as Deserialize<'de>>
[INFO] [stdout]            and 192 others
[INFO] [stdout] note: required by a bound in `registry::_::_serde::__private::de::missing_field`
[INFO] [stdout]   --> /opt/rustwide/cargo-home/registry/src/index.crates.io-6f17d22bba15001f/serde-1.0.196/src/private/de.rs:25:8
[INFO] [stdout]    |
[INFO] [stdout] 23 | pub fn missing_field<'de, V, E>(field: &'static str) -> Result<V, E>
[INFO] [stdout]    |        ------------- required by a bound in this function
[INFO] [stdout] 24 | where
[INFO] [stdout] 25 |     V: Deserialize<'de>,
[INFO] [stdout]    |        ^^^^^^^^^^^^^^^^ required by this bound in `missing_field`
[INFO] [stdout]    = note: this error originates in the derive macro `Deserialize` (in Nightly builds, run with -Z macro-backtrace for more info)
[INFO] [stdout] 
[INFO] [stdout] 
[INFO] [stdout] error: aborting due to 4 previous errors
[INFO] [stdout] 
[INFO] [stdout] 
[INFO] [stdout] For more information about this error, try `rustc --explain E0277`.
[INFO] [stdout] 
[INFO] [stderr] error: could not compile `ora-worker` (lib) due to 5 previous errors
[INFO] [stderr] warning: build failed, waiting for other jobs to finish...
[INFO] running `Command { std: "docker" "inspect" "06847b0440d565b0dfbfaea2894eaced241ac98e363f71427fc2970c68582bcb", kill_on_drop: false }`
[INFO] running `Command { std: "docker" "rm" "-f" "06847b0440d565b0dfbfaea2894eaced241ac98e363f71427fc2970c68582bcb", kill_on_drop: false }`
[INFO] [stdout] 06847b0440d565b0dfbfaea2894eaced241ac98e363f71427fc2970c68582bcb
