[INFO] fetching crate opentype 0.29.8...
[INFO] checking opentype-0.29.8 against nightly-2024-02-05 for check-cfg
[INFO] extracting crate opentype 0.29.8 into /workspace/builds/worker-6-tc1/source
[INFO] validating manifest of crates.io crate opentype 0.29.8 on toolchain nightly-2024-02-05
[INFO] running `Command { std: CARGO_HOME="/workspace/cargo-home" RUSTUP_HOME="/workspace/rustup-home" "/workspace/cargo-home/bin/cargo" "+nightly-2024-02-05" "metadata" "--manifest-path" "Cargo.toml" "--no-deps", kill_on_drop: false }`
[INFO] started tweaking crates.io crate opentype 0.29.8
[INFO] finished tweaking crates.io crate opentype 0.29.8
[INFO] tweaked toml for crates.io crate opentype 0.29.8 written to /workspace/builds/worker-6-tc1/source/Cargo.toml
[INFO] running `Command { std: CARGO_HOME="/workspace/cargo-home" RUSTUP_HOME="/workspace/rustup-home" "/workspace/cargo-home/bin/cargo" "+nightly-2024-02-05" "generate-lockfile" "--manifest-path" "Cargo.toml", kill_on_drop: false }`
[INFO] [stderr]     Updating crates.io index
[INFO] running `Command { std: CARGO_HOME="/workspace/cargo-home" RUSTUP_HOME="/workspace/rustup-home" "/workspace/cargo-home/bin/cargo" "+nightly-2024-02-05" "fetch" "--manifest-path" "Cargo.toml", kill_on_drop: false }`
[INFO] [stderr]  Downloading crates ...
[INFO] [stderr]   Downloaded typeface v0.4.1
[INFO] [stderr]   Downloaded typeface v0.3.6
[INFO] [stderr]   Downloaded postscript v0.17.5
[INFO] [stderr]   Downloaded truetype v0.43.5
[INFO] running `Command { std: "docker" "create" "-v" "/var/lib/crater-agent-workspace/builds/worker-6-tc1/target:/opt/rustwide/target:rw,Z" "-v" "/var/lib/crater-agent-workspace/builds/worker-6-tc1/source:/opt/rustwide/workdir:ro,Z" "-v" "/var/lib/crater-agent-workspace/cargo-home:/opt/rustwide/cargo-home:ro,Z" "-v" "/var/lib/crater-agent-workspace/rustup-home:/opt/rustwide/rustup-home:ro,Z" "-e" "SOURCE_DIR=/opt/rustwide/workdir" "-e" "CARGO_TARGET_DIR=/opt/rustwide/target" "-e" "CARGO_HOME=/opt/rustwide/cargo-home" "-e" "RUSTUP_HOME=/opt/rustwide/rustup-home" "-w" "/opt/rustwide/workdir" "-m" "1610612736" "--user" "0:0" "--network" "none" "ghcr.io/rust-lang/crates-build-env/linux@sha256:2788e3201cd34a07e3172128adcd8b3090168a8e3bcc40d7c032b9dda1df7d1c" "/opt/rustwide/cargo-home/bin/cargo" "+nightly-2024-02-05" "metadata" "--no-deps" "--format-version=1", kill_on_drop: false }`
[INFO] [stdout] 640e7788703e5d660df70c3c40b4d171c5e884d99fd8bfaa5cd9116d88427dca
[INFO] running `Command { std: "docker" "start" "-a" "640e7788703e5d660df70c3c40b4d171c5e884d99fd8bfaa5cd9116d88427dca", kill_on_drop: false }`
[INFO] running `Command { std: "docker" "inspect" "640e7788703e5d660df70c3c40b4d171c5e884d99fd8bfaa5cd9116d88427dca", kill_on_drop: false }`
[INFO] running `Command { std: "docker" "rm" "-f" "640e7788703e5d660df70c3c40b4d171c5e884d99fd8bfaa5cd9116d88427dca", kill_on_drop: false }`
[INFO] [stdout] 640e7788703e5d660df70c3c40b4d171c5e884d99fd8bfaa5cd9116d88427dca
[INFO] running `Command { std: "docker" "create" "-v" "/var/lib/crater-agent-workspace/builds/worker-6-tc1/target:/opt/rustwide/target:rw,Z" "-v" "/var/lib/crater-agent-workspace/builds/worker-6-tc1/source:/opt/rustwide/workdir:ro,Z" "-v" "/var/lib/crater-agent-workspace/cargo-home:/opt/rustwide/cargo-home:ro,Z" "-v" "/var/lib/crater-agent-workspace/rustup-home:/opt/rustwide/rustup-home:ro,Z" "-e" "SOURCE_DIR=/opt/rustwide/workdir" "-e" "CARGO_TARGET_DIR=/opt/rustwide/target" "-e" "CARGO_INCREMENTAL=0" "-e" "RUST_BACKTRACE=full" "-e" "RUSTFLAGS=--cap-lints=forbid" "-e" "RUSTDOCFLAGS=--cap-lints=forbid" "-e" "CARGO_HOME=/opt/rustwide/cargo-home" "-e" "RUSTUP_HOME=/opt/rustwide/rustup-home" "-w" "/opt/rustwide/workdir" "-m" "1610612736" "--user" "0:0" "--network" "none" "ghcr.io/rust-lang/crates-build-env/linux@sha256:2788e3201cd34a07e3172128adcd8b3090168a8e3bcc40d7c032b9dda1df7d1c" "/opt/rustwide/cargo-home/bin/cargo" "+nightly-2024-02-05" "check" "--frozen" "--all" "--all-targets" "--message-format=json", kill_on_drop: false }`
[INFO] [stdout] b90a69f674b46c35d1e787bbbb217ddc2c046eeb16854850a8a45950d17d46fa
[INFO] running `Command { std: "docker" "start" "-a" "b90a69f674b46c35d1e787bbbb217ddc2c046eeb16854850a8a45950d17d46fa", kill_on_drop: false }`
[INFO] [stderr]     Checking typeface v0.3.6
[INFO] [stderr]     Checking typeface v0.4.1
[INFO] [stderr]     Checking postscript v0.17.5
[INFO] [stderr]     Checking truetype v0.43.5
[INFO] [stderr]     Checking opentype v0.29.8 (/opt/rustwide/workdir)
[INFO] [stdout] error[E0432]: unresolved import `typeface::Tape`
[INFO] [stdout]  --> src/table.rs:7:5
[INFO] [stdout]   |
[INFO] [stdout] 7 | use typeface::Tape;
[INFO] [stdout]   |     ^^^^^^^^^^^^^^ no `Tape` in the root
[INFO] [stdout]   |
[INFO] [stdout] help: a similar name exists in the module
[INFO] [stdout]   |
[INFO] [stdout] 7 | use typeface::tape;
[INFO] [stdout]   |               ~~~~
[INFO] [stdout] help: consider importing one of these items instead
[INFO] [stdout]   |
[INFO] [stdout] 7 | use crate::table::truetype::Tape;
[INFO] [stdout]   |     ~~~~~~~~~~~~~~~~~~~~~~~~~~~~
[INFO] [stdout] 7 | use postscript::Tape;
[INFO] [stdout]   |     ~~~~~~~~~~~~~~~~
[INFO] [stdout] 7 | use truetype::Tape;
[INFO] [stdout]   |     ~~~~~~~~~~~~~~
[INFO] [stdout] 
[INFO] [stdout] 
[INFO] [stdout] error[E0432]: unresolved import `typeface::Tape`
[INFO] [stdout]  --> src/table.rs:7:5
[INFO] [stdout]   |
[INFO] [stdout] 7 | use typeface::Tape;
[INFO] [stdout]   |     ^^^^^^^^^^^^^^ no `Tape` in the root
[INFO] [stdout]   |
[INFO] [stdout] help: a similar name exists in the module
[INFO] [stdout]   |
[INFO] [stdout] 7 | use typeface::tape;
[INFO] [stdout]   |               ~~~~
[INFO] [stdout] help: consider importing one of these items instead
[INFO] [stdout]   |
[INFO] [stdout] 7 | use crate::table::truetype::Tape;
[INFO] [stdout]   |     ~~~~~~~~~~~~~~~~~~~~~~~~~~~~
[INFO] [stdout] 7 | use postscript::Tape;
[INFO] [stdout]   |     ~~~~~~~~~~~~~~~~
[INFO] [stdout] 7 | use truetype::Tape;
[INFO] [stdout]   |     ~~~~~~~~~~~~~~
[INFO] [stdout] 
[INFO] [stdout] 
[INFO] [stdout] error[E0432]: unresolved imports `typeface::Tape`, `typeface::Value`, `typeface::Walue`
[INFO] [stdout]   --> src/lib.rs:57:35
[INFO] [stdout]    |
[INFO] [stdout] 57 | pub use typeface::{Error, Result, Tape, Value, Walue};
[INFO] [stdout]    |                                   ^^^^  ^^^^^  ^^^^^ no `Walue` in the root
[INFO] [stdout]    |                                   |     |
[INFO] [stdout]    |                                   |     no `Value` in the root
[INFO] [stdout]    |                                   no `Tape` in the root
[INFO] [stdout]    |
[INFO] [stdout]    = help: consider importing one of these items instead:
[INFO] [stdout]            postscript::Tape
[INFO] [stdout]            truetype::Tape
[INFO] [stdout]    = help: consider importing one of these items instead:
[INFO] [stdout]            postscript::Value
[INFO] [stdout]            truetype::Value
[INFO] [stdout]    = help: consider importing one of these items instead:
[INFO] [stdout]            postscript::Walue
[INFO] [stdout]            truetype::Walue
[INFO] [stdout] help: a similar name exists in the module
[INFO] [stdout]    |
[INFO] [stdout] 57 | pub use typeface::{Error, Result, tape, Value, Walue};
[INFO] [stdout]    |                                   ~~~~
[INFO] [stdout] help: a similar name exists in the module
[INFO] [stdout]    |
[INFO] [stdout] 57 | pub use typeface::{Error, Result, Tape, value, Walue};
[INFO] [stdout]    |                                         ~~~~~
[INFO] [stdout] help: a similar name exists in the module
[INFO] [stdout]    |
[INFO] [stdout] 57 | pub use typeface::{Error, Result, Tape, Value, walue};
[INFO] [stdout]    |                                                ~~~~~
[INFO] [stdout] 
[INFO] [stdout] 
[INFO] [stdout] error[E0432]: unresolved imports `typeface::Tape`, `typeface::Value`, `typeface::Walue`
[INFO] [stdout]   --> src/lib.rs:57:35
[INFO] [stdout]    |
[INFO] [stdout] 57 | pub use typeface::{Error, Result, Tape, Value, Walue};
[INFO] [stdout]    |                                   ^^^^  ^^^^^  ^^^^^ no `Walue` in the root
[INFO] [stdout]    |                                   |     |
[INFO] [stdout]    |                                   |     no `Value` in the root
[INFO] [stdout]    |                                   no `Tape` in the root
[INFO] [stdout]    |
[INFO] [stdout]    = help: consider importing one of these items instead:
[INFO] [stdout]            postscript::Tape
[INFO] [stdout]            truetype::Tape
[INFO] [stdout]    = help: consider importing one of these items instead:
[INFO] [stdout]            postscript::Value
[INFO] [stdout]            truetype::Value
[INFO] [stdout]    = help: consider importing one of these items instead:
[INFO] [stdout]            postscript::Walue
[INFO] [stdout]            truetype::Walue
[INFO] [stdout] help: a similar name exists in the module
[INFO] [stdout]    |
[INFO] [stdout] 57 | pub use typeface::{Error, Result, tape, Value, Walue};
[INFO] [stdout]    |                                   ~~~~
[INFO] [stdout] help: a similar name exists in the module
[INFO] [stdout]    |
[INFO] [stdout] 57 | pub use typeface::{Error, Result, Tape, value, Walue};
[INFO] [stdout]    |                                         ~~~~~
[INFO] [stdout] help: a similar name exists in the module
[INFO] [stdout]    |
[INFO] [stdout] 57 | pub use typeface::{Error, Result, Tape, Value, walue};
[INFO] [stdout]    |                                                ~~~~~
[INFO] [stdout] 
[INFO] [stdout] 
[INFO] [stdout] error: aborting due to 2 previous errors
[INFO] [stdout] 
[INFO] [stdout] 
[INFO] [stdout] For more information about this error, try `rustc --explain E0432`.
[INFO] [stdout] 
[INFO] [stdout] error: aborting due to 2 previous errors
[INFO] [stdout] 
[INFO] [stdout] 
[INFO] [stdout] For more information about this error, try `rustc --explain E0432`.
[INFO] [stdout] 
[INFO] [stderr] error: could not compile `opentype` (lib test) due to 3 previous errors
[INFO] [stderr] warning: build failed, waiting for other jobs to finish...
[INFO] [stderr] error: could not compile `opentype` (lib) due to 3 previous errors
[INFO] running `Command { std: "docker" "inspect" "b90a69f674b46c35d1e787bbbb217ddc2c046eeb16854850a8a45950d17d46fa", kill_on_drop: false }`
[INFO] running `Command { std: "docker" "rm" "-f" "b90a69f674b46c35d1e787bbbb217ddc2c046eeb16854850a8a45950d17d46fa", kill_on_drop: false }`
[INFO] [stdout] b90a69f674b46c35d1e787bbbb217ddc2c046eeb16854850a8a45950d17d46fa
[INFO] checking opentype-0.29.8 against nightly-2024-02-05+rustflags=-Dunexpected_cfgs+cargoflags=-Zcheck-cfg for check-cfg
[INFO] extracting crate opentype 0.29.8 into /workspace/builds/worker-6-tc2/source
[INFO] validating manifest of crates.io crate opentype 0.29.8 on toolchain nightly-2024-02-05
[INFO] running `Command { std: CARGO_HOME="/workspace/cargo-home" RUSTUP_HOME="/workspace/rustup-home" "/workspace/cargo-home/bin/cargo" "+nightly-2024-02-05" "metadata" "--manifest-path" "Cargo.toml" "--no-deps", kill_on_drop: false }`
[INFO] started tweaking crates.io crate opentype 0.29.8
[INFO] finished tweaking crates.io crate opentype 0.29.8
[INFO] tweaked toml for crates.io crate opentype 0.29.8 written to /workspace/builds/worker-6-tc2/source/Cargo.toml
[INFO] running `Command { std: CARGO_HOME="/workspace/cargo-home" RUSTUP_HOME="/workspace/rustup-home" "/workspace/cargo-home/bin/cargo" "+nightly-2024-02-05" "generate-lockfile" "--manifest-path" "Cargo.toml", kill_on_drop: false }`
[INFO] [stderr]     Blocking waiting for file lock on package cache
[INFO] [stderr]     Updating crates.io index
[INFO] running `Command { std: CARGO_HOME="/workspace/cargo-home" RUSTUP_HOME="/workspace/rustup-home" "/workspace/cargo-home/bin/cargo" "+nightly-2024-02-05" "fetch" "--manifest-path" "Cargo.toml", kill_on_drop: false }`
[INFO] [stderr]     Blocking waiting for file lock on package cache
[INFO] running `Command { std: "docker" "create" "-v" "/var/lib/crater-agent-workspace/builds/worker-6-tc2/target:/opt/rustwide/target:rw,Z" "-v" "/var/lib/crater-agent-workspace/builds/worker-6-tc2/source:/opt/rustwide/workdir:ro,Z" "-v" "/var/lib/crater-agent-workspace/cargo-home:/opt/rustwide/cargo-home:ro,Z" "-v" "/var/lib/crater-agent-workspace/rustup-home:/opt/rustwide/rustup-home:ro,Z" "-e" "SOURCE_DIR=/opt/rustwide/workdir" "-e" "CARGO_TARGET_DIR=/opt/rustwide/target" "-e" "CARGO_HOME=/opt/rustwide/cargo-home" "-e" "RUSTUP_HOME=/opt/rustwide/rustup-home" "-w" "/opt/rustwide/workdir" "-m" "1610612736" "--user" "0:0" "--network" "none" "ghcr.io/rust-lang/crates-build-env/linux@sha256:2788e3201cd34a07e3172128adcd8b3090168a8e3bcc40d7c032b9dda1df7d1c" "/opt/rustwide/cargo-home/bin/cargo" "+nightly-2024-02-05" "metadata" "--no-deps" "--format-version=1", kill_on_drop: false }`
[INFO] [stdout] d92b727310b304e741ba3cd726aac67d62cb6a8873e3b2f0592e8582091bfd21
[INFO] running `Command { std: "docker" "start" "-a" "d92b727310b304e741ba3cd726aac67d62cb6a8873e3b2f0592e8582091bfd21", kill_on_drop: false }`
[INFO] running `Command { std: "docker" "inspect" "d92b727310b304e741ba3cd726aac67d62cb6a8873e3b2f0592e8582091bfd21", kill_on_drop: false }`
[INFO] running `Command { std: "docker" "rm" "-f" "d92b727310b304e741ba3cd726aac67d62cb6a8873e3b2f0592e8582091bfd21", kill_on_drop: false }`
[INFO] [stdout] d92b727310b304e741ba3cd726aac67d62cb6a8873e3b2f0592e8582091bfd21
[INFO] running `Command { std: "docker" "create" "-v" "/var/lib/crater-agent-workspace/builds/worker-6-tc2/target:/opt/rustwide/target:rw,Z" "-v" "/var/lib/crater-agent-workspace/builds/worker-6-tc2/source:/opt/rustwide/workdir:ro,Z" "-v" "/var/lib/crater-agent-workspace/cargo-home:/opt/rustwide/cargo-home:ro,Z" "-v" "/var/lib/crater-agent-workspace/rustup-home:/opt/rustwide/rustup-home:ro,Z" "-e" "SOURCE_DIR=/opt/rustwide/workdir" "-e" "CARGO_TARGET_DIR=/opt/rustwide/target" "-e" "CARGO_INCREMENTAL=0" "-e" "RUST_BACKTRACE=full" "-e" "RUSTFLAGS=--cap-lints=forbid -Dunexpected_cfgs" "-e" "RUSTDOCFLAGS=--cap-lints=forbid" "-e" "CARGO_HOME=/opt/rustwide/cargo-home" "-e" "RUSTUP_HOME=/opt/rustwide/rustup-home" "-w" "/opt/rustwide/workdir" "-m" "1610612736" "--user" "0:0" "--network" "none" "ghcr.io/rust-lang/crates-build-env/linux@sha256:2788e3201cd34a07e3172128adcd8b3090168a8e3bcc40d7c032b9dda1df7d1c" "/opt/rustwide/cargo-home/bin/cargo" "+nightly-2024-02-05" "check" "--frozen" "--all" "--all-targets" "--message-format=json" "-Zcheck-cfg", kill_on_drop: false }`
[INFO] [stdout] ad45eb4c50d1b752fe6316bed48946f69656dc15c5f33407e62956cd99acc165
[INFO] running `Command { std: "docker" "start" "-a" "ad45eb4c50d1b752fe6316bed48946f69656dc15c5f33407e62956cd99acc165", kill_on_drop: false }`
[INFO] [stderr]     Checking typeface v0.3.6
[INFO] [stderr]     Checking typeface v0.4.1
[INFO] [stderr]     Checking postscript v0.17.5
[INFO] [stderr]     Checking truetype v0.43.5
[INFO] [stderr]     Checking opentype v0.29.8 (/opt/rustwide/workdir)
[INFO] [stdout] error[E0432]: unresolved import `typeface::Tape`
[INFO] [stdout]  --> src/table.rs:7:5
[INFO] [stdout]   |
[INFO] [stdout] 7 | use typeface::Tape;
[INFO] [stdout]   |     ^^^^^^^^^^^^^^ no `Tape` in the root
[INFO] [stdout]   |
[INFO] [stdout] help: a similar name exists in the module
[INFO] [stdout]   |
[INFO] [stdout] 7 | use typeface::tape;
[INFO] [stdout]   |               ~~~~
[INFO] [stdout] help: consider importing one of these items instead
[INFO] [stdout]   |
[INFO] [stdout] 7 | use crate::table::truetype::Tape;
[INFO] [stdout]   |     ~~~~~~~~~~~~~~~~~~~~~~~~~~~~
[INFO] [stdout] 7 | use postscript::Tape;
[INFO] [stdout]   |     ~~~~~~~~~~~~~~~~
[INFO] [stdout] 7 | use truetype::Tape;
[INFO] [stdout]   |     ~~~~~~~~~~~~~~
[INFO] [stdout] 
[INFO] [stdout] 
[INFO] [stdout] error[E0432]: unresolved import `typeface::Tape`
[INFO] [stdout]  --> src/table.rs:7:5
[INFO] [stdout]   |
[INFO] [stdout] 7 | use typeface::Tape;
[INFO] [stdout]   |     ^^^^^^^^^^^^^^ no `Tape` in the root
[INFO] [stdout]   |
[INFO] [stdout] help: a similar name exists in the module
[INFO] [stdout]   |
[INFO] [stdout] 7 | use typeface::tape;
[INFO] [stdout]   |               ~~~~
[INFO] [stdout] help: consider importing one of these items instead
[INFO] [stdout]   |
[INFO] [stdout] 7 | use crate::table::truetype::Tape;
[INFO] [stdout]   |     ~~~~~~~~~~~~~~~~~~~~~~~~~~~~
[INFO] [stdout] 7 | use postscript::Tape;
[INFO] [stdout]   |     ~~~~~~~~~~~~~~~~
[INFO] [stdout] 7 | use truetype::Tape;
[INFO] [stdout]   |     ~~~~~~~~~~~~~~
[INFO] [stdout] 
[INFO] [stdout] 
[INFO] [stdout] error[E0432]: unresolved imports `typeface::Tape`, `typeface::Value`, `typeface::Walue`
[INFO] [stdout]   --> src/lib.rs:57:35
[INFO] [stdout]    |
[INFO] [stdout] 57 | pub use typeface::{Error, Result, Tape, Value, Walue};
[INFO] [stdout]    |                                   ^^^^  ^^^^^  ^^^^^ no `Walue` in the root
[INFO] [stdout]    |                                   |     |
[INFO] [stdout]    |                                   |     no `Value` in the root
[INFO] [stdout]    |                                   no `Tape` in the root
[INFO] [stdout]    |
[INFO] [stdout]    = help: consider importing one of these items instead:
[INFO] [stdout]            postscript::Tape
[INFO] [stdout]            truetype::Tape
[INFO] [stdout]    = help: consider importing one of these items instead:
[INFO] [stdout]            postscript::Value
[INFO] [stdout]            truetype::Value
[INFO] [stdout]    = help: consider importing one of these items instead:
[INFO] [stdout]            postscript::Walue
[INFO] [stdout]            truetype::Walue
[INFO] [stdout] help: a similar name exists in the module
[INFO] [stdout]    |
[INFO] [stdout] 57 | pub use typeface::{Error, Result, tape, Value, Walue};
[INFO] [stdout]    |                                   ~~~~
[INFO] [stdout] help: a similar name exists in the module
[INFO] [stdout]    |
[INFO] [stdout] 57 | pub use typeface::{Error, Result, Tape, value, Walue};
[INFO] [stdout]    |                                         ~~~~~
[INFO] [stdout] help: a similar name exists in the module
[INFO] [stdout]    |
[INFO] [stdout] 57 | pub use typeface::{Error, Result, Tape, Value, walue};
[INFO] [stdout]    |                                                ~~~~~
[INFO] [stdout] 
[INFO] [stdout] 
[INFO] [stdout] error[E0432]: unresolved imports `typeface::Tape`, `typeface::Value`, `typeface::Walue`
[INFO] [stdout]   --> src/lib.rs:57:35
[INFO] [stdout]    |
[INFO] [stdout] 57 | pub use typeface::{Error, Result, Tape, Value, Walue};
[INFO] [stdout]    |                                   ^^^^  ^^^^^  ^^^^^ no `Walue` in the root
[INFO] [stdout]    |                                   |     |
[INFO] [stdout]    |                                   |     no `Value` in the root
[INFO] [stdout]    |                                   no `Tape` in the root
[INFO] [stdout]    |
[INFO] [stdout]    = help: consider importing one of these items instead:
[INFO] [stdout]            postscript::Tape
[INFO] [stdout]            truetype::Tape
[INFO] [stdout]    = help: consider importing one of these items instead:
[INFO] [stdout]            postscript::Value
[INFO] [stdout]            truetype::Value
[INFO] [stdout]    = help: consider importing one of these items instead:
[INFO] [stdout]            postscript::Walue
[INFO] [stdout]            truetype::Walue
[INFO] [stdout] help: a similar name exists in the module
[INFO] [stdout]    |
[INFO] [stdout] 57 | pub use typeface::{Error, Result, tape, Value, Walue};
[INFO] [stdout]    |                                   ~~~~
[INFO] [stdout] help: a similar name exists in the module
[INFO] [stdout]    |
[INFO] [stdout] 57 | pub use typeface::{Error, Result, Tape, value, Walue};
[INFO] [stdout]    |                                         ~~~~~
[INFO] [stdout] help: a similar name exists in the module
[INFO] [stdout]    |
[INFO] [stdout] 57 | pub use typeface::{Error, Result, Tape, Value, walue};
[INFO] [stdout]    |                                                ~~~~~
[INFO] [stdout] 
[INFO] [stdout] 
[INFO] [stdout] error: aborting due to 2 previous errors
[INFO] [stdout] 
[INFO] [stdout] 
[INFO] [stdout] For more information about this error, try `rustc --explain E0432`.
[INFO] [stdout] 
[INFO] [stderr] error: could not compile `opentype` (lib test) due to 3 previous errors
[INFO] [stderr] warning: build failed, waiting for other jobs to finish...
[INFO] [stdout] error: aborting due to 2 previous errors
[INFO] [stdout] 
[INFO] [stdout] 
[INFO] [stdout] For more information about this error, try `rustc --explain E0432`.
[INFO] [stdout] 
[INFO] [stderr] error: could not compile `opentype` (lib) due to 3 previous errors
[INFO] running `Command { std: "docker" "inspect" "ad45eb4c50d1b752fe6316bed48946f69656dc15c5f33407e62956cd99acc165", kill_on_drop: false }`
[INFO] running `Command { std: "docker" "rm" "-f" "ad45eb4c50d1b752fe6316bed48946f69656dc15c5f33407e62956cd99acc165", kill_on_drop: false }`
[INFO] [stdout] ad45eb4c50d1b752fe6316bed48946f69656dc15c5f33407e62956cd99acc165
