[INFO] fetching crate opentelemetry-spanprocessor-any 0.17.0...
[INFO] checking opentelemetry-spanprocessor-any-0.17.0 against nightly-2024-02-05 for check-cfg
[INFO] extracting crate opentelemetry-spanprocessor-any 0.17.0 into /workspace/builds/worker-4-tc1/source
[INFO] validating manifest of crates.io crate opentelemetry-spanprocessor-any 0.17.0 on toolchain nightly-2024-02-05
[INFO] running `Command { std: CARGO_HOME="/workspace/cargo-home" RUSTUP_HOME="/workspace/rustup-home" "/workspace/cargo-home/bin/cargo" "+nightly-2024-02-05" "metadata" "--manifest-path" "Cargo.toml" "--no-deps", kill_on_drop: false }`
[INFO] started tweaking crates.io crate opentelemetry-spanprocessor-any 0.17.0
[INFO] finished tweaking crates.io crate opentelemetry-spanprocessor-any 0.17.0
[INFO] tweaked toml for crates.io crate opentelemetry-spanprocessor-any 0.17.0 written to /workspace/builds/worker-4-tc1/source/Cargo.toml
[INFO] running `Command { std: CARGO_HOME="/workspace/cargo-home" RUSTUP_HOME="/workspace/rustup-home" "/workspace/cargo-home/bin/cargo" "+nightly-2024-02-05" "generate-lockfile" "--manifest-path" "Cargo.toml", kill_on_drop: false }`
[INFO] [stderr]     Updating crates.io index
[INFO] running `Command { std: CARGO_HOME="/workspace/cargo-home" RUSTUP_HOME="/workspace/rustup-home" "/workspace/cargo-home/bin/cargo" "+nightly-2024-02-05" "fetch" "--manifest-path" "Cargo.toml", kill_on_drop: false }`
[INFO] running `Command { std: "docker" "create" "-v" "/var/lib/crater-agent-workspace/builds/worker-4-tc1/target:/opt/rustwide/target:rw,Z" "-v" "/var/lib/crater-agent-workspace/builds/worker-4-tc1/source:/opt/rustwide/workdir:ro,Z" "-v" "/var/lib/crater-agent-workspace/cargo-home:/opt/rustwide/cargo-home:ro,Z" "-v" "/var/lib/crater-agent-workspace/rustup-home:/opt/rustwide/rustup-home:ro,Z" "-e" "SOURCE_DIR=/opt/rustwide/workdir" "-e" "CARGO_TARGET_DIR=/opt/rustwide/target" "-e" "CARGO_HOME=/opt/rustwide/cargo-home" "-e" "RUSTUP_HOME=/opt/rustwide/rustup-home" "-w" "/opt/rustwide/workdir" "-m" "1610612736" "--user" "0:0" "--network" "none" "ghcr.io/rust-lang/crates-build-env/linux@sha256:2788e3201cd34a07e3172128adcd8b3090168a8e3bcc40d7c032b9dda1df7d1c" "/opt/rustwide/cargo-home/bin/cargo" "+nightly-2024-02-05" "metadata" "--no-deps" "--format-version=1", kill_on_drop: false }`
[INFO] [stdout] baad06f4d271ab0a5afac1389a18de937128263c08f069aa1fb3869ece5e0152
[INFO] running `Command { std: "docker" "start" "-a" "baad06f4d271ab0a5afac1389a18de937128263c08f069aa1fb3869ece5e0152", kill_on_drop: false }`
[INFO] running `Command { std: "docker" "inspect" "baad06f4d271ab0a5afac1389a18de937128263c08f069aa1fb3869ece5e0152", kill_on_drop: false }`
[INFO] running `Command { std: "docker" "rm" "-f" "baad06f4d271ab0a5afac1389a18de937128263c08f069aa1fb3869ece5e0152", kill_on_drop: false }`
[INFO] [stdout] baad06f4d271ab0a5afac1389a18de937128263c08f069aa1fb3869ece5e0152
[INFO] running `Command { std: "docker" "create" "-v" "/var/lib/crater-agent-workspace/builds/worker-4-tc1/target:/opt/rustwide/target:rw,Z" "-v" "/var/lib/crater-agent-workspace/builds/worker-4-tc1/source:/opt/rustwide/workdir:ro,Z" "-v" "/var/lib/crater-agent-workspace/cargo-home:/opt/rustwide/cargo-home:ro,Z" "-v" "/var/lib/crater-agent-workspace/rustup-home:/opt/rustwide/rustup-home:ro,Z" "-e" "SOURCE_DIR=/opt/rustwide/workdir" "-e" "CARGO_TARGET_DIR=/opt/rustwide/target" "-e" "CARGO_INCREMENTAL=0" "-e" "RUST_BACKTRACE=full" "-e" "RUSTFLAGS=--cap-lints=forbid" "-e" "RUSTDOCFLAGS=--cap-lints=forbid" "-e" "CARGO_HOME=/opt/rustwide/cargo-home" "-e" "RUSTUP_HOME=/opt/rustwide/rustup-home" "-w" "/opt/rustwide/workdir" "-m" "1610612736" "--user" "0:0" "--network" "none" "ghcr.io/rust-lang/crates-build-env/linux@sha256:2788e3201cd34a07e3172128adcd8b3090168a8e3bcc40d7c032b9dda1df7d1c" "/opt/rustwide/cargo-home/bin/cargo" "+nightly-2024-02-05" "check" "--frozen" "--all" "--all-targets" "--message-format=json", kill_on_drop: false }`
[INFO] [stdout] c3eced6f41d2223445aa3eae303f00ac42e6846c62536017293cd99edd3d9404
[INFO] running `Command { std: "docker" "start" "-a" "c3eced6f41d2223445aa3eae303f00ac42e6846c62536017293cd99edd3d9404", kill_on_drop: false }`
[INFO] [stderr]    Compiling libc v0.2.153
[INFO] [stderr]    Compiling crossbeam-utils v0.8.19
[INFO] [stderr]    Compiling libm v0.2.8
[INFO] [stderr]    Compiling num-traits v0.2.17
[INFO] [stderr]    Compiling rayon-core v1.12.1
[INFO] [stderr]     Checking futures-core v0.3.30
[INFO] [stderr]     Checking either v1.9.0
[INFO] [stderr]     Checking regex-syntax v0.8.2
[INFO] [stderr]     Checking futures-sink v0.3.30
[INFO] [stderr]     Checking plotters-backend v0.3.5
[INFO] [stderr]     Checking memchr v2.7.1
[INFO] [stderr]     Checking futures-util v0.3.30
[INFO] [stderr]     Checking itertools v0.10.5
[INFO] [stderr]     Checking plotters-svg v0.3.5
[INFO] [stderr]     Checking serde_json v1.0.113
[INFO] [stderr]     Checking csv-core v0.1.11
[INFO] [stderr]     Checking crossbeam-epoch v0.9.18
[INFO] [stderr]     Checking same-file v1.0.6
[INFO] [stderr]     Checking regex-automata v0.4.5
[INFO] [stderr]     Checking half v1.8.2
[INFO] [stderr]     Checking crossbeam-deque v0.8.5
[INFO] [stderr]     Checking cast v0.3.0
[INFO] [stderr]     Checking getrandom v0.2.12
[INFO] [stderr]     Checking atty v0.2.14
[INFO] [stderr]     Checking clap v2.34.0
[INFO] [stderr]     Checking rand_core v0.6.4
[INFO] [stderr]     Checking tinytemplate v1.2.1
[INFO] [stderr]     Checking rand_chacha v0.3.1
[INFO] [stderr]     Checking rayon v1.8.1
[INFO] [stderr]     Checking serde_cbor v0.11.2
[INFO] [stderr]     Checking rand v0.8.5
[INFO] [stderr]     Checking plotters v0.3.5
[INFO] [stderr]     Checking criterion-plot v0.4.5
[INFO] [stderr]     Checking walkdir v2.4.0
[INFO] [stderr]     Checking thiserror v1.0.56
[INFO] [stderr]     Checking csv v1.3.0
[INFO] [stderr]     Checking crossbeam-channel v0.5.11
[INFO] [stderr]     Checking futures-channel v0.3.30
[INFO] [stderr]     Checking oorandom v11.1.3
[INFO] [stderr]     Checking rand_distr v0.4.3
[INFO] [stderr]     Checking bincode v1.3.3
[INFO] [stderr]     Checking regex v1.10.3
[INFO] [stderr]     Checking futures-executor v0.3.30
[INFO] [stderr]     Checking opentelemetry-spanprocessor-any v0.17.0 (/opt/rustwide/workdir)
[INFO] [stderr]     Checking criterion v0.3.6
[INFO] [stdout] error[E0433]: failed to resolve: use of undeclared crate or module `opentelemetry`
[INFO] [stdout]  --> benches/trace.rs:2:5
[INFO] [stdout]   |
[INFO] [stdout] 2 | use opentelemetry::{
[INFO] [stdout]   |     ^^^^^^^^^^^^^ use of undeclared crate or module `opentelemetry`
[INFO] [stdout] 
[INFO] [stdout] 
[INFO] [stdout] error[E0432]: unresolved import `opentelemetry`
[INFO] [stdout]  --> benches/trace.rs:2:5
[INFO] [stdout]   |
[INFO] [stdout] 2 | use opentelemetry::{
[INFO] [stdout]   |     ^^^^^^^^^^^^^ use of undeclared crate or module `opentelemetry`
[INFO] [stdout] 
[INFO] [stdout] 
[INFO] [stderr] error: could not compile `opentelemetry-spanprocessor-any` (bench "trace") due to 3 previous errors
[INFO] [stdout] error: aborting due to 2 previous errors
[INFO] [stdout] 
[INFO] [stdout] 
[INFO] [stderr] warning: build failed, waiting for other jobs to finish...
[INFO] [stdout] Some errors have detailed explanations: E0432, E0433.
[INFO] [stdout] 
[INFO] [stdout] For more information about an error, try `rustc --explain E0432`.
[INFO] [stdout] 
[INFO] [stdout] error[E0046]: not all trait items implemented, missing: `as_any`
[INFO] [stdout]    --> src/sdk/trace/provider.rs:215:5
[INFO] [stdout]     |
[INFO] [stdout] 215 |     impl SpanProcessor for TestSpanProcessor {
[INFO] [stdout]     |     ^^^^^^^^^^^^^^^^^^^^^^^^^^^^^^^^^^^^^^^^ missing `as_any` in implementation
[INFO] [stdout]     |
[INFO] [stdout]    ::: src/sdk/trace/span_processor.rs:86:5
[INFO] [stdout]     |
[INFO] [stdout] 86  |     fn as_any(&self) -> &dyn Any;
[INFO] [stdout]     |     ----------------------------- `as_any` from trait
[INFO] [stdout] 
[INFO] [stdout] 
[INFO] [stdout] error[E0599]: no function or associated item named `from_u64` found for struct `span_context::SpanId` in the current scope
[INFO] [stdout]    --> src/sdk/trace/span.rs:264:37
[INFO] [stdout]     |
[INFO] [stdout] 264 |             parent_span_id: SpanId::from_u64(0),
[INFO] [stdout]     |                                     ^^^^^^^^ function or associated item not found in `SpanId`
[INFO] [stdout]     |
[INFO] [stdout]    ::: src/trace/span_context.rs:165:1
[INFO] [stdout]     |
[INFO] [stdout] 165 | pub struct SpanId(pub(crate) u64);
[INFO] [stdout]     | ----------------- function or associated item `from_u64` not found for this struct
[INFO] [stdout]     |
[INFO] [stdout] note: if you're trying to build a new `span_context::SpanId` consider using one of the following associated functions:
[INFO] [stdout]       span_context::SpanId::from_bytes
[INFO] [stdout]       span_context::SpanId::from_hex
[INFO] [stdout]    --> src/trace/span_context.rs:172:5
[INFO] [stdout]     |
[INFO] [stdout] 172 |     pub const fn from_bytes(bytes: [u8; 8]) -> Self {
[INFO] [stdout]     |     ^^^^^^^^^^^^^^^^^^^^^^^^^^^^^^^^^^^^^^^^^^^^^^^
[INFO] [stdout] ...
[INFO] [stdout] 193 |     pub fn from_hex(hex: &str) -> Result<Self, ParseIntError> {
[INFO] [stdout]     |     ^^^^^^^^^^^^^^^^^^^^^^^^^^^^^^^^^^^^^^^^^^^^^^^^^^^^^^^^^
[INFO] [stdout] 
[INFO] [stdout] 
[INFO] [stdout] error[E0599]: no function or associated item named `from_u128` found for struct `span_context::TraceId` in the current scope
[INFO] [stdout]    --> src/sdk/trace/span.rs:578:26
[INFO] [stdout]     |
[INFO] [stdout] 578 |                 TraceId::from_u128(12),
[INFO] [stdout]     |                          ^^^^^^^^^ function or associated item not found in `TraceId`
[INFO] [stdout]     |
[INFO] [stdout]    ::: src/trace/span_context.rs:103:1
[INFO] [stdout]     |
[INFO] [stdout] 103 | pub struct TraceId(pub(crate) u128);
[INFO] [stdout]     | ------------------ function or associated item `from_u128` not found for this struct
[INFO] [stdout]     |
[INFO] [stdout] note: if you're trying to build a new `span_context::TraceId` consider using one of the following associated functions:
[INFO] [stdout]       span_context::TraceId::from_bytes
[INFO] [stdout]       span_context::TraceId::from_hex
[INFO] [stdout]    --> src/trace/span_context.rs:110:5
[INFO] [stdout]     |
[INFO] [stdout] 110 |     pub const fn from_bytes(bytes: [u8; 16]) -> Self {
[INFO] [stdout]     |     ^^^^^^^^^^^^^^^^^^^^^^^^^^^^^^^^^^^^^^^^^^^^^^^^
[INFO] [stdout] ...
[INFO] [stdout] 131 |     pub fn from_hex(hex: &str) -> Result<Self, ParseIntError> {
[INFO] [stdout]     |     ^^^^^^^^^^^^^^^^^^^^^^^^^^^^^^^^^^^^^^^^^^^^^^^^^^^^^^^^^
[INFO] [stdout] 
[INFO] [stdout] 
[INFO] [stdout] error[E0599]: no function or associated item named `from_u64` found for struct `span_context::SpanId` in the current scope
[INFO] [stdout]    --> src/sdk/trace/span.rs:579:25
[INFO] [stdout]     |
[INFO] [stdout] 579 |                 SpanId::from_u64(12),
[INFO] [stdout]     |                         ^^^^^^^^ function or associated item not found in `SpanId`
[INFO] [stdout]     |
[INFO] [stdout]    ::: src/trace/span_context.rs:165:1
[INFO] [stdout]     |
[INFO] [stdout] 165 | pub struct SpanId(pub(crate) u64);
[INFO] [stdout]     | ----------------- function or associated item `from_u64` not found for this struct
[INFO] [stdout]     |
[INFO] [stdout] note: if you're trying to build a new `span_context::SpanId` consider using one of the following associated functions:
[INFO] [stdout]       span_context::SpanId::from_bytes
[INFO] [stdout]       span_context::SpanId::from_hex
[INFO] [stdout]    --> src/trace/span_context.rs:172:5
[INFO] [stdout]     |
[INFO] [stdout] 172 |     pub const fn from_bytes(bytes: [u8; 8]) -> Self {
[INFO] [stdout]     |     ^^^^^^^^^^^^^^^^^^^^^^^^^^^^^^^^^^^^^^^^^^^^^^^
[INFO] [stdout] ...
[INFO] [stdout] 193 |     pub fn from_hex(hex: &str) -> Result<Self, ParseIntError> {
[INFO] [stdout]     |     ^^^^^^^^^^^^^^^^^^^^^^^^^^^^^^^^^^^^^^^^^^^^^^^^^^^^^^^^^
[INFO] [stdout] 
[INFO] [stdout] 
[INFO] [stdout] error: aborting due to 4 previous errors
[INFO] [stdout] 
[INFO] [stdout] 
[INFO] [stdout] Some errors have detailed explanations: E0046, E0599.
[INFO] [stdout] 
[INFO] [stdout] For more information about an error, try `rustc --explain E0046`.
[INFO] [stdout] 
[INFO] [stderr] error: could not compile `opentelemetry-spanprocessor-any` (lib test) due to 5 previous errors
[INFO] running `Command { std: "docker" "inspect" "c3eced6f41d2223445aa3eae303f00ac42e6846c62536017293cd99edd3d9404", kill_on_drop: false }`
[INFO] running `Command { std: "docker" "rm" "-f" "c3eced6f41d2223445aa3eae303f00ac42e6846c62536017293cd99edd3d9404", kill_on_drop: false }`
[INFO] [stdout] c3eced6f41d2223445aa3eae303f00ac42e6846c62536017293cd99edd3d9404
