[INFO] fetching crate openraft-sledstore 0.8.3...
[INFO] checking openraft-sledstore-0.8.3 against nightly-2024-02-05 for check-cfg
[INFO] extracting crate openraft-sledstore 0.8.3 into /workspace/builds/worker-6-tc1/source
[INFO] validating manifest of crates.io crate openraft-sledstore 0.8.3 on toolchain nightly-2024-02-05
[INFO] running `Command { std: CARGO_HOME="/workspace/cargo-home" RUSTUP_HOME="/workspace/rustup-home" "/workspace/cargo-home/bin/cargo" "+nightly-2024-02-05" "metadata" "--manifest-path" "Cargo.toml" "--no-deps", kill_on_drop: false }`
[INFO] started tweaking crates.io crate openraft-sledstore 0.8.3
[INFO] finished tweaking crates.io crate openraft-sledstore 0.8.3
[INFO] tweaked toml for crates.io crate openraft-sledstore 0.8.3 written to /workspace/builds/worker-6-tc1/source/Cargo.toml
[INFO] running `Command { std: CARGO_HOME="/workspace/cargo-home" RUSTUP_HOME="/workspace/rustup-home" "/workspace/cargo-home/bin/cargo" "+nightly-2024-02-05" "generate-lockfile" "--manifest-path" "Cargo.toml", kill_on_drop: false }`
[INFO] [stderr]     Updating crates.io index
[INFO] running `Command { std: CARGO_HOME="/workspace/cargo-home" RUSTUP_HOME="/workspace/rustup-home" "/workspace/cargo-home/bin/cargo" "+nightly-2024-02-05" "fetch" "--manifest-path" "Cargo.toml", kill_on_drop: false }`
[INFO] [stderr]  Downloading crates ...
[INFO] [stderr]   Downloaded utf8-width v0.1.7
[INFO] [stderr]   Downloaded anyerror v0.1.12
[INFO] [stderr]   Downloaded openraft v0.8.8
[INFO] running `Command { std: "docker" "create" "-v" "/var/lib/crater-agent-workspace/builds/worker-6-tc1/target:/opt/rustwide/target:rw,Z" "-v" "/var/lib/crater-agent-workspace/builds/worker-6-tc1/source:/opt/rustwide/workdir:ro,Z" "-v" "/var/lib/crater-agent-workspace/cargo-home:/opt/rustwide/cargo-home:ro,Z" "-v" "/var/lib/crater-agent-workspace/rustup-home:/opt/rustwide/rustup-home:ro,Z" "-e" "SOURCE_DIR=/opt/rustwide/workdir" "-e" "CARGO_TARGET_DIR=/opt/rustwide/target" "-e" "CARGO_HOME=/opt/rustwide/cargo-home" "-e" "RUSTUP_HOME=/opt/rustwide/rustup-home" "-w" "/opt/rustwide/workdir" "-m" "1610612736" "--user" "0:0" "--network" "none" "ghcr.io/rust-lang/crates-build-env/linux@sha256:2788e3201cd34a07e3172128adcd8b3090168a8e3bcc40d7c032b9dda1df7d1c" "/opt/rustwide/cargo-home/bin/cargo" "+nightly-2024-02-05" "metadata" "--no-deps" "--format-version=1", kill_on_drop: false }`
[INFO] [stdout] 06f1c08d8db6d219201ca585f9c42a9884264ac9a32a209fa7268851084774fe
[INFO] running `Command { std: "docker" "start" "-a" "06f1c08d8db6d219201ca585f9c42a9884264ac9a32a209fa7268851084774fe", kill_on_drop: false }`
[INFO] running `Command { std: "docker" "inspect" "06f1c08d8db6d219201ca585f9c42a9884264ac9a32a209fa7268851084774fe", kill_on_drop: false }`
[INFO] running `Command { std: "docker" "rm" "-f" "06f1c08d8db6d219201ca585f9c42a9884264ac9a32a209fa7268851084774fe", kill_on_drop: false }`
[INFO] [stdout] 06f1c08d8db6d219201ca585f9c42a9884264ac9a32a209fa7268851084774fe
[INFO] running `Command { std: "docker" "create" "-v" "/var/lib/crater-agent-workspace/builds/worker-6-tc1/target:/opt/rustwide/target:rw,Z" "-v" "/var/lib/crater-agent-workspace/builds/worker-6-tc1/source:/opt/rustwide/workdir:ro,Z" "-v" "/var/lib/crater-agent-workspace/cargo-home:/opt/rustwide/cargo-home:ro,Z" "-v" "/var/lib/crater-agent-workspace/rustup-home:/opt/rustwide/rustup-home:ro,Z" "-e" "SOURCE_DIR=/opt/rustwide/workdir" "-e" "CARGO_TARGET_DIR=/opt/rustwide/target" "-e" "CARGO_INCREMENTAL=0" "-e" "RUST_BACKTRACE=full" "-e" "RUSTFLAGS=--cap-lints=forbid" "-e" "RUSTDOCFLAGS=--cap-lints=forbid" "-e" "CARGO_HOME=/opt/rustwide/cargo-home" "-e" "RUSTUP_HOME=/opt/rustwide/rustup-home" "-w" "/opt/rustwide/workdir" "-m" "1610612736" "--user" "0:0" "--network" "none" "ghcr.io/rust-lang/crates-build-env/linux@sha256:2788e3201cd34a07e3172128adcd8b3090168a8e3bcc40d7c032b9dda1df7d1c" "/opt/rustwide/cargo-home/bin/cargo" "+nightly-2024-02-05" "check" "--frozen" "--all" "--all-targets" "--message-format=json", kill_on_drop: false }`
[INFO] [stdout] c82d8a692fadc8d5382686939f5f074cf1f439e8dc16d53ddbaaee5009125dfe
[INFO] running `Command { std: "docker" "start" "-a" "c82d8a692fadc8d5382686939f5f074cf1f439e8dc16d53ddbaaee5009125dfe", kill_on_drop: false }`
[INFO] [stderr]     Checking futures-io v0.3.30
[INFO] [stderr]     Checking parking v2.2.0
[INFO] [stderr]     Checking fastrand v2.0.1
[INFO] [stderr]    Compiling syn v2.0.48
[INFO] [stderr]     Checking concurrent-queue v2.4.0
[INFO] [stderr]    Compiling rustix v0.38.31
[INFO] [stderr]    Compiling syn v1.0.109
[INFO] [stderr]    Compiling serde v1.0.196
[INFO] [stderr]     Checking linux-raw-sys v0.4.13
[INFO] [stderr]     Checking value-bag v1.7.0
[INFO] [stderr]     Checking futures-lite v2.2.0
[INFO] [stderr]     Checking event-listener v4.0.3
[INFO] [stderr]     Checking log v0.4.20
[INFO] [stderr]     Checking futures-sink v0.3.30
[INFO] [stderr]     Checking anstyle-parse v0.2.3
[INFO] [stderr]     Checking futures-channel v0.3.30
[INFO] [stderr]     Checking event-listener-strategy v0.4.0
[INFO] [stderr]     Checking getrandom v0.2.12
[INFO] [stderr]    Compiling polling v2.8.0
[INFO] [stderr]     Checking async-lock v3.3.0
[INFO] [stderr]     Checking atomic-waker v1.1.2
[INFO] [stderr]    Compiling rustix v0.37.27
[INFO] [stderr]     Checking anstyle-query v1.0.2
[INFO] [stderr]     Checking async-task v4.7.0
[INFO] [stderr]     Checking anstyle v1.0.6
[INFO] [stderr]     Checking rand_core v0.6.4
[INFO] [stderr]     Checking piper v0.2.1
[INFO] [stderr]     Checking anstream v0.6.11
[INFO] [stderr]     Checking async-channel v2.1.1
[INFO] [stderr]     Checking io-lifetimes v1.0.11
[INFO] [stderr]    Compiling async-io v1.13.0
[INFO] [stderr]     Checking instant v0.1.12
[INFO] [stderr]     Checking linux-raw-sys v0.3.8
[INFO] [stderr]     Checking clap_lex v0.6.0
[INFO] [stderr]     Checking waker-fn v1.1.1
[INFO] [stderr]     Checking parking_lot_core v0.8.6
[INFO] [stderr]     Checking futures-lite v1.13.0
[INFO] [stderr]     Checking clap_builder v4.4.18
[INFO] [stderr]     Checking rand_chacha v0.3.1
[INFO] [stderr]     Checking async-executor v1.8.0
[INFO] [stderr]     Checking async-lock v2.8.0
[INFO] [stderr]     Checking socket2 v0.4.10
[INFO] [stderr]    Compiling convert_case v0.4.0
[INFO] [stderr]     Checking utf8-width v0.1.7
[INFO] [stderr]     Checking fxhash v0.2.1
[INFO] [stderr]     Checking rand v0.8.5
[INFO] [stderr]     Checking parking_lot v0.11.2
[INFO] [stderr]     Checking async-channel v1.9.0
[INFO] [stderr]     Checking kv-log-macro v1.0.7
[INFO] [stderr]     Checking crossbeam-epoch v0.9.18
[INFO] [stderr]     Checking fs2 v0.4.3
[INFO] [stderr]     Checking maplit v1.0.2
[INFO] [stderr]     Checking sled v0.34.7
[INFO] [stderr]     Checking tempfile v3.10.0
[INFO] [stderr]    Compiling tracing-attributes v0.1.27
[INFO] [stderr]    Compiling serde_derive v1.0.196
[INFO] [stderr]    Compiling tokio-macros v2.2.0
[INFO] [stderr]    Compiling futures-macro v0.3.30
[INFO] [stderr]    Compiling pin-project-internal v1.1.4
[INFO] [stderr]    Compiling thiserror-impl v1.0.56
[INFO] [stderr]    Compiling clap_derive v4.4.7
[INFO] [stderr]    Compiling derive_more v0.99.17
[INFO] [stderr]     Checking tokio v1.36.0
[INFO] [stderr]     Checking futures-util v0.3.30
[INFO] [stderr]     Checking pin-project v1.1.4
[INFO] [stderr]    Compiling async-attributes v1.1.2
[INFO] [stderr]     Checking thiserror v1.0.56
[INFO] [stderr]     Checking tracing v0.1.40
[INFO] [stderr]    Compiling async-trait v0.1.77
[INFO] [stderr]     Checking polling v3.4.0
[INFO] [stderr]     Checking async-io v2.3.1
[INFO] [stderr]     Checking blocking v1.5.1
[INFO] [stderr]     Checking tracing-futures v0.2.5
[INFO] [stderr]     Checking clap v4.4.18
[INFO] [stderr]     Checking futures-executor v0.3.30
[INFO] [stderr]     Checking async-global-executor v2.4.1
[INFO] [stderr]     Checking futures v0.3.30
[INFO] [stderr]     Checking async-std v1.12.0
[INFO] [stderr]     Checking anyerror v0.1.12
[INFO] [stderr]     Checking byte-unit v4.0.19
[INFO] [stderr]     Checking serde_json v1.0.113
[INFO] [stderr]     Checking openraft v0.8.8
[INFO] [stderr]     Checking openraft-sledstore v0.8.3 (/opt/rustwide/workdir)
[INFO] [stdout] error[E0407]: method `run_test` is not a member of trait `StoreBuilder`
[INFO] [stdout]   --> src/test.rs:26:5
[INFO] [stdout]    |
[INFO] [stdout] 26 | /     async fn run_test<Fun, Ret, Res>(&self, t: Fun) -> Result<Ret, StorageError<ExampleNodeId>>
[INFO] [stdout] 27 | |     where
[INFO] [stdout] 28 | |         Res: Future<Output = Result<Ret, StorageError<ExampleNodeId>>> + Send,
[INFO] [stdout] 29 | |         Fun: Fn(Arc<SledStore>) -> Res + Sync + Send,
[INFO] [stdout] ...  |
[INFO] [stdout] 53 | |         r
[INFO] [stdout] 54 | |     }
[INFO] [stdout]    | |_____^ not a member of trait `StoreBuilder`
[INFO] [stdout] 
[INFO] [stdout] 
[INFO] [stdout] error[E0437]: type `SnapshotData` is not a member of trait `RaftStorage`
[INFO] [stdout]    --> src/lib.rs:481:5
[INFO] [stdout]     |
[INFO] [stdout] 481 |     type SnapshotData = Cursor<Vec<u8>>;
[INFO] [stdout]     |     ^^^^^^^^^^^^^^^^^^^^^^^^^^^^^^^^^^^^ not a member of trait `RaftStorage`
[INFO] [stdout] 
[INFO] [stdout] 
[INFO] [stdout] error[E0437]: type `SnapshotData` is not a member of trait `RaftStorage`
[INFO] [stdout]    --> src/lib.rs:481:5
[INFO] [stdout]     |
[INFO] [stdout] 481 |     type SnapshotData = Cursor<Vec<u8>>;
[INFO] [stdout]     |     ^^^^^^^^^^^^^^^^^^^^^^^^^^^^^^^^^^^^ not a member of trait `RaftStorage`
[INFO] [stdout] 
[INFO] [stdout] 
[INFO] [stdout] error[E0107]: trait takes 1 generic argument but 2 generic arguments were supplied
[INFO] [stdout]    --> src/lib.rs:430:6
[INFO] [stdout]     |
[INFO] [stdout] 430 | impl RaftSnapshotBuilder<ExampleTypeConfig, Cursor<Vec<u8>>> for Arc<SledStore> {
[INFO] [stdout]     |      ^^^^^^^^^^^^^^^^^^^                    --------------- help: remove this generic argument
[INFO] [stdout]     |      |
[INFO] [stdout]     |      expected 1 generic argument
[INFO] [stdout]     |
[INFO] [stdout] note: trait defined here, with 1 generic parameter: `C`
[INFO] [stdout]    --> /opt/rustwide/cargo-home/registry/src/index.crates.io-6f17d22bba15001f/openraft-0.8.8/src/storage/mod.rs:173:11
[INFO] [stdout]     |
[INFO] [stdout] 173 | pub trait RaftSnapshotBuilder<C>: Send + Sync + 'static
[INFO] [stdout]     |           ^^^^^^^^^^^^^^^^^^^ -
[INFO] [stdout] 
[INFO] [stdout] 
[INFO] [stdout] error[E0107]: trait takes 1 generic argument but 2 generic arguments were supplied
[INFO] [stdout]    --> src/lib.rs:430:6
[INFO] [stdout]     |
[INFO] [stdout] 430 | impl RaftSnapshotBuilder<ExampleTypeConfig, Cursor<Vec<u8>>> for Arc<SledStore> {
[INFO] [stdout]     |      ^^^^^^^^^^^^^^^^^^^                    --------------- help: remove this generic argument
[INFO] [stdout]     |      |
[INFO] [stdout]     |      expected 1 generic argument
[INFO] [stdout]     |
[INFO] [stdout] note: trait defined here, with 1 generic parameter: `C`
[INFO] [stdout]    --> /opt/rustwide/cargo-home/registry/src/index.crates.io-6f17d22bba15001f/openraft-0.8.8/src/storage/mod.rs:173:11
[INFO] [stdout]     |
[INFO] [stdout] 173 | pub trait RaftSnapshotBuilder<C>: Send + Sync + 'static
[INFO] [stdout]     |           ^^^^^^^^^^^^^^^^^^^ -
[INFO] [stdout] 
[INFO] [stdout] 
[INFO] [stdout] error[E0107]: struct takes 1 generic argument but 3 generic arguments were supplied
[INFO] [stdout]    --> src/lib.rs:434:17
[INFO] [stdout]     |
[INFO] [stdout] 434 |     ) -> Result<Snapshot<ExampleNodeId, BasicNode, Cursor<Vec<u8>>>, StorageError<ExampleNodeId>> {
[INFO] [stdout]     |                 ^^^^^^^^                -------------------------- help: remove these generic arguments
[INFO] [stdout]     |                 |
[INFO] [stdout]     |                 expected 1 generic argument
[INFO] [stdout]     |
[INFO] [stdout] note: struct defined here, with 1 generic parameter: `C`
[INFO] [stdout]    --> /opt/rustwide/cargo-home/registry/src/index.crates.io-6f17d22bba15001f/openraft-0.8.8/src/storage/mod.rs:101:12
[INFO] [stdout]     |
[INFO] [stdout] 101 | pub struct Snapshot<C>
[INFO] [stdout]     |            ^^^^^^^^ -
[INFO] [stdout] 
[INFO] [stdout] 
[INFO] [stdout] error[E0107]: struct takes 1 generic argument but 3 generic arguments were supplied
[INFO] [stdout]    --> src/lib.rs:434:17
[INFO] [stdout]     |
[INFO] [stdout] 434 |     ) -> Result<Snapshot<ExampleNodeId, BasicNode, Cursor<Vec<u8>>>, StorageError<ExampleNodeId>> {
[INFO] [stdout]     |                 ^^^^^^^^                -------------------------- help: remove these generic arguments
[INFO] [stdout]     |                 |
[INFO] [stdout]     |                 expected 1 generic argument
[INFO] [stdout]     |
[INFO] [stdout] note: struct defined here, with 1 generic parameter: `C`
[INFO] [stdout]    --> /opt/rustwide/cargo-home/registry/src/index.crates.io-6f17d22bba15001f/openraft-0.8.8/src/storage/mod.rs:101:12
[INFO] [stdout]     |
[INFO] [stdout] 101 | pub struct Snapshot<C>
[INFO] [stdout]     |            ^^^^^^^^ -
[INFO] [stdout] 
[INFO] [stdout] 
[INFO] [stdout] error[E0220]: associated type `SnapshotData` not found for `Self`
[INFO] [stdout]    --> src/lib.rs:609:70
[INFO] [stdout]     |
[INFO] [stdout] 609 |     async fn begin_receiving_snapshot(&mut self) -> Result<Box<Self::SnapshotData>, StorageError<ExampleNodeId>> {
[INFO] [stdout]     |                                                                      ^^^^^^^^^^^^ there is an associated type `SnapshotData` in the trait `RaftTypeConfig`
[INFO] [stdout] 
[INFO] [stdout] 
[INFO] [stdout] error[E0220]: associated type `SnapshotData` not found for `Self`
[INFO] [stdout]    --> src/lib.rs:609:70
[INFO] [stdout]     |
[INFO] [stdout] 609 |     async fn begin_receiving_snapshot(&mut self) -> Result<Box<Self::SnapshotData>, StorageError<ExampleNodeId>> {
[INFO] [stdout]     |                                                                      ^^^^^^^^^^^^ there is an associated type `SnapshotData` in the trait `RaftTypeConfig`
[INFO] [stdout] 
[INFO] [stdout] 
[INFO] [stdout] error[E0220]: associated type `SnapshotData` not found for `Self`
[INFO] [stdout]    --> src/lib.rs:617:29
[INFO] [stdout]     |
[INFO] [stdout] 617 |         snapshot: Box<Self::SnapshotData>,
[INFO] [stdout]     |                             ^^^^^^^^^^^^ there is an associated type `SnapshotData` in the trait `RaftTypeConfig`
[INFO] [stdout] 
[INFO] [stdout] 
[INFO] [stdout] error[E0220]: associated type `SnapshotData` not found for `Self`
[INFO] [stdout]    --> src/lib.rs:617:29
[INFO] [stdout]     |
[INFO] [stdout] 617 |         snapshot: Box<Self::SnapshotData>,
[INFO] [stdout]     |                             ^^^^^^^^^^^^ there is an associated type `SnapshotData` in the trait `RaftTypeConfig`
[INFO] [stdout] 
[INFO] [stdout] 
[INFO] [stdout] error[E0107]: struct takes 1 generic argument but 3 generic arguments were supplied
[INFO] [stdout]    --> src/lib.rs:650:24
[INFO] [stdout]     |
[INFO] [stdout] 650 |     ) -> Result<Option<Snapshot<ExampleNodeId, BasicNode, Self::SnapshotData>>, StorageError<ExampleNodeId>> {
[INFO] [stdout]     |                        ^^^^^^^^                ----------------------------- help: remove these generic arguments
[INFO] [stdout]     |                        |
[INFO] [stdout]     |                        expected 1 generic argument
[INFO] [stdout]     |
[INFO] [stdout] note: struct defined here, with 1 generic parameter: `C`
[INFO] [stdout]    --> /opt/rustwide/cargo-home/registry/src/index.crates.io-6f17d22bba15001f/openraft-0.8.8/src/storage/mod.rs:101:12
[INFO] [stdout]     |
[INFO] [stdout] 101 | pub struct Snapshot<C>
[INFO] [stdout]     |            ^^^^^^^^ -
[INFO] [stdout] 
[INFO] [stdout] 
[INFO] [stdout] error[E0107]: struct takes 1 generic argument but 3 generic arguments were supplied
[INFO] [stdout]    --> src/lib.rs:650:24
[INFO] [stdout]     |
[INFO] [stdout] 650 |     ) -> Result<Option<Snapshot<ExampleNodeId, BasicNode, Self::SnapshotData>>, StorageError<ExampleNodeId>> {
[INFO] [stdout]     |                        ^^^^^^^^                ----------------------------- help: remove these generic arguments
[INFO] [stdout]     |                        |
[INFO] [stdout]     |                        expected 1 generic argument
[INFO] [stdout]     |
[INFO] [stdout] note: struct defined here, with 1 generic parameter: `C`
[INFO] [stdout]    --> /opt/rustwide/cargo-home/registry/src/index.crates.io-6f17d22bba15001f/openraft-0.8.8/src/storage/mod.rs:101:12
[INFO] [stdout]     |
[INFO] [stdout] 101 | pub struct Snapshot<C>
[INFO] [stdout]     |            ^^^^^^^^ -
[INFO] [stdout] 
[INFO] [stdout] 
[INFO] [stdout] error[E0107]: trait takes at least 3 generic arguments but 2 generic arguments were supplied
[INFO] [stdout]   --> src/test.rs:25:6
[INFO] [stdout]    |
[INFO] [stdout] 25 | impl StoreBuilder<ExampleTypeConfig, Arc<SledStore>> for SledBuilder {
[INFO] [stdout]    |      ^^^^^^^^^^^^ -----------------  -------------- supplied 2 generic arguments
[INFO] [stdout]    |      |
[INFO] [stdout]    |      expected at least 3 generic arguments
[INFO] [stdout]    |
[INFO] [stdout] note: trait defined here, with at least 3 generic parameters: `C`, `LS`, `SM`
[INFO] [stdout]   --> /opt/rustwide/cargo-home/registry/src/index.crates.io-6f17d22bba15001f/openraft-0.8.8/src/testing/store_builder.rs:23:11
[INFO] [stdout]    |
[INFO] [stdout] 23 | pub trait StoreBuilder<C, LS, SM, G = ()>: Send + Sync
[INFO] [stdout]    |           ^^^^^^^^^^^^ -  --  --
[INFO] [stdout] help: add missing generic argument
[INFO] [stdout]    |
[INFO] [stdout] 25 | impl StoreBuilder<ExampleTypeConfig, Arc<SledStore>, SM> for SledBuilder {
[INFO] [stdout]    |                                                    ++++
[INFO] [stdout] 
[INFO] [stdout] 
[INFO] [stdout] error[E0046]: not all trait items implemented, missing: `Entry`, `SnapshotData`
[INFO] [stdout]   --> src/lib.rs:38:1
[INFO] [stdout]    |
[INFO] [stdout] 38 | / openraft::declare_raft_types!(
[INFO] [stdout] 39 | |     /// Declare the type configuration for example K/V store.
[INFO] [stdout] 40 | |     pub ExampleTypeConfig: D = ExampleRequest, R = ExampleResponse, NodeId = ExampleNodeId, Node = BasicNode
[INFO] [stdout] 41 | | );
[INFO] [stdout]    | |_^ missing `Entry`, `SnapshotData` in implementation
[INFO] [stdout]    |
[INFO] [stdout]    = note: this error originates in the macro `openraft::declare_raft_types` (in Nightly builds, run with -Z macro-backtrace for more info)
[INFO] [stdout]    = help: implement the missing item: `type Entry = /* Type */;`
[INFO] [stdout]    = help: implement the missing item: `type SnapshotData = /* Type */;`
[INFO] [stdout] 
[INFO] [stdout] 
[INFO] [stdout] error: aborting due to 8 previous errors
[INFO] [stdout] 
[INFO] [stdout] 
[INFO] [stdout] Some errors have detailed explanations: E0107, E0220, E0407, E0437.
[INFO] [stdout] 
[INFO] [stdout] For more information about an error, try `rustc --explain E0107`.
[INFO] [stdout] 
[INFO] [stderr] error: could not compile `openraft-sledstore` (lib test) due to 9 previous errors
[INFO] [stderr] warning: build failed, waiting for other jobs to finish...
[INFO] [stdout] error[E0308]: mismatched types
[INFO] [stdout]    --> src/lib.rs:348:40
[INFO] [stdout]     |
[INFO] [stdout] 348 |                 ErrorSubject::Snapshot(snap.meta.signature()),
[INFO] [stdout]     |                 ---------------------- ^^^^^^^^^^^^^^^^^^^^^ expected `Option<SnapshotSignature<_>>`, found `SnapshotSignature<u64>`
[INFO] [stdout]     |                 |
[INFO] [stdout]     |                 arguments to this enum variant are incorrect
[INFO] [stdout]     |
[INFO] [stdout]     = note: expected enum `std::option::Option<SnapshotSignature<_>>`
[INFO] [stdout]              found struct `SnapshotSignature<u64>`
[INFO] [stdout] note: tuple variant defined here
[INFO] [stdout]    --> /opt/rustwide/cargo-home/registry/src/index.crates.io-6f17d22bba15001f/openraft-0.8.8/src/storage_error.rs:101:5
[INFO] [stdout]     |
[INFO] [stdout] 101 |     Snapshot(Option<SnapshotSignature<NID>>),
[INFO] [stdout]     |     ^^^^^^^^
[INFO] [stdout] help: try wrapping the expression in `Some`
[INFO] [stdout]     |
[INFO] [stdout] 348 |                 ErrorSubject::Snapshot(Some(snap.meta.signature())),
[INFO] [stdout]     |                                        +++++                     +
[INFO] [stdout] 
[INFO] [stdout] 
[INFO] [stdout] error[E0308]: mismatched types
[INFO] [stdout]    --> src/lib.rs:359:44
[INFO] [stdout]     |
[INFO] [stdout] 359 |                     ErrorSubject::Snapshot(meta.signature()),
[INFO] [stdout]     |                     ---------------------- ^^^^^^^^^^^^^^^^ expected `Option<SnapshotSignature<_>>`, found `SnapshotSignature<u64>`
[INFO] [stdout]     |                     |
[INFO] [stdout]     |                     arguments to this enum variant are incorrect
[INFO] [stdout]     |
[INFO] [stdout]     = note: expected enum `std::option::Option<SnapshotSignature<_>>`
[INFO] [stdout]              found struct `SnapshotSignature<u64>`
[INFO] [stdout] note: tuple variant defined here
[INFO] [stdout]    --> /opt/rustwide/cargo-home/registry/src/index.crates.io-6f17d22bba15001f/openraft-0.8.8/src/storage_error.rs:101:5
[INFO] [stdout]     |
[INFO] [stdout] 101 |     Snapshot(Option<SnapshotSignature<NID>>),
[INFO] [stdout]     |     ^^^^^^^^
[INFO] [stdout] help: try wrapping the expression in `Some`
[INFO] [stdout]     |
[INFO] [stdout] 359 |                     ErrorSubject::Snapshot(Some(meta.signature())),
[INFO] [stdout]     |                                            +++++                +
[INFO] [stdout] 
[INFO] [stdout] 
[INFO] [stdout] error[E0053]: method `build_snapshot` has an incompatible type for trait
[INFO] [stdout]    --> src/lib.rs:432:5
[INFO] [stdout]     |
[INFO] [stdout] 432 |     async fn build_snapshot(
[INFO] [stdout]     |     ^^^^^
[INFO] [stdout]     |     |
[INFO] [stdout]     |     expected `ExampleTypeConfig`, found `u64`
[INFO] [stdout]     |     help: change the output type to match the trait: `Pin<Box<(dyn Future<Output = Result<openraft::Snapshot<ExampleTypeConfig>, openraft::StorageError<u64>>> + std::marker::Send + 'async_trait)>>`
[INFO] [stdout]     |
[INFO] [stdout]     = note: expected signature `fn(&'life0 mut Arc<_>) -> Pin<Box<(dyn Future<Output = Result<openraft::Snapshot<ExampleTypeConfig>, openraft::StorageError<u64>>> + std::marker::Send + 'async_trait)>>`
[INFO] [stdout]                found signature `fn(&'life0 mut Arc<_>) -> Pin<Box<(dyn Future<Output = Result<openraft::Snapshot<u64>, openraft::StorageError<u64>>> + std::marker::Send + 'async_trait)>>`
[INFO] [stdout] 
[INFO] [stdout] 
[INFO] [stdout] error[E0049]: method `append_to_log` has 0 type parameters but its trait declaration has 1 type parameter
[INFO] [stdout]    --> src/lib.rs:499:5
[INFO] [stdout]     |
[INFO] [stdout] 499 |       async fn append_to_log(&mut self, entries: &[&Entry<ExampleTypeConfig>]) -> StorageResult<()> {
[INFO] [stdout]     |       ^^^^^                  ^                   ^ ^
[INFO] [stdout]     |                              |
[INFO] [stdout]     |                              found 0 type parameters
[INFO] [stdout]     |
[INFO] [stdout]    ::: /opt/rustwide/cargo-home/registry/src/index.crates.io-6f17d22bba15001f/openraft-0.8.8/src/storage/mod.rs:238:5
[INFO] [stdout]     |
[INFO] [stdout] 238 | /     async fn append_to_log<I>(&mut self, entries: I) -> Result<(), StorageError<C::NodeId>>
[INFO] [stdout] 239 | |     where I: IntoIterator<Item = C::Entry> + Send;
[INFO] [stdout]     | |__________________________________________________- expected 1 type parameter
[INFO] [stdout] 
[INFO] [stdout] 
[INFO] [stdout] error[E0195]: lifetime parameters or bounds on method `apply_to_state_machine` do not match the trait declaration
[INFO] [stdout]    --> src/lib.rs:561:14
[INFO] [stdout]     |
[INFO] [stdout] 561 |       async fn apply_to_state_machine(
[INFO] [stdout]     |  ______________^
[INFO] [stdout] 562 | |         &mut self,
[INFO] [stdout] 563 | |         entries: &[&Entry<ExampleTypeConfig>],
[INFO] [stdout] 564 | |     ) -> Result<Vec<ExampleResponse>, StorageError<ExampleNodeId>> {
[INFO] [stdout]     | |_____^ lifetimes do not match method in trait
[INFO] [stdout] 
[INFO] [stdout] 
[INFO] [stdout] error[E0053]: method `get_current_snapshot` has an incompatible type for trait
[INFO] [stdout]    --> src/lib.rs:648:5
[INFO] [stdout]     |
[INFO] [stdout] 648 |     async fn get_current_snapshot(
[INFO] [stdout]     |     ^^^^^
[INFO] [stdout]     |     |
[INFO] [stdout]     |     expected `ExampleTypeConfig`, found `u64`
[INFO] [stdout]     |     help: change the output type to match the trait: `Pin<Box<(dyn Future<Output = Result<std::option::Option<openraft::Snapshot<ExampleTypeConfig>>, openraft::StorageError<u64>>> + std::marker::Send + 'async_trait)>>`
[INFO] [stdout]     |
[INFO] [stdout]     = note: expected signature `fn(&'life0 mut Arc<_>) -> Pin<Box<(dyn Future<Output = Result<std::option::Option<openraft::Snapshot<ExampleTypeConfig>>, openraft::StorageError<u64>>> + std::marker::Send + 'async_trait)>>`
[INFO] [stdout]                found signature `fn(&'life0 mut Arc<_>) -> Pin<Box<(dyn Future<Output = Result<std::option::Option<openraft::Snapshot<u64>>, openraft::StorageError<u64>>> + std::marker::Send + 'async_trait)>>`
[INFO] [stdout] 
[INFO] [stdout] 
[INFO] [stdout] error[E0277]: the trait bound `u64: RaftTypeConfig` is not satisfied
[INFO] [stdout]    --> src/lib.rs:434:17
[INFO] [stdout]     |
[INFO] [stdout] 434 |     ) -> Result<Snapshot<ExampleNodeId, BasicNode, Cursor<Vec<u8>>>, StorageError<ExampleNodeId>> {
[INFO] [stdout]     |                 ^^^^^^^^^^^^^^^^^^^^^^^^^^^^^^^^^^^^^^^^^^^^^^^^^^^ the trait `RaftTypeConfig` is not implemented for `u64`
[INFO] [stdout]     |
[INFO] [stdout]     = help: the trait `RaftTypeConfig` is implemented for `ExampleTypeConfig`
[INFO] [stdout] note: required by a bound in `openraft::Snapshot`
[INFO] [stdout]    --> /opt/rustwide/cargo-home/registry/src/index.crates.io-6f17d22bba15001f/openraft-0.8.8/src/storage/mod.rs:102:10
[INFO] [stdout]     |
[INFO] [stdout] 101 | pub struct Snapshot<C>
[INFO] [stdout]     |            -------- required by a bound in this struct
[INFO] [stdout] 102 | where C: RaftTypeConfig
[INFO] [stdout]     |          ^^^^^^^^^^^^^^ required by this bound in `Snapshot`
[INFO] [stdout] 
[INFO] [stdout] 
[INFO] [stdout] error[E0220]: associated type `SnapshotData` not found for `Self`
[INFO] [stdout]    --> src/lib.rs:650:65
[INFO] [stdout]     |
[INFO] [stdout] 650 |     ) -> Result<Option<Snapshot<ExampleNodeId, BasicNode, Self::SnapshotData>>, StorageError<ExampleNodeId>> {
[INFO] [stdout]     |                                                                 ^^^^^^^^^^^^ there is an associated type `SnapshotData` in the trait `RaftTypeConfig`
[INFO] [stdout] 
[INFO] [stdout] 
[INFO] [stdout] error[E0277]: the trait bound `u64: RaftTypeConfig` is not satisfied
[INFO] [stdout]    --> src/lib.rs:650:24
[INFO] [stdout]     |
[INFO] [stdout] 650 |     ) -> Result<Option<Snapshot<ExampleNodeId, BasicNode, Self::SnapshotData>>, StorageError<ExampleNodeId>> {
[INFO] [stdout]     |                        ^^^^^^^^^^^^^^^^^^^^^^^^^^^^^^^^^^^^^^^^^^^^^^^^^^^^^^ the trait `RaftTypeConfig` is not implemented for `u64`
[INFO] [stdout]     |
[INFO] [stdout]     = help: the trait `RaftTypeConfig` is implemented for `ExampleTypeConfig`
[INFO] [stdout] note: required by a bound in `openraft::Snapshot`
[INFO] [stdout]    --> /opt/rustwide/cargo-home/registry/src/index.crates.io-6f17d22bba15001f/openraft-0.8.8/src/storage/mod.rs:102:10
[INFO] [stdout]     |
[INFO] [stdout] 101 | pub struct Snapshot<C>
[INFO] [stdout]     |            -------- required by a bound in this struct
[INFO] [stdout] 102 | where C: RaftTypeConfig
[INFO] [stdout]     |          ^^^^^^^^^^^^^^ required by this bound in `Snapshot`
[INFO] [stdout] 
[INFO] [stdout] 
[INFO] [stdout] error: aborting due to 16 previous errors
[INFO] [stdout] 
[INFO] [stdout] 
[INFO] [stdout] Some errors have detailed explanations: E0046, E0049, E0053, E0107, E0195, E0220, E0277, E0308, E0437.
[INFO] [stdout] 
[INFO] [stdout] For more information about an error, try `rustc --explain E0046`.
[INFO] [stdout] 
[INFO] [stderr] error: could not compile `openraft-sledstore` (lib) due to 17 previous errors
[INFO] running `Command { std: "docker" "inspect" "c82d8a692fadc8d5382686939f5f074cf1f439e8dc16d53ddbaaee5009125dfe", kill_on_drop: false }`
[INFO] running `Command { std: "docker" "rm" "-f" "c82d8a692fadc8d5382686939f5f074cf1f439e8dc16d53ddbaaee5009125dfe", kill_on_drop: false }`
[INFO] [stdout] c82d8a692fadc8d5382686939f5f074cf1f439e8dc16d53ddbaaee5009125dfe
