[INFO] fetching crate open_creator_protocol 0.3.5...
[INFO] checking open_creator_protocol-0.3.5 against nightly-2024-02-05 for check-cfg
[INFO] extracting crate open_creator_protocol 0.3.5 into /workspace/builds/worker-3-tc1/source
[INFO] validating manifest of crates.io crate open_creator_protocol 0.3.5 on toolchain nightly-2024-02-05
[INFO] running `Command { std: CARGO_HOME="/workspace/cargo-home" RUSTUP_HOME="/workspace/rustup-home" "/workspace/cargo-home/bin/cargo" "+nightly-2024-02-05" "metadata" "--manifest-path" "Cargo.toml" "--no-deps", kill_on_drop: false }`
[INFO] started tweaking crates.io crate open_creator_protocol 0.3.5
[INFO] finished tweaking crates.io crate open_creator_protocol 0.3.5
[INFO] tweaked toml for crates.io crate open_creator_protocol 0.3.5 written to /workspace/builds/worker-3-tc1/source/Cargo.toml
[INFO] running `Command { std: CARGO_HOME="/workspace/cargo-home" RUSTUP_HOME="/workspace/rustup-home" "/workspace/cargo-home/bin/cargo" "+nightly-2024-02-05" "generate-lockfile" "--manifest-path" "Cargo.toml", kill_on_drop: false }`
[INFO] [stderr]     Updating crates.io index
[INFO] running `Command { std: CARGO_HOME="/workspace/cargo-home" RUSTUP_HOME="/workspace/rustup-home" "/workspace/cargo-home/bin/cargo" "+nightly-2024-02-05" "fetch" "--manifest-path" "Cargo.toml", kill_on_drop: false }`
[INFO] [stderr]  Downloading crates ...
[INFO] [stderr]   Downloaded solana-sdk-macro v1.14.29
[INFO] [stderr]   Downloaded solana-frozen-abi-macro v1.14.29
[INFO] [stderr]   Downloaded solana-frozen-abi v1.14.29
[INFO] [stderr]   Downloaded community-managed-token v0.2.0
[INFO] [stderr]   Downloaded solana-program v1.14.29
[INFO] [stderr]   Downloaded blake3 v1.3.1
[INFO] [stderr]   Downloaded solana-sdk v1.14.29
[INFO] [stderr]   Downloaded solana-zk-token-sdk v1.14.29
[INFO] [stderr]   Downloaded json-rules-engine-fork v0.9.7
[INFO] [stderr]   Downloaded solana-logger v1.14.29
[INFO] running `Command { std: "docker" "create" "-v" "/var/lib/crater-agent-workspace/builds/worker-3-tc1/target:/opt/rustwide/target:rw,Z" "-v" "/var/lib/crater-agent-workspace/builds/worker-3-tc1/source:/opt/rustwide/workdir:ro,Z" "-v" "/var/lib/crater-agent-workspace/cargo-home:/opt/rustwide/cargo-home:ro,Z" "-v" "/var/lib/crater-agent-workspace/rustup-home:/opt/rustwide/rustup-home:ro,Z" "-e" "SOURCE_DIR=/opt/rustwide/workdir" "-e" "CARGO_TARGET_DIR=/opt/rustwide/target" "-e" "CARGO_HOME=/opt/rustwide/cargo-home" "-e" "RUSTUP_HOME=/opt/rustwide/rustup-home" "-w" "/opt/rustwide/workdir" "-m" "1610612736" "--user" "0:0" "--network" "none" "ghcr.io/rust-lang/crates-build-env/linux@sha256:2788e3201cd34a07e3172128adcd8b3090168a8e3bcc40d7c032b9dda1df7d1c" "/opt/rustwide/cargo-home/bin/cargo" "+nightly-2024-02-05" "metadata" "--no-deps" "--format-version=1", kill_on_drop: false }`
[INFO] [stdout] 0254a1275eeb8c962a93fce5bb1e82cdb6dc95f8b898ae38f4fc06965456d6e4
[INFO] running `Command { std: "docker" "start" "-a" "0254a1275eeb8c962a93fce5bb1e82cdb6dc95f8b898ae38f4fc06965456d6e4", kill_on_drop: false }`
[INFO] running `Command { std: "docker" "inspect" "0254a1275eeb8c962a93fce5bb1e82cdb6dc95f8b898ae38f4fc06965456d6e4", kill_on_drop: false }`
[INFO] running `Command { std: "docker" "rm" "-f" "0254a1275eeb8c962a93fce5bb1e82cdb6dc95f8b898ae38f4fc06965456d6e4", kill_on_drop: false }`
[INFO] [stdout] 0254a1275eeb8c962a93fce5bb1e82cdb6dc95f8b898ae38f4fc06965456d6e4
[INFO] running `Command { std: "docker" "create" "-v" "/var/lib/crater-agent-workspace/builds/worker-3-tc1/target:/opt/rustwide/target:rw,Z" "-v" "/var/lib/crater-agent-workspace/builds/worker-3-tc1/source:/opt/rustwide/workdir:ro,Z" "-v" "/var/lib/crater-agent-workspace/cargo-home:/opt/rustwide/cargo-home:ro,Z" "-v" "/var/lib/crater-agent-workspace/rustup-home:/opt/rustwide/rustup-home:ro,Z" "-e" "SOURCE_DIR=/opt/rustwide/workdir" "-e" "CARGO_TARGET_DIR=/opt/rustwide/target" "-e" "CARGO_INCREMENTAL=0" "-e" "RUST_BACKTRACE=full" "-e" "RUSTFLAGS=--cap-lints=forbid" "-e" "RUSTDOCFLAGS=--cap-lints=forbid" "-e" "CARGO_HOME=/opt/rustwide/cargo-home" "-e" "RUSTUP_HOME=/opt/rustwide/rustup-home" "-w" "/opt/rustwide/workdir" "-m" "1610612736" "--user" "0:0" "--network" "none" "ghcr.io/rust-lang/crates-build-env/linux@sha256:2788e3201cd34a07e3172128adcd8b3090168a8e3bcc40d7c032b9dda1df7d1c" "/opt/rustwide/cargo-home/bin/cargo" "+nightly-2024-02-05" "check" "--frozen" "--all" "--all-targets" "--message-format=json", kill_on_drop: false }`
[INFO] [stdout] b0bf2306959bd7d159237c492b04906f55e71b124ad1d5e833ad15d20aaaa27a
[INFO] running `Command { std: "docker" "start" "-a" "b0bf2306959bd7d159237c492b04906f55e71b124ad1d5e833ad15d20aaaa27a", kill_on_drop: false }`
[INFO] [stderr]    Compiling syn v1.0.109
[INFO] [stderr]    Compiling ahash v0.7.7
[INFO] [stderr]    Compiling solana-frozen-abi-macro v1.14.29
[INFO] [stderr]    Compiling blake3 v1.3.1
[INFO] [stderr]    Compiling solana-frozen-abi v1.14.29
[INFO] [stderr]     Checking constant_time_eq v0.1.5
[INFO] [stderr]    Compiling solana-program v1.14.29
[INFO] [stderr]     Checking base64 v0.13.1
[INFO] [stderr]     Checking env_logger v0.9.3
[INFO] [stderr]    Compiling solana-sdk v1.14.29
[INFO] [stderr]    Compiling bs58 v0.5.0
[INFO] [stderr]     Checking inout v0.1.3
[INFO] [stderr]     Checking log v0.3.9
[INFO] [stderr]     Checking erased-serde v0.3.31
[INFO] [stderr]     Checking strum v0.20.0
[INFO] [stderr]     Checking mustache v0.9.0
[INFO] [stderr]     Checking cipher v0.4.4
[INFO] [stderr]     Checking solana-logger v1.14.29
[INFO] [stderr]     Checking hashbrown v0.11.2
[INFO] [stderr]     Checking hashbrown v0.12.3
[INFO] [stderr]    Compiling borsh-derive-internal v0.9.3
[INFO] [stderr]    Compiling borsh-schema-derive-internal v0.9.3
[INFO] [stderr]    Compiling anchor-syn v0.28.0
[INFO] [stderr]    Compiling shank_macro_impl v0.0.11
[INFO] [stderr]    Compiling borsh-schema-derive-internal v0.10.3
[INFO] [stderr]    Compiling borsh-derive-internal v0.10.3
[INFO] [stderr]    Compiling borsh-derive v0.9.3
[INFO] [stderr]    Compiling num-derive v0.3.3
[INFO] [stderr]    Compiling solana-sdk-macro v1.14.29
[INFO] [stderr]    Compiling num_enum_derive v0.5.11
[INFO] [stderr]    Compiling shank_macro v0.0.11
[INFO] [stderr]    Compiling mpl-token-metadata-context-derive v0.2.1
[INFO] [stderr]    Compiling borsh-derive v0.10.3
[INFO] [stderr]    Compiling mpl-token-metadata-context-derive v0.3.0
[INFO] [stderr]    Compiling anchor-derive-space v0.28.0
[INFO] [stderr]    Compiling strum_macros v0.20.1
[INFO] [stderr]     Checking borsh v0.9.3
[INFO] [stderr]     Checking shank v0.0.11
[INFO] [stderr]     Checking borsh v0.10.3
[INFO] [stderr]     Checking json-rules-engine-fork v0.9.7
[INFO] [stderr]     Checking num_enum v0.5.11
[INFO] [stderr]    Compiling anchor-attribute-event v0.28.0
[INFO] [stderr]    Compiling anchor-attribute-program v0.28.0
[INFO] [stderr]    Compiling anchor-attribute-error v0.28.0
[INFO] [stderr]    Compiling anchor-attribute-account v0.28.0
[INFO] [stderr]    Compiling anchor-attribute-constant v0.28.0
[INFO] [stderr]    Compiling anchor-attribute-access-control v0.28.0
[INFO] [stderr]    Compiling anchor-derive-accounts v0.28.0
[INFO] [stderr]     Checking spl-memo v3.0.1
[INFO] [stderr]     Checking spl-token v3.5.0
[INFO] [stderr]     Checking anchor-lang v0.28.0
[INFO] [stdout] error[E0277]: the trait bound `Pubkey: BorshSerialize` is not satisfied
[INFO] [stdout]   --> /opt/rustwide/cargo-home/registry/src/index.crates.io-6f17d22bba15001f/anchor-lang-0.28.0/src/idl.rs:35:10
[INFO] [stdout]    |
[INFO] [stdout] 35 | #[derive(AnchorSerialize, AnchorDeserialize)]
[INFO] [stdout]    |          ^^^^^^^^^^^^^^^ the trait `BorshSerialize` is not implemented for `Pubkey`
[INFO] [stdout]    |
[INFO] [stdout]    = help: the following other types implement trait `BorshSerialize`:
[INFO] [stdout]              bool
[INFO] [stdout]              isize
[INFO] [stdout]              i8
[INFO] [stdout]              i16
[INFO] [stdout]              i32
[INFO] [stdout]              i64
[INFO] [stdout]              i128
[INFO] [stdout]              usize
[INFO] [stdout]            and 81 others
[INFO] [stdout]    = help: see issue #48214
[INFO] [stdout]    = help: add `#![feature(trivial_bounds)]` to the crate attributes to enable
[INFO] [stdout]    = note: this error originates in the derive macro `AnchorSerialize` (in Nightly builds, run with -Z macro-backtrace for more info)
[INFO] [stdout] 
[INFO] [stdout] 
[INFO] [stdout] error[E0277]: the trait bound `Pubkey: BorshDeserialize` is not satisfied
[INFO] [stdout]   --> /opt/rustwide/cargo-home/registry/src/index.crates.io-6f17d22bba15001f/anchor-lang-0.28.0/src/idl.rs:35:27
[INFO] [stdout]    |
[INFO] [stdout] 35 | #[derive(AnchorSerialize, AnchorDeserialize)]
[INFO] [stdout]    |                           ^^^^^^^^^^^^^^^^^ the trait `BorshDeserialize` is not implemented for `Pubkey`
[INFO] [stdout]    |
[INFO] [stdout]    = help: the following other types implement trait `BorshDeserialize`:
[INFO] [stdout]              bool
[INFO] [stdout]              isize
[INFO] [stdout]              i8
[INFO] [stdout]              i16
[INFO] [stdout]              i32
[INFO] [stdout]              i64
[INFO] [stdout]              i128
[INFO] [stdout]              usize
[INFO] [stdout]            and 65 others
[INFO] [stdout]    = help: see issue #48214
[INFO] [stdout]    = help: add `#![feature(trivial_bounds)]` to the crate attributes to enable
[INFO] [stdout]    = note: this error originates in the derive macro `AnchorDeserialize` (in Nightly builds, run with -Z macro-backtrace for more info)
[INFO] [stdout] 
[INFO] [stdout] 
[INFO] [stdout] error[E0277]: the trait bound `Pubkey: BorshSerialize` is not satisfied
[INFO] [stdout]   --> /opt/rustwide/cargo-home/registry/src/index.crates.io-6f17d22bba15001f/anchor-lang-0.28.0/src/idl.rs:62:1
[INFO] [stdout]    |
[INFO] [stdout] 62 | #[account("internal")]
[INFO] [stdout]    | ^^^^^^^^^^^^^^^^^^^^^^ the trait `BorshSerialize` is not implemented for `Pubkey`
[INFO] [stdout]    |
[INFO] [stdout]    = help: the following other types implement trait `BorshSerialize`:
[INFO] [stdout]              bool
[INFO] [stdout]              isize
[INFO] [stdout]              i8
[INFO] [stdout]              i16
[INFO] [stdout]              i32
[INFO] [stdout]              i64
[INFO] [stdout]              i128
[INFO] [stdout]              usize
[INFO] [stdout]            and 81 others
[INFO] [stdout]    = help: see issue #48214
[INFO] [stdout]    = help: add `#![feature(trivial_bounds)]` to the crate attributes to enable
[INFO] [stdout]    = note: this error originates in the derive macro `AnchorSerialize` (in Nightly builds, run with -Z macro-backtrace for more info)
[INFO] [stdout] 
[INFO] [stdout] 
[INFO] [stdout] error[E0277]: the trait bound `Pubkey: BorshDeserialize` is not satisfied
[INFO] [stdout]   --> /opt/rustwide/cargo-home/registry/src/index.crates.io-6f17d22bba15001f/anchor-lang-0.28.0/src/idl.rs:62:1
[INFO] [stdout]    |
[INFO] [stdout] 62 | #[account("internal")]
[INFO] [stdout]    | ^^^^^^^^^^^^^^^^^^^^^^ the trait `BorshDeserialize` is not implemented for `Pubkey`
[INFO] [stdout]    |
[INFO] [stdout]    = help: the following other types implement trait `BorshDeserialize`:
[INFO] [stdout]              bool
[INFO] [stdout]              isize
[INFO] [stdout]              i8
[INFO] [stdout]              i16
[INFO] [stdout]              i32
[INFO] [stdout]              i64
[INFO] [stdout]              i128
[INFO] [stdout]              usize
[INFO] [stdout]            and 65 others
[INFO] [stdout]    = help: see issue #48214
[INFO] [stdout]    = help: add `#![feature(trivial_bounds)]` to the crate attributes to enable
[INFO] [stdout]    = note: this error originates in the derive macro `AnchorDeserialize` (in Nightly builds, run with -Z macro-backtrace for more info)
[INFO] [stdout] 
[INFO] [stdout] 
[INFO] [stdout] error[E0277]: the trait bound `Pubkey: BorshSerialize` is not satisfied
[INFO] [stdout]   --> /opt/rustwide/cargo-home/registry/src/index.crates.io-6f17d22bba15001f/anchor-lang-0.28.0/src/system_program.rs:34:10
[INFO] [stdout]    |
[INFO] [stdout] 34 | #[derive(Accounts)]
[INFO] [stdout]    |          ^^^^^^^^ the trait `BorshSerialize` is not implemented for `Pubkey`
[INFO] [stdout]    |
[INFO] [stdout]    = help: the following other types implement trait `BorshSerialize`:
[INFO] [stdout]              bool
[INFO] [stdout]              isize
[INFO] [stdout]              i8
[INFO] [stdout]              i16
[INFO] [stdout]              i32
[INFO] [stdout]              i64
[INFO] [stdout]              i128
[INFO] [stdout]              usize
[INFO] [stdout]            and 81 others
[INFO] [stdout]    = help: see issue #48214
[INFO] [stdout]    = help: add `#![feature(trivial_bounds)]` to the crate attributes to enable
[INFO] [stdout]    = note: this error originates in the derive macro `Accounts` (in Nightly builds, run with -Z macro-backtrace for more info)
[INFO] [stdout] 
[INFO] [stdout] 
[INFO] [stdout] error[E0277]: the trait bound `Pubkey: BorshSerialize` is not satisfied
[INFO] [stdout]   --> /opt/rustwide/cargo-home/registry/src/index.crates.io-6f17d22bba15001f/anchor-lang-0.28.0/src/system_program.rs:57:10
[INFO] [stdout]    |
[INFO] [stdout] 57 | #[derive(Accounts)]
[INFO] [stdout]    |          ^^^^^^^^ the trait `BorshSerialize` is not implemented for `Pubkey`
[INFO] [stdout]    |
[INFO] [stdout]    = help: the following other types implement trait `BorshSerialize`:
[INFO] [stdout]              bool
[INFO] [stdout]              isize
[INFO] [stdout]              i8
[INFO] [stdout]              i16
[INFO] [stdout]              i32
[INFO] [stdout]              i64
[INFO] [stdout]              i128
[INFO] [stdout]              usize
[INFO] [stdout]            and 81 others
[INFO] [stdout]    = help: see issue #48214
[INFO] [stdout]    = help: add `#![feature(trivial_bounds)]` to the crate attributes to enable
[INFO] [stdout]    = note: this error originates in the derive macro `Accounts` (in Nightly builds, run with -Z macro-backtrace for more info)
[INFO] [stdout] 
[INFO] [stdout] 
[INFO] [stdout] error[E0277]: the trait bound `Pubkey: BorshSerialize` is not satisfied
[INFO] [stdout]   --> /opt/rustwide/cargo-home/registry/src/index.crates.io-6f17d22bba15001f/anchor-lang-0.28.0/src/system_program.rs:83:10
[INFO] [stdout]    |
[INFO] [stdout] 83 | #[derive(Accounts)]
[INFO] [stdout]    |          ^^^^^^^^ the trait `BorshSerialize` is not implemented for `Pubkey`
[INFO] [stdout]    |
[INFO] [stdout]    = help: the following other types implement trait `BorshSerialize`:
[INFO] [stdout]              bool
[INFO] [stdout]              isize
[INFO] [stdout]              i8
[INFO] [stdout]              i16
[INFO] [stdout]              i32
[INFO] [stdout]              i64
[INFO] [stdout]              i128
[INFO] [stdout]              usize
[INFO] [stdout]            and 81 others
[INFO] [stdout]    = help: see issue #48214
[INFO] [stdout]    = help: add `#![feature(trivial_bounds)]` to the crate attributes to enable
[INFO] [stdout]    = note: this error originates in the derive macro `Accounts` (in Nightly builds, run with -Z macro-backtrace for more info)
[INFO] [stdout] 
[INFO] [stdout] 
[INFO] [stdout] error[E0277]: the trait bound `Pubkey: BorshSerialize` is not satisfied
[INFO] [stdout]    --> /opt/rustwide/cargo-home/registry/src/index.crates.io-6f17d22bba15001f/anchor-lang-0.28.0/src/system_program.rs:105:10
[INFO] [stdout]     |
[INFO] [stdout] 105 | #[derive(Accounts)]
[INFO] [stdout]     |          ^^^^^^^^ the trait `BorshSerialize` is not implemented for `Pubkey`
[INFO] [stdout]     |
[INFO] [stdout]     = help: the following other types implement trait `BorshSerialize`:
[INFO] [stdout]               bool
[INFO] [stdout]               isize
[INFO] [stdout]               i8
[INFO] [stdout]               i16
[INFO] [stdout]               i32
[INFO] [stdout]               i64
[INFO] [stdout]               i128
[INFO] [stdout]               usize
[INFO] [stdout]             and 81 others
[INFO] [stdout]     = help: see issue #48214
[INFO] [stdout]     = help: add `#![feature(trivial_bounds)]` to the crate attributes to enable
[INFO] [stdout]     = note: this error originates in the derive macro `Accounts` (in Nightly builds, run with -Z macro-backtrace for more info)
[INFO] [stdout] 
[INFO] [stdout] 
[INFO] [stdout] error[E0277]: the trait bound `Pubkey: BorshSerialize` is not satisfied
[INFO] [stdout]    --> /opt/rustwide/cargo-home/registry/src/index.crates.io-6f17d22bba15001f/anchor-lang-0.28.0/src/system_program.rs:129:10
[INFO] [stdout]     |
[INFO] [stdout] 129 | #[derive(Accounts)]
[INFO] [stdout]     |          ^^^^^^^^ the trait `BorshSerialize` is not implemented for `Pubkey`
[INFO] [stdout]     |
[INFO] [stdout]     = help: the following other types implement trait `BorshSerialize`:
[INFO] [stdout]               bool
[INFO] [stdout]               isize
[INFO] [stdout]               i8
[INFO] [stdout]               i16
[INFO] [stdout]               i32
[INFO] [stdout]               i64
[INFO] [stdout]               i128
[INFO] [stdout]               usize
[INFO] [stdout]             and 81 others
[INFO] [stdout]     = help: see issue #48214
[INFO] [stdout]     = help: add `#![feature(trivial_bounds)]` to the crate attributes to enable
[INFO] [stdout]     = note: this error originates in the derive macro `Accounts` (in Nightly builds, run with -Z macro-backtrace for more info)
[INFO] [stdout] 
[INFO] [stdout] 
[INFO] [stdout] error[E0277]: the trait bound `Pubkey: BorshSerialize` is not satisfied
[INFO] [stdout]    --> /opt/rustwide/cargo-home/registry/src/index.crates.io-6f17d22bba15001f/anchor-lang-0.28.0/src/system_program.rs:152:10
[INFO] [stdout]     |
[INFO] [stdout] 152 | #[derive(Accounts)]
[INFO] [stdout]     |          ^^^^^^^^ the trait `BorshSerialize` is not implemented for `Pubkey`
[INFO] [stdout]     |
[INFO] [stdout]     = help: the following other types implement trait `BorshSerialize`:
[INFO] [stdout]               bool
[INFO] [stdout]               isize
[INFO] [stdout]               i8
[INFO] [stdout]               i16
[INFO] [stdout]               i32
[INFO] [stdout]               i64
[INFO] [stdout]               i128
[INFO] [stdout]               usize
[INFO] [stdout]             and 81 others
[INFO] [stdout]     = help: see issue #48214
[INFO] [stdout]     = help: add `#![feature(trivial_bounds)]` to the crate attributes to enable
[INFO] [stdout]     = note: this error originates in the derive macro `Accounts` (in Nightly builds, run with -Z macro-backtrace for more info)
[INFO] [stdout] 
[INFO] [stdout] 
[INFO] [stdout] error[E0277]: the trait bound `Pubkey: BorshSerialize` is not satisfied
[INFO] [stdout]    --> /opt/rustwide/cargo-home/registry/src/index.crates.io-6f17d22bba15001f/anchor-lang-0.28.0/src/system_program.rs:179:10
[INFO] [stdout]     |
[INFO] [stdout] 179 | #[derive(Accounts)]
[INFO] [stdout]     |          ^^^^^^^^ the trait `BorshSerialize` is not implemented for `Pubkey`
[INFO] [stdout]     |
[INFO] [stdout]     = help: the following other types implement trait `BorshSerialize`:
[INFO] [stdout]               bool
[INFO] [stdout]               isize
[INFO] [stdout]               i8
[INFO] [stdout]               i16
[INFO] [stdout]               i32
[INFO] [stdout]               i64
[INFO] [stdout]               i128
[INFO] [stdout]               usize
[INFO] [stdout]             and 81 others
[INFO] [stdout]     = help: see issue #48214
[INFO] [stdout]     = help: add `#![feature(trivial_bounds)]` to the crate attributes to enable
[INFO] [stdout]     = note: this error originates in the derive macro `Accounts` (in Nightly builds, run with -Z macro-backtrace for more info)
[INFO] [stdout] 
[INFO] [stdout] 
[INFO] [stdout] error[E0277]: the trait bound `Pubkey: BorshSerialize` is not satisfied
[INFO] [stdout]    --> /opt/rustwide/cargo-home/registry/src/index.crates.io-6f17d22bba15001f/anchor-lang-0.28.0/src/system_program.rs:209:10
[INFO] [stdout]     |
[INFO] [stdout] 209 | #[derive(Accounts)]
[INFO] [stdout]     |          ^^^^^^^^ the trait `BorshSerialize` is not implemented for `Pubkey`
[INFO] [stdout]     |
[INFO] [stdout]     = help: the following other types implement trait `BorshSerialize`:
[INFO] [stdout]               bool
[INFO] [stdout]               isize
[INFO] [stdout]               i8
[INFO] [stdout]               i16
[INFO] [stdout]               i32
[INFO] [stdout]               i64
[INFO] [stdout]               i128
[INFO] [stdout]               usize
[INFO] [stdout]             and 81 others
[INFO] [stdout]     = help: see issue #48214
[INFO] [stdout]     = help: add `#![feature(trivial_bounds)]` to the crate attributes to enable
[INFO] [stdout]     = note: this error originates in the derive macro `Accounts` (in Nightly builds, run with -Z macro-backtrace for more info)
[INFO] [stdout] 
[INFO] [stdout] 
[INFO] [stdout] error[E0277]: the trait bound `Pubkey: BorshSerialize` is not satisfied
[INFO] [stdout]    --> /opt/rustwide/cargo-home/registry/src/index.crates.io-6f17d22bba15001f/anchor-lang-0.28.0/src/system_program.rs:245:10
[INFO] [stdout]     |
[INFO] [stdout] 245 | #[derive(Accounts)]
[INFO] [stdout]     |          ^^^^^^^^ the trait `BorshSerialize` is not implemented for `Pubkey`
[INFO] [stdout]     |
[INFO] [stdout]     = help: the following other types implement trait `BorshSerialize`:
[INFO] [stdout]               bool
[INFO] [stdout]               isize
[INFO] [stdout]               i8
[INFO] [stdout]               i16
[INFO] [stdout]               i32
[INFO] [stdout]               i64
[INFO] [stdout]               i128
[INFO] [stdout]               usize
[INFO] [stdout]             and 81 others
[INFO] [stdout]     = help: see issue #48214
[INFO] [stdout]     = help: add `#![feature(trivial_bounds)]` to the crate attributes to enable
[INFO] [stdout]     = note: this error originates in the derive macro `Accounts` (in Nightly builds, run with -Z macro-backtrace for more info)
[INFO] [stdout] 
[INFO] [stdout] 
[INFO] [stdout] error[E0277]: the trait bound `Pubkey: BorshSerialize` is not satisfied
[INFO] [stdout]    --> /opt/rustwide/cargo-home/registry/src/index.crates.io-6f17d22bba15001f/anchor-lang-0.28.0/src/system_program.rs:289:10
[INFO] [stdout]     |
[INFO] [stdout] 289 | #[derive(Accounts)]
[INFO] [stdout]     |          ^^^^^^^^ the trait `BorshSerialize` is not implemented for `Pubkey`
[INFO] [stdout]     |
[INFO] [stdout]     = help: the following other types implement trait `BorshSerialize`:
[INFO] [stdout]               bool
[INFO] [stdout]               isize
[INFO] [stdout]               i8
[INFO] [stdout]               i16
[INFO] [stdout]               i32
[INFO] [stdout]               i64
[INFO] [stdout]               i128
[INFO] [stdout]               usize
[INFO] [stdout]             and 81 others
[INFO] [stdout]     = help: see issue #48214
[INFO] [stdout]     = help: add `#![feature(trivial_bounds)]` to the crate attributes to enable
[INFO] [stdout]     = note: this error originates in the derive macro `Accounts` (in Nightly builds, run with -Z macro-backtrace for more info)
[INFO] [stdout] 
[INFO] [stdout] 
[INFO] [stdout] error[E0277]: the trait bound `Pubkey: BorshSerialize` is not satisfied
[INFO] [stdout]    --> /opt/rustwide/cargo-home/registry/src/index.crates.io-6f17d22bba15001f/anchor-lang-0.28.0/src/system_program.rs:315:10
[INFO] [stdout]     |
[INFO] [stdout] 315 | #[derive(Accounts)]
[INFO] [stdout]     |          ^^^^^^^^ the trait `BorshSerialize` is not implemented for `Pubkey`
[INFO] [stdout]     |
[INFO] [stdout]     = help: the following other types implement trait `BorshSerialize`:
[INFO] [stdout]               bool
[INFO] [stdout]               isize
[INFO] [stdout]               i8
[INFO] [stdout]               i16
[INFO] [stdout]               i32
[INFO] [stdout]               i64
[INFO] [stdout]               i128
[INFO] [stdout]               usize
[INFO] [stdout]             and 81 others
[INFO] [stdout]     = help: see issue #48214
[INFO] [stdout]     = help: add `#![feature(trivial_bounds)]` to the crate attributes to enable
[INFO] [stdout]     = note: this error originates in the derive macro `Accounts` (in Nightly builds, run with -Z macro-backtrace for more info)
[INFO] [stdout] 
[INFO] [stdout] 
[INFO] [stdout] error[E0277]: the trait bound `Pubkey: BorshSerialize` is not satisfied
[INFO] [stdout]    --> /opt/rustwide/cargo-home/registry/src/index.crates.io-6f17d22bba15001f/anchor-lang-0.28.0/src/system_program.rs:343:10
[INFO] [stdout]     |
[INFO] [stdout] 343 | #[derive(Accounts)]
[INFO] [stdout]     |          ^^^^^^^^ the trait `BorshSerialize` is not implemented for `Pubkey`
[INFO] [stdout]     |
[INFO] [stdout]     = help: the following other types implement trait `BorshSerialize`:
[INFO] [stdout]               bool
[INFO] [stdout]               isize
[INFO] [stdout]               i8
[INFO] [stdout]               i16
[INFO] [stdout]               i32
[INFO] [stdout]               i64
[INFO] [stdout]               i128
[INFO] [stdout]               usize
[INFO] [stdout]             and 81 others
[INFO] [stdout]     = help: see issue #48214
[INFO] [stdout]     = help: add `#![feature(trivial_bounds)]` to the crate attributes to enable
[INFO] [stdout]     = note: this error originates in the derive macro `Accounts` (in Nightly builds, run with -Z macro-backtrace for more info)
[INFO] [stdout] 
[INFO] [stdout] 
[INFO] [stdout] error[E0277]: the trait bound `Pubkey: BorshSerialize` is not satisfied
[INFO] [stdout]    --> /opt/rustwide/cargo-home/registry/src/index.crates.io-6f17d22bba15001f/anchor-lang-0.28.0/src/system_program.rs:374:10
[INFO] [stdout]     |
[INFO] [stdout] 374 | #[derive(Accounts)]
[INFO] [stdout]     |          ^^^^^^^^ the trait `BorshSerialize` is not implemented for `Pubkey`
[INFO] [stdout]     |
[INFO] [stdout]     = help: the following other types implement trait `BorshSerialize`:
[INFO] [stdout]               bool
[INFO] [stdout]               isize
[INFO] [stdout]               i8
[INFO] [stdout]               i16
[INFO] [stdout]               i32
[INFO] [stdout]               i64
[INFO] [stdout]               i128
[INFO] [stdout]               usize
[INFO] [stdout]             and 81 others
[INFO] [stdout]     = help: see issue #48214
[INFO] [stdout]     = help: add `#![feature(trivial_bounds)]` to the crate attributes to enable
[INFO] [stdout]     = note: this error originates in the derive macro `Accounts` (in Nightly builds, run with -Z macro-backtrace for more info)
[INFO] [stdout] 
[INFO] [stdout] 
[INFO] [stdout] error: aborting due to 17 previous errors
[INFO] [stdout] 
[INFO] [stdout] 
[INFO] [stdout] For more information about this error, try `rustc --explain E0277`.
[INFO] [stdout] 
[INFO] [stderr] error: could not compile `anchor-lang` (lib) due to 18 previous errors
[INFO] [stderr] warning: build failed, waiting for other jobs to finish...
[INFO] running `Command { std: "docker" "inspect" "b0bf2306959bd7d159237c492b04906f55e71b124ad1d5e833ad15d20aaaa27a", kill_on_drop: false }`
[INFO] running `Command { std: "docker" "rm" "-f" "b0bf2306959bd7d159237c492b04906f55e71b124ad1d5e833ad15d20aaaa27a", kill_on_drop: false }`
[INFO] [stdout] b0bf2306959bd7d159237c492b04906f55e71b124ad1d5e833ad15d20aaaa27a
[INFO] checking open_creator_protocol-0.3.5 against nightly-2024-02-05+rustflags=-Dunexpected_cfgs+cargoflags=-Zcheck-cfg for check-cfg
[INFO] extracting crate open_creator_protocol 0.3.5 into /workspace/builds/worker-3-tc2/source
[INFO] validating manifest of crates.io crate open_creator_protocol 0.3.5 on toolchain nightly-2024-02-05
[INFO] running `Command { std: CARGO_HOME="/workspace/cargo-home" RUSTUP_HOME="/workspace/rustup-home" "/workspace/cargo-home/bin/cargo" "+nightly-2024-02-05" "metadata" "--manifest-path" "Cargo.toml" "--no-deps", kill_on_drop: false }`
[INFO] started tweaking crates.io crate open_creator_protocol 0.3.5
[INFO] finished tweaking crates.io crate open_creator_protocol 0.3.5
[INFO] tweaked toml for crates.io crate open_creator_protocol 0.3.5 written to /workspace/builds/worker-3-tc2/source/Cargo.toml
[INFO] running `Command { std: CARGO_HOME="/workspace/cargo-home" RUSTUP_HOME="/workspace/rustup-home" "/workspace/cargo-home/bin/cargo" "+nightly-2024-02-05" "generate-lockfile" "--manifest-path" "Cargo.toml", kill_on_drop: false }`
[INFO] [stderr]     Updating crates.io index
[INFO] running `Command { std: CARGO_HOME="/workspace/cargo-home" RUSTUP_HOME="/workspace/rustup-home" "/workspace/cargo-home/bin/cargo" "+nightly-2024-02-05" "fetch" "--manifest-path" "Cargo.toml", kill_on_drop: false }`
[INFO] running `Command { std: "docker" "create" "-v" "/var/lib/crater-agent-workspace/builds/worker-3-tc2/target:/opt/rustwide/target:rw,Z" "-v" "/var/lib/crater-agent-workspace/builds/worker-3-tc2/source:/opt/rustwide/workdir:ro,Z" "-v" "/var/lib/crater-agent-workspace/cargo-home:/opt/rustwide/cargo-home:ro,Z" "-v" "/var/lib/crater-agent-workspace/rustup-home:/opt/rustwide/rustup-home:ro,Z" "-e" "SOURCE_DIR=/opt/rustwide/workdir" "-e" "CARGO_TARGET_DIR=/opt/rustwide/target" "-e" "CARGO_HOME=/opt/rustwide/cargo-home" "-e" "RUSTUP_HOME=/opt/rustwide/rustup-home" "-w" "/opt/rustwide/workdir" "-m" "1610612736" "--user" "0:0" "--network" "none" "ghcr.io/rust-lang/crates-build-env/linux@sha256:2788e3201cd34a07e3172128adcd8b3090168a8e3bcc40d7c032b9dda1df7d1c" "/opt/rustwide/cargo-home/bin/cargo" "+nightly-2024-02-05" "metadata" "--no-deps" "--format-version=1", kill_on_drop: false }`
[INFO] [stdout] 8687bf56042327ce1344e3a9911250afe9c14153845aeba4bc6e85d04c2509e9
[INFO] running `Command { std: "docker" "start" "-a" "8687bf56042327ce1344e3a9911250afe9c14153845aeba4bc6e85d04c2509e9", kill_on_drop: false }`
[INFO] running `Command { std: "docker" "inspect" "8687bf56042327ce1344e3a9911250afe9c14153845aeba4bc6e85d04c2509e9", kill_on_drop: false }`
[INFO] running `Command { std: "docker" "rm" "-f" "8687bf56042327ce1344e3a9911250afe9c14153845aeba4bc6e85d04c2509e9", kill_on_drop: false }`
[INFO] [stdout] 8687bf56042327ce1344e3a9911250afe9c14153845aeba4bc6e85d04c2509e9
[INFO] running `Command { std: "docker" "create" "-v" "/var/lib/crater-agent-workspace/builds/worker-3-tc2/target:/opt/rustwide/target:rw,Z" "-v" "/var/lib/crater-agent-workspace/builds/worker-3-tc2/source:/opt/rustwide/workdir:ro,Z" "-v" "/var/lib/crater-agent-workspace/cargo-home:/opt/rustwide/cargo-home:ro,Z" "-v" "/var/lib/crater-agent-workspace/rustup-home:/opt/rustwide/rustup-home:ro,Z" "-e" "SOURCE_DIR=/opt/rustwide/workdir" "-e" "CARGO_TARGET_DIR=/opt/rustwide/target" "-e" "CARGO_INCREMENTAL=0" "-e" "RUST_BACKTRACE=full" "-e" "RUSTFLAGS=--cap-lints=forbid -Dunexpected_cfgs" "-e" "RUSTDOCFLAGS=--cap-lints=forbid" "-e" "CARGO_HOME=/opt/rustwide/cargo-home" "-e" "RUSTUP_HOME=/opt/rustwide/rustup-home" "-w" "/opt/rustwide/workdir" "-m" "1610612736" "--user" "0:0" "--network" "none" "ghcr.io/rust-lang/crates-build-env/linux@sha256:2788e3201cd34a07e3172128adcd8b3090168a8e3bcc40d7c032b9dda1df7d1c" "/opt/rustwide/cargo-home/bin/cargo" "+nightly-2024-02-05" "check" "--frozen" "--all" "--all-targets" "--message-format=json" "-Zcheck-cfg", kill_on_drop: false }`
[INFO] [stdout] 8bdc2e284dff9fe03f88604ad3e54f7df617f540a91708b8f289b4d0874846cf
[INFO] running `Command { std: "docker" "start" "-a" "8bdc2e284dff9fe03f88604ad3e54f7df617f540a91708b8f289b4d0874846cf", kill_on_drop: false }`
[INFO] [stderr]    Compiling syn v1.0.109
[INFO] [stderr]    Compiling ahash v0.7.7
[INFO] [stderr]    Compiling solana-frozen-abi-macro v1.14.29
[INFO] [stderr]    Compiling blake3 v1.3.1
[INFO] [stderr]    Compiling solana-frozen-abi v1.14.29
[INFO] [stderr]     Checking constant_time_eq v0.1.5
[INFO] [stderr]    Compiling solana-program v1.14.29
[INFO] [stderr]     Checking base64 v0.13.1
[INFO] [stderr]     Checking env_logger v0.9.3
[INFO] [stderr]    Compiling solana-sdk v1.14.29
[INFO] [stderr]    Compiling bs58 v0.5.0
[INFO] [stderr]     Checking inout v0.1.3
[INFO] [stderr]     Checking log v0.3.9
[INFO] [stderr]     Checking erased-serde v0.3.31
[INFO] [stderr]     Checking strum v0.20.0
[INFO] [stderr]     Checking cipher v0.4.4
[INFO] [stderr]     Checking mustache v0.9.0
[INFO] [stderr]     Checking solana-logger v1.14.29
[INFO] [stderr]     Checking hashbrown v0.11.2
[INFO] [stderr]     Checking hashbrown v0.12.3
[INFO] [stderr]    Compiling borsh-schema-derive-internal v0.9.3
[INFO] [stderr]    Compiling borsh-derive-internal v0.9.3
[INFO] [stderr]    Compiling anchor-syn v0.28.0
[INFO] [stderr]    Compiling shank_macro_impl v0.0.11
[INFO] [stderr]    Compiling borsh-schema-derive-internal v0.10.3
[INFO] [stderr]    Compiling borsh-derive-internal v0.10.3
[INFO] [stderr]    Compiling borsh-derive v0.9.3
[INFO] [stderr]    Compiling solana-sdk-macro v1.14.29
[INFO] [stderr]    Compiling num-derive v0.3.3
[INFO] [stderr]    Compiling num_enum_derive v0.5.11
[INFO] [stderr]    Compiling shank_macro v0.0.11
[INFO] [stderr]    Compiling borsh-derive v0.10.3
[INFO] [stderr]    Compiling mpl-token-metadata-context-derive v0.2.1
[INFO] [stderr]    Compiling mpl-token-metadata-context-derive v0.3.0
[INFO] [stderr]    Compiling anchor-derive-space v0.28.0
[INFO] [stderr]    Compiling strum_macros v0.20.1
[INFO] [stderr]     Checking shank v0.0.11
[INFO] [stderr]     Checking borsh v0.10.3
[INFO] [stderr]     Checking borsh v0.9.3
[INFO] [stderr]     Checking json-rules-engine-fork v0.9.7
[INFO] [stderr]     Checking num_enum v0.5.11
[INFO] [stderr]    Compiling anchor-derive-accounts v0.28.0
[INFO] [stderr]    Compiling anchor-attribute-event v0.28.0
[INFO] [stderr]    Compiling anchor-attribute-access-control v0.28.0
[INFO] [stderr]    Compiling anchor-attribute-account v0.28.0
[INFO] [stderr]    Compiling anchor-attribute-error v0.28.0
[INFO] [stderr]    Compiling anchor-attribute-constant v0.28.0
[INFO] [stderr]    Compiling anchor-attribute-program v0.28.0
[INFO] [stderr]     Checking spl-memo v3.0.1
[INFO] [stderr]     Checking spl-token v3.5.0
[INFO] [stderr]     Checking anchor-lang v0.28.0
[INFO] [stdout] error[E0277]: the trait bound `Pubkey: BorshSerialize` is not satisfied
[INFO] [stdout]   --> /opt/rustwide/cargo-home/registry/src/index.crates.io-6f17d22bba15001f/anchor-lang-0.28.0/src/idl.rs:35:10
[INFO] [stdout]    |
[INFO] [stdout] 35 | #[derive(AnchorSerialize, AnchorDeserialize)]
[INFO] [stdout]    |          ^^^^^^^^^^^^^^^ the trait `BorshSerialize` is not implemented for `Pubkey`
[INFO] [stdout]    |
[INFO] [stdout]    = help: the following other types implement trait `BorshSerialize`:
[INFO] [stdout]              bool
[INFO] [stdout]              isize
[INFO] [stdout]              i8
[INFO] [stdout]              i16
[INFO] [stdout]              i32
[INFO] [stdout]              i64
[INFO] [stdout]              i128
[INFO] [stdout]              usize
[INFO] [stdout]            and 81 others
[INFO] [stdout]    = help: see issue #48214
[INFO] [stdout]    = help: add `#![feature(trivial_bounds)]` to the crate attributes to enable
[INFO] [stdout]    = note: this error originates in the derive macro `AnchorSerialize` (in Nightly builds, run with -Z macro-backtrace for more info)
[INFO] [stdout] 
[INFO] [stdout] 
[INFO] [stdout] error[E0277]: the trait bound `Pubkey: BorshDeserialize` is not satisfied
[INFO] [stdout]   --> /opt/rustwide/cargo-home/registry/src/index.crates.io-6f17d22bba15001f/anchor-lang-0.28.0/src/idl.rs:35:27
[INFO] [stdout]    |
[INFO] [stdout] 35 | #[derive(AnchorSerialize, AnchorDeserialize)]
[INFO] [stdout]    |                           ^^^^^^^^^^^^^^^^^ the trait `BorshDeserialize` is not implemented for `Pubkey`
[INFO] [stdout]    |
[INFO] [stdout]    = help: the following other types implement trait `BorshDeserialize`:
[INFO] [stdout]              bool
[INFO] [stdout]              isize
[INFO] [stdout]              i8
[INFO] [stdout]              i16
[INFO] [stdout]              i32
[INFO] [stdout]              i64
[INFO] [stdout]              i128
[INFO] [stdout]              usize
[INFO] [stdout]            and 65 others
[INFO] [stdout]    = help: see issue #48214
[INFO] [stdout]    = help: add `#![feature(trivial_bounds)]` to the crate attributes to enable
[INFO] [stdout]    = note: this error originates in the derive macro `AnchorDeserialize` (in Nightly builds, run with -Z macro-backtrace for more info)
[INFO] [stdout] 
[INFO] [stdout] 
[INFO] [stdout] error[E0277]: the trait bound `Pubkey: BorshSerialize` is not satisfied
[INFO] [stdout]   --> /opt/rustwide/cargo-home/registry/src/index.crates.io-6f17d22bba15001f/anchor-lang-0.28.0/src/idl.rs:62:1
[INFO] [stdout]    |
[INFO] [stdout] 62 | #[account("internal")]
[INFO] [stdout]    | ^^^^^^^^^^^^^^^^^^^^^^ the trait `BorshSerialize` is not implemented for `Pubkey`
[INFO] [stdout]    |
[INFO] [stdout]    = help: the following other types implement trait `BorshSerialize`:
[INFO] [stdout]              bool
[INFO] [stdout]              isize
[INFO] [stdout]              i8
[INFO] [stdout]              i16
[INFO] [stdout]              i32
[INFO] [stdout]              i64
[INFO] [stdout]              i128
[INFO] [stdout]              usize
[INFO] [stdout]            and 81 others
[INFO] [stdout]    = help: see issue #48214
[INFO] [stdout]    = help: add `#![feature(trivial_bounds)]` to the crate attributes to enable
[INFO] [stdout]    = note: this error originates in the derive macro `AnchorSerialize` (in Nightly builds, run with -Z macro-backtrace for more info)
[INFO] [stdout] 
[INFO] [stdout] 
[INFO] [stdout] error[E0277]: the trait bound `Pubkey: BorshDeserialize` is not satisfied
[INFO] [stdout]   --> /opt/rustwide/cargo-home/registry/src/index.crates.io-6f17d22bba15001f/anchor-lang-0.28.0/src/idl.rs:62:1
[INFO] [stdout]    |
[INFO] [stdout] 62 | #[account("internal")]
[INFO] [stdout]    | ^^^^^^^^^^^^^^^^^^^^^^ the trait `BorshDeserialize` is not implemented for `Pubkey`
[INFO] [stdout]    |
[INFO] [stdout]    = help: the following other types implement trait `BorshDeserialize`:
[INFO] [stdout]              bool
[INFO] [stdout]              isize
[INFO] [stdout]              i8
[INFO] [stdout]              i16
[INFO] [stdout]              i32
[INFO] [stdout]              i64
[INFO] [stdout]              i128
[INFO] [stdout]              usize
[INFO] [stdout]            and 65 others
[INFO] [stdout]    = help: see issue #48214
[INFO] [stdout]    = help: add `#![feature(trivial_bounds)]` to the crate attributes to enable
[INFO] [stdout]    = note: this error originates in the derive macro `AnchorDeserialize` (in Nightly builds, run with -Z macro-backtrace for more info)
[INFO] [stdout] 
[INFO] [stdout] 
[INFO] [stdout] error[E0277]: the trait bound `Pubkey: BorshSerialize` is not satisfied
[INFO] [stdout]   --> /opt/rustwide/cargo-home/registry/src/index.crates.io-6f17d22bba15001f/anchor-lang-0.28.0/src/system_program.rs:34:10
[INFO] [stdout]    |
[INFO] [stdout] 34 | #[derive(Accounts)]
[INFO] [stdout]    |          ^^^^^^^^ the trait `BorshSerialize` is not implemented for `Pubkey`
[INFO] [stdout]    |
[INFO] [stdout]    = help: the following other types implement trait `BorshSerialize`:
[INFO] [stdout]              bool
[INFO] [stdout]              isize
[INFO] [stdout]              i8
[INFO] [stdout]              i16
[INFO] [stdout]              i32
[INFO] [stdout]              i64
[INFO] [stdout]              i128
[INFO] [stdout]              usize
[INFO] [stdout]            and 81 others
[INFO] [stdout]    = help: see issue #48214
[INFO] [stdout]    = help: add `#![feature(trivial_bounds)]` to the crate attributes to enable
[INFO] [stdout]    = note: this error originates in the derive macro `Accounts` (in Nightly builds, run with -Z macro-backtrace for more info)
[INFO] [stdout] 
[INFO] [stdout] 
[INFO] [stdout] error[E0277]: the trait bound `Pubkey: BorshSerialize` is not satisfied
[INFO] [stdout]   --> /opt/rustwide/cargo-home/registry/src/index.crates.io-6f17d22bba15001f/anchor-lang-0.28.0/src/system_program.rs:57:10
[INFO] [stdout]    |
[INFO] [stdout] 57 | #[derive(Accounts)]
[INFO] [stdout]    |          ^^^^^^^^ the trait `BorshSerialize` is not implemented for `Pubkey`
[INFO] [stdout]    |
[INFO] [stdout]    = help: the following other types implement trait `BorshSerialize`:
[INFO] [stdout]              bool
[INFO] [stdout]              isize
[INFO] [stdout]              i8
[INFO] [stdout]              i16
[INFO] [stdout]              i32
[INFO] [stdout]              i64
[INFO] [stdout]              i128
[INFO] [stdout]              usize
[INFO] [stdout]            and 81 others
[INFO] [stdout]    = help: see issue #48214
[INFO] [stdout]    = help: add `#![feature(trivial_bounds)]` to the crate attributes to enable
[INFO] [stdout]    = note: this error originates in the derive macro `Accounts` (in Nightly builds, run with -Z macro-backtrace for more info)
[INFO] [stdout] 
[INFO] [stdout] 
[INFO] [stdout] error[E0277]: the trait bound `Pubkey: BorshSerialize` is not satisfied
[INFO] [stdout]   --> /opt/rustwide/cargo-home/registry/src/index.crates.io-6f17d22bba15001f/anchor-lang-0.28.0/src/system_program.rs:83:10
[INFO] [stdout]    |
[INFO] [stdout] 83 | #[derive(Accounts)]
[INFO] [stdout]    |          ^^^^^^^^ the trait `BorshSerialize` is not implemented for `Pubkey`
[INFO] [stdout]    |
[INFO] [stdout]    = help: the following other types implement trait `BorshSerialize`:
[INFO] [stdout]              bool
[INFO] [stdout]              isize
[INFO] [stdout]              i8
[INFO] [stdout]              i16
[INFO] [stdout]              i32
[INFO] [stdout]              i64
[INFO] [stdout]              i128
[INFO] [stdout]              usize
[INFO] [stdout]            and 81 others
[INFO] [stdout]    = help: see issue #48214
[INFO] [stdout]    = help: add `#![feature(trivial_bounds)]` to the crate attributes to enable
[INFO] [stdout]    = note: this error originates in the derive macro `Accounts` (in Nightly builds, run with -Z macro-backtrace for more info)
[INFO] [stdout] 
[INFO] [stdout] 
[INFO] [stdout] error[E0277]: the trait bound `Pubkey: BorshSerialize` is not satisfied
[INFO] [stdout]    --> /opt/rustwide/cargo-home/registry/src/index.crates.io-6f17d22bba15001f/anchor-lang-0.28.0/src/system_program.rs:105:10
[INFO] [stdout]     |
[INFO] [stdout] 105 | #[derive(Accounts)]
[INFO] [stdout]     |          ^^^^^^^^ the trait `BorshSerialize` is not implemented for `Pubkey`
[INFO] [stdout]     |
[INFO] [stdout]     = help: the following other types implement trait `BorshSerialize`:
[INFO] [stdout]               bool
[INFO] [stdout]               isize
[INFO] [stdout]               i8
[INFO] [stdout]               i16
[INFO] [stdout]               i32
[INFO] [stdout]               i64
[INFO] [stdout]               i128
[INFO] [stdout]               usize
[INFO] [stdout]             and 81 others
[INFO] [stdout]     = help: see issue #48214
[INFO] [stdout]     = help: add `#![feature(trivial_bounds)]` to the crate attributes to enable
[INFO] [stdout]     = note: this error originates in the derive macro `Accounts` (in Nightly builds, run with -Z macro-backtrace for more info)
[INFO] [stdout] 
[INFO] [stdout] 
[INFO] [stdout] error[E0277]: the trait bound `Pubkey: BorshSerialize` is not satisfied
[INFO] [stdout]    --> /opt/rustwide/cargo-home/registry/src/index.crates.io-6f17d22bba15001f/anchor-lang-0.28.0/src/system_program.rs:129:10
[INFO] [stdout]     |
[INFO] [stdout] 129 | #[derive(Accounts)]
[INFO] [stdout]     |          ^^^^^^^^ the trait `BorshSerialize` is not implemented for `Pubkey`
[INFO] [stdout]     |
[INFO] [stdout]     = help: the following other types implement trait `BorshSerialize`:
[INFO] [stdout]               bool
[INFO] [stdout]               isize
[INFO] [stdout]               i8
[INFO] [stdout]               i16
[INFO] [stdout]               i32
[INFO] [stdout]               i64
[INFO] [stdout]               i128
[INFO] [stdout]               usize
[INFO] [stdout]             and 81 others
[INFO] [stdout]     = help: see issue #48214
[INFO] [stdout]     = help: add `#![feature(trivial_bounds)]` to the crate attributes to enable
[INFO] [stdout]     = note: this error originates in the derive macro `Accounts` (in Nightly builds, run with -Z macro-backtrace for more info)
[INFO] [stdout] 
[INFO] [stdout] 
[INFO] [stdout] error[E0277]: the trait bound `Pubkey: BorshSerialize` is not satisfied
[INFO] [stdout]    --> /opt/rustwide/cargo-home/registry/src/index.crates.io-6f17d22bba15001f/anchor-lang-0.28.0/src/system_program.rs:152:10
[INFO] [stdout]     |
[INFO] [stdout] 152 | #[derive(Accounts)]
[INFO] [stdout]     |          ^^^^^^^^ the trait `BorshSerialize` is not implemented for `Pubkey`
[INFO] [stdout]     |
[INFO] [stdout]     = help: the following other types implement trait `BorshSerialize`:
[INFO] [stdout]               bool
[INFO] [stdout]               isize
[INFO] [stdout]               i8
[INFO] [stdout]               i16
[INFO] [stdout]               i32
[INFO] [stdout]               i64
[INFO] [stdout]               i128
[INFO] [stdout]               usize
[INFO] [stdout]             and 81 others
[INFO] [stdout]     = help: see issue #48214
[INFO] [stdout]     = help: add `#![feature(trivial_bounds)]` to the crate attributes to enable
[INFO] [stdout]     = note: this error originates in the derive macro `Accounts` (in Nightly builds, run with -Z macro-backtrace for more info)
[INFO] [stdout] 
[INFO] [stdout] 
[INFO] [stdout] error[E0277]: the trait bound `Pubkey: BorshSerialize` is not satisfied
[INFO] [stdout]    --> /opt/rustwide/cargo-home/registry/src/index.crates.io-6f17d22bba15001f/anchor-lang-0.28.0/src/system_program.rs:179:10
[INFO] [stdout]     |
[INFO] [stdout] 179 | #[derive(Accounts)]
[INFO] [stdout]     |          ^^^^^^^^ the trait `BorshSerialize` is not implemented for `Pubkey`
[INFO] [stdout]     |
[INFO] [stdout]     = help: the following other types implement trait `BorshSerialize`:
[INFO] [stdout]               bool
[INFO] [stdout]               isize
[INFO] [stdout]               i8
[INFO] [stdout]               i16
[INFO] [stdout]               i32
[INFO] [stdout]               i64
[INFO] [stdout]               i128
[INFO] [stdout]               usize
[INFO] [stdout]             and 81 others
[INFO] [stdout]     = help: see issue #48214
[INFO] [stdout]     = help: add `#![feature(trivial_bounds)]` to the crate attributes to enable
[INFO] [stdout]     = note: this error originates in the derive macro `Accounts` (in Nightly builds, run with -Z macro-backtrace for more info)
[INFO] [stdout] 
[INFO] [stdout] 
[INFO] [stdout] error[E0277]: the trait bound `Pubkey: BorshSerialize` is not satisfied
[INFO] [stdout]    --> /opt/rustwide/cargo-home/registry/src/index.crates.io-6f17d22bba15001f/anchor-lang-0.28.0/src/system_program.rs:209:10
[INFO] [stdout]     |
[INFO] [stdout] 209 | #[derive(Accounts)]
[INFO] [stdout]     |          ^^^^^^^^ the trait `BorshSerialize` is not implemented for `Pubkey`
[INFO] [stdout]     |
[INFO] [stdout]     = help: the following other types implement trait `BorshSerialize`:
[INFO] [stdout]               bool
[INFO] [stdout]               isize
[INFO] [stdout]               i8
[INFO] [stdout]               i16
[INFO] [stdout]               i32
[INFO] [stdout]               i64
[INFO] [stdout]               i128
[INFO] [stdout]               usize
[INFO] [stdout]             and 81 others
[INFO] [stdout]     = help: see issue #48214
[INFO] [stdout]     = help: add `#![feature(trivial_bounds)]` to the crate attributes to enable
[INFO] [stdout]     = note: this error originates in the derive macro `Accounts` (in Nightly builds, run with -Z macro-backtrace for more info)
[INFO] [stdout] 
[INFO] [stdout] 
[INFO] [stdout] error[E0277]: the trait bound `Pubkey: BorshSerialize` is not satisfied
[INFO] [stdout]    --> /opt/rustwide/cargo-home/registry/src/index.crates.io-6f17d22bba15001f/anchor-lang-0.28.0/src/system_program.rs:245:10
[INFO] [stdout]     |
[INFO] [stdout] 245 | #[derive(Accounts)]
[INFO] [stdout]     |          ^^^^^^^^ the trait `BorshSerialize` is not implemented for `Pubkey`
[INFO] [stdout]     |
[INFO] [stdout]     = help: the following other types implement trait `BorshSerialize`:
[INFO] [stdout]               bool
[INFO] [stdout]               isize
[INFO] [stdout]               i8
[INFO] [stdout]               i16
[INFO] [stdout]               i32
[INFO] [stdout]               i64
[INFO] [stdout]               i128
[INFO] [stdout]               usize
[INFO] [stdout]             and 81 others
[INFO] [stdout]     = help: see issue #48214
[INFO] [stdout]     = help: add `#![feature(trivial_bounds)]` to the crate attributes to enable
[INFO] [stdout]     = note: this error originates in the derive macro `Accounts` (in Nightly builds, run with -Z macro-backtrace for more info)
[INFO] [stdout] 
[INFO] [stdout] 
[INFO] [stdout] error[E0277]: the trait bound `Pubkey: BorshSerialize` is not satisfied
[INFO] [stdout]    --> /opt/rustwide/cargo-home/registry/src/index.crates.io-6f17d22bba15001f/anchor-lang-0.28.0/src/system_program.rs:289:10
[INFO] [stdout]     |
[INFO] [stdout] 289 | #[derive(Accounts)]
[INFO] [stdout]     |          ^^^^^^^^ the trait `BorshSerialize` is not implemented for `Pubkey`
[INFO] [stdout]     |
[INFO] [stdout]     = help: the following other types implement trait `BorshSerialize`:
[INFO] [stdout]               bool
[INFO] [stdout]               isize
[INFO] [stdout]               i8
[INFO] [stdout]               i16
[INFO] [stdout]               i32
[INFO] [stdout]               i64
[INFO] [stdout]               i128
[INFO] [stdout]               usize
[INFO] [stdout]             and 81 others
[INFO] [stdout]     = help: see issue #48214
[INFO] [stdout]     = help: add `#![feature(trivial_bounds)]` to the crate attributes to enable
[INFO] [stdout]     = note: this error originates in the derive macro `Accounts` (in Nightly builds, run with -Z macro-backtrace for more info)
[INFO] [stdout] 
[INFO] [stdout] 
[INFO] [stdout] error[E0277]: the trait bound `Pubkey: BorshSerialize` is not satisfied
[INFO] [stdout]    --> /opt/rustwide/cargo-home/registry/src/index.crates.io-6f17d22bba15001f/anchor-lang-0.28.0/src/system_program.rs:315:10
[INFO] [stdout]     |
[INFO] [stdout] 315 | #[derive(Accounts)]
[INFO] [stdout]     |          ^^^^^^^^ the trait `BorshSerialize` is not implemented for `Pubkey`
[INFO] [stdout]     |
[INFO] [stdout]     = help: the following other types implement trait `BorshSerialize`:
[INFO] [stdout]               bool
[INFO] [stdout]               isize
[INFO] [stdout]               i8
[INFO] [stdout]               i16
[INFO] [stdout]               i32
[INFO] [stdout]               i64
[INFO] [stdout]               i128
[INFO] [stdout]               usize
[INFO] [stdout]             and 81 others
[INFO] [stdout]     = help: see issue #48214
[INFO] [stdout]     = help: add `#![feature(trivial_bounds)]` to the crate attributes to enable
[INFO] [stdout]     = note: this error originates in the derive macro `Accounts` (in Nightly builds, run with -Z macro-backtrace for more info)
[INFO] [stdout] 
[INFO] [stdout] 
[INFO] [stdout] error[E0277]: the trait bound `Pubkey: BorshSerialize` is not satisfied
[INFO] [stdout]    --> /opt/rustwide/cargo-home/registry/src/index.crates.io-6f17d22bba15001f/anchor-lang-0.28.0/src/system_program.rs:343:10
[INFO] [stdout]     |
[INFO] [stdout] 343 | #[derive(Accounts)]
[INFO] [stdout]     |          ^^^^^^^^ the trait `BorshSerialize` is not implemented for `Pubkey`
[INFO] [stdout]     |
[INFO] [stdout]     = help: the following other types implement trait `BorshSerialize`:
[INFO] [stdout]               bool
[INFO] [stdout]               isize
[INFO] [stdout]               i8
[INFO] [stdout]               i16
[INFO] [stdout]               i32
[INFO] [stdout]               i64
[INFO] [stdout]               i128
[INFO] [stdout]               usize
[INFO] [stdout]             and 81 others
[INFO] [stdout]     = help: see issue #48214
[INFO] [stdout]     = help: add `#![feature(trivial_bounds)]` to the crate attributes to enable
[INFO] [stdout]     = note: this error originates in the derive macro `Accounts` (in Nightly builds, run with -Z macro-backtrace for more info)
[INFO] [stdout] 
[INFO] [stdout] 
[INFO] [stdout] error[E0277]: the trait bound `Pubkey: BorshSerialize` is not satisfied
[INFO] [stdout]    --> /opt/rustwide/cargo-home/registry/src/index.crates.io-6f17d22bba15001f/anchor-lang-0.28.0/src/system_program.rs:374:10
[INFO] [stdout]     |
[INFO] [stdout] 374 | #[derive(Accounts)]
[INFO] [stdout]     |          ^^^^^^^^ the trait `BorshSerialize` is not implemented for `Pubkey`
[INFO] [stdout]     |
[INFO] [stdout]     = help: the following other types implement trait `BorshSerialize`:
[INFO] [stdout]               bool
[INFO] [stdout]               isize
[INFO] [stdout]               i8
[INFO] [stdout]               i16
[INFO] [stdout]               i32
[INFO] [stdout]               i64
[INFO] [stdout]               i128
[INFO] [stdout]               usize
[INFO] [stdout]             and 81 others
[INFO] [stdout]     = help: see issue #48214
[INFO] [stdout]     = help: add `#![feature(trivial_bounds)]` to the crate attributes to enable
[INFO] [stdout]     = note: this error originates in the derive macro `Accounts` (in Nightly builds, run with -Z macro-backtrace for more info)
[INFO] [stdout] 
[INFO] [stdout] 
[INFO] [stdout] error: aborting due to 17 previous errors
[INFO] [stdout] 
[INFO] [stdout] 
[INFO] [stdout] For more information about this error, try `rustc --explain E0277`.
[INFO] [stdout] 
[INFO] [stderr] error: could not compile `anchor-lang` (lib) due to 18 previous errors
[INFO] [stderr] warning: build failed, waiting for other jobs to finish...
[INFO] running `Command { std: "docker" "inspect" "8bdc2e284dff9fe03f88604ad3e54f7df617f540a91708b8f289b4d0874846cf", kill_on_drop: false }`
[INFO] running `Command { std: "docker" "rm" "-f" "8bdc2e284dff9fe03f88604ad3e54f7df617f540a91708b8f289b4d0874846cf", kill_on_drop: false }`
[INFO] [stdout] 8bdc2e284dff9fe03f88604ad3e54f7df617f540a91708b8f289b4d0874846cf
