[INFO] fetching crate open-oak-game-of-life 0.1.2...
[INFO] checking open-oak-game-of-life-0.1.2 against nightly-2024-02-05 for check-cfg
[INFO] extracting crate open-oak-game-of-life 0.1.2 into /workspace/builds/worker-2-tc1/source
[INFO] validating manifest of crates.io crate open-oak-game-of-life 0.1.2 on toolchain nightly-2024-02-05
[INFO] running `Command { std: CARGO_HOME="/workspace/cargo-home" RUSTUP_HOME="/workspace/rustup-home" "/workspace/cargo-home/bin/cargo" "+nightly-2024-02-05" "metadata" "--manifest-path" "Cargo.toml" "--no-deps", kill_on_drop: false }`
[INFO] started tweaking crates.io crate open-oak-game-of-life 0.1.2
[INFO] finished tweaking crates.io crate open-oak-game-of-life 0.1.2
[INFO] tweaked toml for crates.io crate open-oak-game-of-life 0.1.2 written to /workspace/builds/worker-2-tc1/source/Cargo.toml
[INFO] crate crates.io crate open-oak-game-of-life 0.1.2 already has a lockfile, it will not be regenerated
[INFO] running `Command { std: CARGO_HOME="/workspace/cargo-home" RUSTUP_HOME="/workspace/rustup-home" "/workspace/cargo-home/bin/cargo" "+nightly-2024-02-05" "fetch" "--manifest-path" "Cargo.toml", kill_on_drop: false }`
[INFO] [stderr]     Updating crates.io index
[INFO] [stderr]  Downloading crates ...
[INFO] [stderr]   Downloaded uuid-macro-internal v1.2.2
[INFO] [stderr]   Downloaded sctk-adwaita v0.4.3
[INFO] [stderr]   Downloaded crossfont v0.5.1
[INFO] [stderr]   Downloaded object v0.30.0
[INFO] [stderr]   Downloaded gimli v0.27.0
[INFO] [stderr]   Downloaded conlife v0.1.4
[INFO] [stderr]   Downloaded open-oak v0.1.3
[INFO] [stderr]   Downloaded glium v0.32.1
[INFO] running `Command { std: "docker" "create" "-v" "/var/lib/crater-agent-workspace/builds/worker-2-tc1/target:/opt/rustwide/target:rw,Z" "-v" "/var/lib/crater-agent-workspace/builds/worker-2-tc1/source:/opt/rustwide/workdir:ro,Z" "-v" "/var/lib/crater-agent-workspace/cargo-home:/opt/rustwide/cargo-home:ro,Z" "-v" "/var/lib/crater-agent-workspace/rustup-home:/opt/rustwide/rustup-home:ro,Z" "-e" "SOURCE_DIR=/opt/rustwide/workdir" "-e" "CARGO_TARGET_DIR=/opt/rustwide/target" "-e" "CARGO_HOME=/opt/rustwide/cargo-home" "-e" "RUSTUP_HOME=/opt/rustwide/rustup-home" "-w" "/opt/rustwide/workdir" "-m" "1610612736" "--user" "0:0" "--network" "none" "ghcr.io/rust-lang/crates-build-env/linux@sha256:2788e3201cd34a07e3172128adcd8b3090168a8e3bcc40d7c032b9dda1df7d1c" "/opt/rustwide/cargo-home/bin/cargo" "+nightly-2024-02-05" "metadata" "--no-deps" "--format-version=1", kill_on_drop: false }`
[INFO] [stdout] e9c5da60e22781941db435bb8eeb39672e44b60b1cbcddd38a12d10b6aa0939b
[INFO] running `Command { std: "docker" "start" "-a" "e9c5da60e22781941db435bb8eeb39672e44b60b1cbcddd38a12d10b6aa0939b", kill_on_drop: false }`
[INFO] running `Command { std: "docker" "inspect" "e9c5da60e22781941db435bb8eeb39672e44b60b1cbcddd38a12d10b6aa0939b", kill_on_drop: false }`
[INFO] running `Command { std: "docker" "rm" "-f" "e9c5da60e22781941db435bb8eeb39672e44b60b1cbcddd38a12d10b6aa0939b", kill_on_drop: false }`
[INFO] [stdout] e9c5da60e22781941db435bb8eeb39672e44b60b1cbcddd38a12d10b6aa0939b
[INFO] running `Command { std: "docker" "create" "-v" "/var/lib/crater-agent-workspace/builds/worker-2-tc1/target:/opt/rustwide/target:rw,Z" "-v" "/var/lib/crater-agent-workspace/builds/worker-2-tc1/source:/opt/rustwide/workdir:ro,Z" "-v" "/var/lib/crater-agent-workspace/cargo-home:/opt/rustwide/cargo-home:ro,Z" "-v" "/var/lib/crater-agent-workspace/rustup-home:/opt/rustwide/rustup-home:ro,Z" "-e" "SOURCE_DIR=/opt/rustwide/workdir" "-e" "CARGO_TARGET_DIR=/opt/rustwide/target" "-e" "CARGO_INCREMENTAL=0" "-e" "RUST_BACKTRACE=full" "-e" "RUSTFLAGS=--cap-lints=forbid" "-e" "RUSTDOCFLAGS=--cap-lints=forbid" "-e" "CARGO_HOME=/opt/rustwide/cargo-home" "-e" "RUSTUP_HOME=/opt/rustwide/rustup-home" "-w" "/opt/rustwide/workdir" "-m" "1610612736" "--user" "0:0" "--network" "none" "ghcr.io/rust-lang/crates-build-env/linux@sha256:2788e3201cd34a07e3172128adcd8b3090168a8e3bcc40d7c032b9dda1df7d1c" "/opt/rustwide/cargo-home/bin/cargo" "+nightly-2024-02-05" "check" "--frozen" "--all" "--all-targets" "--message-format=json", kill_on_drop: false }`
[INFO] [stdout] c68bd13a363ac7306b83d30628c656f90dff2906e40b454296b60cb154742c5c
[INFO] running `Command { std: "docker" "start" "-a" "c68bd13a363ac7306b83d30628c656f90dff2906e40b454296b60cb154742c5c", kill_on_drop: false }`
[INFO] [stderr]    Compiling proc-macro2 v1.0.49
[INFO] [stderr]    Compiling syn v1.0.107
[INFO] [stderr]    Compiling xml-rs v0.8.4
[INFO] [stderr]    Compiling cc v1.0.78
[INFO] [stderr]    Compiling memoffset v0.6.5
[INFO] [stderr]    Compiling khronos_api v3.1.0
[INFO] [stderr]     Checking libloading v0.7.4
[INFO] [stderr]    Compiling wayland-sys v0.29.5
[INFO] [stderr]     Checking once_cell v1.17.0
[INFO] [stderr]    Compiling memchr v2.5.0
[INFO] [stderr]    Compiling log v0.4.17
[INFO] [stderr]     Checking miniz_oxide v0.6.2
[INFO] [stderr]    Compiling crossbeam-utils v0.8.14
[INFO] [stderr]    Compiling memoffset v0.7.1
[INFO] [stderr]     Checking scoped-tls v1.0.1
[INFO] [stderr]     Checking downcast-rs v1.2.0
[INFO] [stderr]     Checking getrandom v0.2.8
[INFO] [stderr]    Compiling crossbeam-epoch v0.9.13
[INFO] [stderr]     Checking dlib v0.5.0
[INFO] [stderr]    Compiling servo-fontconfig-sys v5.1.0
[INFO] [stderr]    Compiling slotmap v1.0.6
[INFO] [stderr]     Checking bytemuck v1.12.3
[INFO] [stderr]     Checking num_cpus v1.15.0
[INFO] [stderr]    Compiling num-traits v0.2.15
[INFO] [stderr]    Compiling x11-dl v2.20.1
[INFO] [stderr]     Checking nix v0.24.3
[INFO] [stderr]     Checking nix v0.25.1
[INFO] [stderr]    Compiling crossfont v0.5.1
[INFO] [stderr]    Compiling smithay-client-toolkit v0.16.0
[INFO] [stderr]     Checking nom v7.1.1
[INFO] [stderr]     Checking foreign-types-shared v0.3.1
[INFO] [stderr]     Checking arrayref v0.3.6
[INFO] [stderr]     Checking flate2 v1.0.25
[INFO] [stderr]    Compiling rayon-core v1.10.1
[INFO] [stderr]    Compiling cmake v0.1.49
[INFO] [stderr]    Compiling gl_generator v0.14.0
[INFO] [stdout] error[E0422]: cannot find struct, variant or union type `LineColumn` in crate `proc_macro`
[INFO] [stdout]    --> /opt/rustwide/cargo-home/registry/src/index.crates.io-6f17d22bba15001f/proc-macro2-1.0.49/src/wrapper.rs:479:33
[INFO] [stdout]     |
[INFO] [stdout] 479 |                 let proc_macro::LineColumn { line, column } = s.start();
[INFO] [stdout]     |                                 ^^^^^^^^^^ not found in `proc_macro`
[INFO] [stdout]     |
[INFO] [stdout] help: consider importing one of these items
[INFO] [stdout]     |
[INFO] [stdout] 1   + use crate::LineColumn;
[INFO] [stdout]     |
[INFO] [stdout] 1   + use crate::fallback::LineColumn;
[INFO] [stdout]     |
[INFO] [stdout] help: if you import `LineColumn`, refer to it directly
[INFO] [stdout]     |
[INFO] [stdout] 479 -                 let proc_macro::LineColumn { line, column } = s.start();
[INFO] [stdout] 479 +                 let LineColumn { line, column } = s.start();
[INFO] [stdout]     |
[INFO] [stdout] 
[INFO] [stdout] 
[INFO] [stdout] error[E0422]: cannot find struct, variant or union type `LineColumn` in crate `proc_macro`
[INFO] [stdout]    --> /opt/rustwide/cargo-home/registry/src/index.crates.io-6f17d22bba15001f/proc-macro2-1.0.49/src/wrapper.rs:496:33
[INFO] [stdout]     |
[INFO] [stdout] 496 |                 let proc_macro::LineColumn { line, column } = s.end();
[INFO] [stdout]     |                                 ^^^^^^^^^^ not found in `proc_macro`
[INFO] [stdout]     |
[INFO] [stdout] help: consider importing one of these items
[INFO] [stdout]     |
[INFO] [stdout] 1   + use crate::LineColumn;
[INFO] [stdout]     |
[INFO] [stdout] 1   + use crate::fallback::LineColumn;
[INFO] [stdout]     |
[INFO] [stdout] help: if you import `LineColumn`, refer to it directly
[INFO] [stdout]     |
[INFO] [stdout] 496 -                 let proc_macro::LineColumn { line, column } = s.end();
[INFO] [stdout] 496 +                 let LineColumn { line, column } = s.end();
[INFO] [stdout]     |
[INFO] [stdout] 
[INFO] [stdout] 
[INFO] [stdout] error[E0635]: unknown feature `proc_macro_span_shrink`
[INFO] [stdout]   --> /opt/rustwide/cargo-home/registry/src/index.crates.io-6f17d22bba15001f/proc-macro2-1.0.49/src/lib.rs:92:30
[INFO] [stdout]    |
[INFO] [stdout] 92 |     feature(proc_macro_span, proc_macro_span_shrink)
[INFO] [stdout]    |                              ^^^^^^^^^^^^^^^^^^^^^^
[INFO] [stdout] 
[INFO] [stdout] 
[INFO] [stderr]    Compiling parking_lot_core v0.9.5
[INFO] [stdout] error: aborting due to 3 previous errors
[INFO] [stdout] 
[INFO] [stdout] 
[INFO] [stdout] Some errors have detailed explanations: E0422, E0635.
[INFO] [stdout] 
[INFO] [stdout] For more information about an error, try `rustc --explain E0422`.
[INFO] [stdout] 
[INFO] [stderr] error: could not compile `proc-macro2` (lib) due to 4 previous errors
[INFO] [stderr] warning: build failed, waiting for other jobs to finish...
[INFO] running `Command { std: "docker" "inspect" "c68bd13a363ac7306b83d30628c656f90dff2906e40b454296b60cb154742c5c", kill_on_drop: false }`
[INFO] running `Command { std: "docker" "rm" "-f" "c68bd13a363ac7306b83d30628c656f90dff2906e40b454296b60cb154742c5c", kill_on_drop: false }`
[INFO] [stdout] c68bd13a363ac7306b83d30628c656f90dff2906e40b454296b60cb154742c5c
