[INFO] fetching crate onemfive_daemon 0.0.13...
[INFO] checking onemfive_daemon-0.0.13 against nightly-2024-02-05 for check-cfg
[INFO] extracting crate onemfive_daemon 0.0.13 into /workspace/builds/worker-4-tc1/source
[INFO] validating manifest of crates.io crate onemfive_daemon 0.0.13 on toolchain nightly-2024-02-05
[INFO] running `Command { std: CARGO_HOME="/workspace/cargo-home" RUSTUP_HOME="/workspace/rustup-home" "/workspace/cargo-home/bin/cargo" "+nightly-2024-02-05" "metadata" "--manifest-path" "Cargo.toml" "--no-deps", kill_on_drop: false }`
[INFO] started tweaking crates.io crate onemfive_daemon 0.0.13
[INFO] finished tweaking crates.io crate onemfive_daemon 0.0.13
[INFO] tweaked toml for crates.io crate onemfive_daemon 0.0.13 written to /workspace/builds/worker-4-tc1/source/Cargo.toml
[INFO] crate crates.io crate onemfive_daemon 0.0.13 already has a lockfile, it will not be regenerated
[INFO] running `Command { std: CARGO_HOME="/workspace/cargo-home" RUSTUP_HOME="/workspace/rustup-home" "/workspace/cargo-home/bin/cargo" "+nightly-2024-02-05" "fetch" "--manifest-path" "Cargo.toml", kill_on_drop: false }`
[INFO] [stderr]     Updating crates.io index
[INFO] [stderr]  Downloading crates ...
[INFO] [stderr]   Downloaded devise_codegen v0.2.0
[INFO] [stderr]   Downloaded inotify v0.7.0
[INFO] [stderr]   Downloaded ra_common v0.0.43
[INFO] [stderr]   Downloaded failure v0.1.7
[INFO] [stderr]   Downloaded failure_derive v0.1.7
[INFO] [stderr]   Downloaded proc-macro-hack v0.5.12
[INFO] [stderr]   Downloaded devise v0.2.0
[INFO] [stderr]   Downloaded onemfive_common v0.0.7
[INFO] [stderr]   Downloaded https_client v0.0.6
[INFO] [stderr]   Downloaded filetime v0.2.8
[INFO] [stderr]   Downloaded yansi v0.4.0
[INFO] [stderr]   Downloaded inotify-sys v0.1.3
[INFO] [stderr]   Downloaded state v0.4.1
[INFO] [stderr]   Downloaded cookie v0.11.2
[INFO] [stderr]   Downloaded rocket_codegen v0.4.4
[INFO] [stderr]   Downloaded rocket v0.4.4
[INFO] [stderr]   Downloaded backtrace-sys v0.1.35
[INFO] [stderr]   Downloaded backtrace v0.3.46
[INFO] [stderr]   Downloaded rocket_http v0.4.4
[INFO] [stderr]   Downloaded notify v4.0.15
[INFO] [stderr]   Downloaded rocket_contrib v0.4.4
[INFO] [stderr]   Downloaded pear v0.1.2
[INFO] [stderr]   Downloaded pear_codegen v0.1.2
[INFO] [stderr]   Downloaded seda_bus v0.0.15
[INFO] [stderr]   Downloaded bluetooth_client v0.0.10
[INFO] [stderr]   Downloaded devise_core v0.2.0
[INFO] [stderr]   Downloaded i2p_client v0.0.11
[INFO] [stderr]   Downloaded ra_common v0.0.32
[INFO] [stderr]   Downloaded vpn_client v0.0.7
[INFO] [stderr]   Downloaded tor_client v0.0.8
[INFO] running `Command { std: "docker" "create" "-v" "/var/lib/crater-agent-workspace/builds/worker-4-tc1/target:/opt/rustwide/target:rw,Z" "-v" "/var/lib/crater-agent-workspace/builds/worker-4-tc1/source:/opt/rustwide/workdir:ro,Z" "-v" "/var/lib/crater-agent-workspace/cargo-home:/opt/rustwide/cargo-home:ro,Z" "-v" "/var/lib/crater-agent-workspace/rustup-home:/opt/rustwide/rustup-home:ro,Z" "-e" "SOURCE_DIR=/opt/rustwide/workdir" "-e" "CARGO_TARGET_DIR=/opt/rustwide/target" "-e" "CARGO_HOME=/opt/rustwide/cargo-home" "-e" "RUSTUP_HOME=/opt/rustwide/rustup-home" "-w" "/opt/rustwide/workdir" "-m" "1610612736" "--user" "0:0" "--network" "none" "ghcr.io/rust-lang/crates-build-env/linux@sha256:2788e3201cd34a07e3172128adcd8b3090168a8e3bcc40d7c032b9dda1df7d1c" "/opt/rustwide/cargo-home/bin/cargo" "+nightly-2024-02-05" "metadata" "--no-deps" "--format-version=1", kill_on_drop: false }`
[INFO] [stdout] bdedc3c5346df4350a6a492a092d6c57443047686e0cc2a856514af89df9b65c
[INFO] running `Command { std: "docker" "start" "-a" "bdedc3c5346df4350a6a492a092d6c57443047686e0cc2a856514af89df9b65c", kill_on_drop: false }`
[INFO] running `Command { std: "docker" "inspect" "bdedc3c5346df4350a6a492a092d6c57443047686e0cc2a856514af89df9b65c", kill_on_drop: false }`
[INFO] running `Command { std: "docker" "rm" "-f" "bdedc3c5346df4350a6a492a092d6c57443047686e0cc2a856514af89df9b65c", kill_on_drop: false }`
[INFO] [stdout] bdedc3c5346df4350a6a492a092d6c57443047686e0cc2a856514af89df9b65c
[INFO] running `Command { std: "docker" "create" "-v" "/var/lib/crater-agent-workspace/builds/worker-4-tc1/target:/opt/rustwide/target:rw,Z" "-v" "/var/lib/crater-agent-workspace/builds/worker-4-tc1/source:/opt/rustwide/workdir:ro,Z" "-v" "/var/lib/crater-agent-workspace/cargo-home:/opt/rustwide/cargo-home:ro,Z" "-v" "/var/lib/crater-agent-workspace/rustup-home:/opt/rustwide/rustup-home:ro,Z" "-e" "SOURCE_DIR=/opt/rustwide/workdir" "-e" "CARGO_TARGET_DIR=/opt/rustwide/target" "-e" "CARGO_INCREMENTAL=0" "-e" "RUST_BACKTRACE=full" "-e" "RUSTFLAGS=--cap-lints=forbid" "-e" "RUSTDOCFLAGS=--cap-lints=forbid" "-e" "CARGO_HOME=/opt/rustwide/cargo-home" "-e" "RUSTUP_HOME=/opt/rustwide/rustup-home" "-w" "/opt/rustwide/workdir" "-m" "1610612736" "--user" "0:0" "--network" "none" "ghcr.io/rust-lang/crates-build-env/linux@sha256:2788e3201cd34a07e3172128adcd8b3090168a8e3bcc40d7c032b9dda1df7d1c" "/opt/rustwide/cargo-home/bin/cargo" "+nightly-2024-02-05" "check" "--frozen" "--all" "--all-targets" "--message-format=json", kill_on_drop: false }`
[INFO] [stdout] 0255f272fb461fcd0204111ea2c7e9bd2f369371068e098f355d2e4313513442
[INFO] running `Command { std: "docker" "start" "-a" "0255f272fb461fcd0204111ea2c7e9bd2f369371068e098f355d2e4313513442", kill_on_drop: false }`
[INFO] [stderr]    Compiling libc v0.2.68
[INFO] [stderr]    Compiling log v0.4.8
[INFO] [stderr]    Compiling cc v1.0.50
[INFO] [stderr]    Compiling proc-macro2 v1.0.9
[INFO] [stderr]    Compiling unicode-xid v0.2.0
[INFO] [stderr]    Compiling syn v1.0.16
[INFO] [stderr]    Compiling version_check v0.1.5
[INFO] [stderr]    Compiling memchr v2.3.3
[INFO] [stderr]    Compiling proc-macro2 v0.4.30
[INFO] [stderr]    Compiling unicode-xid v0.1.0
[INFO] [stderr]    Compiling proc-macro-nested v0.1.4
[INFO] [stderr]    Compiling syn v0.15.44
[INFO] [stderr]    Compiling num-traits v0.2.11
[INFO] [stderr]     Checking futures-sink v0.3.4
[INFO] [stderr]     Checking futures-core v0.3.4
[INFO] [stderr]    Compiling serde v1.0.105
[INFO] [stderr]     Checking futures-channel v0.3.4
[INFO] [stderr]    Compiling num-integer v0.1.42
[INFO] [stderr]    Compiling quote v1.0.3
[INFO] [stderr]     Checking time v0.1.42
[INFO] [stderr]    Compiling quote v0.6.13
[INFO] [stderr]     Checking getrandom v0.1.14
[INFO] [stderr]     Checking atty v0.2.14
[INFO] [stderr]     Checking futures-task v0.3.4
[INFO] [stderr]     Checking pin-utils v0.1.0-alpha.4
[INFO] [stderr]     Checking futures-io v0.3.4
[INFO] [stderr]     Checking rand_core v0.5.1
[INFO] [stderr]    Compiling ring v0.13.5
[INFO] [stderr]    Compiling backtrace-sys v0.1.35
[INFO] [stderr]    Compiling unicase v1.4.2
[INFO] [stderr]    Compiling ryu v1.0.3
[INFO] [stderr]     Checking ppv-lite86 v0.2.6
[INFO] [stderr]    Compiling yansi v0.4.0
[INFO] [stderr]     Checking rand_chacha v0.2.2
[INFO] [stderr]    Compiling pear_codegen v0.1.2
[INFO] [stderr]    Compiling matches v0.1.8
[INFO] [stderr]    Compiling smallvec v1.2.0
[INFO] [stderr]    Compiling failure_derive v0.1.7
[INFO] [stderr]    Compiling unicode-normalization v0.1.12
[INFO] [stderr]     Checking chrono v0.4.11
[INFO] [stderr]    Compiling unicode-bidi v0.3.4
[INFO] [stderr]     Checking rand v0.7.3
[INFO] [stderr]     Checking colored v1.9.3
[INFO] [stderr]    Compiling indexmap v1.3.2
[INFO] [stderr]    Compiling cfg-if v0.1.10
[INFO] [stderr]     Checking itoa v0.4.5
[INFO] [stderr]     Checking backtrace v0.3.46
[INFO] [stderr]     Checking simple_logger v1.6.0
[INFO] [stderr]    Compiling idna v0.1.5
[INFO] [stderr]    Compiling byteorder v1.3.4
[INFO] [stderr]    Compiling percent-encoding v1.0.1
[INFO] [stderr]    Compiling version_check v0.9.1
[INFO] [stderr]    Compiling yansi v0.5.0
[INFO] [stderr]    Compiling safemem v0.3.3
[INFO] [stderr]    Compiling url v1.7.2
[INFO] [stderr]    Compiling base64 v0.9.3
[INFO] [stderr]     Checking serde_json v1.0.48
[INFO] [stderr]    Compiling log v0.3.9
[INFO] [stderr]    Compiling bitflags v1.2.1
[INFO] [stderr]    Compiling lazy_static v1.4.0
[INFO] [stderr]    Compiling untrusted v0.6.2
[INFO] [stderr]    Compiling synstructure v0.12.3
[INFO] [stderr]    Compiling devise_core v0.2.0
[INFO] [stdout] error[E0557]: feature has been removed
[INFO] [stdout]  --> /opt/rustwide/cargo-home/registry/src/index.crates.io-6f17d22bba15001f/devise_core-0.2.0/src/lib.rs:2:12
[INFO] [stdout]   |
[INFO] [stdout] 2 | #![feature(crate_visibility_modifier)]
[INFO] [stdout]   |            ^^^^^^^^^^^^^^^^^^^^^^^^^ feature has been removed
[INFO] [stdout]   |
[INFO] [stdout]   = note: removed in favor of `pub(crate)`
[INFO] [stdout] 
[INFO] [stdout] 
[INFO] [stdout] error: expected one of `!` or `::`, found keyword `enum`
[INFO] [stdout]   --> /opt/rustwide/cargo-home/registry/src/index.crates.io-6f17d22bba15001f/devise_core-0.2.0/src/field.rs:52:7
[INFO] [stdout]    |
[INFO] [stdout] 52 | crate enum FieldKind<'p> {
[INFO] [stdout]    |       ^^^^ expected one of `!` or `::`
[INFO] [stdout] 
[INFO] [stdout] 
[INFO] [stdout] error: expected identifier, found keyword `crate`
[INFO] [stdout]   --> /opt/rustwide/cargo-home/registry/src/index.crates.io-6f17d22bba15001f/devise_core-0.2.0/src/generator.rs:69:5
[INFO] [stdout]    |
[INFO] [stdout] 65 | pub struct DeriveGenerator {
[INFO] [stdout]    |            --------------- while parsing this struct
[INFO] [stdout] ...
[INFO] [stdout] 69 |     crate generic_support: GenericSupport,
[INFO] [stdout]    |     ^^^^^ expected identifier, found keyword
[INFO] [stdout] 
[INFO] [stdout] 
[INFO] [stdout] error: expected one of `!` or `::`, found keyword `fn`
[INFO] [stdout]    --> /opt/rustwide/cargo-home/registry/src/index.crates.io-6f17d22bba15001f/devise_core-0.2.0/src/generator.rs:28:15
[INFO] [stdout]     |
[INFO] [stdout] 28  |           crate fn push_default_mappers(&mut self) {
[INFO] [stdout]     |                 ^^ expected one of `!` or `::`
[INFO] [stdout] ...
[INFO] [stdout] 193 | /     mappers! {
[INFO] [stdout] 194 | |         (map_struct, try_map_struct, struct_mapper): Struct, struct_mappers,
[INFO] [stdout] 195 | |         (map_enum, try_map_enum, enum_mapper): Enum, enum_mappers,
[INFO] [stdout] 196 | |         (map_variant, try_map_variant, variant_mapper): Variant, variant_mappers,
[INFO] [stdout] 197 | |         (map_fields, try_map_fields, fields_mapper): Fields, fields_mappers,
[INFO] [stdout] 198 | |         (map_field, try_map_field, field_mapper): Field, field_mappers
[INFO] [stdout] 199 | |     }
[INFO] [stdout]     | |_____- in this macro invocation
[INFO] [stdout]     |
[INFO] [stdout]     = note: this error originates in the macro `mappers` (in Nightly builds, run with -Z macro-backtrace for more info)
[INFO] [stdout] 
[INFO] [stdout] 
[INFO] [stdout] error[E0432]: unresolved imports `field::Field`, `field::Fields`
[INFO] [stdout]  --> /opt/rustwide/cargo-home/registry/src/index.crates.io-6f17d22bba15001f/devise_core-0.2.0/src/generator.rs:8:13
[INFO] [stdout]   |
[INFO] [stdout] 8 | use field::{Field, Fields};
[INFO] [stdout]   |             ^^^^^  ^^^^^^ no `Fields` in `field`
[INFO] [stdout]   |             |
[INFO] [stdout]   |             no `Field` in `field`
[INFO] [stdout]   |
[INFO] [stdout]   = help: consider importing one of these items instead:
[INFO] [stdout]           syn::Expr::Field
[INFO] [stdout]           syn::Field
[INFO] [stdout]   = help: consider importing this enum instead:
[INFO] [stdout]           syn::Fields
[INFO] [stdout] 
[INFO] [stdout] 
[INFO] [stdout] error[E0432]: unresolved imports `field::Field`, `field::FieldParent`, `field::Fields`
[INFO] [stdout]  --> /opt/rustwide/cargo-home/registry/src/index.crates.io-6f17d22bba15001f/devise_core-0.2.0/src/derived.rs:5:13
[INFO] [stdout]   |
[INFO] [stdout] 5 | use field::{Field, FieldParent, Fields};
[INFO] [stdout]   |             ^^^^^  ^^^^^^^^^^^  ^^^^^^ no `Fields` in `field`
[INFO] [stdout]   |             |      |
[INFO] [stdout]   |             |      no `FieldParent` in `field`
[INFO] [stdout]   |             no `Field` in `field`
[INFO] [stdout]   |
[INFO] [stdout]   = help: consider importing one of these items instead:
[INFO] [stdout]           syn::Expr::Field
[INFO] [stdout]           syn::Field
[INFO] [stdout]   = help: consider importing this enum instead:
[INFO] [stdout]           syn::Fields
[INFO] [stdout] 
[INFO] [stdout] 
[INFO] [stderr]    Compiling mime v0.2.6
[INFO] [stdout] error: aborting due to 6 previous errors
[INFO] [stdout] 
[INFO] [stdout] 
[INFO] [stdout] Some errors have detailed explanations: E0432, E0557.
[INFO] [stdout] 
[INFO] [stdout] For more information about an error, try `rustc --explain E0432`.
[INFO] [stdout] 
[INFO] [stderr] error: could not compile `devise_core` (lib) due to 7 previous errors
[INFO] [stderr] warning: build failed, waiting for other jobs to finish...
[INFO] running `Command { std: "docker" "inspect" "0255f272fb461fcd0204111ea2c7e9bd2f369371068e098f355d2e4313513442", kill_on_drop: false }`
[INFO] running `Command { std: "docker" "rm" "-f" "0255f272fb461fcd0204111ea2c7e9bd2f369371068e098f355d2e4313513442", kill_on_drop: false }`
[INFO] [stdout] 0255f272fb461fcd0204111ea2c7e9bd2f369371068e098f355d2e4313513442
[INFO] checking onemfive_daemon-0.0.13 against nightly-2024-02-05+rustflags=-Dunexpected_cfgs+cargoflags=-Zcheck-cfg for check-cfg
[INFO] extracting crate onemfive_daemon 0.0.13 into /workspace/builds/worker-4-tc2/source
[INFO] validating manifest of crates.io crate onemfive_daemon 0.0.13 on toolchain nightly-2024-02-05
[INFO] running `Command { std: CARGO_HOME="/workspace/cargo-home" RUSTUP_HOME="/workspace/rustup-home" "/workspace/cargo-home/bin/cargo" "+nightly-2024-02-05" "metadata" "--manifest-path" "Cargo.toml" "--no-deps", kill_on_drop: false }`
[INFO] started tweaking crates.io crate onemfive_daemon 0.0.13
[INFO] finished tweaking crates.io crate onemfive_daemon 0.0.13
[INFO] tweaked toml for crates.io crate onemfive_daemon 0.0.13 written to /workspace/builds/worker-4-tc2/source/Cargo.toml
[INFO] crate crates.io crate onemfive_daemon 0.0.13 already has a lockfile, it will not be regenerated
[INFO] running `Command { std: CARGO_HOME="/workspace/cargo-home" RUSTUP_HOME="/workspace/rustup-home" "/workspace/cargo-home/bin/cargo" "+nightly-2024-02-05" "fetch" "--manifest-path" "Cargo.toml", kill_on_drop: false }`
[INFO] running `Command { std: "docker" "create" "-v" "/var/lib/crater-agent-workspace/builds/worker-4-tc2/target:/opt/rustwide/target:rw,Z" "-v" "/var/lib/crater-agent-workspace/builds/worker-4-tc2/source:/opt/rustwide/workdir:ro,Z" "-v" "/var/lib/crater-agent-workspace/cargo-home:/opt/rustwide/cargo-home:ro,Z" "-v" "/var/lib/crater-agent-workspace/rustup-home:/opt/rustwide/rustup-home:ro,Z" "-e" "SOURCE_DIR=/opt/rustwide/workdir" "-e" "CARGO_TARGET_DIR=/opt/rustwide/target" "-e" "CARGO_HOME=/opt/rustwide/cargo-home" "-e" "RUSTUP_HOME=/opt/rustwide/rustup-home" "-w" "/opt/rustwide/workdir" "-m" "1610612736" "--user" "0:0" "--network" "none" "ghcr.io/rust-lang/crates-build-env/linux@sha256:2788e3201cd34a07e3172128adcd8b3090168a8e3bcc40d7c032b9dda1df7d1c" "/opt/rustwide/cargo-home/bin/cargo" "+nightly-2024-02-05" "metadata" "--no-deps" "--format-version=1", kill_on_drop: false }`
[INFO] [stdout] ef705dde0e391dbb0784b4bd3d3316b301cd547c66221d0de5afa213dca23209
[INFO] running `Command { std: "docker" "start" "-a" "ef705dde0e391dbb0784b4bd3d3316b301cd547c66221d0de5afa213dca23209", kill_on_drop: false }`
[INFO] running `Command { std: "docker" "inspect" "ef705dde0e391dbb0784b4bd3d3316b301cd547c66221d0de5afa213dca23209", kill_on_drop: false }`
[INFO] running `Command { std: "docker" "rm" "-f" "ef705dde0e391dbb0784b4bd3d3316b301cd547c66221d0de5afa213dca23209", kill_on_drop: false }`
[INFO] [stdout] ef705dde0e391dbb0784b4bd3d3316b301cd547c66221d0de5afa213dca23209
[INFO] running `Command { std: "docker" "create" "-v" "/var/lib/crater-agent-workspace/builds/worker-4-tc2/target:/opt/rustwide/target:rw,Z" "-v" "/var/lib/crater-agent-workspace/builds/worker-4-tc2/source:/opt/rustwide/workdir:ro,Z" "-v" "/var/lib/crater-agent-workspace/cargo-home:/opt/rustwide/cargo-home:ro,Z" "-v" "/var/lib/crater-agent-workspace/rustup-home:/opt/rustwide/rustup-home:ro,Z" "-e" "SOURCE_DIR=/opt/rustwide/workdir" "-e" "CARGO_TARGET_DIR=/opt/rustwide/target" "-e" "CARGO_INCREMENTAL=0" "-e" "RUST_BACKTRACE=full" "-e" "RUSTFLAGS=--cap-lints=forbid -Dunexpected_cfgs" "-e" "RUSTDOCFLAGS=--cap-lints=forbid" "-e" "CARGO_HOME=/opt/rustwide/cargo-home" "-e" "RUSTUP_HOME=/opt/rustwide/rustup-home" "-w" "/opt/rustwide/workdir" "-m" "1610612736" "--user" "0:0" "--network" "none" "ghcr.io/rust-lang/crates-build-env/linux@sha256:2788e3201cd34a07e3172128adcd8b3090168a8e3bcc40d7c032b9dda1df7d1c" "/opt/rustwide/cargo-home/bin/cargo" "+nightly-2024-02-05" "check" "--frozen" "--all" "--all-targets" "--message-format=json" "-Zcheck-cfg", kill_on_drop: false }`
[INFO] [stdout] 274fda5ac5b5565c3c3fd893542d93120a04f308b4891747b31faea00cb4455c
[INFO] running `Command { std: "docker" "start" "-a" "274fda5ac5b5565c3c3fd893542d93120a04f308b4891747b31faea00cb4455c", kill_on_drop: false }`
[INFO] [stderr]    Compiling libc v0.2.68
[INFO] [stderr]    Compiling log v0.4.8
[INFO] [stderr]    Compiling cc v1.0.50
[INFO] [stderr]    Compiling proc-macro2 v1.0.9
[INFO] [stderr]    Compiling unicode-xid v0.2.0
[INFO] [stderr]    Compiling syn v1.0.16
[INFO] [stderr]    Compiling version_check v0.1.5
[INFO] [stderr]    Compiling memchr v2.3.3
[INFO] [stderr]    Compiling proc-macro2 v0.4.30
[INFO] [stderr]    Compiling unicode-xid v0.1.0
[INFO] [stderr]    Compiling syn v0.15.44
[INFO] [stderr]    Compiling proc-macro-nested v0.1.4
[INFO] [stderr]    Compiling num-traits v0.2.11
[INFO] [stderr]    Compiling serde v1.0.105
[INFO] [stderr]     Checking futures-sink v0.3.4
[INFO] [stderr]     Checking futures-core v0.3.4
[INFO] [stderr]     Checking futures-channel v0.3.4
[INFO] [stderr]    Compiling num-integer v0.1.42
[INFO] [stderr]     Checking time v0.1.42
[INFO] [stderr]     Checking atty v0.2.14
[INFO] [stderr]    Compiling quote v1.0.3
[INFO] [stderr]     Checking getrandom v0.1.14
[INFO] [stderr]    Compiling quote v0.6.13
[INFO] [stderr]     Checking futures-io v0.3.4
[INFO] [stderr]     Checking pin-utils v0.1.0-alpha.4
[INFO] [stderr]     Checking futures-task v0.3.4
[INFO] [stderr]    Compiling ring v0.13.5
[INFO] [stderr]    Compiling backtrace-sys v0.1.35
[INFO] [stderr]     Checking rand_core v0.5.1
[INFO] [stderr]    Compiling unicase v1.4.2
[INFO] [stderr]     Checking ppv-lite86 v0.2.6
[INFO] [stderr]    Compiling yansi v0.4.0
[INFO] [stderr]    Compiling ryu v1.0.3
[INFO] [stderr]     Checking rand_chacha v0.2.2
[INFO] [stderr]    Compiling pear_codegen v0.1.2
[INFO] [stderr]    Compiling failure_derive v0.1.7
[INFO] [stderr]    Compiling matches v0.1.8
[INFO] [stderr]    Compiling smallvec v1.2.0
[INFO] [stderr]    Compiling unicode-bidi v0.3.4
[INFO] [stderr]    Compiling unicode-normalization v0.1.12
[INFO] [stderr]     Checking chrono v0.4.11
[INFO] [stderr]     Checking rand v0.7.3
[INFO] [stderr]     Checking colored v1.9.3
[INFO] [stderr]    Compiling indexmap v1.3.2
[INFO] [stderr]    Compiling cfg-if v0.1.10
[INFO] [stderr]     Checking itoa v0.4.5
[INFO] [stderr]     Checking backtrace v0.3.46
[INFO] [stderr]     Checking simple_logger v1.6.0
[INFO] [stderr]    Compiling idna v0.1.5
[INFO] [stderr]    Compiling byteorder v1.3.4
[INFO] [stderr]    Compiling yansi v0.5.0
[INFO] [stderr]    Compiling safemem v0.3.3
[INFO] [stderr]    Compiling percent-encoding v1.0.1
[INFO] [stderr]    Compiling version_check v0.9.1
[INFO] [stderr]    Compiling base64 v0.9.3
[INFO] [stderr]     Checking serde_json v1.0.48
[INFO] [stderr]    Compiling url v1.7.2
[INFO] [stderr]    Compiling log v0.3.9
[INFO] [stderr]    Compiling bitflags v1.2.1
[INFO] [stderr]    Compiling lazy_static v1.4.0
[INFO] [stderr]    Compiling untrusted v0.6.2
[INFO] [stderr]    Compiling mime v0.2.6
[INFO] [stderr]    Compiling num_cpus v1.12.0
[INFO] [stderr]    Compiling synstructure v0.12.3
[INFO] [stderr]    Compiling devise_core v0.2.0
[INFO] [stdout] error[E0557]: feature has been removed
[INFO] [stdout]  --> /opt/rustwide/cargo-home/registry/src/index.crates.io-6f17d22bba15001f/devise_core-0.2.0/src/lib.rs:2:12
[INFO] [stdout]   |
[INFO] [stdout] 2 | #![feature(crate_visibility_modifier)]
[INFO] [stdout]   |            ^^^^^^^^^^^^^^^^^^^^^^^^^ feature has been removed
[INFO] [stdout]   |
[INFO] [stdout]   = note: removed in favor of `pub(crate)`
[INFO] [stdout] 
[INFO] [stdout] 
[INFO] [stdout] error: expected one of `!` or `::`, found keyword `enum`
[INFO] [stdout]   --> /opt/rustwide/cargo-home/registry/src/index.crates.io-6f17d22bba15001f/devise_core-0.2.0/src/field.rs:52:7
[INFO] [stdout]    |
[INFO] [stdout] 52 | crate enum FieldKind<'p> {
[INFO] [stdout]    |       ^^^^ expected one of `!` or `::`
[INFO] [stdout] 
[INFO] [stdout] 
[INFO] [stdout] error: expected identifier, found keyword `crate`
[INFO] [stdout]   --> /opt/rustwide/cargo-home/registry/src/index.crates.io-6f17d22bba15001f/devise_core-0.2.0/src/generator.rs:69:5
[INFO] [stdout]    |
[INFO] [stdout] 65 | pub struct DeriveGenerator {
[INFO] [stdout]    |            --------------- while parsing this struct
[INFO] [stdout] ...
[INFO] [stdout] 69 |     crate generic_support: GenericSupport,
[INFO] [stdout]    |     ^^^^^ expected identifier, found keyword
[INFO] [stdout] 
[INFO] [stdout] 
[INFO] [stdout] error: expected one of `!` or `::`, found keyword `fn`
[INFO] [stdout]    --> /opt/rustwide/cargo-home/registry/src/index.crates.io-6f17d22bba15001f/devise_core-0.2.0/src/generator.rs:28:15
[INFO] [stdout]     |
[INFO] [stdout] 28  |           crate fn push_default_mappers(&mut self) {
[INFO] [stdout]     |                 ^^ expected one of `!` or `::`
[INFO] [stdout] ...
[INFO] [stdout] 193 | /     mappers! {
[INFO] [stdout] 194 | |         (map_struct, try_map_struct, struct_mapper): Struct, struct_mappers,
[INFO] [stdout] 195 | |         (map_enum, try_map_enum, enum_mapper): Enum, enum_mappers,
[INFO] [stdout] 196 | |         (map_variant, try_map_variant, variant_mapper): Variant, variant_mappers,
[INFO] [stdout] 197 | |         (map_fields, try_map_fields, fields_mapper): Fields, fields_mappers,
[INFO] [stdout] 198 | |         (map_field, try_map_field, field_mapper): Field, field_mappers
[INFO] [stdout] 199 | |     }
[INFO] [stdout]     | |_____- in this macro invocation
[INFO] [stdout]     |
[INFO] [stdout]     = note: this error originates in the macro `mappers` (in Nightly builds, run with -Z macro-backtrace for more info)
[INFO] [stdout] 
[INFO] [stdout] 
[INFO] [stderr]    Compiling httparse v1.3.4
[INFO] [stdout] error[E0432]: unresolved imports `field::Field`, `field::Fields`
[INFO] [stdout]  --> /opt/rustwide/cargo-home/registry/src/index.crates.io-6f17d22bba15001f/devise_core-0.2.0/src/generator.rs:8:13
[INFO] [stdout]   |
[INFO] [stdout] 8 | use field::{Field, Fields};
[INFO] [stdout]   |             ^^^^^  ^^^^^^ no `Fields` in `field`
[INFO] [stdout]   |             |
[INFO] [stdout]   |             no `Field` in `field`
[INFO] [stdout]   |
[INFO] [stdout]   = help: consider importing one of these items instead:
[INFO] [stdout]           syn::Expr::Field
[INFO] [stdout]           syn::Field
[INFO] [stdout]   = help: consider importing this enum instead:
[INFO] [stdout]           syn::Fields
[INFO] [stdout] 
[INFO] [stdout] 
[INFO] [stdout] error[E0432]: unresolved imports `field::Field`, `field::FieldParent`, `field::Fields`
[INFO] [stdout]  --> /opt/rustwide/cargo-home/registry/src/index.crates.io-6f17d22bba15001f/devise_core-0.2.0/src/derived.rs:5:13
[INFO] [stdout]   |
[INFO] [stdout] 5 | use field::{Field, FieldParent, Fields};
[INFO] [stdout]   |             ^^^^^  ^^^^^^^^^^^  ^^^^^^ no `Fields` in `field`
[INFO] [stdout]   |             |      |
[INFO] [stdout]   |             |      no `FieldParent` in `field`
[INFO] [stdout]   |             no `Field` in `field`
[INFO] [stdout]   |
[INFO] [stdout]   = help: consider importing one of these items instead:
[INFO] [stdout]           syn::Expr::Field
[INFO] [stdout]           syn::Field
[INFO] [stdout]   = help: consider importing this enum instead:
[INFO] [stdout]           syn::Fields
[INFO] [stdout] 
[INFO] [stdout] 
[INFO] [stdout] error: aborting due to 6 previous errors
[INFO] [stdout] 
[INFO] [stdout] 
[INFO] [stdout] Some errors have detailed explanations: E0432, E0557.
[INFO] [stdout] 
[INFO] [stdout] For more information about an error, try `rustc --explain E0432`.
[INFO] [stdout] 
[INFO] [stderr] error: could not compile `devise_core` (lib) due to 7 previous errors
[INFO] [stderr] warning: build failed, waiting for other jobs to finish...
[INFO] running `Command { std: "docker" "inspect" "274fda5ac5b5565c3c3fd893542d93120a04f308b4891747b31faea00cb4455c", kill_on_drop: false }`
[INFO] running `Command { std: "docker" "rm" "-f" "274fda5ac5b5565c3c3fd893542d93120a04f308b4891747b31faea00cb4455c", kill_on_drop: false }`
[INFO] [stdout] 274fda5ac5b5565c3c3fd893542d93120a04f308b4891747b31faea00cb4455c
