[INFO] fetching crate oml-game 0.37.0-alpha...
[INFO] checking oml-game-0.37.0-alpha against nightly-2024-02-05 for check-cfg
[INFO] extracting crate oml-game 0.37.0-alpha into /workspace/builds/worker-7-tc1/source
[INFO] validating manifest of crates.io crate oml-game 0.37.0-alpha on toolchain nightly-2024-02-05
[INFO] running `Command { std: CARGO_HOME="/workspace/cargo-home" RUSTUP_HOME="/workspace/rustup-home" "/workspace/cargo-home/bin/cargo" "+nightly-2024-02-05" "metadata" "--manifest-path" "Cargo.toml" "--no-deps", kill_on_drop: false }`
[INFO] started tweaking crates.io crate oml-game 0.37.0-alpha
[INFO] finished tweaking crates.io crate oml-game 0.37.0-alpha
[INFO] tweaked toml for crates.io crate oml-game 0.37.0-alpha written to /workspace/builds/worker-7-tc1/source/Cargo.toml
[INFO] running `Command { std: CARGO_HOME="/workspace/cargo-home" RUSTUP_HOME="/workspace/rustup-home" "/workspace/cargo-home/bin/cargo" "+nightly-2024-02-05" "generate-lockfile" "--manifest-path" "Cargo.toml", kill_on_drop: false }`
[INFO] [stderr]     Updating crates.io index
[INFO] running `Command { std: CARGO_HOME="/workspace/cargo-home" RUSTUP_HOME="/workspace/rustup-home" "/workspace/cargo-home/bin/cargo" "+nightly-2024-02-05" "fetch" "--manifest-path" "Cargo.toml", kill_on_drop: false }`
[INFO] [stderr]  Downloading crates ...
[INFO] [stderr]   Downloaded bindgen v0.63.0
[INFO] [stderr]   Downloaded ringbuf v0.2.8
[INFO] [stderr]   Downloaded om-fork-miniaudio v0.12.0
[INFO] [stderr]   Downloaded om-fork-ep-miniaudio-sys v2.6.0
[INFO] [stderr]   Downloaded oml-audio v0.8.6-alpha
[INFO] running `Command { std: "docker" "create" "-v" "/var/lib/crater-agent-workspace/builds/worker-7-tc1/target:/opt/rustwide/target:rw,Z" "-v" "/var/lib/crater-agent-workspace/builds/worker-7-tc1/source:/opt/rustwide/workdir:ro,Z" "-v" "/var/lib/crater-agent-workspace/cargo-home:/opt/rustwide/cargo-home:ro,Z" "-v" "/var/lib/crater-agent-workspace/rustup-home:/opt/rustwide/rustup-home:ro,Z" "-e" "SOURCE_DIR=/opt/rustwide/workdir" "-e" "CARGO_TARGET_DIR=/opt/rustwide/target" "-e" "CARGO_HOME=/opt/rustwide/cargo-home" "-e" "RUSTUP_HOME=/opt/rustwide/rustup-home" "-w" "/opt/rustwide/workdir" "-m" "1610612736" "--user" "0:0" "--network" "none" "ghcr.io/rust-lang/crates-build-env/linux@sha256:2788e3201cd34a07e3172128adcd8b3090168a8e3bcc40d7c032b9dda1df7d1c" "/opt/rustwide/cargo-home/bin/cargo" "+nightly-2024-02-05" "metadata" "--no-deps" "--format-version=1", kill_on_drop: false }`
[INFO] [stdout] 4663045a63bdb2f68b226f0341a3dee980652fda0456c839e801a332e0f0c635
[INFO] running `Command { std: "docker" "start" "-a" "4663045a63bdb2f68b226f0341a3dee980652fda0456c839e801a332e0f0c635", kill_on_drop: false }`
[INFO] running `Command { std: "docker" "inspect" "4663045a63bdb2f68b226f0341a3dee980652fda0456c839e801a332e0f0c635", kill_on_drop: false }`
[INFO] running `Command { std: "docker" "rm" "-f" "4663045a63bdb2f68b226f0341a3dee980652fda0456c839e801a332e0f0c635", kill_on_drop: false }`
[INFO] [stdout] 4663045a63bdb2f68b226f0341a3dee980652fda0456c839e801a332e0f0c635
[INFO] running `Command { std: "docker" "create" "-v" "/var/lib/crater-agent-workspace/builds/worker-7-tc1/target:/opt/rustwide/target:rw,Z" "-v" "/var/lib/crater-agent-workspace/builds/worker-7-tc1/source:/opt/rustwide/workdir:ro,Z" "-v" "/var/lib/crater-agent-workspace/cargo-home:/opt/rustwide/cargo-home:ro,Z" "-v" "/var/lib/crater-agent-workspace/rustup-home:/opt/rustwide/rustup-home:ro,Z" "-e" "SOURCE_DIR=/opt/rustwide/workdir" "-e" "CARGO_TARGET_DIR=/opt/rustwide/target" "-e" "CARGO_INCREMENTAL=0" "-e" "RUST_BACKTRACE=full" "-e" "RUSTFLAGS=--cap-lints=forbid" "-e" "RUSTDOCFLAGS=--cap-lints=forbid" "-e" "CARGO_HOME=/opt/rustwide/cargo-home" "-e" "RUSTUP_HOME=/opt/rustwide/rustup-home" "-w" "/opt/rustwide/workdir" "-m" "1610612736" "--user" "0:0" "--network" "none" "ghcr.io/rust-lang/crates-build-env/linux@sha256:2788e3201cd34a07e3172128adcd8b3090168a8e3bcc40d7c032b9dda1df7d1c" "/opt/rustwide/cargo-home/bin/cargo" "+nightly-2024-02-05" "check" "--frozen" "--all" "--all-targets" "--message-format=json", kill_on_drop: false }`
[INFO] [stdout] 3b20e188371908693a4a7d1f504be5629f62dbbfde2131db96bdddd0b58d7223
[INFO] running `Command { std: "docker" "start" "-a" "3b20e188371908693a4a7d1f504be5629f62dbbfde2131db96bdddd0b58d7223", kill_on_drop: false }`
[INFO] [stderr]     Checking simd-adler32 v0.3.7
[INFO] [stderr]    Compiling khronos_api v3.1.0
[INFO] [stderr]    Compiling wayland-sys v0.29.5
[INFO] [stderr]    Compiling memoffset v0.6.5
[INFO] [stderr]     Checking libloading v0.8.1
[INFO] [stderr]     Checking downcast-rs v1.2.0
[INFO] [stderr]     Checking bytemuck v1.14.1
[INFO] [stderr]    Compiling slotmap v1.0.7
[INFO] [stderr]    Compiling servo-fontconfig-sys v5.1.0
[INFO] [stderr]    Compiling wayland-scanner v0.29.5
[INFO] [stderr]    Compiling cmake v0.1.50
[INFO] [stderr]    Compiling foreign-types-macros v0.2.3
[INFO] [stderr]    Compiling crossfont v0.5.2
[INFO] [stderr]    Compiling smithay-client-toolkit v0.16.1
[INFO] [stderr]    Compiling x11-dl v2.21.0
[INFO] [stderr]     Checking xcursor v0.3.5
[INFO] [stderr]     Checking foreign-types-shared v0.3.1
[INFO] [stderr]     Checking arrayvec v0.5.2
[INFO] [stderr]     Checking dlib v0.5.2
[INFO] [stderr]     Checking miniz_oxide v0.7.2
[INFO] [stderr]     Checking fdeflate v0.3.4
[INFO] [stderr]     Checking rayon v1.8.1
[INFO] [stderr]     Checking safe_arch v0.5.2
[INFO] [stderr]     Checking tiny-skia-path v0.7.0
[INFO] [stderr]     Checking spin v0.9.8
[INFO] [stderr]    Compiling cfg_aliases v0.1.1
[INFO] [stderr]     Checking weezl v0.1.8
[INFO] [stderr]     Checking nix v0.24.3
[INFO] [stderr]     Checking nix v0.25.1
[INFO] [stderr]    Compiling gl_generator v0.14.0
[INFO] [stderr]     Checking cty v0.2.2
[INFO] [stderr]    Compiling oml-audio v0.8.6-alpha
[INFO] [stderr]    Compiling freetype-sys v0.13.1
[INFO] [stderr]    Compiling expat-sys v2.1.6
[INFO] [stderr]     Checking raw-window-handle v0.4.3
[INFO] [stderr]     Checking flume v0.11.0
[INFO] [stderr]     Checking flate2 v1.0.28
[INFO] [stderr]     Checking zune-inflate v0.2.54
[INFO] [stderr]     Checking shared_library v0.1.9
[INFO] [stderr]     Checking mio v0.8.10
[INFO] [stderr]     Checking half v2.3.1
[INFO] [stderr]     Checking instant v0.1.12
[INFO] [stderr]     Checking raw-window-handle v0.5.2
[INFO] [stderr]     Checking color_quant v1.1.0
[INFO] [stderr]     Checking bit_field v0.10.2
[INFO] [stderr]     Checking lebe v0.5.2
[INFO] [stderr]     Checking cache-padded v1.3.0
[INFO] [stderr]     Checking png v0.17.11
[INFO] [stderr]     Checking gif v0.12.0
[INFO] [stderr]     Checking osmesa-sys v0.1.2
[INFO] [stderr]    Compiling backtrace v0.3.69
[INFO] [stderr]     Checking qoi v0.4.1
[INFO] [stderr]     Checking dirs-sys-next v0.1.2
[INFO] [stderr]     Checking libloading v0.7.4
[INFO] [stderr]     Checking ringbuf v0.2.8
[INFO] [stderr]     Checking exr v1.72.0
[INFO] [stderr]     Checking foreign-types v0.5.0
[INFO] [stderr]     Checking crc-catalog v2.4.0
[INFO] [stderr]     Checking unsafe-libyaml v0.2.10
[INFO] [stderr]     Checking chrono v0.4.33
[INFO] [stderr]     Checking crc v3.0.1
[INFO] [stderr]     Checking freetype-rs v0.26.0
[INFO] [stderr]    Compiling glutin_glx_sys v0.1.8
[INFO] [stderr]    Compiling glutin_egl_sys v0.1.6
[INFO] [stderr]     Checking servo-fontconfig v0.5.1
[INFO] [stderr]    Compiling oml-game v0.37.0-alpha (/opt/rustwide/workdir)
[INFO] [stderr]     Checking dirs-next v2.0.0
[INFO] [stderr]    Compiling derive-getters v0.2.1
[INFO] [stderr]    Compiling wayland-client v0.29.5
[INFO] [stderr]    Compiling wayland-protocols v0.29.5
[INFO] [stderr]    Compiling derivative v2.2.0
[INFO] [stderr]     Checking tiny-skia v0.7.0
[INFO] [stderr]     Checking serde_yaml v0.9.31
[INFO] [stderr]     Checking calloop v0.10.6
[INFO] [stderr]     Checking wayland-commons v0.29.5
[INFO] [stderr]     Checking jpeg-decoder v0.3.1
[INFO] [stderr]     Checking tiff v0.9.1
[INFO] [stderr]     Checking image v0.24.8
[INFO] [stderr]     Checking wayland-cursor v0.29.5
[INFO] [stderr]     Checking wayland-egl v0.29.5
[INFO] [stderr]     Checking sctk-adwaita v0.4.3
[INFO] [stderr]     Checking winit v0.27.5
[INFO] [stderr]     Checking glutin v0.29.1
[INFO] [stdout] warning: use of deprecated associated function `renderer::texture_atlas::TextureAtlas::load_all`: please use texture references instead
[INFO] [stdout]    --> src/renderer.rs:226:35
[INFO] [stdout]     |
[INFO] [stdout] 226 | ...                   let cnt = TextureAtlas::load_all(system, self, &name);
[INFO] [stdout]     |                                               ^^^^^^^^
[INFO] [stdout]     |
[INFO] [stdout]     = note: `#[warn(deprecated)]` on by default
[INFO] [stdout] 
[INFO] [stdout] 
[INFO] [stdout] warning: use of deprecated associated function `renderer::texture_atlas::TextureAtlas::load_all`: please use texture references instead
[INFO] [stdout]    --> src/renderer.rs:226:35
[INFO] [stdout]     |
[INFO] [stdout] 226 | ...                   let cnt = TextureAtlas::load_all(system, self, &name);
[INFO] [stdout]     |                                               ^^^^^^^^
[INFO] [stdout]     |
[INFO] [stdout]     = note: `#[warn(deprecated)]` on by default
[INFO] [stdout] 
[INFO] [stdout] 
[INFO] [stdout] warning: unused import: `tracing`
[INFO] [stdout]  --> src/window/window.rs:9:5
[INFO] [stdout]   |
[INFO] [stdout] 9 | use tracing::*;
[INFO] [stdout]   |     ^^^^^^^
[INFO] [stdout]   |
[INFO] [stdout]   = note: `#[warn(unused_imports)]` on by default
[INFO] [stdout] 
[INFO] [stdout] 
[INFO] [stdout] error[E0599]: no function or associated item named `trace_f32` found for struct `DefaultTelemetry` in the current scope
[INFO] [stdout]    --> src/telemetry.rs:440:21
[INFO] [stdout]     |
[INFO] [stdout] 16  | pub struct DefaultTelemetry {}
[INFO] [stdout]     | --------------------------- function or associated item `trace_f32` not found for this struct
[INFO] [stdout] ...
[INFO] [stdout] 440 |         DefaultTelemetry::trace_f32("test_f32", 0.0);
[INFO] [stdout]     |                           ^^^^^^^^^
[INFO] [stdout]     |                           |
[INFO] [stdout]     |                           function or associated item not found in `DefaultTelemetry`
[INFO] [stdout]     |                           help: there is an associated function with a similar name: `trace`
[INFO] [stdout] 
[INFO] [stdout] 
[INFO] [stdout] error[E0599]: no function or associated item named `trace_f32` found for struct `DefaultTelemetry` in the current scope
[INFO] [stdout]    --> src/telemetry.rs:442:21
[INFO] [stdout]     |
[INFO] [stdout] 16  | pub struct DefaultTelemetry {}
[INFO] [stdout]     | --------------------------- function or associated item `trace_f32` not found for this struct
[INFO] [stdout] ...
[INFO] [stdout] 442 |         DefaultTelemetry::trace_f32("test_f32", 1.0);
[INFO] [stdout]     |                           ^^^^^^^^^
[INFO] [stdout]     |                           |
[INFO] [stdout]     |                           function or associated item not found in `DefaultTelemetry`
[INFO] [stdout]     |                           help: there is an associated function with a similar name: `trace`
[INFO] [stdout] 
[INFO] [stdout] 
[INFO] [stdout] error[E0599]: no function or associated item named `trace_f32` found for struct `DefaultTelemetry` in the current scope
[INFO] [stdout]    --> src/telemetry.rs:444:21
[INFO] [stdout]     |
[INFO] [stdout] 16  | pub struct DefaultTelemetry {}
[INFO] [stdout]     | --------------------------- function or associated item `trace_f32` not found for this struct
[INFO] [stdout] ...
[INFO] [stdout] 444 |         DefaultTelemetry::trace_f32("test_f32", 2.0);
[INFO] [stdout]     |                           ^^^^^^^^^
[INFO] [stdout]     |                           |
[INFO] [stdout]     |                           function or associated item not found in `DefaultTelemetry`
[INFO] [stdout]     |                           help: there is an associated function with a similar name: `trace`
[INFO] [stdout] 
[INFO] [stdout] 
[INFO] [stdout] error[E0599]: no function or associated item named `get_f32` found for struct `DefaultTelemetry` in the current scope
[INFO] [stdout]    --> src/telemetry.rs:446:29
[INFO] [stdout]     |
[INFO] [stdout] 16  | pub struct DefaultTelemetry {}
[INFO] [stdout]     | --------------------------- function or associated item `get_f32` not found for this struct
[INFO] [stdout] ...
[INFO] [stdout] 446 |         let t = DefaultTelemetry::get_f32("test_f32");
[INFO] [stdout]     |                                   ^^^^^^^ function or associated item not found in `DefaultTelemetry`
[INFO] [stdout] 
[INFO] [stdout] 
[INFO] [stdout] error[E0599]: no function or associated item named `trace_f32` found for struct `DefaultTelemetry` in the current scope
[INFO] [stdout]    --> src/telemetry.rs:452:22
[INFO] [stdout]     |
[INFO] [stdout] 16  | pub struct DefaultTelemetry {}
[INFO] [stdout]     | --------------------------- function or associated item `trace_f32` not found for this struct
[INFO] [stdout] ...
[INFO] [stdout] 452 |             DefaultTelemetry::trace_f32("test_f32", 99.0);
[INFO] [stdout]     |                               ^^^^^^^^^
[INFO] [stdout]     |                               |
[INFO] [stdout]     |                               function or associated item not found in `DefaultTelemetry`
[INFO] [stdout]     |                               help: there is an associated function with a similar name: `trace`
[INFO] [stdout] 
[INFO] [stdout] 
[INFO] [stdout] error[E0599]: no function or associated item named `get_f32` found for struct `DefaultTelemetry` in the current scope
[INFO] [stdout]    --> src/telemetry.rs:455:29
[INFO] [stdout]     |
[INFO] [stdout] 16  | pub struct DefaultTelemetry {}
[INFO] [stdout]     | --------------------------- function or associated item `get_f32` not found for this struct
[INFO] [stdout] ...
[INFO] [stdout] 455 |         let t = DefaultTelemetry::get_f32("test_f32");
[INFO] [stdout]     |                                   ^^^^^^^ function or associated item not found in `DefaultTelemetry`
[INFO] [stdout] 
[INFO] [stdout] 
[INFO] [stdout] warning: unused import: `tracing`
[INFO] [stdout]  --> src/window/window.rs:9:5
[INFO] [stdout]   |
[INFO] [stdout] 9 | use tracing::*;
[INFO] [stdout]   |     ^^^^^^^
[INFO] [stdout]   |
[INFO] [stdout]   = note: `#[warn(unused_imports)]` on by default
[INFO] [stdout] 
[INFO] [stdout] 
[INFO] [stdout] warning: unused variable: `at`
[INFO] [stdout]    --> src/renderer.rs:789:7
[INFO] [stdout]     |
[INFO] [stdout] 789 |         let at = self
[INFO] [stdout]     |             ^^ help: if this is intentional, prefix it with an underscore: `_at`
[INFO] [stdout]     |
[INFO] [stdout]     = note: `#[warn(unused_variables)]` on by default
[INFO] [stdout] 
[INFO] [stdout] 
[INFO] [stdout] error: aborting due to 6 previous errors; 2 warnings emitted
[INFO] [stdout] 
[INFO] [stdout] 
[INFO] [stdout] For more information about this error, try `rustc --explain E0599`.
[INFO] [stdout] 
[INFO] [stdout] warning: variable does not need to be mutable
[INFO] [stdout]     --> src/renderer.rs:1070:8
[INFO] [stdout]      |
[INFO] [stdout] 1070 |             let mut qs = &mut self.queued_screenshots[i];
[INFO] [stdout]      |                 ----^^
[INFO] [stdout]      |                 |
[INFO] [stdout]      |                 help: remove this `mut`
[INFO] [stdout]      |
[INFO] [stdout]      = note: `#[warn(unused_mut)]` on by default
[INFO] [stdout] 
[INFO] [stdout] 
[INFO] [stderr] error: could not compile `oml-game` (lib test) due to 7 previous errors; 2 warnings emitted
[INFO] [stderr] warning: build failed, waiting for other jobs to finish...
[INFO] [stdout] warning: unused variable: `slowest_frame_ms`
[INFO] [stdout]    --> src/window/window.rs:161:11
[INFO] [stdout]     |
[INFO] [stdout] 161 |         let mut slowest_frame_ms = 0.0;
[INFO] [stdout]     |                 ^^^^^^^^^^^^^^^^ help: if this is intentional, prefix it with an underscore: `_slowest_frame_ms`
[INFO] [stdout] 
[INFO] [stdout] 
[INFO] [stdout] warning: unused variable: `scale`
[INFO] [stdout]    --> src/window/window.rs:234:11
[INFO] [stdout]     |
[INFO] [stdout] 234 |                         let scale = 0.5;
[INFO] [stdout]     |                             ^^^^^ help: if this is intentional, prefix it with an underscore: `_scale`
[INFO] [stdout] 
[INFO] [stdout] 
[INFO] [stdout] warning: value assigned to `next_time` is never read
[INFO] [stdout]    --> src/window/window.rs:440:8
[INFO] [stdout]     |
[INFO] [stdout] 440 | ...                   next_time = next_frame_time;
[INFO] [stdout]     |                       ^^^^^^^^^
[INFO] [stdout]     |
[INFO] [stdout]     = help: maybe it is overwritten before being read?
[INFO] [stdout]     = note: `#[warn(unused_assignments)]` on by default
[INFO] [stdout] 
[INFO] [stdout] 
[INFO] [stdout] warning: unused variable: `event_count`
[INFO] [stdout]    --> src/window/window.rs:165:4
[INFO] [stdout]     |
[INFO] [stdout] 165 |             event_count += 1;
[INFO] [stdout]     |             ^^^^^^^^^^^
[INFO] [stdout]     |
[INFO] [stdout]     = help: did you mean to capture by reference instead?
[INFO] [stdout] 
[INFO] [stdout] 
[INFO] [stdout] warning: unused variable: `slow_frame_count`
[INFO] [stdout]    --> src/window/window.rs:429:10
[INFO] [stdout]     |
[INFO] [stdout] 429 | ...                   slow_frame_count += 1;
[INFO] [stdout]     |                       ^^^^^^^^^^^^^^^^
[INFO] [stdout]     |
[INFO] [stdout]     = help: did you mean to capture by reference instead?
[INFO] [stdout] 
[INFO] [stdout] 
[INFO] [stdout] warning: unused variable: `next_time`
[INFO] [stdout]    --> src/window/window.rs:440:8
[INFO] [stdout]     |
[INFO] [stdout] 440 | ...                   next_time = next_frame_time;
[INFO] [stdout]     |                       ^^^^^^^^^
[INFO] [stdout]     |
[INFO] [stdout]     = help: did you mean to capture by reference instead?
[INFO] [stdout] 
[INFO] [stdout] 
[INFO] [stdout] warning: variable does not need to be mutable
[INFO] [stdout]    --> src/window/window.rs:161:7
[INFO] [stdout]     |
[INFO] [stdout] 161 |         let mut slowest_frame_ms = 0.0;
[INFO] [stdout]     |             ----^^^^^^^^^^^^^^^^
[INFO] [stdout]     |             |
[INFO] [stdout]     |             help: remove this `mut`
[INFO] [stdout] 
[INFO] [stdout] 
[INFO] [stdout] warning: variable does not need to be mutable
[INFO] [stdout]   --> src/window/window_layout.rs:50:7
[INFO] [stdout]    |
[INFO] [stdout] 50 |         let mut window = self
[INFO] [stdout]    |             ----^^^^^^
[INFO] [stdout]    |             |
[INFO] [stdout]    |             help: remove this `mut`
[INFO] [stdout] 
[INFO] [stdout] 
[INFO] [stdout] warning: 12 warnings emitted
[INFO] [stdout] 
[INFO] [stdout] 
[INFO] running `Command { std: "docker" "inspect" "3b20e188371908693a4a7d1f504be5629f62dbbfde2131db96bdddd0b58d7223", kill_on_drop: false }`
[INFO] running `Command { std: "docker" "rm" "-f" "3b20e188371908693a4a7d1f504be5629f62dbbfde2131db96bdddd0b58d7223", kill_on_drop: false }`
[INFO] [stdout] 3b20e188371908693a4a7d1f504be5629f62dbbfde2131db96bdddd0b58d7223
