[INFO] fetching crate oled 0.0.0...
[INFO] checking oled-0.0.0 against nightly-2024-02-05 for check-cfg
[INFO] extracting crate oled 0.0.0 into /workspace/builds/worker-7-tc1/source
[INFO] validating manifest of crates.io crate oled 0.0.0 on toolchain nightly-2024-02-05
[INFO] running `Command { std: CARGO_HOME="/workspace/cargo-home" RUSTUP_HOME="/workspace/rustup-home" "/workspace/cargo-home/bin/cargo" "+nightly-2024-02-05" "metadata" "--manifest-path" "Cargo.toml" "--no-deps", kill_on_drop: false }`
[INFO] started tweaking crates.io crate oled 0.0.0
[INFO] finished tweaking crates.io crate oled 0.0.0
[INFO] tweaked toml for crates.io crate oled 0.0.0 written to /workspace/builds/worker-7-tc1/source/Cargo.toml
[INFO] running `Command { std: CARGO_HOME="/workspace/cargo-home" RUSTUP_HOME="/workspace/rustup-home" "/workspace/cargo-home/bin/cargo" "+nightly-2024-02-05" "generate-lockfile" "--manifest-path" "Cargo.toml", kill_on_drop: false }`
[INFO] [stderr]     Updating crates.io index
[INFO] running `Command { std: CARGO_HOME="/workspace/cargo-home" RUSTUP_HOME="/workspace/rustup-home" "/workspace/cargo-home/bin/cargo" "+nightly-2024-02-05" "fetch" "--manifest-path" "Cargo.toml", kill_on_drop: false }`
[INFO] [stderr]  Downloading crates ...
[INFO] [stderr]   Downloaded embedded-graphics-core v0.4.0
[INFO] running `Command { std: "docker" "create" "-v" "/var/lib/crater-agent-workspace/builds/worker-7-tc1/target:/opt/rustwide/target:rw,Z" "-v" "/var/lib/crater-agent-workspace/builds/worker-7-tc1/source:/opt/rustwide/workdir:ro,Z" "-v" "/var/lib/crater-agent-workspace/cargo-home:/opt/rustwide/cargo-home:ro,Z" "-v" "/var/lib/crater-agent-workspace/rustup-home:/opt/rustwide/rustup-home:ro,Z" "-e" "SOURCE_DIR=/opt/rustwide/workdir" "-e" "CARGO_TARGET_DIR=/opt/rustwide/target" "-e" "CARGO_HOME=/opt/rustwide/cargo-home" "-e" "RUSTUP_HOME=/opt/rustwide/rustup-home" "-w" "/opt/rustwide/workdir" "-m" "1610612736" "--user" "0:0" "--network" "none" "ghcr.io/rust-lang/crates-build-env/linux@sha256:2788e3201cd34a07e3172128adcd8b3090168a8e3bcc40d7c032b9dda1df7d1c" "/opt/rustwide/cargo-home/bin/cargo" "+nightly-2024-02-05" "metadata" "--no-deps" "--format-version=1", kill_on_drop: false }`
[INFO] [stdout] a69ddbf4466218293867c04ec3021de1ea4157e8bacfdbcefc3cdb9761f5b538
[INFO] running `Command { std: "docker" "start" "-a" "a69ddbf4466218293867c04ec3021de1ea4157e8bacfdbcefc3cdb9761f5b538", kill_on_drop: false }`
[INFO] running `Command { std: "docker" "inspect" "a69ddbf4466218293867c04ec3021de1ea4157e8bacfdbcefc3cdb9761f5b538", kill_on_drop: false }`
[INFO] running `Command { std: "docker" "rm" "-f" "a69ddbf4466218293867c04ec3021de1ea4157e8bacfdbcefc3cdb9761f5b538", kill_on_drop: false }`
[INFO] [stdout] a69ddbf4466218293867c04ec3021de1ea4157e8bacfdbcefc3cdb9761f5b538
[INFO] running `Command { std: "docker" "create" "-v" "/var/lib/crater-agent-workspace/builds/worker-7-tc1/target:/opt/rustwide/target:rw,Z" "-v" "/var/lib/crater-agent-workspace/builds/worker-7-tc1/source:/opt/rustwide/workdir:ro,Z" "-v" "/var/lib/crater-agent-workspace/cargo-home:/opt/rustwide/cargo-home:ro,Z" "-v" "/var/lib/crater-agent-workspace/rustup-home:/opt/rustwide/rustup-home:ro,Z" "-e" "SOURCE_DIR=/opt/rustwide/workdir" "-e" "CARGO_TARGET_DIR=/opt/rustwide/target" "-e" "CARGO_INCREMENTAL=0" "-e" "RUST_BACKTRACE=full" "-e" "RUSTFLAGS=--cap-lints=forbid" "-e" "RUSTDOCFLAGS=--cap-lints=forbid" "-e" "CARGO_HOME=/opt/rustwide/cargo-home" "-e" "RUSTUP_HOME=/opt/rustwide/rustup-home" "-w" "/opt/rustwide/workdir" "-m" "1610612736" "--user" "0:0" "--network" "none" "ghcr.io/rust-lang/crates-build-env/linux@sha256:2788e3201cd34a07e3172128adcd8b3090168a8e3bcc40d7c032b9dda1df7d1c" "/opt/rustwide/cargo-home/bin/cargo" "+nightly-2024-02-05" "check" "--frozen" "--all" "--all-targets" "--message-format=json", kill_on_drop: false }`
[INFO] [stdout] 60fb4dc23cefc9f26c3d725e2101e8d114f9fef253c917963dc205b64e034041
[INFO] running `Command { std: "docker" "start" "-a" "60fb4dc23cefc9f26c3d725e2101e8d114f9fef253c917963dc205b64e034041", kill_on_drop: false }`
[INFO] [stderr]    Compiling az v1.2.1
[INFO] [stderr]     Checking nb v1.1.0
[INFO] [stderr]     Checking byteorder v1.5.0
[INFO] [stderr]     Checking void v1.0.2
[INFO] [stderr]     Checking embedded-hal v1.0.0
[INFO] [stderr]     Checking display-interface v0.4.1
[INFO] [stderr]     Checking nb v0.1.3
[INFO] [stderr]     Checking embedded-hal v0.2.7
[INFO] [stderr]     Checking embedded-graphics-core v0.4.0
[INFO] [stderr]     Checking oled v0.0.0 (/opt/rustwide/workdir)
[INFO] [stdout] error[E0432]: unresolved import `embedded_hal_1::delay::DelayUs`
[INFO] [stdout]  --> src/ssd1357.rs:6:22
[INFO] [stdout]   |
[INFO] [stdout] 6 | use embedded_hal_1::{delay::DelayUs, digital::OutputPin};
[INFO] [stdout]   |                      ^^^^^^^-------
[INFO] [stdout]   |                      |      |
[INFO] [stdout]   |                      |      help: a similar name exists in the module: `DelayNs`
[INFO] [stdout]   |                      no `DelayUs` in `delay`
[INFO] [stdout]   |
[INFO] [stdout]   = help: consider importing this trait instead:
[INFO] [stdout]           embedded_hal_02::blocking::delay::DelayUs
[INFO] [stdout] 
[INFO] [stdout] 
[INFO] [stdout] error: aborting due to 1 previous error
[INFO] [stdout] 
[INFO] [stdout] 
[INFO] [stdout] For more information about this error, try `rustc --explain E0432`.
[INFO] [stdout] 
[INFO] [stdout] error[E0432]: unresolved import `embedded_hal_1::delay::DelayUs`
[INFO] [stdout]  --> src/ssd1357.rs:6:22
[INFO] [stdout]   |
[INFO] [stdout] 6 | use embedded_hal_1::{delay::DelayUs, digital::OutputPin};
[INFO] [stdout]   |                      ^^^^^^^-------
[INFO] [stdout]   |                      |      |
[INFO] [stdout]   |                      |      help: a similar name exists in the module: `DelayNs`
[INFO] [stdout]   |                      no `DelayUs` in `delay`
[INFO] [stdout]   |
[INFO] [stdout]   = help: consider importing this trait instead:
[INFO] [stdout]           embedded_hal_02::blocking::delay::DelayUs
[INFO] [stdout] 
[INFO] [stdout] 
[INFO] [stderr] error: could not compile `oled` (lib) due to 2 previous errors
[INFO] [stderr] warning: build failed, waiting for other jobs to finish...
[INFO] [stdout] error: aborting due to 1 previous error
[INFO] [stdout] 
[INFO] [stdout] 
[INFO] [stdout] For more information about this error, try `rustc --explain E0432`.
[INFO] [stdout] 
[INFO] [stderr] error: could not compile `oled` (lib test) due to 2 previous errors
[INFO] running `Command { std: "docker" "inspect" "60fb4dc23cefc9f26c3d725e2101e8d114f9fef253c917963dc205b64e034041", kill_on_drop: false }`
[INFO] running `Command { std: "docker" "rm" "-f" "60fb4dc23cefc9f26c3d725e2101e8d114f9fef253c917963dc205b64e034041", kill_on_drop: false }`
[INFO] [stdout] 60fb4dc23cefc9f26c3d725e2101e8d114f9fef253c917963dc205b64e034041
[INFO] checking oled-0.0.0 against nightly-2024-02-05+rustflags=-Dunexpected_cfgs+cargoflags=-Zcheck-cfg for check-cfg
[INFO] extracting crate oled 0.0.0 into /workspace/builds/worker-7-tc2/source
[INFO] validating manifest of crates.io crate oled 0.0.0 on toolchain nightly-2024-02-05
[INFO] running `Command { std: CARGO_HOME="/workspace/cargo-home" RUSTUP_HOME="/workspace/rustup-home" "/workspace/cargo-home/bin/cargo" "+nightly-2024-02-05" "metadata" "--manifest-path" "Cargo.toml" "--no-deps", kill_on_drop: false }`
[INFO] started tweaking crates.io crate oled 0.0.0
[INFO] finished tweaking crates.io crate oled 0.0.0
[INFO] tweaked toml for crates.io crate oled 0.0.0 written to /workspace/builds/worker-7-tc2/source/Cargo.toml
[INFO] running `Command { std: CARGO_HOME="/workspace/cargo-home" RUSTUP_HOME="/workspace/rustup-home" "/workspace/cargo-home/bin/cargo" "+nightly-2024-02-05" "generate-lockfile" "--manifest-path" "Cargo.toml", kill_on_drop: false }`
[INFO] [stderr]     Updating crates.io index
[INFO] running `Command { std: CARGO_HOME="/workspace/cargo-home" RUSTUP_HOME="/workspace/rustup-home" "/workspace/cargo-home/bin/cargo" "+nightly-2024-02-05" "fetch" "--manifest-path" "Cargo.toml", kill_on_drop: false }`
[INFO] running `Command { std: "docker" "create" "-v" "/var/lib/crater-agent-workspace/builds/worker-7-tc2/target:/opt/rustwide/target:rw,Z" "-v" "/var/lib/crater-agent-workspace/builds/worker-7-tc2/source:/opt/rustwide/workdir:ro,Z" "-v" "/var/lib/crater-agent-workspace/cargo-home:/opt/rustwide/cargo-home:ro,Z" "-v" "/var/lib/crater-agent-workspace/rustup-home:/opt/rustwide/rustup-home:ro,Z" "-e" "SOURCE_DIR=/opt/rustwide/workdir" "-e" "CARGO_TARGET_DIR=/opt/rustwide/target" "-e" "CARGO_HOME=/opt/rustwide/cargo-home" "-e" "RUSTUP_HOME=/opt/rustwide/rustup-home" "-w" "/opt/rustwide/workdir" "-m" "1610612736" "--user" "0:0" "--network" "none" "ghcr.io/rust-lang/crates-build-env/linux@sha256:2788e3201cd34a07e3172128adcd8b3090168a8e3bcc40d7c032b9dda1df7d1c" "/opt/rustwide/cargo-home/bin/cargo" "+nightly-2024-02-05" "metadata" "--no-deps" "--format-version=1", kill_on_drop: false }`
[INFO] [stdout] 86aa35e23a7faa34462347f1f59350ddf7c0de8dd8c192ea755e7ca8e34f9fb3
[INFO] running `Command { std: "docker" "start" "-a" "86aa35e23a7faa34462347f1f59350ddf7c0de8dd8c192ea755e7ca8e34f9fb3", kill_on_drop: false }`
[INFO] running `Command { std: "docker" "inspect" "86aa35e23a7faa34462347f1f59350ddf7c0de8dd8c192ea755e7ca8e34f9fb3", kill_on_drop: false }`
[INFO] running `Command { std: "docker" "rm" "-f" "86aa35e23a7faa34462347f1f59350ddf7c0de8dd8c192ea755e7ca8e34f9fb3", kill_on_drop: false }`
[INFO] [stdout] 86aa35e23a7faa34462347f1f59350ddf7c0de8dd8c192ea755e7ca8e34f9fb3
[INFO] running `Command { std: "docker" "create" "-v" "/var/lib/crater-agent-workspace/builds/worker-7-tc2/target:/opt/rustwide/target:rw,Z" "-v" "/var/lib/crater-agent-workspace/builds/worker-7-tc2/source:/opt/rustwide/workdir:ro,Z" "-v" "/var/lib/crater-agent-workspace/cargo-home:/opt/rustwide/cargo-home:ro,Z" "-v" "/var/lib/crater-agent-workspace/rustup-home:/opt/rustwide/rustup-home:ro,Z" "-e" "SOURCE_DIR=/opt/rustwide/workdir" "-e" "CARGO_TARGET_DIR=/opt/rustwide/target" "-e" "CARGO_INCREMENTAL=0" "-e" "RUST_BACKTRACE=full" "-e" "RUSTFLAGS=--cap-lints=forbid -Dunexpected_cfgs" "-e" "RUSTDOCFLAGS=--cap-lints=forbid" "-e" "CARGO_HOME=/opt/rustwide/cargo-home" "-e" "RUSTUP_HOME=/opt/rustwide/rustup-home" "-w" "/opt/rustwide/workdir" "-m" "1610612736" "--user" "0:0" "--network" "none" "ghcr.io/rust-lang/crates-build-env/linux@sha256:2788e3201cd34a07e3172128adcd8b3090168a8e3bcc40d7c032b9dda1df7d1c" "/opt/rustwide/cargo-home/bin/cargo" "+nightly-2024-02-05" "check" "--frozen" "--all" "--all-targets" "--message-format=json" "-Zcheck-cfg", kill_on_drop: false }`
[INFO] [stdout] ab2070be1cf05ca77113021206894805b5e256f26b6e308fa9a9048991614d8a
[INFO] running `Command { std: "docker" "start" "-a" "ab2070be1cf05ca77113021206894805b5e256f26b6e308fa9a9048991614d8a", kill_on_drop: false }`
[INFO] [stderr]    Compiling az v1.2.1
[INFO] [stderr]     Checking nb v1.1.0
[INFO] [stderr]     Checking void v1.0.2
[INFO] [stderr]     Checking byteorder v1.5.0
[INFO] [stderr]     Checking display-interface v0.4.1
[INFO] [stderr]     Checking embedded-hal v1.0.0
[INFO] [stderr]     Checking nb v0.1.3
[INFO] [stderr]     Checking embedded-hal v0.2.7
[INFO] [stderr]     Checking embedded-graphics-core v0.4.0
[INFO] [stderr]     Checking oled v0.0.0 (/opt/rustwide/workdir)
[INFO] [stdout] error[E0432]: unresolved import `embedded_hal_1::delay::DelayUs`
[INFO] [stdout]  --> src/ssd1357.rs:6:22
[INFO] [stdout]   |
[INFO] [stdout] 6 | use embedded_hal_1::{delay::DelayUs, digital::OutputPin};
[INFO] [stdout]   |                      ^^^^^^^-------
[INFO] [stdout]   |                      |      |
[INFO] [stdout]   |                      |      help: a similar name exists in the module: `DelayNs`
[INFO] [stdout]   |                      no `DelayUs` in `delay`
[INFO] [stdout]   |
[INFO] [stdout]   = help: consider importing this trait instead:
[INFO] [stdout]           embedded_hal_02::blocking::delay::DelayUs
[INFO] [stdout] 
[INFO] [stdout] 
[INFO] [stdout] error[E0432]: unresolved import `embedded_hal_1::delay::DelayUs`
[INFO] [stdout]  --> src/ssd1357.rs:6:22
[INFO] [stdout]   |
[INFO] [stdout] 6 | use embedded_hal_1::{delay::DelayUs, digital::OutputPin};
[INFO] [stdout]   |                      ^^^^^^^-------
[INFO] [stdout]   |                      |      |
[INFO] [stdout]   |                      |      help: a similar name exists in the module: `DelayNs`
[INFO] [stdout]   |                      no `DelayUs` in `delay`
[INFO] [stdout]   |
[INFO] [stdout]   = help: consider importing this trait instead:
[INFO] [stdout]           embedded_hal_02::blocking::delay::DelayUs
[INFO] [stdout] 
[INFO] [stdout] 
[INFO] [stdout] error: aborting due to 1 previous error
[INFO] [stdout] 
[INFO] [stdout] 
[INFO] [stdout] For more information about this error, try `rustc --explain E0432`.
[INFO] [stdout] 
[INFO] [stdout] error: aborting due to 1 previous error
[INFO] [stdout] 
[INFO] [stdout] 
[INFO] [stdout] For more information about this error, try `rustc --explain E0432`.
[INFO] [stdout] 
[INFO] [stderr] error: could not compile `oled` (lib) due to 2 previous errors
[INFO] [stderr] warning: build failed, waiting for other jobs to finish...
[INFO] [stderr] error: could not compile `oled` (lib test) due to 2 previous errors
[INFO] running `Command { std: "docker" "inspect" "ab2070be1cf05ca77113021206894805b5e256f26b6e308fa9a9048991614d8a", kill_on_drop: false }`
[INFO] running `Command { std: "docker" "rm" "-f" "ab2070be1cf05ca77113021206894805b5e256f26b6e308fa9a9048991614d8a", kill_on_drop: false }`
[INFO] [stdout] ab2070be1cf05ca77113021206894805b5e256f26b6e308fa9a9048991614d8a
