[INFO] fetching crate oil_shared 0.1.0...
[INFO] checking oil_shared-0.1.0 against nightly-2024-02-05 for check-cfg
[INFO] extracting crate oil_shared 0.1.0 into /workspace/builds/worker-2-tc1/source
[INFO] validating manifest of crates.io crate oil_shared 0.1.0 on toolchain nightly-2024-02-05
[INFO] running `Command { std: CARGO_HOME="/workspace/cargo-home" RUSTUP_HOME="/workspace/rustup-home" "/workspace/cargo-home/bin/cargo" "+nightly-2024-02-05" "metadata" "--manifest-path" "Cargo.toml" "--no-deps", kill_on_drop: false }`
[INFO] started tweaking crates.io crate oil_shared 0.1.0
[INFO] finished tweaking crates.io crate oil_shared 0.1.0
[INFO] tweaked toml for crates.io crate oil_shared 0.1.0 written to /workspace/builds/worker-2-tc1/source/Cargo.toml
[INFO] running `Command { std: CARGO_HOME="/workspace/cargo-home" RUSTUP_HOME="/workspace/rustup-home" "/workspace/cargo-home/bin/cargo" "+nightly-2024-02-05" "generate-lockfile" "--manifest-path" "Cargo.toml", kill_on_drop: false }`
[INFO] [stderr]     Updating crates.io index
[INFO] running `Command { std: CARGO_HOME="/workspace/cargo-home" RUSTUP_HOME="/workspace/rustup-home" "/workspace/cargo-home/bin/cargo" "+nightly-2024-02-05" "fetch" "--manifest-path" "Cargo.toml", kill_on_drop: false }`
[INFO] running `Command { std: "docker" "create" "-v" "/var/lib/crater-agent-workspace/builds/worker-2-tc1/target:/opt/rustwide/target:rw,Z" "-v" "/var/lib/crater-agent-workspace/builds/worker-2-tc1/source:/opt/rustwide/workdir:ro,Z" "-v" "/var/lib/crater-agent-workspace/cargo-home:/opt/rustwide/cargo-home:ro,Z" "-v" "/var/lib/crater-agent-workspace/rustup-home:/opt/rustwide/rustup-home:ro,Z" "-e" "SOURCE_DIR=/opt/rustwide/workdir" "-e" "CARGO_TARGET_DIR=/opt/rustwide/target" "-e" "CARGO_HOME=/opt/rustwide/cargo-home" "-e" "RUSTUP_HOME=/opt/rustwide/rustup-home" "-w" "/opt/rustwide/workdir" "-m" "1610612736" "--user" "0:0" "--network" "none" "ghcr.io/rust-lang/crates-build-env/linux@sha256:2788e3201cd34a07e3172128adcd8b3090168a8e3bcc40d7c032b9dda1df7d1c" "/opt/rustwide/cargo-home/bin/cargo" "+nightly-2024-02-05" "metadata" "--no-deps" "--format-version=1", kill_on_drop: false }`
[INFO] [stdout] 2e85fdcd698b9524956cc53ca9c7316f08a745b3aea862d1efa05f80dc84ad98
[INFO] running `Command { std: "docker" "start" "-a" "2e85fdcd698b9524956cc53ca9c7316f08a745b3aea862d1efa05f80dc84ad98", kill_on_drop: false }`
[INFO] running `Command { std: "docker" "inspect" "2e85fdcd698b9524956cc53ca9c7316f08a745b3aea862d1efa05f80dc84ad98", kill_on_drop: false }`
[INFO] running `Command { std: "docker" "rm" "-f" "2e85fdcd698b9524956cc53ca9c7316f08a745b3aea862d1efa05f80dc84ad98", kill_on_drop: false }`
[INFO] [stdout] 2e85fdcd698b9524956cc53ca9c7316f08a745b3aea862d1efa05f80dc84ad98
[INFO] running `Command { std: "docker" "create" "-v" "/var/lib/crater-agent-workspace/builds/worker-2-tc1/target:/opt/rustwide/target:rw,Z" "-v" "/var/lib/crater-agent-workspace/builds/worker-2-tc1/source:/opt/rustwide/workdir:ro,Z" "-v" "/var/lib/crater-agent-workspace/cargo-home:/opt/rustwide/cargo-home:ro,Z" "-v" "/var/lib/crater-agent-workspace/rustup-home:/opt/rustwide/rustup-home:ro,Z" "-e" "SOURCE_DIR=/opt/rustwide/workdir" "-e" "CARGO_TARGET_DIR=/opt/rustwide/target" "-e" "CARGO_INCREMENTAL=0" "-e" "RUST_BACKTRACE=full" "-e" "RUSTFLAGS=--cap-lints=forbid" "-e" "RUSTDOCFLAGS=--cap-lints=forbid" "-e" "CARGO_HOME=/opt/rustwide/cargo-home" "-e" "RUSTUP_HOME=/opt/rustwide/rustup-home" "-w" "/opt/rustwide/workdir" "-m" "1610612736" "--user" "0:0" "--network" "none" "ghcr.io/rust-lang/crates-build-env/linux@sha256:2788e3201cd34a07e3172128adcd8b3090168a8e3bcc40d7c032b9dda1df7d1c" "/opt/rustwide/cargo-home/bin/cargo" "+nightly-2024-02-05" "check" "--frozen" "--all" "--all-targets" "--message-format=json", kill_on_drop: false }`
[INFO] [stdout] 49e4d13676f4f188ebf3ec2b644ec178b75e21c17e306c877d53dc4185118dce
[INFO] running `Command { std: "docker" "start" "-a" "49e4d13676f4f188ebf3ec2b644ec178b75e21c17e306c877d53dc4185118dce", kill_on_drop: false }`
[INFO] [stderr]    Compiling rand_core v0.6.4
[INFO] [stderr]    Compiling siphasher v0.3.11
[INFO] [stderr]    Compiling rand v0.8.5
[INFO] [stderr]     Checking phf_shared v0.11.2
[INFO] [stderr]     Checking phf v0.11.2
[INFO] [stderr]    Compiling phf_generator v0.11.2
[INFO] [stderr]    Compiling phf_macros v0.11.2
[INFO] [stderr]     Checking oil_shared v0.1.0 (/opt/rustwide/workdir)
[INFO] [stdout] error[E0557]: feature has been removed
[INFO] [stdout]  --> src/lib.rs:1:12
[INFO] [stdout]   |
[INFO] [stdout] 1 | #![feature(plugin)]
[INFO] [stdout]   |            ^^^^^^ feature has been removed
[INFO] [stdout]   |
[INFO] [stdout]   = note: plugins are no longer supported
[INFO] [stdout] 
[INFO] [stdout] 
[INFO] [stdout] error[E0557]: feature has been removed
[INFO] [stdout]  --> src/lib.rs:1:12
[INFO] [stdout]   |
[INFO] [stdout] 1 | #![feature(plugin)]
[INFO] [stdout]   |            ^^^^^^ feature has been removed
[INFO] [stdout]   |
[INFO] [stdout]   = note: plugins are no longer supported
[INFO] [stdout] 
[INFO] [stdout] 
[INFO] [stdout] error: cannot find attribute `plugin` in this scope
[INFO] [stdout]  --> src/lib.rs:2:4
[INFO] [stdout]   |
[INFO] [stdout] 2 | #![plugin(phf_macros)]
[INFO] [stdout]   |    ^^^^^^
[INFO] [stdout] 
[INFO] [stdout] 
[INFO] [stdout] error: cannot find attribute `plugin` in this scope
[INFO] [stdout]  --> src/lib.rs:2:4
[INFO] [stdout]   |
[INFO] [stdout] 2 | #![plugin(phf_macros)]
[INFO] [stdout]   |    ^^^^^^
[INFO] [stdout] 
[INFO] [stdout] 
[INFO] [stdout] error: cannot find macro `phf_map` in this scope
[INFO] [stdout]   --> src/properties.rs:48:69
[INFO] [stdout]    |
[INFO] [stdout] 48 | pub static STYLE_PROPERTIES: phf::Map<&'static str, PropertyName> = phf_map! {
[INFO] [stdout]    |                                                                     ^^^^^^^
[INFO] [stdout] 
[INFO] [stdout] 
[INFO] [stdout] warning: use of deprecated macro `try`: use the `?` operator instead
[INFO] [stdout]   --> src/asset.rs:26:9
[INFO] [stdout]    |
[INFO] [stdout] 26 |         try!(write!(f, "ImageData {{ "));
[INFO] [stdout]    |         ^^^
[INFO] [stdout]    |
[INFO] [stdout]    = note: `#[warn(deprecated)]` on by default
[INFO] [stdout] 
[INFO] [stdout] 
[INFO] [stdout] warning: use of deprecated macro `try`: use the `?` operator instead
[INFO] [stdout]   --> src/asset.rs:28:9
[INFO] [stdout]    |
[INFO] [stdout] 28 |         try!(write!(f, "offset_x {:?}, ", self.offset_x));
[INFO] [stdout]    |         ^^^
[INFO] [stdout] 
[INFO] [stdout] 
[INFO] [stdout] warning: use of deprecated macro `try`: use the `?` operator instead
[INFO] [stdout]   --> src/asset.rs:29:9
[INFO] [stdout]    |
[INFO] [stdout] 29 |         try!(write!(f, "offset_y {:?}, ", self.offset_y));
[INFO] [stdout]    |         ^^^
[INFO] [stdout] 
[INFO] [stdout] 
[INFO] [stdout] warning: use of deprecated macro `try`: use the `?` operator instead
[INFO] [stdout]   --> src/asset.rs:30:9
[INFO] [stdout]    |
[INFO] [stdout] 30 |         try!(write!(f, "width {:?}, ", self.width));
[INFO] [stdout]    |         ^^^
[INFO] [stdout] 
[INFO] [stdout] 
[INFO] [stdout] warning: use of deprecated macro `try`: use the `?` operator instead
[INFO] [stdout]   --> src/asset.rs:31:9
[INFO] [stdout]    |
[INFO] [stdout] 31 |         try!(write!(f, "height {:?} ", self.height));
[INFO] [stdout]    |         ^^^
[INFO] [stdout] 
[INFO] [stdout] 
[INFO] [stdout] error: cannot find macro `phf_map` in this scope
[INFO] [stdout]   --> src/properties.rs:48:69
[INFO] [stdout]    |
[INFO] [stdout] 48 | pub static STYLE_PROPERTIES: phf::Map<&'static str, PropertyName> = phf_map! {
[INFO] [stdout]    |                                                                     ^^^^^^^
[INFO] [stdout] 
[INFO] [stdout] 
[INFO] [stdout] warning: use of deprecated macro `try`: use the `?` operator instead
[INFO] [stdout]   --> src/asset.rs:26:9
[INFO] [stdout]    |
[INFO] [stdout] 26 |         try!(write!(f, "ImageData {{ "));
[INFO] [stdout]    |         ^^^
[INFO] [stdout]    |
[INFO] [stdout]    = note: `#[warn(deprecated)]` on by default
[INFO] [stdout] 
[INFO] [stdout] 
[INFO] [stdout] warning: use of deprecated macro `try`: use the `?` operator instead
[INFO] [stdout]   --> src/asset.rs:28:9
[INFO] [stdout]    |
[INFO] [stdout] 28 |         try!(write!(f, "offset_x {:?}, ", self.offset_x));
[INFO] [stdout]    |         ^^^
[INFO] [stdout] 
[INFO] [stdout] 
[INFO] [stdout] warning: use of deprecated macro `try`: use the `?` operator instead
[INFO] [stdout]   --> src/asset.rs:29:9
[INFO] [stdout]    |
[INFO] [stdout] 29 |         try!(write!(f, "offset_y {:?}, ", self.offset_y));
[INFO] [stdout]    |         ^^^
[INFO] [stdout] 
[INFO] [stdout] 
[INFO] [stdout] warning: use of deprecated macro `try`: use the `?` operator instead
[INFO] [stdout]   --> src/asset.rs:30:9
[INFO] [stdout]    |
[INFO] [stdout] 30 |         try!(write!(f, "width {:?}, ", self.width));
[INFO] [stdout]    |         ^^^
[INFO] [stdout] 
[INFO] [stdout] 
[INFO] [stdout] warning: use of deprecated macro `try`: use the `?` operator instead
[INFO] [stdout]   --> src/asset.rs:31:9
[INFO] [stdout]    |
[INFO] [stdout] 31 |         try!(write!(f, "height {:?} ", self.height));
[INFO] [stdout]    |         ^^^
[INFO] [stdout] 
[INFO] [stdout] 
[INFO] [stdout] error[E0599]: the method `clone` exists for struct `Vec<Node>`, but its trait bounds were not satisfied
[INFO] [stdout]   --> src/markup.rs:68:38
[INFO] [stdout]    |
[INFO] [stdout] 19 | pub struct Node {
[INFO] [stdout]    | --------------- doesn't satisfy `Node: Clone`
[INFO] [stdout] ...
[INFO] [stdout] 68 |             children: other.children.clone(),
[INFO] [stdout]    |                                      ^^^^^ method cannot be called on `Vec<Node>` due to unsatisfied trait bounds
[INFO] [stdout]    |
[INFO] [stdout]    = note: the following trait bounds were not satisfied:
[INFO] [stdout]            `Node: Clone`
[INFO] [stdout]            which is required by `Vec<Node>: Clone`
[INFO] [stdout] help: consider annotating `Node` with `#[derive(Clone)]`
[INFO] [stdout]    |
[INFO] [stdout] 19 + #[derive(Clone)]
[INFO] [stdout] 20 | pub struct Node {
[INFO] [stdout]    |
[INFO] [stdout] 
[INFO] [stdout] 
[INFO] [stdout] error[E0599]: the method `clone` exists for struct `Vec<Node>`, but its trait bounds were not satisfied
[INFO] [stdout]   --> src/markup.rs:68:38
[INFO] [stdout]    |
[INFO] [stdout] 19 | pub struct Node {
[INFO] [stdout]    | --------------- doesn't satisfy `Node: Clone`
[INFO] [stdout] ...
[INFO] [stdout] 68 |             children: other.children.clone(),
[INFO] [stdout]    |                                      ^^^^^ method cannot be called on `Vec<Node>` due to unsatisfied trait bounds
[INFO] [stdout]    |
[INFO] [stdout]    = note: the following trait bounds were not satisfied:
[INFO] [stdout]            `Node: Clone`
[INFO] [stdout]            which is required by `Vec<Node>: Clone`
[INFO] [stdout] help: consider annotating `Node` with `#[derive(Clone)]`
[INFO] [stdout]    |
[INFO] [stdout] 19 + #[derive(Clone)]
[INFO] [stdout] 20 | pub struct Node {
[INFO] [stdout]    |
[INFO] [stdout] 
[INFO] [stdout] 
[INFO] [stdout] error: aborting due to 4 previous errors; 5 warnings emitted
[INFO] [stdout] 
[INFO] [stdout] 
[INFO] [stdout] Some errors have detailed explanations: E0557, E0599.
[INFO] [stdout] 
[INFO] [stdout] For more information about an error, try `rustc --explain E0557`.
[INFO] [stdout] 
[INFO] [stdout] error: aborting due to 4 previous errors; 5 warnings emitted
[INFO] [stdout] 
[INFO] [stdout] 
[INFO] [stdout] Some errors have detailed explanations: E0557, E0599.
[INFO] [stdout] 
[INFO] [stdout] For more information about an error, try `rustc --explain E0557`.
[INFO] [stdout] 
[INFO] [stderr] error: could not compile `oil_shared` (lib) due to 5 previous errors; 5 warnings emitted
[INFO] [stderr] warning: build failed, waiting for other jobs to finish...
[INFO] [stderr] error: could not compile `oil_shared` (lib test) due to 5 previous errors; 5 warnings emitted
[INFO] running `Command { std: "docker" "inspect" "49e4d13676f4f188ebf3ec2b644ec178b75e21c17e306c877d53dc4185118dce", kill_on_drop: false }`
[INFO] running `Command { std: "docker" "rm" "-f" "49e4d13676f4f188ebf3ec2b644ec178b75e21c17e306c877d53dc4185118dce", kill_on_drop: false }`
[INFO] [stdout] 49e4d13676f4f188ebf3ec2b644ec178b75e21c17e306c877d53dc4185118dce
