[INFO] fetching crate oauth1-request-derive 0.5.0...
[INFO] checking oauth1-request-derive-0.5.0 against nightly-2024-02-05 for check-cfg
[INFO] extracting crate oauth1-request-derive 0.5.0 into /workspace/builds/worker-6-tc1/source
[INFO] validating manifest of crates.io crate oauth1-request-derive 0.5.0 on toolchain nightly-2024-02-05
[INFO] running `Command { std: CARGO_HOME="/workspace/cargo-home" RUSTUP_HOME="/workspace/rustup-home" "/workspace/cargo-home/bin/cargo" "+nightly-2024-02-05" "metadata" "--manifest-path" "Cargo.toml" "--no-deps", kill_on_drop: false }`
[INFO] started tweaking crates.io crate oauth1-request-derive 0.5.0
[INFO] finished tweaking crates.io crate oauth1-request-derive 0.5.0
[INFO] tweaked toml for crates.io crate oauth1-request-derive 0.5.0 written to /workspace/builds/worker-6-tc1/source/Cargo.toml
[INFO] running `Command { std: CARGO_HOME="/workspace/cargo-home" RUSTUP_HOME="/workspace/rustup-home" "/workspace/cargo-home/bin/cargo" "+nightly-2024-02-05" "generate-lockfile" "--manifest-path" "Cargo.toml", kill_on_drop: false }`
[INFO] [stderr]     Updating crates.io index
[INFO] running `Command { std: CARGO_HOME="/workspace/cargo-home" RUSTUP_HOME="/workspace/rustup-home" "/workspace/cargo-home/bin/cargo" "+nightly-2024-02-05" "fetch" "--manifest-path" "Cargo.toml", kill_on_drop: false }`
[INFO] running `Command { std: "docker" "create" "-v" "/var/lib/crater-agent-workspace/builds/worker-6-tc1/target:/opt/rustwide/target:rw,Z" "-v" "/var/lib/crater-agent-workspace/builds/worker-6-tc1/source:/opt/rustwide/workdir:ro,Z" "-v" "/var/lib/crater-agent-workspace/cargo-home:/opt/rustwide/cargo-home:ro,Z" "-v" "/var/lib/crater-agent-workspace/rustup-home:/opt/rustwide/rustup-home:ro,Z" "-e" "SOURCE_DIR=/opt/rustwide/workdir" "-e" "CARGO_TARGET_DIR=/opt/rustwide/target" "-e" "CARGO_HOME=/opt/rustwide/cargo-home" "-e" "RUSTUP_HOME=/opt/rustwide/rustup-home" "-w" "/opt/rustwide/workdir" "-m" "1610612736" "--user" "0:0" "--network" "none" "ghcr.io/rust-lang/crates-build-env/linux@sha256:2788e3201cd34a07e3172128adcd8b3090168a8e3bcc40d7c032b9dda1df7d1c" "/opt/rustwide/cargo-home/bin/cargo" "+nightly-2024-02-05" "metadata" "--no-deps" "--format-version=1", kill_on_drop: false }`
[INFO] [stdout] f2ab1421bb623eef1b76aee636349ab83569f03fb2a6635be5dccd6a22601f2b
[INFO] running `Command { std: "docker" "start" "-a" "f2ab1421bb623eef1b76aee636349ab83569f03fb2a6635be5dccd6a22601f2b", kill_on_drop: false }`
[INFO] running `Command { std: "docker" "inspect" "f2ab1421bb623eef1b76aee636349ab83569f03fb2a6635be5dccd6a22601f2b", kill_on_drop: false }`
[INFO] running `Command { std: "docker" "rm" "-f" "f2ab1421bb623eef1b76aee636349ab83569f03fb2a6635be5dccd6a22601f2b", kill_on_drop: false }`
[INFO] [stdout] f2ab1421bb623eef1b76aee636349ab83569f03fb2a6635be5dccd6a22601f2b
[INFO] running `Command { std: "docker" "create" "-v" "/var/lib/crater-agent-workspace/builds/worker-6-tc1/target:/opt/rustwide/target:rw,Z" "-v" "/var/lib/crater-agent-workspace/builds/worker-6-tc1/source:/opt/rustwide/workdir:ro,Z" "-v" "/var/lib/crater-agent-workspace/cargo-home:/opt/rustwide/cargo-home:ro,Z" "-v" "/var/lib/crater-agent-workspace/rustup-home:/opt/rustwide/rustup-home:ro,Z" "-e" "SOURCE_DIR=/opt/rustwide/workdir" "-e" "CARGO_TARGET_DIR=/opt/rustwide/target" "-e" "CARGO_INCREMENTAL=0" "-e" "RUST_BACKTRACE=full" "-e" "RUSTFLAGS=--cap-lints=forbid" "-e" "RUSTDOCFLAGS=--cap-lints=forbid" "-e" "CARGO_HOME=/opt/rustwide/cargo-home" "-e" "RUSTUP_HOME=/opt/rustwide/rustup-home" "-w" "/opt/rustwide/workdir" "-m" "1610612736" "--user" "0:0" "--network" "none" "ghcr.io/rust-lang/crates-build-env/linux@sha256:2788e3201cd34a07e3172128adcd8b3090168a8e3bcc40d7c032b9dda1df7d1c" "/opt/rustwide/cargo-home/bin/cargo" "+nightly-2024-02-05" "check" "--frozen" "--all" "--all-targets" "--message-format=json", kill_on_drop: false }`
[INFO] [stdout] 3120aec9bb837d2654fe8d0837d38fc8513bd2647916323aa3c3c348791a34e4
[INFO] running `Command { std: "docker" "start" "-a" "3120aec9bb837d2654fe8d0837d38fc8513bd2647916323aa3c3c348791a34e4", kill_on_drop: false }`
[INFO] [stderr]    Compiling serde v1.0.196
[INFO] [stderr]    Compiling proc-macro2 v1.0.78
[INFO] [stderr]    Compiling syn v1.0.109
[INFO] [stderr]     Checking hashbrown v0.14.3
[INFO] [stderr]    Compiling proc-macro-error-attr v1.0.4
[INFO] [stderr]    Compiling proc-macro-error v1.0.4
[INFO] [stderr]     Checking winnow v0.5.37
[INFO] [stderr]    Compiling unicase v2.7.0
[INFO] [stderr]     Checking regex-syntax v0.8.2
[INFO] [stderr]    Compiling pulldown-cmark v0.9.6
[INFO] [stderr]     Checking indexmap v2.2.2
[INFO] [stderr]     Checking quote v1.0.35
[INFO] [stderr]    Compiling syn v2.0.48
[INFO] [stderr]    Compiling trybuild v1.0.89
[INFO] [stderr]     Checking regex-automata v0.4.5
[INFO] [stderr]     Checking toml_datetime v0.6.5
[INFO] [stderr]     Checking serde_spanned v0.6.5
[INFO] [stderr]     Checking toml_edit v0.19.15
[INFO] [stderr]     Checking regex v1.10.3
[INFO] [stderr]     Checking basic-toml v0.1.8
[INFO] [stderr]     Checking serde_json v1.0.113
[INFO] [stderr]     Checking glob v0.3.1
[INFO] [stderr]     Checking termcolor v1.4.1
[INFO] [stderr]     Checking toml v0.7.8
[INFO] [stderr]     Checking proc-macro-crate v1.3.1
[INFO] [stderr]     Checking oauth1-request-derive v0.5.0 (/opt/rustwide/workdir)
[INFO] [stderr]    Compiling serde_derive v1.0.196
[INFO] [stderr]     Checking version-sync v0.9.5
[INFO] [stdout] error[E0433]: failed to resolve: use of undeclared crate or module `oauth1_request`
[INFO] [stdout]   --> tests/pull_3.rs:5:18
[INFO] [stdout]    |
[INFO] [stdout] 5  |         #[derive(oauth1_request::Request)]
[INFO] [stdout]    |                  ^^^^^^^^^^^^^^ use of undeclared crate or module `oauth1_request`
[INFO] [stdout] ...
[INFO] [stdout] 12 | def_foo!(Option<u64>);
[INFO] [stdout]    | --------------------- in this macro invocation
[INFO] [stdout]    |
[INFO] [stdout]    = note: this error originates in the macro `def_foo` (in Nightly builds, run with -Z macro-backtrace for more info)
[INFO] [stdout] 
[INFO] [stdout] 
[INFO] [stdout] error: aborting due to 1 previous error
[INFO] [stdout] 
[INFO] [stdout] 
[INFO] [stdout] For more information about this error, try `rustc --explain E0433`.
[INFO] [stdout] 
[INFO] [stderr] error: could not compile `oauth1-request-derive` (test "pull_3") due to 2 previous errors
[INFO] [stderr] warning: build failed, waiting for other jobs to finish...
[INFO] [stdout] error[E0463]: can't find crate for `oauth1_request`
[INFO] [stdout]  --> tests/no_std.rs:5:1
[INFO] [stdout]   |
[INFO] [stdout] 5 | extern crate oauth1_request as oauth;
[INFO] [stdout]   | ^^^^^^^^^^^^^^^^^^^^^^^^^^^^^^^^^^^^^ can't find crate
[INFO] [stdout] 
[INFO] [stdout] 
[INFO] [stdout] error[E0463]: can't find crate for `oauth1_request`
[INFO] [stdout]  --> tests/pass.rs:3:1
[INFO] [stdout]   |
[INFO] [stdout] 3 | extern crate oauth1_request as oauth;
[INFO] [stdout]   | ^^^^^^^^^^^^^^^^^^^^^^^^^^^^^^^^^^^^^ can't find crate
[INFO] [stdout] 
[INFO] [stdout] 
[INFO] [stdout] error: cannot find attribute `oauth1` in this scope
[INFO] [stdout]   --> tests/no_std.rs:19:11
[INFO] [stdout]    |
[INFO] [stdout] 19 |         #[oauth1(option = true)]
[INFO] [stdout]    |           ^^^^^^
[INFO] [stdout] 
[INFO] [stdout] 
[INFO] [stdout] error: cannot find attribute `oauth1` in this scope
[INFO] [stdout]   --> tests/no_std.rs:22:11
[INFO] [stdout]    |
[INFO] [stdout] 22 |         #[oauth1(fmt = crate::common::fmt_ignore)]
[INFO] [stdout]    |           ^^^^^^
[INFO] [stdout] 
[INFO] [stdout] 
[INFO] [stdout] error: cannot find attribute `oauth1` in this scope
[INFO] [stdout]   --> tests/no_std.rs:25:11
[INFO] [stdout]    |
[INFO] [stdout] 25 |         #[oauth1(skip_if = crate::common::always)]
[INFO] [stdout]    |           ^^^^^^
[INFO] [stdout] 
[INFO] [stdout] 
[INFO] [stdout] error: cannot find attribute `oauth1` in this scope
[INFO] [stdout]    --> tests/pass.rs:181:3
[INFO] [stdout]     |
[INFO] [stdout] 181 | #[oauth1(crate = oauth)]
[INFO] [stdout]     |   ^^^^^^
[INFO] [stdout] 
[INFO] [stdout] 
[INFO] [stdout] error: cannot find attribute `oauth1` in this scope
[INFO] [stdout]    --> tests/pass.rs:187:11
[INFO] [stdout]     |
[INFO] [stdout] 187 |         #[oauth1(encoded)]
[INFO] [stdout]     |           ^^^^^^
[INFO] [stdout] 
[INFO] [stdout] 
[INFO] [stdout] error: cannot find attribute `oauth1` in this scope
[INFO] [stdout]    --> tests/pass.rs:190:11
[INFO] [stdout]     |
[INFO] [stdout] 190 |         #[oauth1(rename = "FLAG")]
[INFO] [stdout]     |           ^^^^^^
[INFO] [stdout] 
[INFO] [stdout] 
[INFO] [stdout] error: cannot find attribute `oauth1` in this scope
[INFO] [stdout]    --> tests/pass.rs:193:11
[INFO] [stdout]     |
[INFO] [stdout] 193 |         #[oauth1()] // OK
[INFO] [stdout]     |           ^^^^^^
[INFO] [stdout] 
[INFO] [stdout] 
[INFO] [stdout] error: cannot find attribute `oauth1` in this scope
[INFO] [stdout]    --> tests/pass.rs:194:11
[INFO] [stdout]     |
[INFO] [stdout] 194 |         #[oauth1(skip)]
[INFO] [stdout]     |           ^^^^^^
[INFO] [stdout] 
[INFO] [stdout] 
[INFO] [stdout] error: aborting due to 4 previous errors
[INFO] [stdout] 
[INFO] [stdout] 
[INFO] [stdout] For more information about this error, try `rustc --explain E0463`.
[INFO] [stdout] 
[INFO] [stdout] error: cannot find attribute `oauth1` in this scope
[INFO] [stdout]    --> tests/pass.rs:197:11
[INFO] [stdout]     |
[INFO] [stdout] 197 |         #[oauth1(skip_if = std::option::Option::is_none, fmt = super::fmt_option_str)]
[INFO] [stdout]     |           ^^^^^^
[INFO] [stdout] 
[INFO] [stdout] 
[INFO] [stdout] error: cannot find attribute `oauth1` in this scope
[INFO] [stdout]    --> tests/pass.rs:200:11
[INFO] [stdout]     |
[INFO] [stdout] 200 |         #[oauth1(option = true)]
[INFO] [stdout]     |           ^^^^^^
[INFO] [stdout] 
[INFO] [stdout] 
[INFO] [stdout] error: cannot find attribute `oauth1` in this scope
[INFO] [stdout]    --> tests/pass.rs:203:11
[INFO] [stdout]     |
[INFO] [stdout] 203 |         #[oauth1(option = true)]
[INFO] [stdout]     |           ^^^^^^
[INFO] [stdout] 
[INFO] [stdout] 
[INFO] [stdout] error: cannot find attribute `oauth1` in this scope
[INFO] [stdout]    --> tests/pass.rs:206:11
[INFO] [stdout]     |
[INFO] [stdout] 206 |         #[oauth1(option = true, fmt = crate::common::fmt_ignore)]
[INFO] [stdout]     |           ^^^^^^
[INFO] [stdout] 
[INFO] [stdout] 
[INFO] [stdout] error: cannot find attribute `oauth1` in this scope
[INFO] [stdout]    --> tests/pass.rs:209:11
[INFO] [stdout]     |
[INFO] [stdout] 209 |         #[oauth1(option = false, fmt = crate::common::fmt_ignore)]
[INFO] [stdout]     |           ^^^^^^
[INFO] [stdout] 
[INFO] [stdout] 
[INFO] [stdout] error: cannot find attribute `oauth1` in this scope
[INFO] [stdout]    --> tests/pass.rs:212:11
[INFO] [stdout]     |
[INFO] [stdout] 212 |         #[oauth1(skip_if = <dyn std::any::Any>::is::<&'static str>)]
[INFO] [stdout]     |           ^^^^^^
[INFO] [stdout] 
[INFO] [stdout] 
[INFO] [stdout] error: cannot find attribute `oauth1` in this scope
[INFO] [stdout]    --> tests/pass.rs:213:11
[INFO] [stdout]     |
[INFO] [stdout] 213 |         #[oauth1(fmt = std::fmt::Debug::fmt)]
[INFO] [stdout]     |           ^^^^^^
[INFO] [stdout] 
[INFO] [stdout] 
[INFO] [stdout] error: cannot find attribute `oauth1` in this scope
[INFO] [stdout]    --> tests/pass.rs:216:11
[INFO] [stdout]     |
[INFO] [stdout] 216 |         #[oauth1(skip_if = <[u8]>::is_empty)]
[INFO] [stdout]     |           ^^^^^^
[INFO] [stdout] 
[INFO] [stdout] 
[INFO] [stderr] error: could not compile `oauth1-request-derive` (test "no_std") due to 5 previous errors
[INFO] [stdout] error: cannot find attribute `oauth1` in this scope
[INFO] [stdout]    --> tests/pass.rs:217:11
[INFO] [stdout]     |
[INFO] [stdout] 217 |         #[oauth1(fmt = std::fmt::Debug::fmt)]
[INFO] [stdout]     |           ^^^^^^
[INFO] [stdout] 
[INFO] [stdout] 
[INFO] [stdout] error: cannot find attribute `oauth1` in this scope
[INFO] [stdout]    --> tests/pass.rs:220:11
[INFO] [stdout]     |
[INFO] [stdout] 220 |         #[oauth1(skip_if = crate::common::always, fmt = crate::common::fmt_ignore)]
[INFO] [stdout]     |           ^^^^^^
[INFO] [stdout] 
[INFO] [stdout] 
[INFO] [stdout] error: cannot find attribute `oauth1` in this scope
[INFO] [stdout]    --> tests/pass.rs:223:11
[INFO] [stdout]     |
[INFO] [stdout] 223 |         #[oauth1(skip_if = str::is_empty)]
[INFO] [stdout]     |           ^^^^^^
[INFO] [stdout] 
[INFO] [stdout] 
[INFO] [stdout] error: cannot find attribute `oauth1` in this scope
[INFO] [stdout]    --> tests/pass.rs:224:11
[INFO] [stdout]     |
[INFO] [stdout] 224 |         #[oauth1(fmt = crate::common::fmt_str)]
[INFO] [stdout]     |           ^^^^^^
[INFO] [stdout] 
[INFO] [stdout] 
[INFO] [stdout] error: cannot find attribute `oauth1` in this scope
[INFO] [stdout]    --> tests/pass.rs:245:7
[INFO] [stdout]     |
[INFO] [stdout] 245 |     #[oauth1(fmt = common::fmt_ignore)]
[INFO] [stdout]     |       ^^^^^^
[INFO] [stdout] 
[INFO] [stdout] 
[INFO] [stdout] error: cannot find attribute `oauth1` in this scope
[INFO] [stdout]    --> tests/pass.rs:247:7
[INFO] [stdout]     |
[INFO] [stdout] 247 |     #[oauth1(skip_if = common::always)]
[INFO] [stdout]     |       ^^^^^^
[INFO] [stdout] 
[INFO] [stdout] 
[INFO] [stdout] error: cannot find attribute `oauth1` in this scope
[INFO] [stdout]    --> tests/pass.rs:252:7
[INFO] [stdout]     |
[INFO] [stdout] 252 |     #[oauth1(fmt = common::fmt_ignore)]
[INFO] [stdout]     |       ^^^^^^
[INFO] [stdout] 
[INFO] [stdout] 
[INFO] [stdout] error: cannot find attribute `oauth1` in this scope
[INFO] [stdout]    --> tests/pass.rs:257:7
[INFO] [stdout]     |
[INFO] [stdout] 257 |     #[oauth1(skip_if = common::always)]
[INFO] [stdout]     |       ^^^^^^
[INFO] [stdout] 
[INFO] [stdout] 
[INFO] [stdout] error: cannot find attribute `oauth1` in this scope
[INFO] [stdout]    --> tests/pass.rs:265:7
[INFO] [stdout]     |
[INFO] [stdout] 265 |     #[oauth1(fmt = helper)]
[INFO] [stdout]     |       ^^^^^^
[INFO] [stdout] 
[INFO] [stdout] 
[INFO] [stdout] error: cannot find attribute `oauth1` in this scope
[INFO] [stdout]    --> tests/pass.rs:269:7
[INFO] [stdout]     |
[INFO] [stdout] 269 |     #[oauth1(fmt = tmp)]
[INFO] [stdout]     |       ^^^^^^
[INFO] [stdout] 
[INFO] [stdout] 
[INFO] [stdout] error: cannot find attribute `oauth1` in this scope
[INFO] [stdout]    --> tests/pass.rs:272:7
[INFO] [stdout]     |
[INFO] [stdout] 272 |     #[oauth1(fmt = serializer)]
[INFO] [stdout]     |       ^^^^^^
[INFO] [stdout] 
[INFO] [stdout] 
[INFO] [stdout] error: cannot find attribute `oauth1` in this scope
[INFO] [stdout]    --> tests/pass.rs:289:7
[INFO] [stdout]     |
[INFO] [stdout] 289 |     #[oauth1(skip_if = str::is_empty, fmt = std::fmt::Debug::fmt)]
[INFO] [stdout]     |       ^^^^^^
[INFO] [stdout] 
[INFO] [stdout] 
[INFO] [stdout] error: cannot find attribute `oauth1` in this scope
[INFO] [stdout]    --> tests/pass.rs:296:7
[INFO] [stdout]     |
[INFO] [stdout] 296 |     #[oauth1(skip,)]
[INFO] [stdout]     |       ^^^^^^
[INFO] [stdout] 
[INFO] [stdout] 
[INFO] [stdout] error: aborting due to 27 previous errors
[INFO] [stdout] 
[INFO] [stdout] 
[INFO] [stdout] For more information about this error, try `rustc --explain E0463`.
[INFO] [stdout] 
[INFO] [stderr] error: could not compile `oauth1-request-derive` (test "pass") due to 28 previous errors
[INFO] running `Command { std: "docker" "inspect" "3120aec9bb837d2654fe8d0837d38fc8513bd2647916323aa3c3c348791a34e4", kill_on_drop: false }`
[INFO] running `Command { std: "docker" "rm" "-f" "3120aec9bb837d2654fe8d0837d38fc8513bd2647916323aa3c3c348791a34e4", kill_on_drop: false }`
[INFO] [stdout] 3120aec9bb837d2654fe8d0837d38fc8513bd2647916323aa3c3c348791a34e4
[INFO] checking oauth1-request-derive-0.5.0 against nightly-2024-02-05+rustflags=-Dunexpected_cfgs+cargoflags=-Zcheck-cfg for check-cfg
[INFO] extracting crate oauth1-request-derive 0.5.0 into /workspace/builds/worker-6-tc2/source
[INFO] validating manifest of crates.io crate oauth1-request-derive 0.5.0 on toolchain nightly-2024-02-05
[INFO] running `Command { std: CARGO_HOME="/workspace/cargo-home" RUSTUP_HOME="/workspace/rustup-home" "/workspace/cargo-home/bin/cargo" "+nightly-2024-02-05" "metadata" "--manifest-path" "Cargo.toml" "--no-deps", kill_on_drop: false }`
[INFO] started tweaking crates.io crate oauth1-request-derive 0.5.0
[INFO] finished tweaking crates.io crate oauth1-request-derive 0.5.0
[INFO] tweaked toml for crates.io crate oauth1-request-derive 0.5.0 written to /workspace/builds/worker-6-tc2/source/Cargo.toml
[INFO] running `Command { std: CARGO_HOME="/workspace/cargo-home" RUSTUP_HOME="/workspace/rustup-home" "/workspace/cargo-home/bin/cargo" "+nightly-2024-02-05" "generate-lockfile" "--manifest-path" "Cargo.toml", kill_on_drop: false }`
[INFO] [stderr]     Updating crates.io index
[INFO] running `Command { std: CARGO_HOME="/workspace/cargo-home" RUSTUP_HOME="/workspace/rustup-home" "/workspace/cargo-home/bin/cargo" "+nightly-2024-02-05" "fetch" "--manifest-path" "Cargo.toml", kill_on_drop: false }`
[INFO] running `Command { std: "docker" "create" "-v" "/var/lib/crater-agent-workspace/builds/worker-6-tc2/target:/opt/rustwide/target:rw,Z" "-v" "/var/lib/crater-agent-workspace/builds/worker-6-tc2/source:/opt/rustwide/workdir:ro,Z" "-v" "/var/lib/crater-agent-workspace/cargo-home:/opt/rustwide/cargo-home:ro,Z" "-v" "/var/lib/crater-agent-workspace/rustup-home:/opt/rustwide/rustup-home:ro,Z" "-e" "SOURCE_DIR=/opt/rustwide/workdir" "-e" "CARGO_TARGET_DIR=/opt/rustwide/target" "-e" "CARGO_HOME=/opt/rustwide/cargo-home" "-e" "RUSTUP_HOME=/opt/rustwide/rustup-home" "-w" "/opt/rustwide/workdir" "-m" "1610612736" "--user" "0:0" "--network" "none" "ghcr.io/rust-lang/crates-build-env/linux@sha256:2788e3201cd34a07e3172128adcd8b3090168a8e3bcc40d7c032b9dda1df7d1c" "/opt/rustwide/cargo-home/bin/cargo" "+nightly-2024-02-05" "metadata" "--no-deps" "--format-version=1", kill_on_drop: false }`
[INFO] [stdout] 9d3dda17c504d4d426c705a56aac501e03187dec9c3adf7d493e0c3c69b2268f
[INFO] running `Command { std: "docker" "start" "-a" "9d3dda17c504d4d426c705a56aac501e03187dec9c3adf7d493e0c3c69b2268f", kill_on_drop: false }`
[INFO] running `Command { std: "docker" "inspect" "9d3dda17c504d4d426c705a56aac501e03187dec9c3adf7d493e0c3c69b2268f", kill_on_drop: false }`
[INFO] running `Command { std: "docker" "rm" "-f" "9d3dda17c504d4d426c705a56aac501e03187dec9c3adf7d493e0c3c69b2268f", kill_on_drop: false }`
[INFO] [stdout] 9d3dda17c504d4d426c705a56aac501e03187dec9c3adf7d493e0c3c69b2268f
[INFO] running `Command { std: "docker" "create" "-v" "/var/lib/crater-agent-workspace/builds/worker-6-tc2/target:/opt/rustwide/target:rw,Z" "-v" "/var/lib/crater-agent-workspace/builds/worker-6-tc2/source:/opt/rustwide/workdir:ro,Z" "-v" "/var/lib/crater-agent-workspace/cargo-home:/opt/rustwide/cargo-home:ro,Z" "-v" "/var/lib/crater-agent-workspace/rustup-home:/opt/rustwide/rustup-home:ro,Z" "-e" "SOURCE_DIR=/opt/rustwide/workdir" "-e" "CARGO_TARGET_DIR=/opt/rustwide/target" "-e" "CARGO_INCREMENTAL=0" "-e" "RUST_BACKTRACE=full" "-e" "RUSTFLAGS=--cap-lints=forbid -Dunexpected_cfgs" "-e" "RUSTDOCFLAGS=--cap-lints=forbid" "-e" "CARGO_HOME=/opt/rustwide/cargo-home" "-e" "RUSTUP_HOME=/opt/rustwide/rustup-home" "-w" "/opt/rustwide/workdir" "-m" "1610612736" "--user" "0:0" "--network" "none" "ghcr.io/rust-lang/crates-build-env/linux@sha256:2788e3201cd34a07e3172128adcd8b3090168a8e3bcc40d7c032b9dda1df7d1c" "/opt/rustwide/cargo-home/bin/cargo" "+nightly-2024-02-05" "check" "--frozen" "--all" "--all-targets" "--message-format=json" "-Zcheck-cfg", kill_on_drop: false }`
[INFO] [stdout] 6a7b40e7dcc793ae0bfc08892ebaca0e1aa22d66fcb9cbaee805c624ba4420ce
[INFO] running `Command { std: "docker" "start" "-a" "6a7b40e7dcc793ae0bfc08892ebaca0e1aa22d66fcb9cbaee805c624ba4420ce", kill_on_drop: false }`
[INFO] [stderr]    Compiling serde v1.0.196
[INFO] [stderr]    Compiling proc-macro2 v1.0.78
[INFO] [stderr]    Compiling syn v1.0.109
[INFO] [stderr]     Checking hashbrown v0.14.3
[INFO] [stderr]    Compiling proc-macro-error-attr v1.0.4
[INFO] [stderr]    Compiling proc-macro-error v1.0.4
[INFO] [stderr]     Checking winnow v0.5.37
[INFO] [stderr]    Compiling unicase v2.7.0
[INFO] [stderr]     Checking regex-syntax v0.8.2
[INFO] [stderr]    Compiling pulldown-cmark v0.9.6
[INFO] [stderr]     Checking indexmap v2.2.2
[INFO] [stderr]     Checking quote v1.0.35
[INFO] [stderr]    Compiling syn v2.0.48
[INFO] [stderr]    Compiling trybuild v1.0.89
[INFO] [stderr]     Checking regex-automata v0.4.5
[INFO] [stderr]     Checking serde_spanned v0.6.5
[INFO] [stderr]     Checking toml_datetime v0.6.5
[INFO] [stderr]     Checking toml_edit v0.19.15
[INFO] [stderr]     Checking regex v1.10.3
[INFO] [stderr]     Checking serde_json v1.0.113
[INFO] [stderr]     Checking basic-toml v0.1.8
[INFO] [stderr]     Checking glob v0.3.1
[INFO] [stderr]     Checking termcolor v1.4.1
[INFO] [stderr]     Checking proc-macro-crate v1.3.1
[INFO] [stderr]     Checking toml v0.7.8
[INFO] [stderr]     Checking oauth1-request-derive v0.5.0 (/opt/rustwide/workdir)
[INFO] [stderr]     Checking version-sync v0.9.5
[INFO] [stderr]    Compiling serde_derive v1.0.196
[INFO] [stdout] error[E0433]: failed to resolve: use of undeclared crate or module `oauth1_request`
[INFO] [stdout]   --> tests/pull_3.rs:5:18
[INFO] [stdout]    |
[INFO] [stdout] 5  |         #[derive(oauth1_request::Request)]
[INFO] [stdout]    |                  ^^^^^^^^^^^^^^ use of undeclared crate or module `oauth1_request`
[INFO] [stdout] ...
[INFO] [stdout] 12 | def_foo!(Option<u64>);
[INFO] [stdout]    | --------------------- in this macro invocation
[INFO] [stdout]    |
[INFO] [stdout]    = note: this error originates in the macro `def_foo` (in Nightly builds, run with -Z macro-backtrace for more info)
[INFO] [stdout] 
[INFO] [stdout] 
[INFO] [stdout] error: aborting due to 1 previous error
[INFO] [stdout] 
[INFO] [stdout] 
[INFO] [stdout] error[E0463]: can't find crate for `oauth1_request`
[INFO] [stdout]  --> tests/no_std.rs:5:1
[INFO] [stdout]   |
[INFO] [stdout] 5 | extern crate oauth1_request as oauth;
[INFO] [stdout]   | ^^^^^^^^^^^^^^^^^^^^^^^^^^^^^^^^^^^^^ can't find crate
[INFO] [stdout] 
[INFO] [stdout] 
[INFO] [stdout] For more information about this error, try `rustc --explain E0433`.
[INFO] [stdout] 
[INFO] [stderr] error: could not compile `oauth1-request-derive` (test "pull_3") due to 2 previous errors
[INFO] [stderr] warning: build failed, waiting for other jobs to finish...
[INFO] [stdout] error[E0463]: can't find crate for `oauth1_request`
[INFO] [stdout]  --> tests/pass.rs:3:1
[INFO] [stdout]   |
[INFO] [stdout] 3 | extern crate oauth1_request as oauth;
[INFO] [stdout]   | ^^^^^^^^^^^^^^^^^^^^^^^^^^^^^^^^^^^^^ can't find crate
[INFO] [stdout] 
[INFO] [stdout] 
[INFO] [stdout] error: cannot find attribute `oauth1` in this scope
[INFO] [stdout]   --> tests/no_std.rs:19:11
[INFO] [stdout]    |
[INFO] [stdout] 19 |         #[oauth1(option = true)]
[INFO] [stdout]    |           ^^^^^^
[INFO] [stdout] 
[INFO] [stdout] 
[INFO] [stdout] error: cannot find attribute `oauth1` in this scope
[INFO] [stdout]   --> tests/no_std.rs:22:11
[INFO] [stdout]    |
[INFO] [stdout] 22 |         #[oauth1(fmt = crate::common::fmt_ignore)]
[INFO] [stdout]    |           ^^^^^^
[INFO] [stdout] 
[INFO] [stdout] 
[INFO] [stdout] error: cannot find attribute `oauth1` in this scope
[INFO] [stdout]   --> tests/no_std.rs:25:11
[INFO] [stdout]    |
[INFO] [stdout] 25 |         #[oauth1(skip_if = crate::common::always)]
[INFO] [stdout]    |           ^^^^^^
[INFO] [stdout] 
[INFO] [stdout] 
[INFO] [stdout] error: aborting due to 4 previous errors
[INFO] [stdout] 
[INFO] [stdout] 
[INFO] [stdout] For more information about this error, try `rustc --explain E0463`.
[INFO] [stdout] 
[INFO] [stderr] error: could not compile `oauth1-request-derive` (test "no_std") due to 5 previous errors
[INFO] [stdout] error: cannot find attribute `oauth1` in this scope
[INFO] [stdout]    --> tests/pass.rs:181:3
[INFO] [stdout]     |
[INFO] [stdout] 181 | #[oauth1(crate = oauth)]
[INFO] [stdout]     |   ^^^^^^
[INFO] [stdout] 
[INFO] [stdout] 
[INFO] [stdout] error: cannot find attribute `oauth1` in this scope
[INFO] [stdout]    --> tests/pass.rs:187:11
[INFO] [stdout]     |
[INFO] [stdout] 187 |         #[oauth1(encoded)]
[INFO] [stdout]     |           ^^^^^^
[INFO] [stdout] 
[INFO] [stdout] 
[INFO] [stdout] error: cannot find attribute `oauth1` in this scope
[INFO] [stdout]    --> tests/pass.rs:190:11
[INFO] [stdout]     |
[INFO] [stdout] 190 |         #[oauth1(rename = "FLAG")]
[INFO] [stdout]     |           ^^^^^^
[INFO] [stdout] 
[INFO] [stdout] 
[INFO] [stdout] error: cannot find attribute `oauth1` in this scope
[INFO] [stdout]    --> tests/pass.rs:193:11
[INFO] [stdout]     |
[INFO] [stdout] 193 |         #[oauth1()] // OK
[INFO] [stdout]     |           ^^^^^^
[INFO] [stdout] 
[INFO] [stdout] 
[INFO] [stdout] error: cannot find attribute `oauth1` in this scope
[INFO] [stdout]    --> tests/pass.rs:194:11
[INFO] [stdout]     |
[INFO] [stdout] 194 |         #[oauth1(skip)]
[INFO] [stdout]     |           ^^^^^^
[INFO] [stdout] 
[INFO] [stdout] 
[INFO] [stdout] error: cannot find attribute `oauth1` in this scope
[INFO] [stdout]    --> tests/pass.rs:197:11
[INFO] [stdout]     |
[INFO] [stdout] 197 |         #[oauth1(skip_if = std::option::Option::is_none, fmt = super::fmt_option_str)]
[INFO] [stdout]     |           ^^^^^^
[INFO] [stdout] 
[INFO] [stdout] 
[INFO] [stdout] error: cannot find attribute `oauth1` in this scope
[INFO] [stdout]    --> tests/pass.rs:200:11
[INFO] [stdout]     |
[INFO] [stdout] 200 |         #[oauth1(option = true)]
[INFO] [stdout]     |           ^^^^^^
[INFO] [stdout] 
[INFO] [stdout] 
[INFO] [stdout] error: cannot find attribute `oauth1` in this scope
[INFO] [stdout]    --> tests/pass.rs:203:11
[INFO] [stdout]     |
[INFO] [stdout] 203 |         #[oauth1(option = true)]
[INFO] [stdout]     |           ^^^^^^
[INFO] [stdout] 
[INFO] [stdout] 
[INFO] [stdout] error: cannot find attribute `oauth1` in this scope
[INFO] [stdout]    --> tests/pass.rs:206:11
[INFO] [stdout]     |
[INFO] [stdout] 206 |         #[oauth1(option = true, fmt = crate::common::fmt_ignore)]
[INFO] [stdout]     |           ^^^^^^
[INFO] [stdout] 
[INFO] [stdout] 
[INFO] [stdout] error: cannot find attribute `oauth1` in this scope
[INFO] [stdout]    --> tests/pass.rs:209:11
[INFO] [stdout]     |
[INFO] [stdout] 209 |         #[oauth1(option = false, fmt = crate::common::fmt_ignore)]
[INFO] [stdout]     |           ^^^^^^
[INFO] [stdout] 
[INFO] [stdout] 
[INFO] [stdout] error: cannot find attribute `oauth1` in this scope
[INFO] [stdout]    --> tests/pass.rs:212:11
[INFO] [stdout]     |
[INFO] [stdout] 212 |         #[oauth1(skip_if = <dyn std::any::Any>::is::<&'static str>)]
[INFO] [stdout]     |           ^^^^^^
[INFO] [stdout] 
[INFO] [stdout] 
[INFO] [stdout] error: cannot find attribute `oauth1` in this scope
[INFO] [stdout]    --> tests/pass.rs:213:11
[INFO] [stdout]     |
[INFO] [stdout] 213 |         #[oauth1(fmt = std::fmt::Debug::fmt)]
[INFO] [stdout]     |           ^^^^^^
[INFO] [stdout] 
[INFO] [stdout] 
[INFO] [stdout] error: cannot find attribute `oauth1` in this scope
[INFO] [stdout]    --> tests/pass.rs:216:11
[INFO] [stdout]     |
[INFO] [stdout] 216 |         #[oauth1(skip_if = <[u8]>::is_empty)]
[INFO] [stdout]     |           ^^^^^^
[INFO] [stdout] 
[INFO] [stdout] 
[INFO] [stdout] error: cannot find attribute `oauth1` in this scope
[INFO] [stdout]    --> tests/pass.rs:217:11
[INFO] [stdout]     |
[INFO] [stdout] 217 |         #[oauth1(fmt = std::fmt::Debug::fmt)]
[INFO] [stdout]     |           ^^^^^^
[INFO] [stdout] 
[INFO] [stdout] 
[INFO] [stdout] error: cannot find attribute `oauth1` in this scope
[INFO] [stdout]    --> tests/pass.rs:220:11
[INFO] [stdout]     |
[INFO] [stdout] 220 |         #[oauth1(skip_if = crate::common::always, fmt = crate::common::fmt_ignore)]
[INFO] [stdout]     |           ^^^^^^
[INFO] [stdout] 
[INFO] [stdout] 
[INFO] [stdout] error: cannot find attribute `oauth1` in this scope
[INFO] [stdout]    --> tests/pass.rs:223:11
[INFO] [stdout]     |
[INFO] [stdout] 223 |         #[oauth1(skip_if = str::is_empty)]
[INFO] [stdout]     |           ^^^^^^
[INFO] [stdout] 
[INFO] [stdout] 
[INFO] [stdout] error: cannot find attribute `oauth1` in this scope
[INFO] [stdout]    --> tests/pass.rs:224:11
[INFO] [stdout]     |
[INFO] [stdout] 224 |         #[oauth1(fmt = crate::common::fmt_str)]
[INFO] [stdout]     |           ^^^^^^
[INFO] [stdout] 
[INFO] [stdout] 
[INFO] [stdout] error: cannot find attribute `oauth1` in this scope
[INFO] [stdout]    --> tests/pass.rs:245:7
[INFO] [stdout]     |
[INFO] [stdout] 245 |     #[oauth1(fmt = common::fmt_ignore)]
[INFO] [stdout]     |       ^^^^^^
[INFO] [stdout] 
[INFO] [stdout] 
[INFO] [stdout] error: cannot find attribute `oauth1` in this scope
[INFO] [stdout]    --> tests/pass.rs:247:7
[INFO] [stdout]     |
[INFO] [stdout] 247 |     #[oauth1(skip_if = common::always)]
[INFO] [stdout]     |       ^^^^^^
[INFO] [stdout] 
[INFO] [stdout] 
[INFO] [stdout] error: cannot find attribute `oauth1` in this scope
[INFO] [stdout]    --> tests/pass.rs:252:7
[INFO] [stdout]     |
[INFO] [stdout] 252 |     #[oauth1(fmt = common::fmt_ignore)]
[INFO] [stdout]     |       ^^^^^^
[INFO] [stdout] 
[INFO] [stdout] 
[INFO] [stdout] error: cannot find attribute `oauth1` in this scope
[INFO] [stdout]    --> tests/pass.rs:257:7
[INFO] [stdout]     |
[INFO] [stdout] 257 |     #[oauth1(skip_if = common::always)]
[INFO] [stdout]     |       ^^^^^^
[INFO] [stdout] 
[INFO] [stdout] 
[INFO] [stdout] error: cannot find attribute `oauth1` in this scope
[INFO] [stdout]    --> tests/pass.rs:265:7
[INFO] [stdout]     |
[INFO] [stdout] 265 |     #[oauth1(fmt = helper)]
[INFO] [stdout]     |       ^^^^^^
[INFO] [stdout] 
[INFO] [stdout] 
[INFO] [stdout] error: cannot find attribute `oauth1` in this scope
[INFO] [stdout]    --> tests/pass.rs:269:7
[INFO] [stdout]     |
[INFO] [stdout] 269 |     #[oauth1(fmt = tmp)]
[INFO] [stdout]     |       ^^^^^^
[INFO] [stdout] 
[INFO] [stdout] 
[INFO] [stdout] error: cannot find attribute `oauth1` in this scope
[INFO] [stdout]    --> tests/pass.rs:272:7
[INFO] [stdout]     |
[INFO] [stdout] 272 |     #[oauth1(fmt = serializer)]
[INFO] [stdout]     |       ^^^^^^
[INFO] [stdout] 
[INFO] [stdout] 
[INFO] [stdout] error: cannot find attribute `oauth1` in this scope
[INFO] [stdout]    --> tests/pass.rs:289:7
[INFO] [stdout]     |
[INFO] [stdout] 289 |     #[oauth1(skip_if = str::is_empty, fmt = std::fmt::Debug::fmt)]
[INFO] [stdout]     |       ^^^^^^
[INFO] [stdout] 
[INFO] [stdout] 
[INFO] [stdout] error: cannot find attribute `oauth1` in this scope
[INFO] [stdout]    --> tests/pass.rs:296:7
[INFO] [stdout]     |
[INFO] [stdout] 296 |     #[oauth1(skip,)]
[INFO] [stdout]     |       ^^^^^^
[INFO] [stdout] 
[INFO] [stdout] 
[INFO] [stdout] error: aborting due to 27 previous errors
[INFO] [stdout] 
[INFO] [stdout] 
[INFO] [stdout] For more information about this error, try `rustc --explain E0463`.
[INFO] [stdout] 
[INFO] [stderr] error: could not compile `oauth1-request-derive` (test "pass") due to 28 previous errors
[INFO] running `Command { std: "docker" "inspect" "6a7b40e7dcc793ae0bfc08892ebaca0e1aa22d66fcb9cbaee805c624ba4420ce", kill_on_drop: false }`
[INFO] running `Command { std: "docker" "rm" "-f" "6a7b40e7dcc793ae0bfc08892ebaca0e1aa22d66fcb9cbaee805c624ba4420ce", kill_on_drop: false }`
[INFO] [stdout] 6a7b40e7dcc793ae0bfc08892ebaca0e1aa22d66fcb9cbaee805c624ba4420ce
