[INFO] fetching crate nzcp 1.0.2...
[INFO] checking nzcp-1.0.2 against nightly-2024-02-05 for check-cfg
[INFO] extracting crate nzcp 1.0.2 into /workspace/builds/worker-5-tc1/source
[INFO] validating manifest of crates.io crate nzcp 1.0.2 on toolchain nightly-2024-02-05
[INFO] running `Command { std: CARGO_HOME="/workspace/cargo-home" RUSTUP_HOME="/workspace/rustup-home" "/workspace/cargo-home/bin/cargo" "+nightly-2024-02-05" "metadata" "--manifest-path" "Cargo.toml" "--no-deps", kill_on_drop: false }`
[INFO] started tweaking crates.io crate nzcp 1.0.2
[INFO] finished tweaking crates.io crate nzcp 1.0.2
[INFO] tweaked toml for crates.io crate nzcp 1.0.2 written to /workspace/builds/worker-5-tc1/source/Cargo.toml
[INFO] running `Command { std: CARGO_HOME="/workspace/cargo-home" RUSTUP_HOME="/workspace/rustup-home" "/workspace/cargo-home/bin/cargo" "+nightly-2024-02-05" "generate-lockfile" "--manifest-path" "Cargo.toml", kill_on_drop: false }`
[INFO] [stderr]     Updating crates.io index
[INFO] running `Command { std: CARGO_HOME="/workspace/cargo-home" RUSTUP_HOME="/workspace/rustup-home" "/workspace/cargo-home/bin/cargo" "+nightly-2024-02-05" "fetch" "--manifest-path" "Cargo.toml", kill_on_drop: false }`
[INFO] [stderr]  Downloading crates ...
[INFO] [stderr]   Downloaded crypto-bigint v0.2.11
[INFO] [stderr]   Downloaded ecdsa v0.11.1
[INFO] [stderr]   Downloaded utf8-decode v1.0.1
[INFO] [stderr]   Downloaded group v0.10.0
[INFO] [stderr]   Downloaded serde_jcs v0.1.0
[INFO] [stderr]   Downloaded iref v2.2.3
[INFO] [stderr]   Downloaded combination v0.1.5
[INFO] [stderr]   Downloaded rand_xorshift v0.3.0
[INFO] [stderr]   Downloaded did-web v0.1.2
[INFO] [stderr]   Downloaded base32 v0.4.0
[INFO] [stderr]   Downloaded multibase v0.8.0
[INFO] [stderr]   Downloaded ff v0.10.1
[INFO] [stderr]   Downloaded ecdsa v0.12.4
[INFO] [stderr]   Downloaded sshkeys v0.3.2
[INFO] [stderr]   Downloaded der v0.4.5
[INFO] [stderr]   Downloaded pkcs8 v0.7.6
[INFO] [stderr]   Downloaded pairing-plus v0.19.0
[INFO] [stderr]   Downloaded json-ld v0.4.0
[INFO] [stderr]   Downloaded p256 v0.9.0
[INFO] [stderr]   Downloaded blake2 v0.8.1
[INFO] [stderr]   Downloaded bbs v0.4.1
[INFO] [stderr]   Downloaded clear_on_drop v0.2.5
[INFO] [stderr]   Downloaded openssl-src v300.2.2+3.2.1
[INFO] [stderr]   Downloaded ssi v0.4.0
[INFO] [stderr]   Downloaded ssi v0.3.0
[INFO] [stderr]   Downloaded zeroize v1.4.3
[INFO] [stderr]   Downloaded elliptic-curve v0.10.4
[INFO] [stderr]   Downloaded ryu-js v0.2.2
[INFO] [stderr]   Downloaded derive_builder v0.9.0
[INFO] [stderr]   Downloaded derive_builder_core v0.9.0
[INFO] [stderr]   Downloaded elliptic-curve v0.9.12
[INFO] [stderr]   Downloaded ff_derive-zeroize v0.6.2
[INFO] [stderr]   Downloaded rand_xorshift v0.2.0
[INFO] [stderr]   Downloaded crypto-mac v0.11.0
[INFO] [stderr]   Downloaded ff-zeroize v0.6.3
[INFO] [stderr]   Downloaded const-oid v0.6.2
[INFO] [stderr]   Downloaded spki v0.4.1
[INFO] [stderr]   Downloaded langtag v0.2.0
[INFO] [stderr]   Downloaded mown v0.2.2
[INFO] [stderr]   Downloaded pct-str v1.2.0
[INFO] [stderr]   Downloaded signature v1.3.2
[INFO] [stderr]   Downloaded hkdf v0.8.0
[INFO] [stderr]   Downloaded ssi-contexts v0.1.5
[INFO] running `Command { std: "docker" "create" "-v" "/var/lib/crater-agent-workspace/builds/worker-5-tc1/target:/opt/rustwide/target:rw,Z" "-v" "/var/lib/crater-agent-workspace/builds/worker-5-tc1/source:/opt/rustwide/workdir:ro,Z" "-v" "/var/lib/crater-agent-workspace/cargo-home:/opt/rustwide/cargo-home:ro,Z" "-v" "/var/lib/crater-agent-workspace/rustup-home:/opt/rustwide/rustup-home:ro,Z" "-e" "SOURCE_DIR=/opt/rustwide/workdir" "-e" "CARGO_TARGET_DIR=/opt/rustwide/target" "-e" "CARGO_HOME=/opt/rustwide/cargo-home" "-e" "RUSTUP_HOME=/opt/rustwide/rustup-home" "-w" "/opt/rustwide/workdir" "-m" "1610612736" "--user" "0:0" "--network" "none" "ghcr.io/rust-lang/crates-build-env/linux@sha256:2788e3201cd34a07e3172128adcd8b3090168a8e3bcc40d7c032b9dda1df7d1c" "/opt/rustwide/cargo-home/bin/cargo" "+nightly-2024-02-05" "metadata" "--no-deps" "--format-version=1", kill_on_drop: false }`
[INFO] [stdout] 33c3707c06f8052f2f22110f8a5888788bc52469e53126efcc8da544235bd578
[INFO] running `Command { std: "docker" "start" "-a" "33c3707c06f8052f2f22110f8a5888788bc52469e53126efcc8da544235bd578", kill_on_drop: false }`
[INFO] running `Command { std: "docker" "inspect" "33c3707c06f8052f2f22110f8a5888788bc52469e53126efcc8da544235bd578", kill_on_drop: false }`
[INFO] running `Command { std: "docker" "rm" "-f" "33c3707c06f8052f2f22110f8a5888788bc52469e53126efcc8da544235bd578", kill_on_drop: false }`
[INFO] [stdout] 33c3707c06f8052f2f22110f8a5888788bc52469e53126efcc8da544235bd578
[INFO] running `Command { std: "docker" "create" "-v" "/var/lib/crater-agent-workspace/builds/worker-5-tc1/target:/opt/rustwide/target:rw,Z" "-v" "/var/lib/crater-agent-workspace/builds/worker-5-tc1/source:/opt/rustwide/workdir:ro,Z" "-v" "/var/lib/crater-agent-workspace/cargo-home:/opt/rustwide/cargo-home:ro,Z" "-v" "/var/lib/crater-agent-workspace/rustup-home:/opt/rustwide/rustup-home:ro,Z" "-e" "SOURCE_DIR=/opt/rustwide/workdir" "-e" "CARGO_TARGET_DIR=/opt/rustwide/target" "-e" "CARGO_INCREMENTAL=0" "-e" "RUST_BACKTRACE=full" "-e" "RUSTFLAGS=--cap-lints=forbid" "-e" "RUSTDOCFLAGS=--cap-lints=forbid" "-e" "CARGO_HOME=/opt/rustwide/cargo-home" "-e" "RUSTUP_HOME=/opt/rustwide/rustup-home" "-w" "/opt/rustwide/workdir" "-m" "1610612736" "--user" "0:0" "--network" "none" "ghcr.io/rust-lang/crates-build-env/linux@sha256:2788e3201cd34a07e3172128adcd8b3090168a8e3bcc40d7c032b9dda1df7d1c" "/opt/rustwide/cargo-home/bin/cargo" "+nightly-2024-02-05" "check" "--frozen" "--all" "--all-targets" "--message-format=json", kill_on_drop: false }`
[INFO] [stdout] 5084b33070ede146eb317ce072cab0523de008a6e64c6bbd1efe2b1311d2554f
[INFO] running `Command { std: "docker" "start" "-a" "5084b33070ede146eb317ce072cab0523de008a6e64c6bbd1efe2b1311d2554f", kill_on_drop: false }`
[INFO] [stderr]     Checking futures-io v0.3.30
[INFO] [stderr]     Checking parking v2.2.0
[INFO] [stderr]     Checking value-bag v1.7.0
[INFO] [stderr]    Compiling openssl-sys v0.9.99
[INFO] [stderr]     Checking zeroize v1.4.3
[INFO] [stderr]    Compiling num-traits v0.2.17
[INFO] [stderr]     Checking getrandom v0.1.16
[INFO] [stderr]     Checking digest v0.9.0
[INFO] [stderr]    Compiling num-bigint v0.2.6
[INFO] [stderr]    Compiling num-integer v0.1.45
[INFO] [stderr]     Checking tokio v1.36.0
[INFO] [stderr]    Compiling rustix v0.38.31
[INFO] [stderr]    Compiling openssl-macros v0.1.1
[INFO] [stderr]     Checking linux-raw-sys v0.4.13
[INFO] [stderr]    Compiling strsim v0.9.3
[INFO] [stderr]     Checking futures-util v0.3.30
[INFO] [stderr]     Checking event-listener v4.0.3
[INFO] [stderr]     Checking futures-lite v2.2.0
[INFO] [stderr]     Checking crypto-mac v0.7.0
[INFO] [stderr]    Compiling thiserror v1.0.56
[INFO] [stderr]     Checking rand_core v0.5.1
[INFO] [stderr]    Compiling darling_core v0.10.2
[INFO] [stderr]     Checking log v0.4.20
[INFO] [stderr]    Compiling backtrace v0.3.69
[INFO] [stderr]     Checking event-listener-strategy v0.4.0
[INFO] [stderr]    Compiling polling v2.8.0
[INFO] [stderr]    Compiling rustix v0.37.27
[INFO] [stderr]     Checking atomic-waker v1.1.2
[INFO] [stderr]     Checking async-lock v3.3.0
[INFO] [stderr]    Compiling serde_json v1.0.113
[INFO] [stderr]     Checking async-task v4.7.0
[INFO] [stderr]     Checking piper v0.2.1
[INFO] [stderr]    Compiling pest v2.7.7
[INFO] [stderr]    Compiling synstructure v0.12.6
[INFO] [stderr]     Checking async-channel v2.1.1
[INFO] [stderr]     Checking io-lifetimes v1.0.11
[INFO] [stderr]     Checking signature v1.3.2
[INFO] [stderr]    Compiling async-io v1.13.0
[INFO] [stderr]    Compiling openssl v0.10.63
[INFO] [stderr]    Compiling native-tls v0.2.11
[INFO] [stderr]     Checking utf8-decode v1.0.1
[INFO] [stderr]    Compiling data-encoding v2.5.0
[INFO] [stderr]     Checking const-oid v0.6.2
[INFO] [stderr]     Checking waker-fn v1.1.1
[INFO] [stderr]     Checking pct-str v1.2.0
[INFO] [stderr]     Checking der v0.4.5
[INFO] [stderr]     Checking blocking v1.5.1
[INFO] [stderr]     Checking futures-lite v1.13.0
[INFO] [stderr]     Checking async-executor v1.8.0
[INFO] [stderr]     Checking rand_chacha v0.2.2
[INFO] [stderr]     Checking sha2 v0.9.9
[INFO] [stderr]    Compiling failure_derive v0.1.8
[INFO] [stderr]     Checking async-lock v2.8.0
[INFO] [stderr]     Checking rand_xorshift v0.2.0
[INFO] [stderr]     Checking hmac v0.7.1
[INFO] [stderr]    Compiling ring v0.16.20
[INFO] [stderr]     Checking socket2 v0.4.10
[INFO] [stderr]    Compiling derive_builder v0.9.0
[INFO] [stderr]    Compiling data-encoding-macro-internal v0.1.12
[INFO] [stderr]     Checking chrono v0.4.33
[INFO] [stderr]     Checking num-bigint v0.4.4
[INFO] [stderr]     Checking hkdf v0.8.0
[INFO] [stderr]     Checking spki v0.4.1
[INFO] [stderr]     Checking rand v0.7.3
[INFO] [stderr]    Compiling pest_meta v2.7.7
[INFO] [stderr]     Checking iref v2.2.3
[INFO] [stderr]     Checking failure v0.1.8
[INFO] [stderr]     Checking url v2.5.0
[INFO] [stderr]     Checking data-encoding-macro v0.1.14
[INFO] [stderr]     Checking serde_urlencoded v0.7.1
[INFO] [stderr]     Checking blake2 v0.8.1
[INFO] [stderr]     Checking kv-log-macro v1.0.7
[INFO] [stderr]    Compiling darling_macro v0.10.2
[INFO] [stderr]     Checking ff v0.10.1
[INFO] [stderr]     Checking elliptic-curve v0.9.12
[INFO] [stderr]    Compiling clear_on_drop v0.2.5
[INFO] [stderr]    Compiling ff_derive-zeroize v0.6.2
[INFO] [stderr]    Compiling async-attributes v1.1.2
[INFO] [stderr]     Checking futures-executor v0.3.30
[INFO] [stderr]    Compiling pest_generator v2.7.7
[INFO] [stderr]     Checking json v0.12.4
[INFO] [stderr]     Checking base64 v0.12.3
[INFO] [stderr]     Checking mown v0.2.2
[INFO] [stderr]     Checking futures v0.3.30
[INFO] [stderr]     Checking langtag v0.2.0
[INFO] [stderr]     Checking base-x v0.2.11
[INFO] [stderr]     Checking arrayvec v0.5.2
[INFO] [stderr]     Checking funty v1.1.0
[INFO] [stderr]     Checking ryu-js v0.2.2
[INFO] [stderr]     Checking multibase v0.8.0
[INFO] [stderr]     Checking serde_jcs v0.1.0
[INFO] [stderr]     Checking blake2b_simd v0.5.11
[INFO] [stderr]     Checking sshkeys v0.3.2
[INFO] [stderr]     Checking simple_asn1 v0.5.4
[INFO] [stderr]     Checking ecdsa v0.11.1
[INFO] [stderr]     Checking group v0.10.0
[INFO] [stderr]     Checking json-ld v0.4.0
[INFO] [stderr]     Checking pkcs8 v0.7.6
[INFO] [stderr]     Checking bitvec v0.20.4
[INFO] [stderr]    Compiling darling v0.10.2
[INFO] [stderr]     Checking bs58 v0.4.0
[INFO] [stderr]     Checking crypto-bigint v0.2.11
[INFO] [stderr]     Checking crypto-mac v0.11.0
[INFO] [stderr]    Compiling derive_builder_core v0.9.0
[INFO] [stderr]     Checking tokio-util v0.7.10
[INFO] [stderr]     Checking ssi-contexts v0.1.5
[INFO] [stderr]     Checking combination v0.1.5
[INFO] [stderr]     Checking hmac v0.11.0
[INFO] [stderr]     Checking rand_xorshift v0.3.0
[INFO] [stderr]     Checking bech32 v0.8.1
[INFO] [stderr]     Checking uuid v0.8.2
[INFO] [stderr]     Checking serde_cbor v0.11.2
[INFO] [stderr]     Checking serde_bytes v0.11.14
[INFO] [stderr]     Checking base32 v0.4.0
[INFO] [stderr]     Checking elliptic-curve v0.10.4
[INFO] [stderr]    Compiling pest_derive v2.7.7
[INFO] [stderr]     Checking h2 v0.3.24
[INFO] [stderr]     Checking ecdsa v0.12.4
[INFO] [stderr]     Checking ff-zeroize v0.6.3
[INFO] [stderr]     Checking pairing-plus v0.19.0
[INFO] [stderr]     Checking p256 v0.9.0
[INFO] [stderr]     Checking polling v3.4.0
[INFO] [stderr]     Checking async-io v2.3.1
[INFO] [stderr]     Checking bbs v0.4.1
[INFO] [stderr]     Checking tokio-native-tls v0.3.1
[INFO] [stderr]     Checking async-global-executor v2.4.1
[INFO] [stderr]     Checking async-std v1.12.0
[INFO] [stderr]     Checking hyper v0.14.28
[INFO] [stderr]     Checking hyper-tls v0.5.0
[INFO] [stderr]     Checking reqwest v0.11.24
[INFO] [stderr]     Checking ssi v0.4.0
[INFO] [stderr]     Checking ssi v0.3.0
[INFO] [stderr]     Checking did-web v0.1.2
[INFO] [stderr]     Checking nzcp v1.0.2 (/opt/rustwide/workdir)
[INFO] [stdout] error[E0599]: no method named `resolve_representation` found for struct `DIDWeb` in the current scope
[INFO] [stdout]    --> src/decentralised_identifier.rs:102:14
[INFO] [stdout]     |
[INFO] [stdout] 101 |           let (metadata, doc_data, _) = DIDWeb
[INFO] [stdout]     |  _______________________________________-
[INFO] [stdout] 102 | |             .resolve_representation(&self.did(), &ResolutionInputMetadata::default())
[INFO] [stdout]     | |             -^^^^^^^^^^^^^^^^^^^^^^ method not found in `DIDWeb`
[INFO] [stdout]     | |_____________|
[INFO] [stdout]     | 
[INFO] [stdout]     |
[INFO] [stdout]    ::: /opt/rustwide/cargo-home/registry/src/index.crates.io-6f17d22bba15001f/ssi-0.4.0/src/did_resolve.rs:432:14
[INFO] [stdout]     |
[INFO] [stdout] 432 |       async fn resolve_representation(
[INFO] [stdout]     |                ---------------------- the method is available for `DIDWeb` here
[INFO] [stdout]     |
[INFO] [stdout]     = help: items from traits can only be used if the trait is in scope
[INFO] [stdout] help: the following trait is implemented but not in scope; perhaps add a `use` for it:
[INFO] [stdout]     |
[INFO] [stdout] 1   + use ssi::did_resolve::DIDResolver;
[INFO] [stdout]     |
[INFO] [stdout] 
[INFO] [stdout] 
[INFO] [stdout] error[E0599]: no method named `resolve_representation` found for struct `DIDWeb` in the current scope
[INFO] [stdout]    --> src/decentralised_identifier.rs:102:14
[INFO] [stdout]     |
[INFO] [stdout] 101 |           let (metadata, doc_data, _) = DIDWeb
[INFO] [stdout]     |  _______________________________________-
[INFO] [stdout] 102 | |             .resolve_representation(&self.did(), &ResolutionInputMetadata::default())
[INFO] [stdout]     | |             -^^^^^^^^^^^^^^^^^^^^^^ method not found in `DIDWeb`
[INFO] [stdout]     | |_____________|
[INFO] [stdout]     | 
[INFO] [stdout]     |
[INFO] [stdout]    ::: /opt/rustwide/cargo-home/registry/src/index.crates.io-6f17d22bba15001f/ssi-0.4.0/src/did_resolve.rs:432:14
[INFO] [stdout]     |
[INFO] [stdout] 432 |       async fn resolve_representation(
[INFO] [stdout]     |                ---------------------- the method is available for `DIDWeb` here
[INFO] [stdout]     |
[INFO] [stdout]     = help: items from traits can only be used if the trait is in scope
[INFO] [stdout] help: the following trait is implemented but not in scope; perhaps add a `use` for it:
[INFO] [stdout]     |
[INFO] [stdout] 1   + use ssi::did_resolve::DIDResolver;
[INFO] [stdout]     |
[INFO] [stdout] 
[INFO] [stdout] 
[INFO] [stdout] error[E0308]: mismatched types
[INFO] [stdout]    --> src/decentralised_identifier.rs:119:35
[INFO] [stdout]     |
[INFO] [stdout] 119 | ...                   *id = String::from("https://www.w3.org/ns/did/v1");
[INFO] [stdout]     |                       ---   ^^^^^^^^^^^^^^^^^^^^^^^^^^^^^^^^^^^^^^^^^^^^ expected `str`, found `String`
[INFO] [stdout]     |                       |
[INFO] [stdout]     |                       expected due to the type of this binding
[INFO] [stdout] 
[INFO] [stdout] 
[INFO] [stdout] error[E0308]: mismatched types
[INFO] [stdout]    --> src/decentralised_identifier.rs:119:35
[INFO] [stdout]     |
[INFO] [stdout] 119 | ...                   *id = String::from("https://www.w3.org/ns/did/v1");
[INFO] [stdout]     |                       ---   ^^^^^^^^^^^^^^^^^^^^^^^^^^^^^^^^^^^^^^^^^^^^ expected `str`, found `String`
[INFO] [stdout]     |                       |
[INFO] [stdout]     |                       expected due to the type of this binding
[INFO] [stdout] 
[INFO] [stdout] 
[INFO] [stdout] error[E0277]: the size for values of type `str` cannot be known at compilation time
[INFO] [stdout]    --> src/decentralised_identifier.rs:119:29
[INFO] [stdout]     |
[INFO] [stdout] 119 | ...                   *id = String::from("https://www.w3.org/ns/did/v1");
[INFO] [stdout]     |                       ^^^ doesn't have a size known at compile-time
[INFO] [stdout]     |
[INFO] [stdout]     = help: the trait `Sized` is not implemented for `str`
[INFO] [stdout]     = note: the left-hand-side of an assignment must have a statically known size
[INFO] [stdout] 
[INFO] [stdout] 
[INFO] [stdout] error[E0277]: the size for values of type `str` cannot be known at compilation time
[INFO] [stdout]    --> src/decentralised_identifier.rs:119:29
[INFO] [stdout]     |
[INFO] [stdout] 119 | ...                   *id = String::from("https://www.w3.org/ns/did/v1");
[INFO] [stdout]     |                       ^^^ doesn't have a size known at compile-time
[INFO] [stdout]     |
[INFO] [stdout]     = help: the trait `Sized` is not implemented for `str`
[INFO] [stdout]     = note: the left-hand-side of an assignment must have a statically known size
[INFO] [stdout] 
[INFO] [stdout] 
[INFO] [stdout] warning: use of deprecated associated function `chrono::NaiveDate::from_ymd`: use `from_ymd_opt()` instead
[INFO] [stdout]   --> src/pass/public_covid_pass.rs:73:43
[INFO] [stdout]    |
[INFO] [stdout] 73 |                 date_of_birth: NaiveDate::from_ymd(1979, 04, 14),
[INFO] [stdout]    |                                           ^^^^^^^^
[INFO] [stdout]    |
[INFO] [stdout]    = note: `#[warn(deprecated)]` on by default
[INFO] [stdout] 
[INFO] [stdout] 
[INFO] [stdout] warning: use of deprecated associated function `chrono::DateTime::<Tz>::from_utc`: Use TimeZone::from_utc_datetime() or DateTime::from_naive_utc_and_offset instead
[INFO] [stdout]   --> src/payload/cwt.rs:39:15
[INFO] [stdout]    |
[INFO] [stdout] 39 |     DateTime::from_utc(NaiveDateTime::from_timestamp(epoch_seconds, 0), Utc)
[INFO] [stdout]    |               ^^^^^^^^
[INFO] [stdout]    |
[INFO] [stdout]    = note: `#[warn(deprecated)]` on by default
[INFO] [stdout] 
[INFO] [stdout] 
[INFO] [stdout] warning: use of deprecated associated function `chrono::NaiveDateTime::from_timestamp`: use `from_timestamp_opt()` instead
[INFO] [stdout]   --> src/payload/cwt.rs:39:39
[INFO] [stdout]    |
[INFO] [stdout] 39 |     DateTime::from_utc(NaiveDateTime::from_timestamp(epoch_seconds, 0), Utc)
[INFO] [stdout]    |                                       ^^^^^^^^^^^^^^
[INFO] [stdout] 
[INFO] [stdout] 
[INFO] [stdout] warning: unused import: `DIDResolver`
[INFO] [stdout]   --> src/decentralised_identifier.rs:11:19
[INFO] [stdout]    |
[INFO] [stdout] 11 |     did_resolve::{DIDResolver, ResolutionInputMetadata},
[INFO] [stdout]    |                   ^^^^^^^^^^^
[INFO] [stdout]    |
[INFO] [stdout]    = note: `#[warn(unused_imports)]` on by default
[INFO] [stdout] 
[INFO] [stdout] 
[INFO] [stdout] warning: use of deprecated associated function `chrono::DateTime::<Tz>::from_utc`: Use TimeZone::from_utc_datetime() or DateTime::from_naive_utc_and_offset instead
[INFO] [stdout]   --> src/payload/cwt.rs:39:15
[INFO] [stdout]    |
[INFO] [stdout] 39 |     DateTime::from_utc(NaiveDateTime::from_timestamp(epoch_seconds, 0), Utc)
[INFO] [stdout]    |               ^^^^^^^^
[INFO] [stdout] 
[INFO] [stdout] 
[INFO] [stdout] warning: use of deprecated associated function `chrono::NaiveDateTime::from_timestamp`: use `from_timestamp_opt()` instead
[INFO] [stdout]   --> src/payload/cwt.rs:39:39
[INFO] [stdout]    |
[INFO] [stdout] 39 |     DateTime::from_utc(NaiveDateTime::from_timestamp(epoch_seconds, 0), Utc)
[INFO] [stdout]    |                                       ^^^^^^^^^^^^^^
[INFO] [stdout] 
[INFO] [stdout] 
[INFO] [stdout] error: aborting due to 3 previous errors; 3 warnings emitted
[INFO] [stdout] 
[INFO] [stdout] 
[INFO] [stdout] Some errors have detailed explanations: E0277, E0308, E0599.
[INFO] [stdout] 
[INFO] [stdout] For more information about an error, try `rustc --explain E0277`.
[INFO] [stdout] 
[INFO] [stdout] warning: unused import: `DIDResolver`
[INFO] [stdout]   --> src/decentralised_identifier.rs:11:19
[INFO] [stdout]    |
[INFO] [stdout] 11 |     did_resolve::{DIDResolver, ResolutionInputMetadata},
[INFO] [stdout]    |                   ^^^^^^^^^^^
[INFO] [stdout]    |
[INFO] [stdout]    = note: `#[warn(unused_imports)]` on by default
[INFO] [stdout] 
[INFO] [stdout] 
[INFO] [stderr] error: could not compile `nzcp` (lib) due to 4 previous errors; 3 warnings emitted
[INFO] [stderr] warning: build failed, waiting for other jobs to finish...
[INFO] [stdout] error: aborting due to 3 previous errors; 4 warnings emitted
[INFO] [stdout] 
[INFO] [stdout] 
[INFO] [stdout] Some errors have detailed explanations: E0277, E0308, E0599.
[INFO] [stdout] 
[INFO] [stdout] For more information about an error, try `rustc --explain E0277`.
[INFO] [stdout] 
[INFO] [stderr] error: could not compile `nzcp` (lib test) due to 4 previous errors; 4 warnings emitted
[INFO] running `Command { std: "docker" "inspect" "5084b33070ede146eb317ce072cab0523de008a6e64c6bbd1efe2b1311d2554f", kill_on_drop: false }`
[INFO] running `Command { std: "docker" "rm" "-f" "5084b33070ede146eb317ce072cab0523de008a6e64c6bbd1efe2b1311d2554f", kill_on_drop: false }`
[INFO] [stdout] 5084b33070ede146eb317ce072cab0523de008a6e64c6bbd1efe2b1311d2554f
