[INFO] fetching crate null-terminated 0.3.17...
[INFO] checking null-terminated-0.3.17 against nightly-2024-02-05 for check-cfg
[INFO] extracting crate null-terminated 0.3.17 into /workspace/builds/worker-1-tc1/source
[INFO] validating manifest of crates.io crate null-terminated 0.3.17 on toolchain nightly-2024-02-05
[INFO] running `Command { std: CARGO_HOME="/workspace/cargo-home" RUSTUP_HOME="/workspace/rustup-home" "/workspace/cargo-home/bin/cargo" "+nightly-2024-02-05" "metadata" "--manifest-path" "Cargo.toml" "--no-deps", kill_on_drop: false }`
[INFO] started tweaking crates.io crate null-terminated 0.3.17
[INFO] finished tweaking crates.io crate null-terminated 0.3.17
[INFO] tweaked toml for crates.io crate null-terminated 0.3.17 written to /workspace/builds/worker-1-tc1/source/Cargo.toml
[INFO] crate crates.io crate null-terminated 0.3.17 already has a lockfile, it will not be regenerated
[INFO] running `Command { std: CARGO_HOME="/workspace/cargo-home" RUSTUP_HOME="/workspace/rustup-home" "/workspace/cargo-home/bin/cargo" "+nightly-2024-02-05" "fetch" "--manifest-path" "Cargo.toml", kill_on_drop: false }`
[INFO] [stderr]     Updating crates.io index
[INFO] [stderr]  Downloading crates ...
[INFO] [stderr]   Downloaded quickcheck v0.8.5
[INFO] [stderr]   Downloaded rand_core v0.3.0
[INFO] [stderr]   Downloaded quickcheck_macros v0.8.0
[INFO] [stderr]   Downloaded cfg-if v0.1.4
[INFO] [stderr]   Downloaded bitflags v1.0.3
[INFO] [stderr]   Downloaded log v0.4.3
[INFO] [stderr]   Downloaded lazy_static v1.0.2
[INFO] [stderr]   Downloaded syn v1.0.36
[INFO] [stderr]   Downloaded libc v0.2.42
[INFO] [stderr]   Downloaded winapi v0.3.5
[INFO] [stderr]   Downloaded utf v0.1.0
[INFO] [stderr]   Downloaded byte-strings-proc_macros v0.2.1
[INFO] [stderr]   Downloaded system-call v0.1.1
[INFO] running `Command { std: "docker" "create" "-v" "/var/lib/crater-agent-workspace/builds/worker-1-tc1/target:/opt/rustwide/target:rw,Z" "-v" "/var/lib/crater-agent-workspace/builds/worker-1-tc1/source:/opt/rustwide/workdir:ro,Z" "-v" "/var/lib/crater-agent-workspace/cargo-home:/opt/rustwide/cargo-home:ro,Z" "-v" "/var/lib/crater-agent-workspace/rustup-home:/opt/rustwide/rustup-home:ro,Z" "-e" "SOURCE_DIR=/opt/rustwide/workdir" "-e" "CARGO_TARGET_DIR=/opt/rustwide/target" "-e" "CARGO_HOME=/opt/rustwide/cargo-home" "-e" "RUSTUP_HOME=/opt/rustwide/rustup-home" "-w" "/opt/rustwide/workdir" "-m" "1610612736" "--user" "0:0" "--network" "none" "ghcr.io/rust-lang/crates-build-env/linux@sha256:2788e3201cd34a07e3172128adcd8b3090168a8e3bcc40d7c032b9dda1df7d1c" "/opt/rustwide/cargo-home/bin/cargo" "+nightly-2024-02-05" "metadata" "--no-deps" "--format-version=1", kill_on_drop: false }`
[INFO] [stdout] 8ed1fbeef9fa31d56750b89f5a711b909f83565c6209abe13c1171f21091eb05
[INFO] running `Command { std: "docker" "start" "-a" "8ed1fbeef9fa31d56750b89f5a711b909f83565c6209abe13c1171f21091eb05", kill_on_drop: false }`
[INFO] running `Command { std: "docker" "inspect" "8ed1fbeef9fa31d56750b89f5a711b909f83565c6209abe13c1171f21091eb05", kill_on_drop: false }`
[INFO] running `Command { std: "docker" "rm" "-f" "8ed1fbeef9fa31d56750b89f5a711b909f83565c6209abe13c1171f21091eb05", kill_on_drop: false }`
[INFO] [stdout] 8ed1fbeef9fa31d56750b89f5a711b909f83565c6209abe13c1171f21091eb05
[INFO] running `Command { std: "docker" "create" "-v" "/var/lib/crater-agent-workspace/builds/worker-1-tc1/target:/opt/rustwide/target:rw,Z" "-v" "/var/lib/crater-agent-workspace/builds/worker-1-tc1/source:/opt/rustwide/workdir:ro,Z" "-v" "/var/lib/crater-agent-workspace/cargo-home:/opt/rustwide/cargo-home:ro,Z" "-v" "/var/lib/crater-agent-workspace/rustup-home:/opt/rustwide/rustup-home:ro,Z" "-e" "SOURCE_DIR=/opt/rustwide/workdir" "-e" "CARGO_TARGET_DIR=/opt/rustwide/target" "-e" "CARGO_INCREMENTAL=0" "-e" "RUST_BACKTRACE=full" "-e" "RUSTFLAGS=--cap-lints=forbid" "-e" "RUSTDOCFLAGS=--cap-lints=forbid" "-e" "CARGO_HOME=/opt/rustwide/cargo-home" "-e" "RUSTUP_HOME=/opt/rustwide/rustup-home" "-w" "/opt/rustwide/workdir" "-m" "1610612736" "--user" "0:0" "--network" "none" "ghcr.io/rust-lang/crates-build-env/linux@sha256:2788e3201cd34a07e3172128adcd8b3090168a8e3bcc40d7c032b9dda1df7d1c" "/opt/rustwide/cargo-home/bin/cargo" "+nightly-2024-02-05" "check" "--frozen" "--all" "--all-targets" "--message-format=json", kill_on_drop: false }`
[INFO] [stdout] ec596f55414d41a02ae2665727738755ac6cd28bce6ef5d3c6a24460d6f2f058
[INFO] running `Command { std: "docker" "start" "-a" "ec596f55414d41a02ae2665727738755ac6cd28bce6ef5d3c6a24460d6f2f058", kill_on_drop: false }`
[INFO] [stderr]    Compiling autocfg v0.1.7
[INFO] [stderr]     Checking rand_core v0.3.0
[INFO] [stderr]    Compiling memchr v2.3.3
[INFO] [stderr]    Compiling proc-macro2 v1.0.19
[INFO] [stderr]     Checking rand_core v0.4.2
[INFO] [stderr]    Compiling proc-macro2 v0.4.30
[INFO] [stderr]    Compiling unicode-xid v0.1.0
[INFO] [stderr]    Compiling syn v1.0.36
[INFO] [stderr]     Checking lazy_static v1.0.2
[INFO] [stderr]     Checking libc v0.2.42
[INFO] [stderr]     Checking thread_local v1.0.1
[INFO] [stderr]     Checking regex-syntax v0.6.18
[INFO] [stderr]    Compiling syn v0.15.44
[INFO] [stderr]    Compiling rand_pcg v0.1.2
[INFO] [stderr]    Compiling rand_chacha v0.1.1
[INFO] [stderr]     Checking aho-corasick v0.7.13
[INFO] [stderr]    Compiling rand v0.6.5
[INFO] [stderr]     Checking cfg-if v0.1.4
[INFO] [stderr]     Checking log v0.4.3
[INFO] [stderr]     Checking rand_os v0.1.3
[INFO] [stderr]     Checking rand_jitter v0.1.4
[INFO] [stderr]     Checking rand_hc v0.1.0
[INFO] [stderr]    Compiling quote v1.0.7
[INFO] [stderr]    Compiling quote v0.6.13
[INFO] [stderr]     Checking rand_isaac v0.1.1
[INFO] [stderr]     Checking rand_xorshift v0.1.1
[INFO] [stderr]     Checking void v1.0.2
[INFO] [stderr]     Checking unreachable v1.0.0
[INFO] [stderr]     Checking utf v0.1.0
[INFO] [stderr]     Checking system-call v0.1.1
[INFO] [stdout] error: cannot find macro `asm` in this scope
[INFO] [stdout]   --> /opt/rustwide/cargo-home/registry/src/index.crates.io-6f17d22bba15001f/system-call-0.1.1/src/platform/linux-x86_64/mod.rs:94:5
[INFO] [stdout]    |
[INFO] [stdout] 94 |     asm!("syscall"
[INFO] [stdout]    |     ^^^
[INFO] [stdout]    |
[INFO] [stdout] help: consider importing this macro
[INFO] [stdout]    |
[INFO] [stdout] 12 + use core::arch::asm;
[INFO] [stdout]    |
[INFO] [stdout] 
[INFO] [stdout] 
[INFO] [stdout] error: cannot find macro `asm` in this scope
[INFO] [stdout]   --> /opt/rustwide/cargo-home/registry/src/index.crates.io-6f17d22bba15001f/system-call-0.1.1/src/platform/linux-x86_64/mod.rs:77:5
[INFO] [stdout]    |
[INFO] [stdout] 77 |     asm!("syscall"
[INFO] [stdout]    |     ^^^
[INFO] [stdout]    |
[INFO] [stdout] help: consider importing this macro
[INFO] [stdout]    |
[INFO] [stdout] 12 + use core::arch::asm;
[INFO] [stdout]    |
[INFO] [stdout] 
[INFO] [stdout] 
[INFO] [stdout] error: cannot find macro `asm` in this scope
[INFO] [stdout]   --> /opt/rustwide/cargo-home/registry/src/index.crates.io-6f17d22bba15001f/system-call-0.1.1/src/platform/linux-x86_64/mod.rs:61:5
[INFO] [stdout]    |
[INFO] [stdout] 61 |     asm!("syscall"
[INFO] [stdout]    |     ^^^
[INFO] [stdout]    |
[INFO] [stdout] help: consider importing this macro
[INFO] [stdout]    |
[INFO] [stdout] 12 + use core::arch::asm;
[INFO] [stdout]    |
[INFO] [stdout] 
[INFO] [stdout] 
[INFO] [stdout] error: cannot find macro `asm` in this scope
[INFO] [stdout]   --> /opt/rustwide/cargo-home/registry/src/index.crates.io-6f17d22bba15001f/system-call-0.1.1/src/platform/linux-x86_64/mod.rs:46:5
[INFO] [stdout]    |
[INFO] [stdout] 46 |     asm!("syscall"
[INFO] [stdout]    |     ^^^
[INFO] [stdout]    |
[INFO] [stdout] help: consider importing this macro
[INFO] [stdout]    |
[INFO] [stdout] 12 + use core::arch::asm;
[INFO] [stdout]    |
[INFO] [stdout] 
[INFO] [stdout] 
[INFO] [stdout] error: cannot find macro `asm` in this scope
[INFO] [stdout]   --> /opt/rustwide/cargo-home/registry/src/index.crates.io-6f17d22bba15001f/system-call-0.1.1/src/platform/linux-x86_64/mod.rs:36:5
[INFO] [stdout]    |
[INFO] [stdout] 36 |     asm!("syscall"
[INFO] [stdout]    |     ^^^
[INFO] [stdout]    |
[INFO] [stdout] help: consider importing this macro
[INFO] [stdout]    |
[INFO] [stdout] 12 + use core::arch::asm;
[INFO] [stdout]    |
[INFO] [stdout] 
[INFO] [stdout] 
[INFO] [stdout] error: cannot find macro `asm` in this scope
[INFO] [stdout]   --> /opt/rustwide/cargo-home/registry/src/index.crates.io-6f17d22bba15001f/system-call-0.1.1/src/platform/linux-x86_64/mod.rs:26:5
[INFO] [stdout]    |
[INFO] [stdout] 26 |     asm!("syscall"
[INFO] [stdout]    |     ^^^
[INFO] [stdout]    |
[INFO] [stdout] help: consider importing this macro
[INFO] [stdout]    |
[INFO] [stdout] 12 + use core::arch::asm;
[INFO] [stdout]    |
[INFO] [stdout] 
[INFO] [stdout] 
[INFO] [stdout] error: cannot find macro `asm` in this scope
[INFO] [stdout]   --> /opt/rustwide/cargo-home/registry/src/index.crates.io-6f17d22bba15001f/system-call-0.1.1/src/platform/linux-x86_64/mod.rs:16:5
[INFO] [stdout]    |
[INFO] [stdout] 16 |     asm!("syscall"
[INFO] [stdout]    |     ^^^
[INFO] [stdout]    |
[INFO] [stdout] help: consider importing this macro
[INFO] [stdout]    |
[INFO] [stdout] 12 + use core::arch::asm;
[INFO] [stdout]    |
[INFO] [stdout] 
[INFO] [stdout] 
[INFO] [stdout] error: aborting due to 7 previous errors
[INFO] [stdout] 
[INFO] [stdout] 
[INFO] [stderr] error: could not compile `system-call` (lib) due to 8 previous errors
[INFO] [stderr] warning: build failed, waiting for other jobs to finish...
[INFO] [stdout] error[E0277]: the trait bound `rand_hc::Hc128Rng: SeedableRng` is not satisfied
[INFO] [stdout]   --> /opt/rustwide/cargo-home/registry/src/index.crates.io-6f17d22bba15001f/rand-0.6.5/src/rngs/std.rs:56:17
[INFO] [stdout]    |
[INFO] [stdout] 56 |     type Seed = <Hc128Rng as SeedableRng>::Seed;
[INFO] [stdout]    |                 ^^^^^^^^^^^^^^^^^^^^^^^^^^^^^^^ the trait `SeedableRng` is not implemented for `rand_hc::Hc128Rng`
[INFO] [stdout]    |
[INFO] [stdout]    = help: the following other types implement trait `SeedableRng`:
[INFO] [stdout]              Lcg64Xsh32
[INFO] [stdout]              Mcg128Xsl64
[INFO] [stdout]              BlockRng<R>
[INFO] [stdout]              BlockRng64<R>
[INFO] [stdout]              SmallRng
[INFO] [stdout]              rngs::std::StdRng
[INFO] [stdout]              deprecated::IsaacRng
[INFO] [stdout]              deprecated::Isaac64Rng
[INFO] [stdout]            and 4 others
[INFO] [stdout] 
[INFO] [stdout] 
[INFO] [stdout] error[E0277]: the trait bound `rand_hc::Hc128Rng: SeedableRng` is not satisfied
[INFO] [stdout]   --> /opt/rustwide/cargo-home/registry/src/index.crates.io-6f17d22bba15001f/rand-0.6.5/src/rngs/std.rs:58:5
[INFO] [stdout]    |
[INFO] [stdout] 58 |     fn from_seed(seed: Self::Seed) -> Self {
[INFO] [stdout]    |     ^^^^^^^^^^^^^^^^^^^^^^^^^^^^^^^^^^^^^^ the trait `SeedableRng` is not implemented for `rand_hc::Hc128Rng`
[INFO] [stdout]    |
[INFO] [stdout]    = help: the following other types implement trait `SeedableRng`:
[INFO] [stdout]              Lcg64Xsh32
[INFO] [stdout]              Mcg128Xsl64
[INFO] [stdout]              BlockRng<R>
[INFO] [stdout]              BlockRng64<R>
[INFO] [stdout]              SmallRng
[INFO] [stdout]              rngs::std::StdRng
[INFO] [stdout]              deprecated::IsaacRng
[INFO] [stdout]              deprecated::Isaac64Rng
[INFO] [stdout]            and 4 others
[INFO] [stdout] 
[INFO] [stdout] 
[INFO] [stdout] error[E0277]: the trait bound `rand_hc::Hc128Rng: SeedableRng` is not satisfied
[INFO] [stdout]   --> /opt/rustwide/cargo-home/registry/src/index.crates.io-6f17d22bba15001f/rand-0.6.5/src/rngs/std.rs:58:24
[INFO] [stdout]    |
[INFO] [stdout] 58 |     fn from_seed(seed: Self::Seed) -> Self {
[INFO] [stdout]    |                        ^^^^^^^^^^ the trait `SeedableRng` is not implemented for `rand_hc::Hc128Rng`
[INFO] [stdout]    |
[INFO] [stdout]    = help: the following other types implement trait `SeedableRng`:
[INFO] [stdout]              Lcg64Xsh32
[INFO] [stdout]              Mcg128Xsl64
[INFO] [stdout]              BlockRng<R>
[INFO] [stdout]              BlockRng64<R>
[INFO] [stdout]              SmallRng
[INFO] [stdout]              rngs::std::StdRng
[INFO] [stdout]              deprecated::IsaacRng
[INFO] [stdout]              deprecated::Isaac64Rng
[INFO] [stdout]            and 4 others
[INFO] [stdout] 
[INFO] [stdout] 
[INFO] [stdout] error[E0277]: the trait bound `Hc128Core: BlockRngCore` is not satisfied
[INFO] [stdout]   --> /opt/rustwide/cargo-home/registry/src/index.crates.io-6f17d22bba15001f/rand-0.6.5/src/rngs/thread.rs:73:15
[INFO] [stdout]    |
[INFO] [stdout] 73 |     rng: *mut ReseedingRng<Hc128Core, EntropyRng>,
[INFO] [stdout]    |               ^^^^^^^^^^^^^^^^^^^^^^^^^^^^^^^^^^^ the trait `BlockRngCore` is not implemented for `Hc128Core`
[INFO] [stdout]    |
[INFO] [stdout] note: required by a bound in `reseeding::ReseedingRng`
[INFO] [stdout]   --> /opt/rustwide/cargo-home/registry/src/index.crates.io-6f17d22bba15001f/rand-0.6.5/src/rngs/adapter/reseeding.rs:89:10
[INFO] [stdout]    |
[INFO] [stdout] 88 | pub struct ReseedingRng<R, Rsdr>(BlockRng<ReseedingCore<R, Rsdr>>)
[INFO] [stdout]    |            ------------ required by a bound in this struct
[INFO] [stdout] 89 | where R: BlockRngCore + SeedableRng,
[INFO] [stdout]    |          ^^^^^^^^^^^^ required by this bound in `ReseedingRng`
[INFO] [stdout] 
[INFO] [stdout] 
[INFO] [stdout] error[E0277]: the trait bound `Hc128Core: SeedableRng` is not satisfied
[INFO] [stdout]   --> /opt/rustwide/cargo-home/registry/src/index.crates.io-6f17d22bba15001f/rand-0.6.5/src/rngs/thread.rs:73:15
[INFO] [stdout]    |
[INFO] [stdout] 73 |     rng: *mut ReseedingRng<Hc128Core, EntropyRng>,
[INFO] [stdout]    |               ^^^^^^^^^^^^^^^^^^^^^^^^^^^^^^^^^^^ the trait `SeedableRng` is not implemented for `Hc128Core`
[INFO] [stdout]    |
[INFO] [stdout]    = help: the following other types implement trait `SeedableRng`:
[INFO] [stdout]              Lcg64Xsh32
[INFO] [stdout]              Mcg128Xsl64
[INFO] [stdout]              BlockRng<R>
[INFO] [stdout]              BlockRng64<R>
[INFO] [stdout]              SmallRng
[INFO] [stdout]              rngs::std::StdRng
[INFO] [stdout]              deprecated::IsaacRng
[INFO] [stdout]              deprecated::Isaac64Rng
[INFO] [stdout]            and 4 others
[INFO] [stdout] note: required by a bound in `reseeding::ReseedingRng`
[INFO] [stdout]   --> /opt/rustwide/cargo-home/registry/src/index.crates.io-6f17d22bba15001f/rand-0.6.5/src/rngs/adapter/reseeding.rs:89:25
[INFO] [stdout]    |
[INFO] [stdout] 88 | pub struct ReseedingRng<R, Rsdr>(BlockRng<ReseedingCore<R, Rsdr>>)
[INFO] [stdout]    |            ------------ required by a bound in this struct
[INFO] [stdout] 89 | where R: BlockRngCore + SeedableRng,
[INFO] [stdout]    |                         ^^^^^^^^^^^ required by this bound in `ReseedingRng`
[INFO] [stdout] 
[INFO] [stdout] 
[INFO] [stdout] error[E0277]: the trait bound `Hc128Core: BlockRngCore` is not satisfied
[INFO] [stdout]   --> /opt/rustwide/cargo-home/registry/src/index.crates.io-6f17d22bba15001f/rand-0.6.5/src/rngs/thread.rs:77:39
[INFO] [stdout]    |
[INFO] [stdout] 77 |     static THREAD_RNG_KEY: UnsafeCell<ReseedingRng<Hc128Core, EntropyRng>> = {
[INFO] [stdout]    |                                       ^^^^^^^^^^^^^^^^^^^^^^^^^^^^^^^^^^^ the trait `BlockRngCore` is not implemented for `Hc128Core`
[INFO] [stdout]    |
[INFO] [stdout] note: required by a bound in `reseeding::ReseedingRng`
[INFO] [stdout]   --> /opt/rustwide/cargo-home/registry/src/index.crates.io-6f17d22bba15001f/rand-0.6.5/src/rngs/adapter/reseeding.rs:89:10
[INFO] [stdout]    |
[INFO] [stdout] 88 | pub struct ReseedingRng<R, Rsdr>(BlockRng<ReseedingCore<R, Rsdr>>)
[INFO] [stdout]    |            ------------ required by a bound in this struct
[INFO] [stdout] 89 | where R: BlockRngCore + SeedableRng,
[INFO] [stdout]    |          ^^^^^^^^^^^^ required by this bound in `ReseedingRng`
[INFO] [stdout] 
[INFO] [stdout] 
[INFO] [stdout] error[E0277]: the trait bound `Hc128Core: SeedableRng` is not satisfied
[INFO] [stdout]   --> /opt/rustwide/cargo-home/registry/src/index.crates.io-6f17d22bba15001f/rand-0.6.5/src/rngs/thread.rs:77:39
[INFO] [stdout]    |
[INFO] [stdout] 77 |     static THREAD_RNG_KEY: UnsafeCell<ReseedingRng<Hc128Core, EntropyRng>> = {
[INFO] [stdout]    |                                       ^^^^^^^^^^^^^^^^^^^^^^^^^^^^^^^^^^^ the trait `SeedableRng` is not implemented for `Hc128Core`
[INFO] [stdout]    |
[INFO] [stdout]    = help: the following other types implement trait `SeedableRng`:
[INFO] [stdout]              Lcg64Xsh32
[INFO] [stdout]              Mcg128Xsl64
[INFO] [stdout]              BlockRng<R>
[INFO] [stdout]              BlockRng64<R>
[INFO] [stdout]              SmallRng
[INFO] [stdout]              rngs::std::StdRng
[INFO] [stdout]              deprecated::IsaacRng
[INFO] [stdout]              deprecated::Isaac64Rng
[INFO] [stdout]            and 4 others
[INFO] [stdout] note: required by a bound in `reseeding::ReseedingRng`
[INFO] [stdout]   --> /opt/rustwide/cargo-home/registry/src/index.crates.io-6f17d22bba15001f/rand-0.6.5/src/rngs/adapter/reseeding.rs:89:25
[INFO] [stdout]    |
[INFO] [stdout] 88 | pub struct ReseedingRng<R, Rsdr>(BlockRng<ReseedingCore<R, Rsdr>>)
[INFO] [stdout]    |            ------------ required by a bound in this struct
[INFO] [stdout] 89 | where R: BlockRngCore + SeedableRng,
[INFO] [stdout]    |                         ^^^^^^^^^^^ required by this bound in `ReseedingRng`
[INFO] [stdout] 
[INFO] [stdout] 
[INFO] [stdout] error[E0277]: the trait bound `Hc128Core: BlockRngCore` is not satisfied
[INFO] [stdout]   --> /opt/rustwide/cargo-home/registry/src/index.crates.io-6f17d22bba15001f/rand-0.6.5/src/rngs/thread.rs:76:1
[INFO] [stdout]    |
[INFO] [stdout] 76 | / thread_local!(
[INFO] [stdout] 77 | |     static THREAD_RNG_KEY: UnsafeCell<ReseedingRng<Hc128Core, EntropyRng>> = {
[INFO] [stdout] 78 | |         let mut entropy_source = EntropyRng::new();
[INFO] [stdout] 79 | |         let r = Hc128Core::from_rng(&mut entropy_source).unwrap_or_else(|err|
[INFO] [stdout] ...  |
[INFO] [stdout] 85 | |     }
[INFO] [stdout] 86 | | );
[INFO] [stdout]    | |_^ the trait `BlockRngCore` is not implemented for `Hc128Core`
[INFO] [stdout]    |
[INFO] [stdout] note: required by a bound in `reseeding::ReseedingRng`
[INFO] [stdout]   --> /opt/rustwide/cargo-home/registry/src/index.crates.io-6f17d22bba15001f/rand-0.6.5/src/rngs/adapter/reseeding.rs:89:10
[INFO] [stdout]    |
[INFO] [stdout] 88 | pub struct ReseedingRng<R, Rsdr>(BlockRng<ReseedingCore<R, Rsdr>>)
[INFO] [stdout]    |            ------------ required by a bound in this struct
[INFO] [stdout] 89 | where R: BlockRngCore + SeedableRng,
[INFO] [stdout]    |          ^^^^^^^^^^^^ required by this bound in `ReseedingRng`
[INFO] [stdout]    = note: this error originates in the macro `$crate::thread::local_impl::thread_local_inner` which comes from the expansion of the macro `thread_local` (in Nightly builds, run with -Z macro-backtrace for more info)
[INFO] [stdout] 
[INFO] [stdout] 
[INFO] [stdout] error[E0277]: the trait bound `Hc128Core: SeedableRng` is not satisfied
[INFO] [stdout]   --> /opt/rustwide/cargo-home/registry/src/index.crates.io-6f17d22bba15001f/rand-0.6.5/src/rngs/thread.rs:76:1
[INFO] [stdout]    |
[INFO] [stdout] 76 | / thread_local!(
[INFO] [stdout] 77 | |     static THREAD_RNG_KEY: UnsafeCell<ReseedingRng<Hc128Core, EntropyRng>> = {
[INFO] [stdout] 78 | |         let mut entropy_source = EntropyRng::new();
[INFO] [stdout] 79 | |         let r = Hc128Core::from_rng(&mut entropy_source).unwrap_or_else(|err|
[INFO] [stdout] ...  |
[INFO] [stdout] 85 | |     }
[INFO] [stdout] 86 | | );
[INFO] [stdout]    | |_^ the trait `SeedableRng` is not implemented for `Hc128Core`
[INFO] [stdout]    |
[INFO] [stdout]    = help: the following other types implement trait `SeedableRng`:
[INFO] [stdout]              Lcg64Xsh32
[INFO] [stdout]              Mcg128Xsl64
[INFO] [stdout]              BlockRng<R>
[INFO] [stdout]              BlockRng64<R>
[INFO] [stdout]              SmallRng
[INFO] [stdout]              rngs::std::StdRng
[INFO] [stdout]              deprecated::IsaacRng
[INFO] [stdout]              deprecated::Isaac64Rng
[INFO] [stdout]            and 4 others
[INFO] [stdout] note: required by a bound in `reseeding::ReseedingRng`
[INFO] [stdout]   --> /opt/rustwide/cargo-home/registry/src/index.crates.io-6f17d22bba15001f/rand-0.6.5/src/rngs/adapter/reseeding.rs:89:25
[INFO] [stdout]    |
[INFO] [stdout] 88 | pub struct ReseedingRng<R, Rsdr>(BlockRng<ReseedingCore<R, Rsdr>>)
[INFO] [stdout]    |            ------------ required by a bound in this struct
[INFO] [stdout] 89 | where R: BlockRngCore + SeedableRng,
[INFO] [stdout]    |                         ^^^^^^^^^^^ required by this bound in `ReseedingRng`
[INFO] [stdout]    = note: this error originates in the macro `$crate::thread::local_impl::thread_local_inner` which comes from the expansion of the macro `thread_local` (in Nightly builds, run with -Z macro-backtrace for more info)
[INFO] [stdout] 
[INFO] [stdout] 
[INFO] [stdout] error[E0277]: the trait bound `Hc128Core: BlockRngCore` is not satisfied
[INFO] [stdout]   --> /opt/rustwide/cargo-home/registry/src/index.crates.io-6f17d22bba15001f/rand-0.6.5/src/rngs/thread.rs:76:1
[INFO] [stdout]    |
[INFO] [stdout] 76 | / thread_local!(
[INFO] [stdout] 77 | |     static THREAD_RNG_KEY: UnsafeCell<ReseedingRng<Hc128Core, EntropyRng>> = {
[INFO] [stdout] 78 | |         let mut entropy_source = EntropyRng::new();
[INFO] [stdout] 79 | |         let r = Hc128Core::from_rng(&mut entropy_source).unwrap_or_else(|err|
[INFO] [stdout] ...  |
[INFO] [stdout] 85 | |     }
[INFO] [stdout] 86 | | );
[INFO] [stdout]    | |_^ the trait `BlockRngCore` is not implemented for `Hc128Core`
[INFO] [stdout]    |
[INFO] [stdout] note: required by a bound in `reseeding::ReseedingRng`
[INFO] [stdout]   --> /opt/rustwide/cargo-home/registry/src/index.crates.io-6f17d22bba15001f/rand-0.6.5/src/rngs/adapter/reseeding.rs:89:10
[INFO] [stdout]    |
[INFO] [stdout] 88 | pub struct ReseedingRng<R, Rsdr>(BlockRng<ReseedingCore<R, Rsdr>>)
[INFO] [stdout]    |            ------------ required by a bound in this struct
[INFO] [stdout] 89 | where R: BlockRngCore + SeedableRng,
[INFO] [stdout]    |          ^^^^^^^^^^^^ required by this bound in `ReseedingRng`
[INFO] [stdout]    = note: this error originates in the macro `$crate::thread::local_impl::thread_local_inner` which comes from the expansion of the macro `thread_local` (in Nightly builds, run with -Z macro-backtrace for more info)
[INFO] [stdout] 
[INFO] [stdout] 
[INFO] [stdout] error[E0277]: the trait bound `Hc128Core: SeedableRng` is not satisfied
[INFO] [stdout]   --> /opt/rustwide/cargo-home/registry/src/index.crates.io-6f17d22bba15001f/rand-0.6.5/src/rngs/thread.rs:76:1
[INFO] [stdout]    |
[INFO] [stdout] 76 | / thread_local!(
[INFO] [stdout] 77 | |     static THREAD_RNG_KEY: UnsafeCell<ReseedingRng<Hc128Core, EntropyRng>> = {
[INFO] [stdout] 78 | |         let mut entropy_source = EntropyRng::new();
[INFO] [stdout] 79 | |         let r = Hc128Core::from_rng(&mut entropy_source).unwrap_or_else(|err|
[INFO] [stdout] ...  |
[INFO] [stdout] 85 | |     }
[INFO] [stdout] 86 | | );
[INFO] [stdout]    | |_^ the trait `SeedableRng` is not implemented for `Hc128Core`
[INFO] [stdout]    |
[INFO] [stdout]    = help: the following other types implement trait `SeedableRng`:
[INFO] [stdout]              Lcg64Xsh32
[INFO] [stdout]              Mcg128Xsl64
[INFO] [stdout]              BlockRng<R>
[INFO] [stdout]              BlockRng64<R>
[INFO] [stdout]              SmallRng
[INFO] [stdout]              rngs::std::StdRng
[INFO] [stdout]              deprecated::IsaacRng
[INFO] [stdout]              deprecated::Isaac64Rng
[INFO] [stdout]            and 4 others
[INFO] [stdout] note: required by a bound in `reseeding::ReseedingRng`
[INFO] [stdout]   --> /opt/rustwide/cargo-home/registry/src/index.crates.io-6f17d22bba15001f/rand-0.6.5/src/rngs/adapter/reseeding.rs:89:25
[INFO] [stdout]    |
[INFO] [stdout] 88 | pub struct ReseedingRng<R, Rsdr>(BlockRng<ReseedingCore<R, Rsdr>>)
[INFO] [stdout]    |            ------------ required by a bound in this struct
[INFO] [stdout] 89 | where R: BlockRngCore + SeedableRng,
[INFO] [stdout]    |                         ^^^^^^^^^^^ required by this bound in `ReseedingRng`
[INFO] [stdout]    = note: this error originates in the macro `$crate::thread::local_impl::thread_local_inner` which comes from the expansion of the macro `thread_local` (in Nightly builds, run with -Z macro-backtrace for more info)
[INFO] [stdout] 
[INFO] [stdout] 
[INFO] [stdout] error[E0277]: the trait bound `Hc128Core: BlockRngCore` is not satisfied
[INFO] [stdout]   --> /opt/rustwide/cargo-home/registry/src/index.crates.io-6f17d22bba15001f/rand-0.6.5/src/rngs/thread.rs:76:1
[INFO] [stdout]    |
[INFO] [stdout] 76 | / thread_local!(
[INFO] [stdout] 77 | |     static THREAD_RNG_KEY: UnsafeCell<ReseedingRng<Hc128Core, EntropyRng>> = {
[INFO] [stdout] 78 | |         let mut entropy_source = EntropyRng::new();
[INFO] [stdout] 79 | |         let r = Hc128Core::from_rng(&mut entropy_source).unwrap_or_else(|err|
[INFO] [stdout] ...  |
[INFO] [stdout] 85 | |     }
[INFO] [stdout] 86 | | );
[INFO] [stdout]    | |_^ the trait `BlockRngCore` is not implemented for `Hc128Core`
[INFO] [stdout]    |
[INFO] [stdout] note: required by a bound in `reseeding::ReseedingRng`
[INFO] [stdout]   --> /opt/rustwide/cargo-home/registry/src/index.crates.io-6f17d22bba15001f/rand-0.6.5/src/rngs/adapter/reseeding.rs:89:10
[INFO] [stdout]    |
[INFO] [stdout] 88 | pub struct ReseedingRng<R, Rsdr>(BlockRng<ReseedingCore<R, Rsdr>>)
[INFO] [stdout]    |            ------------ required by a bound in this struct
[INFO] [stdout] 89 | where R: BlockRngCore + SeedableRng,
[INFO] [stdout]    |          ^^^^^^^^^^^^ required by this bound in `ReseedingRng`
[INFO] [stdout]    = note: this error originates in the macro `$crate::thread::local_impl::thread_local_inner` which comes from the expansion of the macro `thread_local` (in Nightly builds, run with -Z macro-backtrace for more info)
[INFO] [stdout] 
[INFO] [stdout] 
[INFO] [stdout] error[E0277]: the trait bound `Hc128Core: SeedableRng` is not satisfied
[INFO] [stdout]   --> /opt/rustwide/cargo-home/registry/src/index.crates.io-6f17d22bba15001f/rand-0.6.5/src/rngs/thread.rs:76:1
[INFO] [stdout]    |
[INFO] [stdout] 76 | / thread_local!(
[INFO] [stdout] 77 | |     static THREAD_RNG_KEY: UnsafeCell<ReseedingRng<Hc128Core, EntropyRng>> = {
[INFO] [stdout] 78 | |         let mut entropy_source = EntropyRng::new();
[INFO] [stdout] 79 | |         let r = Hc128Core::from_rng(&mut entropy_source).unwrap_or_else(|err|
[INFO] [stdout] ...  |
[INFO] [stdout] 85 | |     }
[INFO] [stdout] 86 | | );
[INFO] [stdout]    | |_^ the trait `SeedableRng` is not implemented for `Hc128Core`
[INFO] [stdout]    |
[INFO] [stdout]    = help: the following other types implement trait `SeedableRng`:
[INFO] [stdout]              Lcg64Xsh32
[INFO] [stdout]              Mcg128Xsl64
[INFO] [stdout]              BlockRng<R>
[INFO] [stdout]              BlockRng64<R>
[INFO] [stdout]              SmallRng
[INFO] [stdout]              rngs::std::StdRng
[INFO] [stdout]              deprecated::IsaacRng
[INFO] [stdout]              deprecated::Isaac64Rng
[INFO] [stdout]            and 4 others
[INFO] [stdout] note: required by a bound in `reseeding::ReseedingRng`
[INFO] [stdout]   --> /opt/rustwide/cargo-home/registry/src/index.crates.io-6f17d22bba15001f/rand-0.6.5/src/rngs/adapter/reseeding.rs:89:25
[INFO] [stdout]    |
[INFO] [stdout] 88 | pub struct ReseedingRng<R, Rsdr>(BlockRng<ReseedingCore<R, Rsdr>>)
[INFO] [stdout]    |            ------------ required by a bound in this struct
[INFO] [stdout] 89 | where R: BlockRngCore + SeedableRng,
[INFO] [stdout]    |                         ^^^^^^^^^^^ required by this bound in `ReseedingRng`
[INFO] [stdout]    = note: this error originates in the macro `$crate::thread::local_impl::thread_local_inner` which comes from the expansion of the macro `thread_local` (in Nightly builds, run with -Z macro-backtrace for more info)
[INFO] [stdout] 
[INFO] [stdout] 
[INFO] [stdout] error[E0277]: the trait bound `Hc128Core: BlockRngCore` is not satisfied
[INFO] [stdout]   --> /opt/rustwide/cargo-home/registry/src/index.crates.io-6f17d22bba15001f/rand-0.6.5/src/rngs/thread.rs:76:1
[INFO] [stdout]    |
[INFO] [stdout] 76 | / thread_local!(
[INFO] [stdout] 77 | |     static THREAD_RNG_KEY: UnsafeCell<ReseedingRng<Hc128Core, EntropyRng>> = {
[INFO] [stdout] 78 | |         let mut entropy_source = EntropyRng::new();
[INFO] [stdout] 79 | |         let r = Hc128Core::from_rng(&mut entropy_source).unwrap_or_else(|err|
[INFO] [stdout] ...  |
[INFO] [stdout] 85 | |     }
[INFO] [stdout] 86 | | );
[INFO] [stdout]    | |_^ the trait `BlockRngCore` is not implemented for `Hc128Core`
[INFO] [stdout]    |
[INFO] [stdout] note: required by a bound in `reseeding::ReseedingRng`
[INFO] [stdout]   --> /opt/rustwide/cargo-home/registry/src/index.crates.io-6f17d22bba15001f/rand-0.6.5/src/rngs/adapter/reseeding.rs:89:10
[INFO] [stdout]    |
[INFO] [stdout] 88 | pub struct ReseedingRng<R, Rsdr>(BlockRng<ReseedingCore<R, Rsdr>>)
[INFO] [stdout]    |            ------------ required by a bound in this struct
[INFO] [stdout] 89 | where R: BlockRngCore + SeedableRng,
[INFO] [stdout]    |          ^^^^^^^^^^^^ required by this bound in `ReseedingRng`
[INFO] [stdout]    = note: this error originates in the macro `$crate::thread::local_impl::thread_local_inner` which comes from the expansion of the macro `thread_local` (in Nightly builds, run with -Z macro-backtrace for more info)
[INFO] [stdout] 
[INFO] [stdout] 
[INFO] [stdout] error[E0277]: the trait bound `Hc128Core: SeedableRng` is not satisfied
[INFO] [stdout]   --> /opt/rustwide/cargo-home/registry/src/index.crates.io-6f17d22bba15001f/rand-0.6.5/src/rngs/thread.rs:76:1
[INFO] [stdout]    |
[INFO] [stdout] 76 | / thread_local!(
[INFO] [stdout] 77 | |     static THREAD_RNG_KEY: UnsafeCell<ReseedingRng<Hc128Core, EntropyRng>> = {
[INFO] [stdout] 78 | |         let mut entropy_source = EntropyRng::new();
[INFO] [stdout] 79 | |         let r = Hc128Core::from_rng(&mut entropy_source).unwrap_or_else(|err|
[INFO] [stdout] ...  |
[INFO] [stdout] 85 | |     }
[INFO] [stdout] 86 | | );
[INFO] [stdout]    | |_^ the trait `SeedableRng` is not implemented for `Hc128Core`
[INFO] [stdout]    |
[INFO] [stdout]    = help: the following other types implement trait `SeedableRng`:
[INFO] [stdout]              Lcg64Xsh32
[INFO] [stdout]              Mcg128Xsl64
[INFO] [stdout]              BlockRng<R>
[INFO] [stdout]              BlockRng64<R>
[INFO] [stdout]              SmallRng
[INFO] [stdout]              rngs::std::StdRng
[INFO] [stdout]              deprecated::IsaacRng
[INFO] [stdout]              deprecated::Isaac64Rng
[INFO] [stdout]            and 4 others
[INFO] [stdout] note: required by a bound in `reseeding::ReseedingRng`
[INFO] [stdout]   --> /opt/rustwide/cargo-home/registry/src/index.crates.io-6f17d22bba15001f/rand-0.6.5/src/rngs/adapter/reseeding.rs:89:25
[INFO] [stdout]    |
[INFO] [stdout] 88 | pub struct ReseedingRng<R, Rsdr>(BlockRng<ReseedingCore<R, Rsdr>>)
[INFO] [stdout]    |            ------------ required by a bound in this struct
[INFO] [stdout] 89 | where R: BlockRngCore + SeedableRng,
[INFO] [stdout]    |                         ^^^^^^^^^^^ required by this bound in `ReseedingRng`
[INFO] [stdout]    = note: this error originates in the macro `$crate::thread::local_impl::thread_local_inner` which comes from the expansion of the macro `thread_local` (in Nightly builds, run with -Z macro-backtrace for more info)
[INFO] [stdout] 
[INFO] [stdout] 
[INFO] [stdout] error[E0277]: the trait bound `rand_isaac::IsaacRng: SeedableRng` is not satisfied
[INFO] [stdout]   --> /opt/rustwide/cargo-home/registry/src/index.crates.io-6f17d22bba15001f/rand-0.6.5/src/deprecated.rs:51:17
[INFO] [stdout]    |
[INFO] [stdout] 51 |     type Seed = <rand_isaac::IsaacRng as SeedableRng>::Seed;
[INFO] [stdout]    |                 ^^^^^^^^^^^^^^^^^^^^^^^^^^^^^^^^^^^^^^^^^^^ the trait `SeedableRng` is not implemented for `rand_isaac::IsaacRng`
[INFO] [stdout]    |
[INFO] [stdout]    = help: the following other types implement trait `SeedableRng`:
[INFO] [stdout]              Lcg64Xsh32
[INFO] [stdout]              Mcg128Xsl64
[INFO] [stdout]              BlockRng<R>
[INFO] [stdout]              BlockRng64<R>
[INFO] [stdout]              SmallRng
[INFO] [stdout]              rngs::std::StdRng
[INFO] [stdout]              deprecated::IsaacRng
[INFO] [stdout]              deprecated::Isaac64Rng
[INFO] [stdout]            and 4 others
[INFO] [stdout] 
[INFO] [stdout] 
[INFO] [stdout] error[E0277]: the trait bound `rand_isaac::IsaacRng: SeedableRng` is not satisfied
[INFO] [stdout]   --> /opt/rustwide/cargo-home/registry/src/index.crates.io-6f17d22bba15001f/rand-0.6.5/src/deprecated.rs:53:5
[INFO] [stdout]    |
[INFO] [stdout] 53 |     fn from_seed(seed: Self::Seed) -> Self {
[INFO] [stdout]    |     ^^^^^^^^^^^^^^^^^^^^^^^^^^^^^^^^^^^^^^ the trait `SeedableRng` is not implemented for `rand_isaac::IsaacRng`
[INFO] [stdout]    |
[INFO] [stdout]    = help: the following other types implement trait `SeedableRng`:
[INFO] [stdout]              Lcg64Xsh32
[INFO] [stdout]              Mcg128Xsl64
[INFO] [stdout]              BlockRng<R>
[INFO] [stdout]              BlockRng64<R>
[INFO] [stdout]              SmallRng
[INFO] [stdout]              rngs::std::StdRng
[INFO] [stdout]              deprecated::IsaacRng
[INFO] [stdout]              deprecated::Isaac64Rng
[INFO] [stdout]            and 4 others
[INFO] [stdout] 
[INFO] [stdout] 
[INFO] [stdout] error[E0277]: the trait bound `rand_isaac::Isaac64Rng: SeedableRng` is not satisfied
[INFO] [stdout]   --> /opt/rustwide/cargo-home/registry/src/index.crates.io-6f17d22bba15001f/rand-0.6.5/src/deprecated.rs:97:17
[INFO] [stdout]    |
[INFO] [stdout] 97 |     type Seed = <rand_isaac::Isaac64Rng as SeedableRng>::Seed;
[INFO] [stdout]    |                 ^^^^^^^^^^^^^^^^^^^^^^^^^^^^^^^^^^^^^^^^^^^^^ the trait `SeedableRng` is not implemented for `rand_isaac::Isaac64Rng`
[INFO] [stdout]    |
[INFO] [stdout]    = help: the following other types implement trait `SeedableRng`:
[INFO] [stdout]              Lcg64Xsh32
[INFO] [stdout]              Mcg128Xsl64
[INFO] [stdout]              BlockRng<R>
[INFO] [stdout]              BlockRng64<R>
[INFO] [stdout]              SmallRng
[INFO] [stdout]              rngs::std::StdRng
[INFO] [stdout]              deprecated::IsaacRng
[INFO] [stdout]              deprecated::Isaac64Rng
[INFO] [stdout]            and 4 others
[INFO] [stdout] 
[INFO] [stdout] 
[INFO] [stdout] error[E0277]: the trait bound `rand_isaac::Isaac64Rng: SeedableRng` is not satisfied
[INFO] [stdout]   --> /opt/rustwide/cargo-home/registry/src/index.crates.io-6f17d22bba15001f/rand-0.6.5/src/deprecated.rs:99:5
[INFO] [stdout]    |
[INFO] [stdout] 99 |     fn from_seed(seed: Self::Seed) -> Self {
[INFO] [stdout]    |     ^^^^^^^^^^^^^^^^^^^^^^^^^^^^^^^^^^^^^^ the trait `SeedableRng` is not implemented for `rand_isaac::Isaac64Rng`
[INFO] [stdout]    |
[INFO] [stdout]    = help: the following other types implement trait `SeedableRng`:
[INFO] [stdout]              Lcg64Xsh32
[INFO] [stdout]              Mcg128Xsl64
[INFO] [stdout]              BlockRng<R>
[INFO] [stdout]              BlockRng64<R>
[INFO] [stdout]              SmallRng
[INFO] [stdout]              rngs::std::StdRng
[INFO] [stdout]              deprecated::IsaacRng
[INFO] [stdout]              deprecated::Isaac64Rng
[INFO] [stdout]            and 4 others
[INFO] [stdout] 
[INFO] [stdout] 
[INFO] [stdout] error[E0277]: the trait bound `rand_chacha::ChaChaRng: SeedableRng` is not satisfied
[INFO] [stdout]    --> /opt/rustwide/cargo-home/registry/src/index.crates.io-6f17d22bba15001f/rand-0.6.5/src/deprecated.rs:142:17
[INFO] [stdout]     |
[INFO] [stdout] 142 |     type Seed = <rand_chacha::ChaChaRng as SeedableRng>::Seed;
[INFO] [stdout]     |                 ^^^^^^^^^^^^^^^^^^^^^^^^^^^^^^^^^^^^^^^^^^^^^ the trait `SeedableRng` is not implemented for `rand_chacha::ChaChaRng`
[INFO] [stdout]     |
[INFO] [stdout]     = help: the following other types implement trait `SeedableRng`:
[INFO] [stdout]               Lcg64Xsh32
[INFO] [stdout]               Mcg128Xsl64
[INFO] [stdout]               BlockRng<R>
[INFO] [stdout]               BlockRng64<R>
[INFO] [stdout]               SmallRng
[INFO] [stdout]               rngs::std::StdRng
[INFO] [stdout]               deprecated::IsaacRng
[INFO] [stdout]               deprecated::Isaac64Rng
[INFO] [stdout]             and 4 others
[INFO] [stdout] 
[INFO] [stdout] 
[INFO] [stdout] error[E0277]: the trait bound `rand_chacha::ChaChaRng: SeedableRng` is not satisfied
[INFO] [stdout]    --> /opt/rustwide/cargo-home/registry/src/index.crates.io-6f17d22bba15001f/rand-0.6.5/src/deprecated.rs:144:5
[INFO] [stdout]     |
[INFO] [stdout] 144 |     fn from_seed(seed: Self::Seed) -> Self {
[INFO] [stdout]     |     ^^^^^^^^^^^^^^^^^^^^^^^^^^^^^^^^^^^^^^ the trait `SeedableRng` is not implemented for `rand_chacha::ChaChaRng`
[INFO] [stdout]     |
[INFO] [stdout]     = help: the following other types implement trait `SeedableRng`:
[INFO] [stdout]               Lcg64Xsh32
[INFO] [stdout]               Mcg128Xsl64
[INFO] [stdout]               BlockRng<R>
[INFO] [stdout]               BlockRng64<R>
[INFO] [stdout]               SmallRng
[INFO] [stdout]               rngs::std::StdRng
[INFO] [stdout]               deprecated::IsaacRng
[INFO] [stdout]               deprecated::Isaac64Rng
[INFO] [stdout]             and 4 others
[INFO] [stdout] 
[INFO] [stdout] 
[INFO] [stdout] error[E0277]: the trait bound `rand_hc::Hc128Rng: SeedableRng` is not satisfied
[INFO] [stdout]    --> /opt/rustwide/cargo-home/registry/src/index.crates.io-6f17d22bba15001f/rand-0.6.5/src/deprecated.rs:199:17
[INFO] [stdout]     |
[INFO] [stdout] 199 |     type Seed = <rand_hc::Hc128Rng as SeedableRng>::Seed;
[INFO] [stdout]     |                 ^^^^^^^^^^^^^^^^^^^^^^^^^^^^^^^^^^^^^^^^ the trait `SeedableRng` is not implemented for `rand_hc::Hc128Rng`
[INFO] [stdout]     |
[INFO] [stdout]     = help: the following other types implement trait `SeedableRng`:
[INFO] [stdout]               Lcg64Xsh32
[INFO] [stdout]               Mcg128Xsl64
[INFO] [stdout]               BlockRng<R>
[INFO] [stdout]               BlockRng64<R>
[INFO] [stdout]               SmallRng
[INFO] [stdout]               rngs::std::StdRng
[INFO] [stdout]               deprecated::IsaacRng
[INFO] [stdout]               deprecated::Isaac64Rng
[INFO] [stdout]             and 4 others
[INFO] [stdout] 
[INFO] [stdout] 
[INFO] [stdout] error[E0277]: the trait bound `rand_hc::Hc128Rng: SeedableRng` is not satisfied
[INFO] [stdout]    --> /opt/rustwide/cargo-home/registry/src/index.crates.io-6f17d22bba15001f/rand-0.6.5/src/deprecated.rs:201:5
[INFO] [stdout]     |
[INFO] [stdout] 201 |     fn from_seed(seed: Self::Seed) -> Self {
[INFO] [stdout]     |     ^^^^^^^^^^^^^^^^^^^^^^^^^^^^^^^^^^^^^^ the trait `SeedableRng` is not implemented for `rand_hc::Hc128Rng`
[INFO] [stdout]     |
[INFO] [stdout]     = help: the following other types implement trait `SeedableRng`:
[INFO] [stdout]               Lcg64Xsh32
[INFO] [stdout]               Mcg128Xsl64
[INFO] [stdout]               BlockRng<R>
[INFO] [stdout]               BlockRng64<R>
[INFO] [stdout]               SmallRng
[INFO] [stdout]               rngs::std::StdRng
[INFO] [stdout]               deprecated::IsaacRng
[INFO] [stdout]               deprecated::Isaac64Rng
[INFO] [stdout]             and 4 others
[INFO] [stdout] 
[INFO] [stdout] 
[INFO] [stdout] error[E0277]: the trait bound `rand_xorshift::XorShiftRng: SeedableRng` is not satisfied
[INFO] [stdout]    --> /opt/rustwide/cargo-home/registry/src/index.crates.io-6f17d22bba15001f/rand-0.6.5/src/deprecated.rs:240:17
[INFO] [stdout]     |
[INFO] [stdout] 240 |     type Seed = <::rand_xorshift::XorShiftRng as SeedableRng>::Seed;
[INFO] [stdout]     |                 ^^^^^^^^^^^^^^^^^^^^^^^^^^^^^^^^^^^^^^^^^^^^^^^^^^^ the trait `SeedableRng` is not implemented for `rand_xorshift::XorShiftRng`
[INFO] [stdout]     |
[INFO] [stdout]     = help: the following other types implement trait `SeedableRng`:
[INFO] [stdout]               Lcg64Xsh32
[INFO] [stdout]               Mcg128Xsl64
[INFO] [stdout]               BlockRng<R>
[INFO] [stdout]               BlockRng64<R>
[INFO] [stdout]               SmallRng
[INFO] [stdout]               rngs::std::StdRng
[INFO] [stdout]               deprecated::IsaacRng
[INFO] [stdout]               deprecated::Isaac64Rng
[INFO] [stdout]             and 4 others
[INFO] [stdout] 
[INFO] [stdout] 
[INFO] [stdout] error[E0277]: the trait bound `rand_xorshift::XorShiftRng: SeedableRng` is not satisfied
[INFO] [stdout]    --> /opt/rustwide/cargo-home/registry/src/index.crates.io-6f17d22bba15001f/rand-0.6.5/src/deprecated.rs:242:5
[INFO] [stdout]     |
[INFO] [stdout] 242 |     fn from_seed(seed: Self::Seed) -> Self {
[INFO] [stdout]     |     ^^^^^^^^^^^^^^^^^^^^^^^^^^^^^^^^^^^^^^ the trait `SeedableRng` is not implemented for `rand_xorshift::XorShiftRng`
[INFO] [stdout]     |
[INFO] [stdout]     = help: the following other types implement trait `SeedableRng`:
[INFO] [stdout]               Lcg64Xsh32
[INFO] [stdout]               Mcg128Xsl64
[INFO] [stdout]               BlockRng<R>
[INFO] [stdout]               BlockRng64<R>
[INFO] [stdout]               SmallRng
[INFO] [stdout]               rngs::std::StdRng
[INFO] [stdout]               deprecated::IsaacRng
[INFO] [stdout]               deprecated::Isaac64Rng
[INFO] [stdout]             and 4 others
[INFO] [stdout] 
[INFO] [stdout] 
[INFO] [stdout] error[E0277]: the trait bound `rand_hc::Hc128Rng: SeedableRng` is not satisfied
[INFO] [stdout]    --> /opt/rustwide/cargo-home/registry/src/index.crates.io-6f17d22bba15001f/rand-0.6.5/src/deprecated.rs:280:17
[INFO] [stdout]     |
[INFO] [stdout] 280 |     type Seed = <rngs::StdRng as SeedableRng>::Seed;
[INFO] [stdout]     |                 ^^^^^^^^^^^^^^^^^^^^^^^^^^^^^^^^^^^ the trait `SeedableRng` is not implemented for `rand_hc::Hc128Rng`
[INFO] [stdout]     |
[INFO] [stdout]     = help: the following other types implement trait `SeedableRng`:
[INFO] [stdout]               Lcg64Xsh32
[INFO] [stdout]               Mcg128Xsl64
[INFO] [stdout]               BlockRng<R>
[INFO] [stdout]               BlockRng64<R>
[INFO] [stdout]               SmallRng
[INFO] [stdout]               rngs::std::StdRng
[INFO] [stdout]               deprecated::IsaacRng
[INFO] [stdout]               deprecated::Isaac64Rng
[INFO] [stdout]             and 4 others
[INFO] [stdout] 
[INFO] [stdout] 
[INFO] [stdout] error[E0277]: the trait bound `rand_hc::Hc128Rng: SeedableRng` is not satisfied
[INFO] [stdout]    --> /opt/rustwide/cargo-home/registry/src/index.crates.io-6f17d22bba15001f/rand-0.6.5/src/deprecated.rs:282:5
[INFO] [stdout]     |
[INFO] [stdout] 282 |     fn from_seed(seed: Self::Seed) -> Self {
[INFO] [stdout]     |     ^^^^^^^^^^^^^^^^^^^^^^^^^^^^^^^^^^^^^^ the trait `SeedableRng` is not implemented for `rand_hc::Hc128Rng`
[INFO] [stdout]     |
[INFO] [stdout]     = help: the following other types implement trait `SeedableRng`:
[INFO] [stdout]               Lcg64Xsh32
[INFO] [stdout]               Mcg128Xsl64
[INFO] [stdout]               BlockRng<R>
[INFO] [stdout]               BlockRng64<R>
[INFO] [stdout]               SmallRng
[INFO] [stdout]               rngs::std::StdRng
[INFO] [stdout]               deprecated::IsaacRng
[INFO] [stdout]               deprecated::Isaac64Rng
[INFO] [stdout]             and 4 others
[INFO] [stdout] 
[INFO] [stdout] 
[INFO] [stdout] error[E0277]: the trait bound `rand_isaac::IsaacRng: SeedableRng` is not satisfied
[INFO] [stdout]   --> /opt/rustwide/cargo-home/registry/src/index.crates.io-6f17d22bba15001f/rand-0.6.5/src/deprecated.rs:53:24
[INFO] [stdout]    |
[INFO] [stdout] 53 |     fn from_seed(seed: Self::Seed) -> Self {
[INFO] [stdout]    |                        ^^^^^^^^^^ the trait `SeedableRng` is not implemented for `rand_isaac::IsaacRng`
[INFO] [stdout]    |
[INFO] [stdout]    = help: the following other types implement trait `SeedableRng`:
[INFO] [stdout]              Lcg64Xsh32
[INFO] [stdout]              Mcg128Xsl64
[INFO] [stdout]              BlockRng<R>
[INFO] [stdout]              BlockRng64<R>
[INFO] [stdout]              SmallRng
[INFO] [stdout]              rngs::std::StdRng
[INFO] [stdout]              deprecated::IsaacRng
[INFO] [stdout]              deprecated::Isaac64Rng
[INFO] [stdout]            and 4 others
[INFO] [stdout] 
[INFO] [stdout] 
[INFO] [stdout] error[E0277]: the trait bound `rand_isaac::Isaac64Rng: SeedableRng` is not satisfied
[INFO] [stdout]   --> /opt/rustwide/cargo-home/registry/src/index.crates.io-6f17d22bba15001f/rand-0.6.5/src/deprecated.rs:99:24
[INFO] [stdout]    |
[INFO] [stdout] 99 |     fn from_seed(seed: Self::Seed) -> Self {
[INFO] [stdout]    |                        ^^^^^^^^^^ the trait `SeedableRng` is not implemented for `rand_isaac::Isaac64Rng`
[INFO] [stdout]    |
[INFO] [stdout]    = help: the following other types implement trait `SeedableRng`:
[INFO] [stdout]              Lcg64Xsh32
[INFO] [stdout]              Mcg128Xsl64
[INFO] [stdout]              BlockRng<R>
[INFO] [stdout]              BlockRng64<R>
[INFO] [stdout]              SmallRng
[INFO] [stdout]              rngs::std::StdRng
[INFO] [stdout]              deprecated::IsaacRng
[INFO] [stdout]              deprecated::Isaac64Rng
[INFO] [stdout]            and 4 others
[INFO] [stdout] 
[INFO] [stdout] 
[INFO] [stdout] error[E0277]: the trait bound `rand_chacha::ChaChaRng: SeedableRng` is not satisfied
[INFO] [stdout]    --> /opt/rustwide/cargo-home/registry/src/index.crates.io-6f17d22bba15001f/rand-0.6.5/src/deprecated.rs:144:24
[INFO] [stdout]     |
[INFO] [stdout] 144 |     fn from_seed(seed: Self::Seed) -> Self {
[INFO] [stdout]     |                        ^^^^^^^^^^ the trait `SeedableRng` is not implemented for `rand_chacha::ChaChaRng`
[INFO] [stdout]     |
[INFO] [stdout]     = help: the following other types implement trait `SeedableRng`:
[INFO] [stdout]               Lcg64Xsh32
[INFO] [stdout]               Mcg128Xsl64
[INFO] [stdout]               BlockRng<R>
[INFO] [stdout]               BlockRng64<R>
[INFO] [stdout]               SmallRng
[INFO] [stdout]               rngs::std::StdRng
[INFO] [stdout]               deprecated::IsaacRng
[INFO] [stdout]               deprecated::Isaac64Rng
[INFO] [stdout]             and 4 others
[INFO] [stdout] 
[INFO] [stdout] 
[INFO] [stdout] error[E0277]: the trait bound `rand_hc::Hc128Rng: SeedableRng` is not satisfied
[INFO] [stdout]    --> /opt/rustwide/cargo-home/registry/src/index.crates.io-6f17d22bba15001f/rand-0.6.5/src/deprecated.rs:201:24
[INFO] [stdout]     |
[INFO] [stdout] 201 |     fn from_seed(seed: Self::Seed) -> Self {
[INFO] [stdout]     |                        ^^^^^^^^^^ the trait `SeedableRng` is not implemented for `rand_hc::Hc128Rng`
[INFO] [stdout]     |
[INFO] [stdout]     = help: the following other types implement trait `SeedableRng`:
[INFO] [stdout]               Lcg64Xsh32
[INFO] [stdout]               Mcg128Xsl64
[INFO] [stdout]               BlockRng<R>
[INFO] [stdout]               BlockRng64<R>
[INFO] [stdout]               SmallRng
[INFO] [stdout]               rngs::std::StdRng
[INFO] [stdout]               deprecated::IsaacRng
[INFO] [stdout]               deprecated::Isaac64Rng
[INFO] [stdout]             and 4 others
[INFO] [stdout] 
[INFO] [stdout] 
[INFO] [stdout] error[E0277]: the trait bound `rand_xorshift::XorShiftRng: SeedableRng` is not satisfied
[INFO] [stdout]    --> /opt/rustwide/cargo-home/registry/src/index.crates.io-6f17d22bba15001f/rand-0.6.5/src/deprecated.rs:242:24
[INFO] [stdout]     |
[INFO] [stdout] 242 |     fn from_seed(seed: Self::Seed) -> Self {
[INFO] [stdout]     |                        ^^^^^^^^^^ the trait `SeedableRng` is not implemented for `rand_xorshift::XorShiftRng`
[INFO] [stdout]     |
[INFO] [stdout]     = help: the following other types implement trait `SeedableRng`:
[INFO] [stdout]               Lcg64Xsh32
[INFO] [stdout]               Mcg128Xsl64
[INFO] [stdout]               BlockRng<R>
[INFO] [stdout]               BlockRng64<R>
[INFO] [stdout]               SmallRng
[INFO] [stdout]               rngs::std::StdRng
[INFO] [stdout]               deprecated::IsaacRng
[INFO] [stdout]               deprecated::Isaac64Rng
[INFO] [stdout]             and 4 others
[INFO] [stdout] 
[INFO] [stdout] 
[INFO] [stdout] error[E0277]: the trait bound `rand_hc::Hc128Rng: SeedableRng` is not satisfied
[INFO] [stdout]    --> /opt/rustwide/cargo-home/registry/src/index.crates.io-6f17d22bba15001f/rand-0.6.5/src/deprecated.rs:282:24
[INFO] [stdout]     |
[INFO] [stdout] 282 |     fn from_seed(seed: Self::Seed) -> Self {
[INFO] [stdout]     |                        ^^^^^^^^^^ the trait `SeedableRng` is not implemented for `rand_hc::Hc128Rng`
[INFO] [stdout]     |
[INFO] [stdout]     = help: the following other types implement trait `SeedableRng`:
[INFO] [stdout]               Lcg64Xsh32
[INFO] [stdout]               Mcg128Xsl64
[INFO] [stdout]               BlockRng<R>
[INFO] [stdout]               BlockRng64<R>
[INFO] [stdout]               SmallRng
[INFO] [stdout]               rngs::std::StdRng
[INFO] [stdout]               deprecated::IsaacRng
[INFO] [stdout]               deprecated::Isaac64Rng
[INFO] [stdout]             and 4 others
[INFO] [stdout] 
[INFO] [stdout] 
[INFO] [stdout] error: aborting due to 33 previous errors
[INFO] [stdout] 
[INFO] [stdout] 
[INFO] [stdout] For more information about this error, try `rustc --explain E0277`.
[INFO] [stdout] 
[INFO] [stderr] error: could not compile `rand` (lib) due to 34 previous errors
[INFO] running `Command { std: "docker" "inspect" "ec596f55414d41a02ae2665727738755ac6cd28bce6ef5d3c6a24460d6f2f058", kill_on_drop: false }`
[INFO] running `Command { std: "docker" "rm" "-f" "ec596f55414d41a02ae2665727738755ac6cd28bce6ef5d3c6a24460d6f2f058", kill_on_drop: false }`
[INFO] [stdout] ec596f55414d41a02ae2665727738755ac6cd28bce6ef5d3c6a24460d6f2f058
