[INFO] fetching crate ntex-tls 0.3.3...
[INFO] checking ntex-tls-0.3.3 against nightly-2024-02-05 for check-cfg
[INFO] extracting crate ntex-tls 0.3.3 into /workspace/builds/worker-3-tc1/source
[INFO] validating manifest of crates.io crate ntex-tls 0.3.3 on toolchain nightly-2024-02-05
[INFO] running `Command { std: CARGO_HOME="/workspace/cargo-home" RUSTUP_HOME="/workspace/rustup-home" "/workspace/cargo-home/bin/cargo" "+nightly-2024-02-05" "metadata" "--manifest-path" "Cargo.toml" "--no-deps", kill_on_drop: false }`
[INFO] started tweaking crates.io crate ntex-tls 0.3.3
[INFO] finished tweaking crates.io crate ntex-tls 0.3.3
[INFO] tweaked toml for crates.io crate ntex-tls 0.3.3 written to /workspace/builds/worker-3-tc1/source/Cargo.toml
[INFO] crate crates.io crate ntex-tls 0.3.3 already has a lockfile, it will not be regenerated
[INFO] running `Command { std: CARGO_HOME="/workspace/cargo-home" RUSTUP_HOME="/workspace/rustup-home" "/workspace/cargo-home/bin/cargo" "+nightly-2024-02-05" "fetch" "--manifest-path" "Cargo.toml", kill_on_drop: false }`
[INFO] [stderr]     Updating crates.io index
[INFO] [stderr]  Downloading crates ...
[INFO] [stderr]   Downloaded ntex-connect v0.3.2
[INFO] [stderr]   Downloaded async-oneshot v0.5.0
[INFO] [stderr]   Downloaded http v0.2.10
[INFO] [stderr]   Downloaded ntex-router v0.5.2
[INFO] [stderr]   Downloaded ntex-bytes v0.1.21
[INFO] [stderr]   Downloaded errno v0.3.6
[INFO] [stderr]   Downloaded ntex-rt v0.4.10
[INFO] [stderr]   Downloaded ntex-tls v0.3.2
[INFO] [stderr]   Downloaded futures-micro v0.5.0
[INFO] [stderr]   Downloaded ntex-http v0.1.10
[INFO] [stderr]   Downloaded ntex-io v0.3.7
[INFO] [stderr]   Downloaded ntex v0.7.10
[INFO] running `Command { std: "docker" "create" "-v" "/var/lib/crater-agent-workspace/builds/worker-3-tc1/target:/opt/rustwide/target:rw,Z" "-v" "/var/lib/crater-agent-workspace/builds/worker-3-tc1/source:/opt/rustwide/workdir:ro,Z" "-v" "/var/lib/crater-agent-workspace/cargo-home:/opt/rustwide/cargo-home:ro,Z" "-v" "/var/lib/crater-agent-workspace/rustup-home:/opt/rustwide/rustup-home:ro,Z" "-e" "SOURCE_DIR=/opt/rustwide/workdir" "-e" "CARGO_TARGET_DIR=/opt/rustwide/target" "-e" "CARGO_HOME=/opt/rustwide/cargo-home" "-e" "RUSTUP_HOME=/opt/rustwide/rustup-home" "-w" "/opt/rustwide/workdir" "-m" "1610612736" "--user" "0:0" "--network" "none" "ghcr.io/rust-lang/crates-build-env/linux@sha256:2788e3201cd34a07e3172128adcd8b3090168a8e3bcc40d7c032b9dda1df7d1c" "/opt/rustwide/cargo-home/bin/cargo" "+nightly-2024-02-05" "metadata" "--no-deps" "--format-version=1", kill_on_drop: false }`
[INFO] [stdout] d40f6ed76b7d0eb98127bb71545e2dd1ebb16141fa6663f51cac83c336f59222
[INFO] running `Command { std: "docker" "start" "-a" "d40f6ed76b7d0eb98127bb71545e2dd1ebb16141fa6663f51cac83c336f59222", kill_on_drop: false }`
[INFO] running `Command { std: "docker" "inspect" "d40f6ed76b7d0eb98127bb71545e2dd1ebb16141fa6663f51cac83c336f59222", kill_on_drop: false }`
[INFO] running `Command { std: "docker" "rm" "-f" "d40f6ed76b7d0eb98127bb71545e2dd1ebb16141fa6663f51cac83c336f59222", kill_on_drop: false }`
[INFO] [stdout] d40f6ed76b7d0eb98127bb71545e2dd1ebb16141fa6663f51cac83c336f59222
[INFO] running `Command { std: "docker" "create" "-v" "/var/lib/crater-agent-workspace/builds/worker-3-tc1/target:/opt/rustwide/target:rw,Z" "-v" "/var/lib/crater-agent-workspace/builds/worker-3-tc1/source:/opt/rustwide/workdir:ro,Z" "-v" "/var/lib/crater-agent-workspace/cargo-home:/opt/rustwide/cargo-home:ro,Z" "-v" "/var/lib/crater-agent-workspace/rustup-home:/opt/rustwide/rustup-home:ro,Z" "-e" "SOURCE_DIR=/opt/rustwide/workdir" "-e" "CARGO_TARGET_DIR=/opt/rustwide/target" "-e" "CARGO_INCREMENTAL=0" "-e" "RUST_BACKTRACE=full" "-e" "RUSTFLAGS=--cap-lints=forbid" "-e" "RUSTDOCFLAGS=--cap-lints=forbid" "-e" "CARGO_HOME=/opt/rustwide/cargo-home" "-e" "RUSTUP_HOME=/opt/rustwide/rustup-home" "-w" "/opt/rustwide/workdir" "-m" "1610612736" "--user" "0:0" "--network" "none" "ghcr.io/rust-lang/crates-build-env/linux@sha256:2788e3201cd34a07e3172128adcd8b3090168a8e3bcc40d7c032b9dda1df7d1c" "/opt/rustwide/cargo-home/bin/cargo" "+nightly-2024-02-05" "check" "--frozen" "--all" "--all-targets" "--message-format=json", kill_on_drop: false }`
[INFO] [stdout] 2bdb8c138de00cf12c2e5e6b61739b856fd3308f55e411035917f8b1b9c39736
[INFO] running `Command { std: "docker" "start" "-a" "2bdb8c138de00cf12c2e5e6b61739b856fd3308f55e411035917f8b1b9c39736", kill_on_drop: false }`
[INFO] [stderr]    Compiling proc-macro2 v1.0.69
[INFO] [stderr]    Compiling libc v0.2.150
[INFO] [stderr]     Checking bitflags v2.4.1
[INFO] [stderr]    Compiling futures-core v0.3.29
[INFO] [stderr]    Compiling serde v1.0.192
[INFO] [stderr]    Compiling crossbeam-utils v0.8.16
[INFO] [stderr]     Checking parking v2.2.0
[INFO] [stderr]    Compiling pkg-config v0.3.27
[INFO] [stderr]     Checking futures-micro v0.5.0
[INFO] [stderr]     Checking fxhash v0.2.1
[INFO] [stderr]     Checking itoa v1.0.9
[INFO] [stderr]     Checking untrusted v0.9.0
[INFO] [stderr]     Checking spin v0.9.8
[INFO] [stderr]     Checking futures-sink v0.3.29
[INFO] [stderr]     Checking ntex-service v1.2.7
[INFO] [stderr]     Checking futures-timer v3.0.2
[INFO] [stderr]    Compiling rustix v0.38.21
[INFO] [stderr]     Checking async-oneshot v0.5.0
[INFO] [stderr]    Compiling rustls v0.21.8
[INFO] [stderr]     Checking memchr v2.6.4
[INFO] [stderr]    Compiling openssl v0.10.59
[INFO] [stderr]     Checking http v0.2.10
[INFO] [stderr]    Compiling thiserror v1.0.50
[INFO] [stderr]     Checking linux-raw-sys v0.4.11
[INFO] [stderr]     Checking once_cell v1.18.0
[INFO] [stderr]     Checking regex-syntax v0.8.2
[INFO] [stderr]    Compiling syn v1.0.109
[INFO] [stderr]    Compiling serde_json v1.0.108
[INFO] [stderr]     Checking tracing-core v0.1.32
[INFO] [stderr]     Checking webpki-roots v0.25.2
[INFO] [stderr]     Checking ryu v1.0.15
[INFO] [stderr]     Checking percent-encoding v2.3.0
[INFO] [stderr]     Checking concurrent-queue v2.3.0
[INFO] [stderr]     Checking digest v0.10.7
[INFO] [stderr]     Checking nanorand v0.7.0
[INFO] [stderr]     Checking form_urlencoded v1.2.0
[INFO] [stderr]     Checking base64 v0.21.5
[INFO] [stderr]     Checking cpufeatures v0.2.11
[INFO] [stderr]     Checking termcolor v1.3.0
[INFO] [stderr]     Checking aho-corasick v1.1.2
[INFO] [stderr]     Checking sha-1 v0.10.1
[INFO] [stderr]     Checking event-listener v3.0.1
[INFO] [stderr]     Checking tracing v0.1.40
[INFO] [stderr]    Compiling quote v1.0.33
[INFO] [stderr]     Checking event-listener-strategy v0.3.0
[INFO] [stderr]    Compiling syn v2.0.39
[INFO] [stderr]     Checking async-channel v2.1.0
[INFO] [stderr]     Checking rustls-pemfile v1.0.4
[INFO] [stderr]    Compiling cc v1.0.83
[INFO] [stderr]     Checking signal-hook-registry v1.4.1
[INFO] [stderr]     Checking socket2 v0.5.5
[INFO] [stderr]     Checking mio v0.8.9
[INFO] [stderr]     Checking getrandom v0.2.11
[INFO] [stderr]     Checking tokio v1.34.0
[INFO] [stderr]     Checking regex-automata v0.4.3
[INFO] [stderr]    Compiling ring v0.17.5
[INFO] [stderr]    Compiling openssl-sys v0.9.95
[INFO] [stderr]     Checking polling v3.3.0
[INFO] [stderr]     Checking is-terminal v0.4.9
[INFO] [stderr]     Checking regex v1.10.2
[INFO] [stderr]     Checking ntex-rt v0.4.10
[INFO] [stderr]    Compiling serde_derive v1.0.192
[INFO] [stderr]    Compiling openssl-macros v0.1.1
[INFO] [stderr]    Compiling thiserror-impl v1.0.50
[INFO] [stderr]     Checking ntex-util v0.3.4
[INFO] [stderr]     Checking env_logger v0.10.1
[INFO] [stderr]    Compiling ntex-macros v0.1.3
[INFO] [stderr]     Checking rustls-webpki v0.101.7
[INFO] [stderr]     Checking sct v0.7.1
[INFO] [stderr]     Checking ntex-bytes v0.1.21
[INFO] [stderr]     Checking serde_urlencoded v0.7.1
[INFO] [stderr]     Checking ntex-codec v0.6.2
[INFO] [stderr]     Checking ntex-http v0.1.10
[INFO] [stderr]     Checking ntex-router v0.5.2
[INFO] [stderr]     Checking ntex-io v0.3.7
[INFO] [stderr]     Checking ntex-tls v0.3.2
[INFO] [stderr]     Checking ntex-tokio v0.3.1
[INFO] [stderr]     Checking ntex-tls v0.3.3 (/opt/rustwide/workdir)
[INFO] [stderr]     Checking ntex-connect v0.3.2
[INFO] [stderr]     Checking ntex-h2 v0.4.4
[INFO] [stderr]     Checking ntex v0.7.10
[INFO] [stdout] error[E0432]: unresolved import `ntex_tls::rustls`
[INFO] [stdout]  --> examples/rustls-server.rs:5:15
[INFO] [stdout]   |
[INFO] [stdout] 5 | use ntex_tls::rustls::TlsAcceptor;
[INFO] [stdout]   |               ^^^^^^ could not find `rustls` in `ntex_tls`
[INFO] [stdout] 
[INFO] [stdout] 
[INFO] [stdout] error[E0432]: unresolved import `ntex_tls::openssl`
[INFO] [stdout]  --> examples/server.rs:5:15
[INFO] [stdout]   |
[INFO] [stdout] 5 | use ntex_tls::openssl::{PeerCert, PeerCertChain, SslAcceptor};
[INFO] [stdout]   |               ^^^^^^^ could not find `openssl` in `ntex_tls`
[INFO] [stdout] 
[INFO] [stdout] 
[INFO] [stdout] error[E0432]: unresolved import `tls_rust`
[INFO] [stdout]  --> examples/rustls-client.rs:4:5
[INFO] [stdout]   |
[INFO] [stdout] 4 | use tls_rust::{ClientConfig, OwnedTrustAnchor, RootCertStore};
[INFO] [stdout]   |     ^^^^^^^^ use of undeclared crate or module `tls_rust`
[INFO] [stdout] 
[INFO] [stdout] 
[INFO] [stdout] error[E0432]: unresolved import `tls_rust`
[INFO] [stdout]  --> examples/rustls-server.rs:7:5
[INFO] [stdout]   |
[INFO] [stdout] 7 | use tls_rust::{Certificate, PrivateKey, ServerConfig};
[INFO] [stdout]   |     ^^^^^^^^ use of undeclared crate or module `tls_rust`
[INFO] [stdout] 
[INFO] [stdout] 
[INFO] [stdout] error[E0433]: failed to resolve: use of undeclared crate or module `tls_openssl`
[INFO] [stdout]  --> examples/server.rs:6:5
[INFO] [stdout]   |
[INFO] [stdout] 6 | use tls_openssl::ssl::{self, SslFiletype, SslMethod, SslVerifyMode};
[INFO] [stdout]   |     ^^^^^^^^^^^ use of undeclared crate or module `tls_openssl`
[INFO] [stdout] 
[INFO] [stdout] 
[INFO] [stdout] error[E0433]: failed to resolve: use of undeclared crate or module `tls_openssl`
[INFO] [stdout]  --> examples/webclient.rs:2:5
[INFO] [stdout]   |
[INFO] [stdout] 2 | use tls_openssl::ssl::{self, SslMethod, SslVerifyMode};
[INFO] [stdout]   |     ^^^^^^^^^^^ use of undeclared crate or module `tls_openssl`
[INFO] [stdout] 
[INFO] [stdout] 
[INFO] [stdout] error[E0432]: unresolved import `tls_openssl`
[INFO] [stdout]  --> examples/server.rs:6:5
[INFO] [stdout]   |
[INFO] [stdout] 6 | use tls_openssl::ssl::{self, SslFiletype, SslMethod, SslVerifyMode};
[INFO] [stdout]   |     ^^^^^^^^^^^ use of undeclared crate or module `tls_openssl`
[INFO] [stdout] 
[INFO] [stdout] 
[INFO] [stdout] error[E0433]: failed to resolve: use of undeclared crate or module `tls_openssl`
[INFO] [stdout]  --> examples/simple-client.rs:4:5
[INFO] [stdout]   |
[INFO] [stdout] 4 | use tls_openssl::ssl::{self, SslFiletype, SslMethod, SslVerifyMode};
[INFO] [stdout]   |     ^^^^^^^^^^^ use of undeclared crate or module `tls_openssl`
[INFO] [stdout] 
[INFO] [stdout] 
[INFO] [stdout] error[E0432]: unresolved import `tls_openssl`
[INFO] [stdout]  --> examples/webclient.rs:2:5
[INFO] [stdout]   |
[INFO] [stdout] 2 | use tls_openssl::ssl::{self, SslMethod, SslVerifyMode};
[INFO] [stdout]   |     ^^^^^^^^^^^ use of undeclared crate or module `tls_openssl`
[INFO] [stdout] 
[INFO] [stdout] 
[INFO] [stdout] error[E0432]: unresolved import `tls_openssl`
[INFO] [stdout]  --> examples/simple-client.rs:4:5
[INFO] [stdout]   |
[INFO] [stdout] 4 | use tls_openssl::ssl::{self, SslFiletype, SslMethod, SslVerifyMode};
[INFO] [stdout]   |     ^^^^^^^^^^^ use of undeclared crate or module `tls_openssl`
[INFO] [stdout] 
[INFO] [stdout] 
[INFO] [stdout] error[E0433]: failed to resolve: use of undeclared crate or module `tls_openssl`
[INFO] [stdout]  --> examples/webserver.rs:7:5
[INFO] [stdout]   |
[INFO] [stdout] 7 | use tls_openssl::ssl::{self, SslFiletype, SslMethod};
[INFO] [stdout]   |     ^^^^^^^^^^^ use of undeclared crate or module `tls_openssl`
[INFO] [stdout] 
[INFO] [stdout] 
[INFO] [stdout] error[E0432]: unresolved import `tls_openssl`
[INFO] [stdout]  --> examples/webserver.rs:7:5
[INFO] [stdout]   |
[INFO] [stdout] 7 | use tls_openssl::ssl::{self, SslFiletype, SslMethod};
[INFO] [stdout]   |     ^^^^^^^^^^^ use of undeclared crate or module `tls_openssl`
[INFO] [stdout] 
[INFO] [stdout] 
[INFO] [stdout] error: aborting due to 2 previous errors
[INFO] [stdout] 
[INFO] [stdout] 
[INFO] [stdout] Some errors have detailed explanations: E0432, E0433.
[INFO] [stdout] 
[INFO] [stdout] For more information about an error, try `rustc --explain E0432`.
[INFO] [stdout] 
[INFO] [stdout] error: aborting due to 2 previous errors
[INFO] [stdout] 
[INFO] [stdout] 
[INFO] [stdout] Some errors have detailed explanations: E0432, E0433.
[INFO] [stdout] 
[INFO] [stdout] For more information about an error, try `rustc --explain E0432`.
[INFO] [stdout] 
[INFO] [stderr] error: could not compile `ntex-tls` (example "webclient") due to 3 previous errors
[INFO] [stderr] warning: build failed, waiting for other jobs to finish...
[INFO] [stdout] error: aborting due to 1 previous error
[INFO] [stdout] 
[INFO] [stdout] 
[INFO] [stdout] For more information about this error, try `rustc --explain E0432`.
[INFO] [stdout] 
[INFO] [stderr] error: could not compile `ntex-tls` (example "simple-client") due to 3 previous errors
[INFO] [stdout] error: aborting due to 2 previous errors
[INFO] [stdout] 
[INFO] [stdout] 
[INFO] [stdout] error: aborting due to 3 previous errors
[INFO] [stdout] 
[INFO] [stdout] 
[INFO] [stdout] Some errors have detailed explanations: E0432, E0433.
[INFO] [stdout] 
[INFO] [stdout] Some errors have detailed explanations: E0432, E0433.
[INFO] [stdout] 
[INFO] [stdout] For more information about an error, try `rustc --explain E0432`.
[INFO] [stdout] 
[INFO] [stdout] For more information about an error, try `rustc --explain E0432`.
[INFO] [stdout] 
[INFO] [stderr] error: could not compile `ntex-tls` (example "rustls-client") due to 2 previous errors
[INFO] [stdout] error: aborting due to 2 previous errors
[INFO] [stdout] 
[INFO] [stdout] 
[INFO] [stdout] For more information about this error, try `rustc --explain E0432`.
[INFO] [stdout] 
[INFO] [stderr] error: could not compile `ntex-tls` (example "webserver") due to 3 previous errors
[INFO] [stderr] error: could not compile `ntex-tls` (example "server") due to 4 previous errors
[INFO] [stderr] error: could not compile `ntex-tls` (example "rustls-server") due to 3 previous errors
[INFO] running `Command { std: "docker" "inspect" "2bdb8c138de00cf12c2e5e6b61739b856fd3308f55e411035917f8b1b9c39736", kill_on_drop: false }`
[INFO] running `Command { std: "docker" "rm" "-f" "2bdb8c138de00cf12c2e5e6b61739b856fd3308f55e411035917f8b1b9c39736", kill_on_drop: false }`
[INFO] [stdout] 2bdb8c138de00cf12c2e5e6b61739b856fd3308f55e411035917f8b1b9c39736
[INFO] checking ntex-tls-0.3.3 against nightly-2024-02-05+rustflags=-Dunexpected_cfgs+cargoflags=-Zcheck-cfg for check-cfg
[INFO] extracting crate ntex-tls 0.3.3 into /workspace/builds/worker-3-tc2/source
[INFO] validating manifest of crates.io crate ntex-tls 0.3.3 on toolchain nightly-2024-02-05
[INFO] running `Command { std: CARGO_HOME="/workspace/cargo-home" RUSTUP_HOME="/workspace/rustup-home" "/workspace/cargo-home/bin/cargo" "+nightly-2024-02-05" "metadata" "--manifest-path" "Cargo.toml" "--no-deps", kill_on_drop: false }`
[INFO] started tweaking crates.io crate ntex-tls 0.3.3
[INFO] finished tweaking crates.io crate ntex-tls 0.3.3
[INFO] tweaked toml for crates.io crate ntex-tls 0.3.3 written to /workspace/builds/worker-3-tc2/source/Cargo.toml
[INFO] crate crates.io crate ntex-tls 0.3.3 already has a lockfile, it will not be regenerated
[INFO] running `Command { std: CARGO_HOME="/workspace/cargo-home" RUSTUP_HOME="/workspace/rustup-home" "/workspace/cargo-home/bin/cargo" "+nightly-2024-02-05" "fetch" "--manifest-path" "Cargo.toml", kill_on_drop: false }`
[INFO] running `Command { std: "docker" "create" "-v" "/var/lib/crater-agent-workspace/builds/worker-3-tc2/target:/opt/rustwide/target:rw,Z" "-v" "/var/lib/crater-agent-workspace/builds/worker-3-tc2/source:/opt/rustwide/workdir:ro,Z" "-v" "/var/lib/crater-agent-workspace/cargo-home:/opt/rustwide/cargo-home:ro,Z" "-v" "/var/lib/crater-agent-workspace/rustup-home:/opt/rustwide/rustup-home:ro,Z" "-e" "SOURCE_DIR=/opt/rustwide/workdir" "-e" "CARGO_TARGET_DIR=/opt/rustwide/target" "-e" "CARGO_HOME=/opt/rustwide/cargo-home" "-e" "RUSTUP_HOME=/opt/rustwide/rustup-home" "-w" "/opt/rustwide/workdir" "-m" "1610612736" "--user" "0:0" "--network" "none" "ghcr.io/rust-lang/crates-build-env/linux@sha256:2788e3201cd34a07e3172128adcd8b3090168a8e3bcc40d7c032b9dda1df7d1c" "/opt/rustwide/cargo-home/bin/cargo" "+nightly-2024-02-05" "metadata" "--no-deps" "--format-version=1", kill_on_drop: false }`
[INFO] [stdout] fb4c8915d3413dd7d1066c21630dde1392d753c5a4992299e689a45863796858
[INFO] running `Command { std: "docker" "start" "-a" "fb4c8915d3413dd7d1066c21630dde1392d753c5a4992299e689a45863796858", kill_on_drop: false }`
[INFO] running `Command { std: "docker" "inspect" "fb4c8915d3413dd7d1066c21630dde1392d753c5a4992299e689a45863796858", kill_on_drop: false }`
[INFO] running `Command { std: "docker" "rm" "-f" "fb4c8915d3413dd7d1066c21630dde1392d753c5a4992299e689a45863796858", kill_on_drop: false }`
[INFO] [stdout] fb4c8915d3413dd7d1066c21630dde1392d753c5a4992299e689a45863796858
[INFO] running `Command { std: "docker" "create" "-v" "/var/lib/crater-agent-workspace/builds/worker-3-tc2/target:/opt/rustwide/target:rw,Z" "-v" "/var/lib/crater-agent-workspace/builds/worker-3-tc2/source:/opt/rustwide/workdir:ro,Z" "-v" "/var/lib/crater-agent-workspace/cargo-home:/opt/rustwide/cargo-home:ro,Z" "-v" "/var/lib/crater-agent-workspace/rustup-home:/opt/rustwide/rustup-home:ro,Z" "-e" "SOURCE_DIR=/opt/rustwide/workdir" "-e" "CARGO_TARGET_DIR=/opt/rustwide/target" "-e" "CARGO_INCREMENTAL=0" "-e" "RUST_BACKTRACE=full" "-e" "RUSTFLAGS=--cap-lints=forbid -Dunexpected_cfgs" "-e" "RUSTDOCFLAGS=--cap-lints=forbid" "-e" "CARGO_HOME=/opt/rustwide/cargo-home" "-e" "RUSTUP_HOME=/opt/rustwide/rustup-home" "-w" "/opt/rustwide/workdir" "-m" "1610612736" "--user" "0:0" "--network" "none" "ghcr.io/rust-lang/crates-build-env/linux@sha256:2788e3201cd34a07e3172128adcd8b3090168a8e3bcc40d7c032b9dda1df7d1c" "/opt/rustwide/cargo-home/bin/cargo" "+nightly-2024-02-05" "check" "--frozen" "--all" "--all-targets" "--message-format=json" "-Zcheck-cfg", kill_on_drop: false }`
[INFO] [stdout] 7f8eea5c664ed47a3ee88d47c61504c9c525043119afcafeb22fbb1a2ada53a8
[INFO] running `Command { std: "docker" "start" "-a" "7f8eea5c664ed47a3ee88d47c61504c9c525043119afcafeb22fbb1a2ada53a8", kill_on_drop: false }`
[INFO] [stderr]    Compiling proc-macro2 v1.0.69
[INFO] [stderr]    Compiling libc v0.2.150
[INFO] [stderr]     Checking bitflags v2.4.1
[INFO] [stderr]    Compiling futures-core v0.3.29
[INFO] [stderr]    Compiling crossbeam-utils v0.8.16
[INFO] [stderr]    Compiling serde v1.0.192
[INFO] [stderr]     Checking parking v2.2.0
[INFO] [stderr]    Compiling pkg-config v0.3.27
[INFO] [stderr]     Checking futures-micro v0.5.0
[INFO] [stderr]     Checking fxhash v0.2.1
[INFO] [stderr]     Checking untrusted v0.9.0
[INFO] [stderr]     Checking itoa v1.0.9
[INFO] [stderr]     Checking futures-sink v0.3.29
[INFO] [stderr]     Checking spin v0.9.8
[INFO] [stderr]     Checking ntex-service v1.2.7
[INFO] [stderr]     Checking futures-timer v3.0.2
[INFO] [stderr]     Checking memchr v2.6.4
[INFO] [stderr]    Compiling rustix v0.38.21
[INFO] [stderr]    Compiling openssl v0.10.59
[INFO] [stderr]     Checking async-oneshot v0.5.0
[INFO] [stderr]    Compiling rustls v0.21.8
[INFO] [stderr]     Checking linux-raw-sys v0.4.11
[INFO] [stderr]     Checking http v0.2.10
[INFO] [stderr]    Compiling thiserror v1.0.50
[INFO] [stderr]     Checking once_cell v1.18.0
[INFO] [stderr]     Checking regex-syntax v0.8.2
[INFO] [stderr]    Compiling syn v1.0.109
[INFO] [stderr]     Checking webpki-roots v0.25.2
[INFO] [stderr]     Checking tracing-core v0.1.32
[INFO] [stderr]    Compiling serde_json v1.0.108
[INFO] [stderr]     Checking ryu v1.0.15
[INFO] [stderr]     Checking percent-encoding v2.3.0
[INFO] [stderr]     Checking concurrent-queue v2.3.0
[INFO] [stderr]     Checking digest v0.10.7
[INFO] [stderr]     Checking nanorand v0.7.0
[INFO] [stderr]     Checking aho-corasick v1.1.2
[INFO] [stderr]     Checking base64 v0.21.5
[INFO] [stderr]     Checking cpufeatures v0.2.11
[INFO] [stderr]     Checking form_urlencoded v1.2.0
[INFO] [stderr]     Checking event-listener v3.0.1
[INFO] [stderr]     Checking termcolor v1.3.0
[INFO] [stderr]     Checking sha-1 v0.10.1
[INFO] [stderr]     Checking tracing v0.1.40
[INFO] [stderr]    Compiling quote v1.0.33
[INFO] [stderr]     Checking rustls-pemfile v1.0.4
[INFO] [stderr]     Checking event-listener-strategy v0.3.0
[INFO] [stderr]     Checking async-channel v2.1.0
[INFO] [stderr]    Compiling syn v2.0.39
[INFO] [stderr]    Compiling cc v1.0.83
[INFO] [stderr]     Checking mio v0.8.9
[INFO] [stderr]     Checking signal-hook-registry v1.4.1
[INFO] [stderr]     Checking socket2 v0.5.5
[INFO] [stderr]     Checking getrandom v0.2.11
[INFO] [stderr]     Checking tokio v1.34.0
[INFO] [stderr]     Checking regex-automata v0.4.3
[INFO] [stderr]    Compiling ring v0.17.5
[INFO] [stderr]    Compiling openssl-sys v0.9.95
[INFO] [stderr]     Checking polling v3.3.0
[INFO] [stderr]     Checking is-terminal v0.4.9
[INFO] [stderr]     Checking regex v1.10.2
[INFO] [stderr]     Checking ntex-rt v0.4.10
[INFO] [stderr]    Compiling serde_derive v1.0.192
[INFO] [stderr]    Compiling openssl-macros v0.1.1
[INFO] [stderr]    Compiling thiserror-impl v1.0.50
[INFO] [stderr]     Checking ntex-util v0.3.4
[INFO] [stderr]     Checking env_logger v0.10.1
[INFO] [stderr]    Compiling ntex-macros v0.1.3
[INFO] [stderr]     Checking sct v0.7.1
[INFO] [stderr]     Checking rustls-webpki v0.101.7
[INFO] [stderr]     Checking ntex-bytes v0.1.21
[INFO] [stderr]     Checking serde_urlencoded v0.7.1
[INFO] [stderr]     Checking ntex-codec v0.6.2
[INFO] [stderr]     Checking ntex-http v0.1.10
[INFO] [stderr]     Checking ntex-router v0.5.2
[INFO] [stderr]     Checking ntex-io v0.3.7
[INFO] [stderr]     Checking ntex-tokio v0.3.1
[INFO] [stderr]     Checking ntex-tls v0.3.2
[INFO] [stderr]     Checking ntex-tls v0.3.3 (/opt/rustwide/workdir)
[INFO] [stderr]     Checking ntex-connect v0.3.2
[INFO] [stderr]     Checking ntex-h2 v0.4.4
[INFO] [stderr]     Checking ntex v0.7.10
[INFO] [stdout] error[E0433]: failed to resolve: use of undeclared crate or module `tls_openssl`
[INFO] [stdout]  --> examples/simple-client.rs:4:5
[INFO] [stdout]   |
[INFO] [stdout] 4 | use tls_openssl::ssl::{self, SslFiletype, SslMethod, SslVerifyMode};
[INFO] [stdout]   |     ^^^^^^^^^^^ use of undeclared crate or module `tls_openssl`
[INFO] [stdout] 
[INFO] [stdout] 
[INFO] [stdout] error[E0432]: unresolved import `tls_openssl`
[INFO] [stdout]  --> examples/simple-client.rs:4:5
[INFO] [stdout]   |
[INFO] [stdout] 4 | use tls_openssl::ssl::{self, SslFiletype, SslMethod, SslVerifyMode};
[INFO] [stdout]   |     ^^^^^^^^^^^ use of undeclared crate or module `tls_openssl`
[INFO] [stdout] 
[INFO] [stdout] 
[INFO] [stdout] error[E0432]: unresolved import `ntex_tls::openssl`
[INFO] [stdout]  --> examples/server.rs:5:15
[INFO] [stdout]   |
[INFO] [stdout] 5 | use ntex_tls::openssl::{PeerCert, PeerCertChain, SslAcceptor};
[INFO] [stdout]   |               ^^^^^^^ could not find `openssl` in `ntex_tls`
[INFO] [stdout] 
[INFO] [stdout] 
[INFO] [stdout] error[E0433]: failed to resolve: use of undeclared crate or module `tls_openssl`
[INFO] [stdout]  --> examples/server.rs:6:5
[INFO] [stdout]   |
[INFO] [stdout] 6 | use tls_openssl::ssl::{self, SslFiletype, SslMethod, SslVerifyMode};
[INFO] [stdout]   |     ^^^^^^^^^^^ use of undeclared crate or module `tls_openssl`
[INFO] [stdout] 
[INFO] [stdout] 
[INFO] [stdout] error[E0432]: unresolved import `tls_openssl`
[INFO] [stdout]  --> examples/server.rs:6:5
[INFO] [stdout]   |
[INFO] [stdout] 6 | use tls_openssl::ssl::{self, SslFiletype, SslMethod, SslVerifyMode};
[INFO] [stdout]   |     ^^^^^^^^^^^ use of undeclared crate or module `tls_openssl`
[INFO] [stdout] 
[INFO] [stdout] 
[INFO] [stdout] error[E0433]: failed to resolve: use of undeclared crate or module `tls_openssl`
[INFO] [stdout]  --> examples/webclient.rs:2:5
[INFO] [stdout]   |
[INFO] [stdout] 2 | use tls_openssl::ssl::{self, SslMethod, SslVerifyMode};
[INFO] [stdout]   |     ^^^^^^^^^^^ use of undeclared crate or module `tls_openssl`
[INFO] [stdout] 
[INFO] [stdout] 
[INFO] [stdout] error[E0432]: unresolved import `tls_openssl`
[INFO] [stdout]  --> examples/webclient.rs:2:5
[INFO] [stdout]   |
[INFO] [stdout] 2 | use tls_openssl::ssl::{self, SslMethod, SslVerifyMode};
[INFO] [stdout]   |     ^^^^^^^^^^^ use of undeclared crate or module `tls_openssl`
[INFO] [stdout] 
[INFO] [stdout] 
[INFO] [stdout] error[E0432]: unresolved import `tls_rust`
[INFO] [stdout]  --> examples/rustls-client.rs:4:5
[INFO] [stdout]   |
[INFO] [stdout] 4 | use tls_rust::{ClientConfig, OwnedTrustAnchor, RootCertStore};
[INFO] [stdout]   |     ^^^^^^^^ use of undeclared crate or module `tls_rust`
[INFO] [stdout] 
[INFO] [stdout] 
[INFO] [stdout] error[E0432]: unresolved import `ntex_tls::rustls`
[INFO] [stdout]  --> examples/rustls-server.rs:5:15
[INFO] [stdout]   |
[INFO] [stdout] 5 | use ntex_tls::rustls::TlsAcceptor;
[INFO] [stdout]   |               ^^^^^^ could not find `rustls` in `ntex_tls`
[INFO] [stdout] 
[INFO] [stdout] 
[INFO] [stdout] error[E0432]: unresolved import `tls_rust`
[INFO] [stdout]  --> examples/rustls-server.rs:7:5
[INFO] [stdout]   |
[INFO] [stdout] 7 | use tls_rust::{Certificate, PrivateKey, ServerConfig};
[INFO] [stdout]   |     ^^^^^^^^ use of undeclared crate or module `tls_rust`
[INFO] [stdout] 
[INFO] [stdout] 
[INFO] [stdout] error[E0433]: failed to resolve: use of undeclared crate or module `tls_openssl`
[INFO] [stdout]  --> examples/webserver.rs:7:5
[INFO] [stdout]   |
[INFO] [stdout] 7 | use tls_openssl::ssl::{self, SslFiletype, SslMethod};
[INFO] [stdout]   |     ^^^^^^^^^^^ use of undeclared crate or module `tls_openssl`
[INFO] [stdout] 
[INFO] [stdout] 
[INFO] [stdout] error[E0432]: unresolved import `tls_openssl`
[INFO] [stdout]  --> examples/webserver.rs:7:5
[INFO] [stdout]   |
[INFO] [stdout] 7 | use tls_openssl::ssl::{self, SslFiletype, SslMethod};
[INFO] [stdout]   |     ^^^^^^^^^^^ use of undeclared crate or module `tls_openssl`
[INFO] [stdout] 
[INFO] [stdout] 
[INFO] [stdout] error: aborting due to 2 previous errors
[INFO] [stdout] 
[INFO] [stdout] 
[INFO] [stdout] Some errors have detailed explanations: E0432, E0433.
[INFO] [stdout] 
[INFO] [stdout] For more information about an error, try `rustc --explain E0432`.
[INFO] [stdout] 
[INFO] [stdout] error: aborting due to 2 previous errors
[INFO] [stdout] 
[INFO] [stdout] 
[INFO] [stdout] error: aborting due to 1 previous error
[INFO] [stdout] 
[INFO] [stdout] 
[INFO] [stdout] Some errors have detailed explanations: E0432, E0433.
[INFO] [stdout] 
[INFO] [stdout] For more information about this error, try `rustc --explain E0432`.
[INFO] [stdout] 
[INFO] [stdout] For more information about an error, try `rustc --explain E0432`.
[INFO] [stdout] 
[INFO] [stderr] error: could not compile `ntex-tls` (example "simple-client") due to 3 previous errors
[INFO] [stderr] warning: build failed, waiting for other jobs to finish...
[INFO] [stdout] error: aborting due to 3 previous errors
[INFO] [stdout] 
[INFO] [stdout] 
[INFO] [stdout] Some errors have detailed explanations: E0432, E0433.
[INFO] [stdout] 
[INFO] [stdout] For more information about an error, try `rustc --explain E0432`.
[INFO] [stdout] 
[INFO] [stderr] error: could not compile `ntex-tls` (example "webclient") due to 3 previous errors
[INFO] [stderr] error: could not compile `ntex-tls` (example "rustls-client") due to 2 previous errors
[INFO] [stderr] error: could not compile `ntex-tls` (example "server") due to 4 previous errors
[INFO] [stdout] error: aborting due to 2 previous errors
[INFO] [stdout] 
[INFO] [stdout] 
[INFO] [stdout] Some errors have detailed explanations: E0432, E0433.
[INFO] [stdout] 
[INFO] [stdout] For more information about an error, try `rustc --explain E0432`.
[INFO] [stdout] 
[INFO] [stderr] error: could not compile `ntex-tls` (example "webserver") due to 3 previous errors
[INFO] [stdout] error: aborting due to 2 previous errors
[INFO] [stdout] 
[INFO] [stdout] 
[INFO] [stdout] For more information about this error, try `rustc --explain E0432`.
[INFO] [stdout] 
[INFO] [stderr] error: could not compile `ntex-tls` (example "rustls-server") due to 3 previous errors
[INFO] running `Command { std: "docker" "inspect" "7f8eea5c664ed47a3ee88d47c61504c9c525043119afcafeb22fbb1a2ada53a8", kill_on_drop: false }`
[INFO] running `Command { std: "docker" "rm" "-f" "7f8eea5c664ed47a3ee88d47c61504c9c525043119afcafeb22fbb1a2ada53a8", kill_on_drop: false }`
[INFO] [stdout] 7f8eea5c664ed47a3ee88d47c61504c9c525043119afcafeb22fbb1a2ada53a8
