[INFO] fetching crate ntex-bytes 0.1.21...
[INFO] checking ntex-bytes-0.1.21 against nightly-2024-02-05 for check-cfg
[INFO] extracting crate ntex-bytes 0.1.21 into /workspace/builds/worker-6-tc1/source
[INFO] validating manifest of crates.io crate ntex-bytes 0.1.21 on toolchain nightly-2024-02-05
[INFO] running `Command { std: CARGO_HOME="/workspace/cargo-home" RUSTUP_HOME="/workspace/rustup-home" "/workspace/cargo-home/bin/cargo" "+nightly-2024-02-05" "metadata" "--manifest-path" "Cargo.toml" "--no-deps", kill_on_drop: false }`
[INFO] started tweaking crates.io crate ntex-bytes 0.1.21
[INFO] finished tweaking crates.io crate ntex-bytes 0.1.21
[INFO] tweaked toml for crates.io crate ntex-bytes 0.1.21 written to /workspace/builds/worker-6-tc1/source/Cargo.toml
[INFO] running `Command { std: CARGO_HOME="/workspace/cargo-home" RUSTUP_HOME="/workspace/rustup-home" "/workspace/cargo-home/bin/cargo" "+nightly-2024-02-05" "generate-lockfile" "--manifest-path" "Cargo.toml", kill_on_drop: false }`
[INFO] [stderr]     Updating crates.io index
[INFO] running `Command { std: CARGO_HOME="/workspace/cargo-home" RUSTUP_HOME="/workspace/rustup-home" "/workspace/cargo-home/bin/cargo" "+nightly-2024-02-05" "fetch" "--manifest-path" "Cargo.toml", kill_on_drop: false }`
[INFO] [stderr]  Downloading crates ...
[INFO] [stderr]   Downloaded ntex-macros v0.1.3
[INFO] [stderr]   Downloaded ntex-bytes v0.1.24
[INFO] [stderr]   Downloaded ntex-codec v0.6.2
[INFO] [stderr]   Downloaded ntex-tls v0.3.3
[INFO] [stderr]   Downloaded ntex-connect v0.3.4
[INFO] [stderr]   Downloaded ntex-tokio v0.3.1
[INFO] [stderr]   Downloaded ntex-http v0.1.12
[INFO] [stderr]   Downloaded ntex-h2 v0.4.4
[INFO] [stderr]   Downloaded ntex v0.7.17
[INFO] [stderr]   Downloaded ntex-util v0.3.4
[INFO] [stderr]   Downloaded ntex-io v0.3.17
[INFO] [stderr]   Downloaded oneshot v0.1.6
[INFO] [stderr]   Downloaded ntex-rt v0.4.11
[INFO] [stderr]   Downloaded ntex-router v0.5.3
[INFO] [stderr]   Downloaded ntex-service v1.2.7
[INFO] running `Command { std: "docker" "create" "-v" "/var/lib/crater-agent-workspace/builds/worker-6-tc1/target:/opt/rustwide/target:rw,Z" "-v" "/var/lib/crater-agent-workspace/builds/worker-6-tc1/source:/opt/rustwide/workdir:ro,Z" "-v" "/var/lib/crater-agent-workspace/cargo-home:/opt/rustwide/cargo-home:ro,Z" "-v" "/var/lib/crater-agent-workspace/rustup-home:/opt/rustwide/rustup-home:ro,Z" "-e" "SOURCE_DIR=/opt/rustwide/workdir" "-e" "CARGO_TARGET_DIR=/opt/rustwide/target" "-e" "CARGO_HOME=/opt/rustwide/cargo-home" "-e" "RUSTUP_HOME=/opt/rustwide/rustup-home" "-w" "/opt/rustwide/workdir" "-m" "1610612736" "--user" "0:0" "--network" "none" "ghcr.io/rust-lang/crates-build-env/linux@sha256:2788e3201cd34a07e3172128adcd8b3090168a8e3bcc40d7c032b9dda1df7d1c" "/opt/rustwide/cargo-home/bin/cargo" "+nightly-2024-02-05" "metadata" "--no-deps" "--format-version=1", kill_on_drop: false }`
[INFO] [stdout] aaf76edb6c4ef205ee640a683cf23816fc7582f3be299219cd53aa050426aee7
[INFO] running `Command { std: "docker" "start" "-a" "aaf76edb6c4ef205ee640a683cf23816fc7582f3be299219cd53aa050426aee7", kill_on_drop: false }`
[INFO] running `Command { std: "docker" "inspect" "aaf76edb6c4ef205ee640a683cf23816fc7582f3be299219cd53aa050426aee7", kill_on_drop: false }`
[INFO] running `Command { std: "docker" "rm" "-f" "aaf76edb6c4ef205ee640a683cf23816fc7582f3be299219cd53aa050426aee7", kill_on_drop: false }`
[INFO] [stdout] aaf76edb6c4ef205ee640a683cf23816fc7582f3be299219cd53aa050426aee7
[INFO] running `Command { std: "docker" "create" "-v" "/var/lib/crater-agent-workspace/builds/worker-6-tc1/target:/opt/rustwide/target:rw,Z" "-v" "/var/lib/crater-agent-workspace/builds/worker-6-tc1/source:/opt/rustwide/workdir:ro,Z" "-v" "/var/lib/crater-agent-workspace/cargo-home:/opt/rustwide/cargo-home:ro,Z" "-v" "/var/lib/crater-agent-workspace/rustup-home:/opt/rustwide/rustup-home:ro,Z" "-e" "SOURCE_DIR=/opt/rustwide/workdir" "-e" "CARGO_TARGET_DIR=/opt/rustwide/target" "-e" "CARGO_INCREMENTAL=0" "-e" "RUST_BACKTRACE=full" "-e" "RUSTFLAGS=--cap-lints=forbid" "-e" "RUSTDOCFLAGS=--cap-lints=forbid" "-e" "CARGO_HOME=/opt/rustwide/cargo-home" "-e" "RUSTUP_HOME=/opt/rustwide/rustup-home" "-w" "/opt/rustwide/workdir" "-m" "1610612736" "--user" "0:0" "--network" "none" "ghcr.io/rust-lang/crates-build-env/linux@sha256:2788e3201cd34a07e3172128adcd8b3090168a8e3bcc40d7c032b9dda1df7d1c" "/opt/rustwide/cargo-home/bin/cargo" "+nightly-2024-02-05" "check" "--frozen" "--all" "--all-targets" "--message-format=json", kill_on_drop: false }`
[INFO] [stdout] b7b5bef8436506777951222122a6a8358fda138a73758492dd7e18c6b5a6c509
[INFO] running `Command { std: "docker" "start" "-a" "b7b5bef8436506777951222122a6a8358fda138a73758492dd7e18c6b5a6c509", kill_on_drop: false }`
[INFO] [stderr]    Compiling proc-macro2 v1.0.78
[INFO] [stderr]    Compiling unicode-ident v1.0.12
[INFO] [stderr]    Compiling serde v1.0.196
[INFO] [stderr]     Checking pin-project-lite v0.2.13
[INFO] [stderr]    Compiling crossbeam-utils v0.8.19
[INFO] [stderr]     Checking bitflags v2.4.2
[INFO] [stderr]    Compiling libc v0.2.153
[INFO] [stderr]     Checking futures-core v0.3.30
[INFO] [stderr]     Checking bytes v1.5.0
[INFO] [stderr]     Checking parking v2.2.0
[INFO] [stderr]    Compiling autocfg v1.1.0
[INFO] [stderr]     Checking log v0.4.20
[INFO] [stderr]     Checking byteorder v1.5.0
[INFO] [stderr]     Checking itoa v1.0.10
[INFO] [stderr]    Compiling typenum v1.17.0
[INFO] [stderr]     Checking oneshot v0.1.6
[INFO] [stderr]    Compiling version_check v0.9.4
[INFO] [stderr]     Checking futures-timer v3.0.2
[INFO] [stderr]     Checking futures-sink v0.3.30
[INFO] [stderr]     Checking fnv v1.0.7
[INFO] [stderr]    Compiling thiserror v1.0.56
[INFO] [stderr]    Compiling syn v1.0.109
[INFO] [stderr]     Checking regex-syntax v0.8.2
[INFO] [stderr]    Compiling rustix v0.38.31
[INFO] [stderr]     Checking cfg-if v1.0.0
[INFO] [stderr]     Checking percent-encoding v2.3.1
[INFO] [stderr]     Checking linux-raw-sys v0.4.13
[INFO] [stderr]     Checking fxhash v0.2.1
[INFO] [stderr]    Compiling serde_json v1.0.113
[INFO] [stderr]     Checking ryu v1.0.16
[INFO] [stderr]     Checking tracing-core v0.1.32
[INFO] [stderr]    Compiling httparse v1.8.0
[INFO] [stderr]     Checking form_urlencoded v1.2.1
[INFO] [stderr]    Compiling slab v0.4.9
[INFO] [stderr]    Compiling generic-array v0.14.7
[INFO] [stderr]     Checking http v1.0.0
[INFO] [stderr]     Checking cpufeatures v0.2.12
[INFO] [stderr]     Checking nanorand v0.7.0
[INFO] [stderr]     Checking encoding_rs v0.8.33
[INFO] [stderr]     Checking mime v0.3.17
[INFO] [stderr]     Checking httpdate v1.0.3
[INFO] [stderr]     Checking base64 v0.21.7
[INFO] [stderr]     Checking tracing v0.1.40
[INFO] [stderr]     Checking concurrent-queue v2.4.0
[INFO] [stderr]     Checking ntex-service v1.2.7
[INFO] [stderr]     Checking event-listener v4.0.3
[INFO] [stderr]    Compiling quote v1.0.35
[INFO] [stderr]     Checking event-listener-strategy v0.4.0
[INFO] [stderr]    Compiling syn v2.0.48
[INFO] [stderr]     Checking socket2 v0.5.5
[INFO] [stderr]     Checking signal-hook-registry v1.4.1
[INFO] [stderr]     Checking mio v0.8.10
[INFO] [stderr]     Checking async-channel v2.1.1
[INFO] [stderr]     Checking regex-automata v0.4.5
[INFO] [stderr]     Checking tokio v1.36.0
[INFO] [stderr]     Checking crypto-common v0.1.6
[INFO] [stderr]     Checking block-buffer v0.10.4
[INFO] [stderr]     Checking digest v0.10.7
[INFO] [stderr]     Checking sha-1 v0.10.1
[INFO] [stderr]     Checking regex v1.10.3
[INFO] [stderr]    Compiling serde_derive v1.0.196
[INFO] [stderr]    Compiling thiserror-impl v1.0.56
[INFO] [stderr]     Checking polling v3.4.0
[INFO] [stderr]     Checking ntex-rt v0.4.11
[INFO] [stderr]     Checking ntex-util v0.3.4
[INFO] [stderr]    Compiling ntex-macros v0.1.3
[INFO] [stderr]     Checking ntex-bytes v0.1.24
[INFO] [stderr]     Checking serde_urlencoded v0.7.1
[INFO] [stderr]     Checking serde_test v1.0.176
[INFO] [stderr]     Checking ntex-bytes v0.1.21 (/opt/rustwide/workdir)
[INFO] [stderr]     Checking ntex-codec v0.6.2
[INFO] [stderr]     Checking ntex-http v0.1.12
[INFO] [stderr]     Checking ntex-router v0.5.3
[INFO] [stderr]     Checking ntex-io v0.3.17
[INFO] [stderr]     Checking ntex-tokio v0.3.1
[INFO] [stderr]     Checking ntex-tls v0.3.3
[INFO] [stderr]     Checking ntex-connect v0.3.4
[INFO] [stderr]     Checking ntex-h2 v0.4.4
[INFO] [stderr]     Checking ntex v0.7.17
[INFO] [stdout] error[E0407]: method `bytes` is not a member of trait `Buf`
[INFO] [stdout]   --> benches/buf.rs:56:5
[INFO] [stdout]    |
[INFO] [stdout] 56 | /     fn bytes(&self) -> &[u8] {
[INFO] [stdout] 57 | |         if self.readlen == 0 {
[INFO] [stdout] 58 | |             Default::default()
[INFO] [stdout] 59 | |         } else {
[INFO] [stdout] 60 | |             &self.buf[self.pos..self.pos + self.readlen]
[INFO] [stdout] 61 | |         }
[INFO] [stdout] 62 | |     }
[INFO] [stdout]    | |_____^ not a member of trait `Buf`
[INFO] [stdout] 
[INFO] [stdout] 
[INFO] [stdout] error[E0407]: method `bytes` is not a member of trait `Buf`
[INFO] [stdout]   --> benches/buf.rs:90:5
[INFO] [stdout]    |
[INFO] [stdout] 90 | /     fn bytes(&self) -> &[u8] {
[INFO] [stdout] 91 | |         self.inner.bytes()
[INFO] [stdout] 92 | |     }
[INFO] [stdout]    | |_____^ not a member of trait `Buf`
[INFO] [stdout] 
[INFO] [stdout] 
[INFO] [stdout] error[E0046]: not all trait items implemented, missing: `chunk`
[INFO] [stdout]   --> benches/buf.rs:47:1
[INFO] [stdout]    |
[INFO] [stdout] 47 | impl Buf for TestBuf {
[INFO] [stdout]    | ^^^^^^^^^^^^^^^^^^^^ missing `chunk` in implementation
[INFO] [stdout]    |
[INFO] [stdout]    = help: implement the missing item: `fn chunk(&self) -> &[u8] { todo!() }`
[INFO] [stdout] 
[INFO] [stdout] 
[INFO] [stdout] error[E0046]: not all trait items implemented, missing: `chunk`
[INFO] [stdout]   --> benches/buf.rs:80:1
[INFO] [stdout]    |
[INFO] [stdout] 80 | impl Buf for TestBufC {
[INFO] [stdout]    | ^^^^^^^^^^^^^^^^^^^^^ missing `chunk` in implementation
[INFO] [stdout]    |
[INFO] [stdout]    = help: implement the missing item: `fn chunk(&self) -> &[u8] { todo!() }`
[INFO] [stdout] 
[INFO] [stdout] 
[INFO] [stdout] error[E0599]: no method named `bytes` found for struct `TestBuf` in the current scope
[INFO] [stdout]   --> benches/buf.rs:91:20
[INFO] [stdout]    |
[INFO] [stdout] 10 | struct TestBuf {
[INFO] [stdout]    | -------------- method `bytes` not found for this struct
[INFO] [stdout] ...
[INFO] [stdout] 91 |         self.inner.bytes()
[INFO] [stdout]    |                    ^^^^^ method not found in `TestBuf`
[INFO] [stdout]    |
[INFO] [stdout]    = help: items from traits can only be used if the trait is implemented and in scope
[INFO] [stdout]    = note: the following trait defines an item `bytes`, perhaps you need to implement it:
[INFO] [stdout]            candidate #1: `std::io::Read`
[INFO] [stdout] 
[INFO] [stdout] 
[INFO] [stdout] error[E0277]: the trait bound `Option<[u8; 1]>: ntex_bytes::Buf` is not satisfied
[INFO] [stdout]    --> benches/buf.rs:139:31
[INFO] [stdout]     |
[INFO] [stdout] 139 |                     let buf = &mut buf as &mut dyn Buf; // type erasure
[INFO] [stdout]     |                               ^^^^^^^^ the trait `ntex_bytes::Buf` is not implemented for `Option<[u8; 1]>`
[INFO] [stdout] ...
[INFO] [stdout] 162 |     bench!(option, option);
[INFO] [stdout]     |     ---------------------- in this macro invocation
[INFO] [stdout]     |
[INFO] [stdout]     = help: the following other types implement trait `ntex_bytes::Buf`:
[INFO] [stdout]               TestBuf
[INFO] [stdout]               TestBufC
[INFO] [stdout]               ntex_bytes::Bytes
[INFO] [stdout]               BytesMut
[INFO] [stdout]               BytesVec
[INFO] [stdout]               Box<T>
[INFO] [stdout]               std::io::Cursor<T>
[INFO] [stdout]               &mut T
[INFO] [stdout]             and 2 others
[INFO] [stdout]     = note: required for the cast from `&mut Option<[u8; 1]>` to `&mut dyn ntex_bytes::Buf`
[INFO] [stdout]     = note: this error originates in the macro `bench` (in Nightly builds, run with -Z macro-backtrace for more info)
[INFO] [stdout] 
[INFO] [stdout] 
[INFO] [stdout] error: aborting due to 6 previous errors
[INFO] [stdout] 
[INFO] [stdout] 
[INFO] [stdout] Some errors have detailed explanations: E0046, E0277, E0407, E0599.
[INFO] [stdout] 
[INFO] [stdout] For more information about an error, try `rustc --explain E0046`.
[INFO] [stdout] 
[INFO] [stderr] error: could not compile `ntex-bytes` (bench "buf") due to 7 previous errors
[INFO] [stderr] warning: build failed, waiting for other jobs to finish...
[INFO] running `Command { std: "docker" "inspect" "b7b5bef8436506777951222122a6a8358fda138a73758492dd7e18c6b5a6c509", kill_on_drop: false }`
[INFO] running `Command { std: "docker" "rm" "-f" "b7b5bef8436506777951222122a6a8358fda138a73758492dd7e18c6b5a6c509", kill_on_drop: false }`
[INFO] [stdout] b7b5bef8436506777951222122a6a8358fda138a73758492dd7e18c6b5a6c509
