[INFO] fetching crate notation_bevy_utils 0.4.2...
[INFO] checking notation_bevy_utils-0.4.2 against nightly-2024-02-05 for check-cfg
[INFO] extracting crate notation_bevy_utils 0.4.2 into /workspace/builds/worker-3-tc1/source
[INFO] validating manifest of crates.io crate notation_bevy_utils 0.4.2 on toolchain nightly-2024-02-05
[INFO] running `Command { std: CARGO_HOME="/workspace/cargo-home" RUSTUP_HOME="/workspace/rustup-home" "/workspace/cargo-home/bin/cargo" "+nightly-2024-02-05" "metadata" "--manifest-path" "Cargo.toml" "--no-deps", kill_on_drop: false }`
[INFO] started tweaking crates.io crate notation_bevy_utils 0.4.2
[INFO] finished tweaking crates.io crate notation_bevy_utils 0.4.2
[INFO] tweaked toml for crates.io crate notation_bevy_utils 0.4.2 written to /workspace/builds/worker-3-tc1/source/Cargo.toml
[INFO] running `Command { std: CARGO_HOME="/workspace/cargo-home" RUSTUP_HOME="/workspace/rustup-home" "/workspace/cargo-home/bin/cargo" "+nightly-2024-02-05" "generate-lockfile" "--manifest-path" "Cargo.toml", kill_on_drop: false }`
[INFO] [stderr]     Updating crates.io index
[INFO] running `Command { std: CARGO_HOME="/workspace/cargo-home" RUSTUP_HOME="/workspace/rustup-home" "/workspace/cargo-home/bin/cargo" "+nightly-2024-02-05" "fetch" "--manifest-path" "Cargo.toml", kill_on_drop: false }`
[INFO] [stderr]     Blocking waiting for file lock on package cache
[INFO] [stderr]  Downloading crates ...
[INFO] [stderr]   Downloaded lyon_path v0.17.7
[INFO] [stderr]   Downloaded bevy_derive v0.6.0
[INFO] [stderr]   Downloaded bevy_gltf v0.6.0
[INFO] [stderr]   Downloaded bevy_text v0.6.0
[INFO] [stderr]   Downloaded bevy-crevice-derive v0.6.0
[INFO] [stderr]   Downloaded bevy_macro_utils v0.6.0
[INFO] [stderr]   Downloaded serde_arrays v0.1.0
[INFO] [stderr]   Downloaded bevy_transform v0.6.0
[INFO] [stderr]   Downloaded bevy_utils v0.6.0
[INFO] [stderr]   Downloaded cargo-manifest v0.2.9
[INFO] [stderr]   Downloaded gltf-json v0.16.0
[INFO] [stderr]   Downloaded interpolation v0.2.0
[INFO] [stderr]   Downloaded bevy_ecs_macros v0.6.0
[INFO] [stderr]   Downloaded bevy_log v0.6.0
[INFO] [stderr]   Downloaded bevy_tasks v0.6.0
[INFO] [stderr]   Downloaded emath v0.16.0
[INFO] [stderr]   Downloaded webbrowser v0.5.5
[INFO] [stderr]   Downloaded bevy_winit v0.6.1
[INFO] [stderr]   Downloaded bevy_pbr v0.6.1
[INFO] [stderr]   Downloaded lyon_geom v0.17.7
[INFO] [stderr]   Downloaded bevy v0.6.1
[INFO] [stderr]   Downloaded epaint v0.16.0
[INFO] [stderr]   Downloaded wgpu-hal v0.12.5
[INFO] [stderr]   Downloaded lyon_tessellation v0.17.10
[INFO] [stderr]   Downloaded bevy_prototype_lyon v0.4.0
[INFO] [stderr]   Downloaded bevy_render v0.6.1
[INFO] [stderr]   Downloaded bevy_ecs v0.6.1
[INFO] [stderr]   Downloaded float_eq v0.7.0
[INFO] [stderr]   Downloaded bevy_input v0.6.0
[INFO] [stderr]   Downloaded bevy_reflect v0.6.0
[INFO] [stderr]   Downloaded bevy_asset v0.6.0
[INFO] [stderr]   Downloaded hexasphere v6.1.0
[INFO] [stderr]   Downloaded cocoa-foundation v0.1.2
[INFO] [stderr]   Downloaded inplace_it v0.3.5
[INFO] [stderr]   Downloaded bevy_core v0.6.0
[INFO] [stderr]   Downloaded bevy_ui v0.6.1
[INFO] [stderr]   Downloaded bevy_app v0.6.0
[INFO] [stderr]   Downloaded bevy_sprite v0.6.0
[INFO] [stderr]   Downloaded bevy_crevice v0.6.1
[INFO] [stderr]   Downloaded bevy_scene v0.6.0
[INFO] [stderr]   Downloaded gltf-derive v0.16.0
[INFO] [stderr]   Downloaded bevy_window v0.6.0
[INFO] [stderr]   Downloaded bevy_diagnostic v0.6.0
[INFO] [stderr]   Downloaded bevy_core_pipeline v0.6.0
[INFO] [stderr]   Downloaded bevy_math v0.6.0
[INFO] [stderr]   Downloaded bevy_internal v0.6.0
[INFO] [stderr]   Downloaded bevy_reflect_derive v0.6.0
[INFO] [stderr]   Downloaded gltf v0.16.0
[INFO] [stderr]   Downloaded egui v0.16.1
[INFO] [stderr]   Downloaded bevy_easings v0.5.1
[INFO] [stderr]   Downloaded bevy_egui v0.10.3
[INFO] running `Command { std: "docker" "create" "-v" "/var/lib/crater-agent-workspace/builds/worker-3-tc1/target:/opt/rustwide/target:rw,Z" "-v" "/var/lib/crater-agent-workspace/builds/worker-3-tc1/source:/opt/rustwide/workdir:ro,Z" "-v" "/var/lib/crater-agent-workspace/cargo-home:/opt/rustwide/cargo-home:ro,Z" "-v" "/var/lib/crater-agent-workspace/rustup-home:/opt/rustwide/rustup-home:ro,Z" "-e" "SOURCE_DIR=/opt/rustwide/workdir" "-e" "CARGO_TARGET_DIR=/opt/rustwide/target" "-e" "CARGO_HOME=/opt/rustwide/cargo-home" "-e" "RUSTUP_HOME=/opt/rustwide/rustup-home" "-w" "/opt/rustwide/workdir" "-m" "1610612736" "--user" "0:0" "--network" "none" "ghcr.io/rust-lang/crates-build-env/linux@sha256:2788e3201cd34a07e3172128adcd8b3090168a8e3bcc40d7c032b9dda1df7d1c" "/opt/rustwide/cargo-home/bin/cargo" "+nightly-2024-02-05" "metadata" "--no-deps" "--format-version=1", kill_on_drop: false }`
[INFO] [stdout] 1ea8aeba625fa0d762cb563dc2a42af4d9d0b0ed9a2261c603e6728e2d7616dd
[INFO] running `Command { std: "docker" "start" "-a" "1ea8aeba625fa0d762cb563dc2a42af4d9d0b0ed9a2261c603e6728e2d7616dd", kill_on_drop: false }`
[INFO] running `Command { std: "docker" "inspect" "1ea8aeba625fa0d762cb563dc2a42af4d9d0b0ed9a2261c603e6728e2d7616dd", kill_on_drop: false }`
[INFO] running `Command { std: "docker" "rm" "-f" "1ea8aeba625fa0d762cb563dc2a42af4d9d0b0ed9a2261c603e6728e2d7616dd", kill_on_drop: false }`
[INFO] [stdout] 1ea8aeba625fa0d762cb563dc2a42af4d9d0b0ed9a2261c603e6728e2d7616dd
[INFO] running `Command { std: "docker" "create" "-v" "/var/lib/crater-agent-workspace/builds/worker-3-tc1/target:/opt/rustwide/target:rw,Z" "-v" "/var/lib/crater-agent-workspace/builds/worker-3-tc1/source:/opt/rustwide/workdir:ro,Z" "-v" "/var/lib/crater-agent-workspace/cargo-home:/opt/rustwide/cargo-home:ro,Z" "-v" "/var/lib/crater-agent-workspace/rustup-home:/opt/rustwide/rustup-home:ro,Z" "-e" "SOURCE_DIR=/opt/rustwide/workdir" "-e" "CARGO_TARGET_DIR=/opt/rustwide/target" "-e" "CARGO_INCREMENTAL=0" "-e" "RUST_BACKTRACE=full" "-e" "RUSTFLAGS=--cap-lints=forbid" "-e" "RUSTDOCFLAGS=--cap-lints=forbid" "-e" "CARGO_HOME=/opt/rustwide/cargo-home" "-e" "RUSTUP_HOME=/opt/rustwide/rustup-home" "-w" "/opt/rustwide/workdir" "-m" "1610612736" "--user" "0:0" "--network" "none" "ghcr.io/rust-lang/crates-build-env/linux@sha256:2788e3201cd34a07e3172128adcd8b3090168a8e3bcc40d7c032b9dda1df7d1c" "/opt/rustwide/cargo-home/bin/cargo" "+nightly-2024-02-05" "check" "--frozen" "--all" "--all-targets" "--message-format=json", kill_on_drop: false }`
[INFO] [stdout] 8424b7c5717a83f96ba337923485b70f6cff20cc1f773ab12c202a58c8128b6f
[INFO] running `Command { std: "docker" "start" "-a" "8424b7c5717a83f96ba337923485b70f6cff20cc1f773ab12c202a58c8128b6f", kill_on_drop: false }`
[INFO] [stderr]    Compiling hashbrown v0.12.3
[INFO] [stderr]    Compiling crossbeam-utils v0.8.19
[INFO] [stderr]    Compiling syn v1.0.109
[INFO] [stderr]     Checking instant v0.1.12
[INFO] [stderr]    Compiling ahash v0.7.7
[INFO] [stderr]     Checking tracing-core v0.1.32
[INFO] [stderr]     Checking parking v2.2.0
[INFO] [stderr]     Checking getrandom v0.2.12
[INFO] [stderr]     Checking fixedbitset v0.4.2
[INFO] [stderr]     Checking mint v0.5.9
[INFO] [stderr]     Checking fxhash v0.2.1
[INFO] [stderr]     Checking futures-lite v2.2.0
[INFO] [stderr]     Checking fastrand v2.0.1
[INFO] [stderr]    Compiling bytemuck_derive v1.5.0
[INFO] [stderr]     Checking smallvec v1.13.1
[INFO] [stderr]    Compiling thiserror-impl v1.0.56
[INFO] [stderr]     Checking erased-serde v0.3.31
[INFO] [stderr]     Checking event-listener v2.5.3
[INFO] [stderr]     Checking uuid v0.8.2
[INFO] [stderr]     Checking waker-fn v1.1.1
[INFO] [stderr]     Checking async-task v4.7.0
[INFO] [stderr]     Checking downcast-rs v1.2.0
[INFO] [stderr]     Checking fastrand v1.9.0
[INFO] [stderr]     Checking futures-io v0.3.30
[INFO] [stderr]     Checking parking_lot_core v0.8.6
[INFO] [stderr]     Checking tracing v0.1.40
[INFO] [stderr]     Checking allocator-api2 v0.2.16
[INFO] [stderr]     Checking cty v0.2.2
[INFO] [stderr]     Checking overload v0.1.1
[INFO] [stderr]     Checking matchers v0.1.0
[INFO] [stderr]     Checking futures-lite v1.13.0
[INFO] [stderr]     Checking raw-window-handle v0.4.3
[INFO] [stderr]     Checking nu-ansi-term v0.46.0
[INFO] [stderr]     Checking tracing-log v0.2.0
[INFO] [stderr]     Checking parking_lot v0.11.2
[INFO] [stderr]     Checking libloading v0.7.4
[INFO] [stderr]     Checking unicode-xid v0.2.4
[INFO] [stderr]    Compiling indexmap v1.9.3
[INFO] [stderr]    Compiling ash v0.34.0+1.2.203
[INFO] [stderr]     Checking unicode-width v0.1.11
[INFO] [stderr]    Compiling khronos-egl v4.1.0
[INFO] [stderr]     Checking bit-vec v0.6.3
[INFO] [stderr]     Checking pp-rs v0.2.1
[INFO] [stderr]     Checking gpu-descriptor-types v0.1.2
[INFO] [stderr]     Checking tracing-subscriber v0.3.18
[INFO] [stderr]     Checking codespan-reporting v0.11.1
[INFO] [stderr]     Checking tracing-log v0.1.4
[INFO] [stderr]     Checking hashbrown v0.14.3
[INFO] [stderr]     Checking concurrent-queue v2.4.0
[INFO] [stderr]     Checking rand_core v0.6.4
[INFO] [stderr]     Checking spirv v0.2.0+1.5.4
[INFO] [stderr]     Checking gpu-alloc-types v0.2.0
[INFO] [stderr]     Checking bit-set v0.5.3
[INFO] [stderr]    Compiling cfg_aliases v0.1.1
[INFO] [stderr]     Checking hexf-parse v0.2.1
[INFO] [stderr]     Checking adler32 v1.2.0
[INFO] [stderr]     Checking rand_chacha v0.3.1
[INFO] [stderr]    Compiling wgpu-core v0.12.2
[INFO] [stderr]     Checking event-listener v4.0.3
[INFO] [stderr]     Checking async-channel v1.9.0
[INFO] [stderr]     Checking gpu-alloc v0.5.4
[INFO] [stderr]    Compiling toml v0.5.11
[INFO] [stderr]     Checking wgpu-types v0.12.0
[INFO] [stderr]    Compiling num-rational v0.3.2
[INFO] [stderr]    Compiling num-iter v0.1.43
[INFO] [stderr]     Checking event-listener-strategy v0.4.0
[INFO] [stderr]     Checking renderdoc-sys v0.7.1
[INFO] [stderr]     Checking async-lock v3.3.0
[INFO] [stderr]     Checking arrayvec v0.7.4
[INFO] [stderr]     Checking inplace_it v0.3.5
[INFO] [stderr]     Checking indexmap v2.2.2
[INFO] [stderr]     Checking gpu-descriptor v0.2.4
[INFO] [stderr]     Checking glow v0.11.2
[INFO] [stderr]     Checking profiling v1.0.14
[INFO] [stderr]     Checking rand v0.8.5
[INFO] [stderr]     Checking miniz_oxide v0.3.7
[INFO] [stderr]     Checking deflate v0.8.6
[INFO] [stderr]     Checking crossbeam-channel v0.5.11
[INFO] [stderr]     Checking copyless v0.1.5
[INFO] [stderr]     Checking bytemuck v1.14.1
[INFO] [stderr]     Checking color_quant v1.1.0
[INFO] [stderr]     Checking async-executor v1.8.0
[INFO] [stderr]     Checking glam v0.20.5
[INFO] [stderr]     Checking euclid v0.22.9
[INFO] [stderr]     Checking ttf-parser v0.20.0
[INFO] [stderr]     Checking ab_glyph_rasterizer v0.1.8
[INFO] [stderr]     Checking thiserror v1.0.56
[INFO] [stderr]    Compiling serde_json v1.0.113
[INFO] [stderr]    Compiling x11-dl v2.21.0
[INFO] [stderr]     Checking approx v0.5.1
[INFO] [stderr]     Checking bevy_tasks v0.6.0
[INFO] [stderr]    Compiling inflections v1.1.1
[INFO] [stderr]    Compiling cargo-manifest v0.2.9
[INFO] [stderr]     Checking petgraph v0.6.4
[INFO] [stderr]     Checking png v0.16.8
[INFO] [stderr]    Compiling libm v0.1.4
[INFO] [stderr]     Checking svg_fmt v0.4.1
[INFO] [stderr]     Checking rectangle-pack v0.4.2
[INFO] [stderr]    Compiling winit v0.26.1
[INFO] [stderr]     Checking xi-unicode v0.3.0
[INFO] [stderr]     Checking ron v0.7.1
[INFO] [stderr]     Checking image v0.23.14
[INFO] [stderr]     Checking mio v0.8.10
[INFO] [stderr]    Compiling xcb v0.8.2
[INFO] [stderr]     Checking guillotiere v0.6.2
[INFO] [stderr]     Checking arrayvec v0.5.2
[INFO] [stderr]     Checking emath v0.16.0
[INFO] [stderr]     Checking atomic_refcell v0.1.13
[INFO] [stderr]     Checking nohash-hasher v0.2.0
[INFO] [stderr]     Checking stretch v0.3.2
[INFO] [stderr]     Checking float_next_after v0.1.5
[INFO] [stderr]     Checking siphasher v0.2.3
[INFO] [stderr]     Checking lyon_geom v0.17.7
[INFO] [stderr]     Checking float-cmp v0.5.3
[INFO] [stderr]     Checking webbrowser v0.5.5
[INFO] [stderr]     Checking interpolation v0.2.0
[INFO] [stderr]     Checking serde_arrays v0.1.0
[INFO] [stderr]    Compiling bevy_macro_utils v0.6.0
[INFO] [stderr]     Checking float_eq v0.7.0
[INFO] [stderr]     Checking svgtypes v0.5.0
[INFO] [stderr]    Compiling gltf-derive v0.16.0
[INFO] [stderr] error: failed to run custom build command for `xcb v0.8.2`
[INFO] [stderr] note: To improve backtraces for build dependencies, set the CARGO_PROFILE_DEV_BUILD_OVERRIDE_DEBUG=true environment variable to enable debug information generation.
[INFO] [stderr] 
[INFO] [stderr] Caused by:
[INFO] [stderr]   process didn't exit successfully: `/opt/rustwide/target/debug/build/xcb-4526b2d642c4031a/build-script-build` (exit status: 101)
[INFO] [stderr]   --- stderr
[INFO] [stderr]   error occured in handler:  ('request: ', ('xcb', 'SELinux', 'GetClientContext'))
[INFO] [stderr]   Traceback (most recent call last):
[INFO] [stderr]     File "/opt/rustwide/cargo-home/registry/src/index.crates.io-6f17d22bba15001f/xcb-0.8.2/rs_client.py", line 2448, in <module>
[INFO] [stderr]       module.generate()
[INFO] [stderr]     File "/opt/rustwide/cargo-home/registry/src/index.crates.io-6f17d22bba15001f/xcb-0.8.2/xcbgen/state.py", line 108, in generate
[INFO] [stderr]       self.close()
[INFO] [stderr]     File "/opt/rustwide/cargo-home/registry/src/index.crates.io-6f17d22bba15001f/xcb-0.8.2/rs_client.py", line 296, in rs_close
[INFO] [stderr]       _f.writeout(os.path.join(module.rs_srcdir, "ffi", "%s.rs" % _module_name(_ns.ext_name)))
[INFO] [stderr]     File "/opt/rustwide/cargo-home/registry/src/index.crates.io-6f17d22bba15001f/xcb-0.8.2/rs_client.py", line 114, in writeout
[INFO] [stderr]       with open(path, 'w') as f:
[INFO] [stderr]   OSError: [Errno 30] Read-only file system: '/opt/rustwide/cargo-home/registry/src/index.crates.io-6f17d22bba15001f/xcb-0.8.2/src/ffi/selinux.rs'
[INFO] [stderr]   thread 'main' panicked at /opt/rustwide/cargo-home/registry/src/index.crates.io-6f17d22bba15001f/xcb-0.8.2/build.rs:75:17:
[INFO] [stderr]   processing of /opt/rustwide/cargo-home/registry/src/index.crates.io-6f17d22bba15001f/xcb-0.8.2/xml/xselinux.xml returned non-zero (1)
[INFO] [stderr]   stack backtrace:
[INFO] [stderr]      0:     0x559958793566 - std::backtrace_rs::backtrace::libunwind::trace::heebc7766b165eb2a
[INFO] [stderr]                                  at /rustc/268dbbbc4b3fd71c5f360a4d0728295252430b5b/library/std/src/../../backtrace/src/backtrace/libunwind.rs:104:5
[INFO] [stderr]      1:     0x559958793566 - std::backtrace_rs::backtrace::trace_unsynchronized::ha677020d8fc0296d
[INFO] [stderr]                                  at /rustc/268dbbbc4b3fd71c5f360a4d0728295252430b5b/library/std/src/../../backtrace/src/backtrace/mod.rs:66:5
[INFO] [stderr]      2:     0x559958793566 - std::sys_common::backtrace::_print_fmt::hcaff2fd86a1aeaa3
[INFO] [stderr]                                  at /rustc/268dbbbc4b3fd71c5f360a4d0728295252430b5b/library/std/src/sys_common/backtrace.rs:68:5
[INFO] [stderr]      3:     0x559958793566 - <std::sys_common::backtrace::_print::DisplayBacktrace as core::fmt::Display>::fmt::hc2446d8aa0059188
[INFO] [stderr]                                  at /rustc/268dbbbc4b3fd71c5f360a4d0728295252430b5b/library/std/src/sys_common/backtrace.rs:44:22
[INFO] [stderr]      4:     0x5599587b59a0 - core::fmt::rt::Argument::fmt::h2fbb6454da37999b
[INFO] [stderr]                                  at /rustc/268dbbbc4b3fd71c5f360a4d0728295252430b5b/library/core/src/fmt/rt.rs:142:9
[INFO] [stderr]      5:     0x5599587b59a0 - core::fmt::write::had96bdeda7d49d3a
[INFO] [stderr]                                  at /rustc/268dbbbc4b3fd71c5f360a4d0728295252430b5b/library/core/src/fmt/mod.rs:1120:17
[INFO] [stderr]      6:     0x5599587911bf - std::io::Write::write_fmt::h30b1f36eea05b391
[INFO] [stderr]                                  at /rustc/268dbbbc4b3fd71c5f360a4d0728295252430b5b/library/std/src/io/mod.rs:1849:15
[INFO] [stderr]      7:     0x559958793344 - std::sys_common::backtrace::_print::hc333bb91ae972137
[INFO] [stderr]                                  at /rustc/268dbbbc4b3fd71c5f360a4d0728295252430b5b/library/std/src/sys_common/backtrace.rs:47:5
[INFO] [stderr]      8:     0x559958793344 - std::sys_common::backtrace::print::h18fd3c71a95a3169
[INFO] [stderr]                                  at /rustc/268dbbbc4b3fd71c5f360a4d0728295252430b5b/library/std/src/sys_common/backtrace.rs:34:9
[INFO] [stderr]      9:     0x559958794a37 - std::panicking::default_hook::{{closure}}::ha3473f9bcb4e9a37
[INFO] [stderr]     10:     0x559958794799 - std::panicking::default_hook::h23d9d43185db6584
[INFO] [stderr]                                  at /rustc/268dbbbc4b3fd71c5f360a4d0728295252430b5b/library/std/src/panicking.rs:292:9
[INFO] [stderr]     11:     0x559958794ec8 - std::panicking::rust_panic_with_hook::h94aceaa7df3a6edd
[INFO] [stderr]                                  at /rustc/268dbbbc4b3fd71c5f360a4d0728295252430b5b/library/std/src/panicking.rs:781:13
[INFO] [stderr]     12:     0x559958794da2 - std::panicking::begin_panic_handler::{{closure}}::h9905d45d1d82fc42
[INFO] [stderr]                                  at /rustc/268dbbbc4b3fd71c5f360a4d0728295252430b5b/library/std/src/panicking.rs:659:13
[INFO] [stderr]     13:     0x559958793a66 - std::sys_common::backtrace::__rust_end_short_backtrace::hb02085545dc143b9
[INFO] [stderr]                                  at /rustc/268dbbbc4b3fd71c5f360a4d0728295252430b5b/library/std/src/sys_common/backtrace.rs:171:18
[INFO] [stderr]     14:     0x559958794af4 - rust_begin_unwind
[INFO] [stderr]                                  at /rustc/268dbbbc4b3fd71c5f360a4d0728295252430b5b/library/std/src/panicking.rs:647:5
[INFO] [stderr]     15:     0x55995876d285 - core::panicking::panic_fmt::h6dca3983f8a9f4d0
[INFO] [stderr]                                  at /rustc/268dbbbc4b3fd71c5f360a4d0728295252430b5b/library/core/src/panicking.rs:72:14
[INFO] [stderr]     16:     0x559958773381 - build_script_build::main::{{closure}}::heb0cf4ee1a001484
[INFO] [stderr]     17:     0x559958771f13 - build_script_build::visit_xml::h25cf7f1fb9eee890
[INFO] [stderr]     18:     0x55995877283c - build_script_build::main::hc6bf407a9235fe9b
[INFO] [stderr]     19:     0x55995876ee73 - core::ops::function::FnOnce::call_once::hf3b8a3b38fb8307d
[INFO] [stderr]     20:     0x55995876ddb6 - std::sys_common::backtrace::__rust_begin_short_backtrace::h02b875db9b18c128
[INFO] [stderr]     21:     0x55995876e4e9 - std::rt::lang_start::{{closure}}::ha7bc50dd9b560eb2
[INFO] [stderr]     22:     0x55995878dd91 - core::ops::function::impls::<impl core::ops::function::FnOnce<A> for &F>::call_once::h298d8ff12ebcec8c
[INFO] [stderr]                                  at /rustc/268dbbbc4b3fd71c5f360a4d0728295252430b5b/library/core/src/ops/function.rs:284:13
[INFO] [stderr]     23:     0x55995878dd91 - std::panicking::try::do_call::hbd0ffb05da5bd343
[INFO] [stderr]                                  at /rustc/268dbbbc4b3fd71c5f360a4d0728295252430b5b/library/std/src/panicking.rs:554:40
[INFO] [stderr]     24:     0x55995878dd91 - std::panicking::try::h11c9a152defd5d2a
[INFO] [stderr]                                  at /rustc/268dbbbc4b3fd71c5f360a4d0728295252430b5b/library/std/src/panicking.rs:518:19
[INFO] [stderr]     25:     0x55995878dd91 - std::panic::catch_unwind::h0d6db2fa902b4d64
[INFO] [stderr]                                  at /rustc/268dbbbc4b3fd71c5f360a4d0728295252430b5b/library/std/src/panic.rs:142:14
[INFO] [stderr]     26:     0x55995878dd91 - std::rt::lang_start_internal::{{closure}}::hdcc09b4aad7ef821
[INFO] [stderr]                                  at /rustc/268dbbbc4b3fd71c5f360a4d0728295252430b5b/library/std/src/rt.rs:148:48
[INFO] [stderr]     27:     0x55995878dd91 - std::panicking::try::do_call::h3ffd2f162d60900f
[INFO] [stderr]                                  at /rustc/268dbbbc4b3fd71c5f360a4d0728295252430b5b/library/std/src/panicking.rs:554:40
[INFO] [stderr]     28:     0x55995878dd91 - std::panicking::try::heeba82b9c3e190fb
[INFO] [stderr]                                  at /rustc/268dbbbc4b3fd71c5f360a4d0728295252430b5b/library/std/src/panicking.rs:518:19
[INFO] [stderr]     29:     0x55995878dd91 - std::panic::catch_unwind::hdaab8f1c188f387f
[INFO] [stderr]                                  at /rustc/268dbbbc4b3fd71c5f360a4d0728295252430b5b/library/std/src/panic.rs:142:14
[INFO] [stderr]     30:     0x55995878dd91 - std::rt::lang_start_internal::h9989e088c48b7903
[INFO] [stderr]                                  at /rustc/268dbbbc4b3fd71c5f360a4d0728295252430b5b/library/std/src/rt.rs:148:20
[INFO] [stderr]     31:     0x55995876e4c7 - std::rt::lang_start::hb945d04cb0bc78d2
[INFO] [stderr]     32:     0x559958773405 - main
[INFO] [stderr]     33:     0x7f7b0c471d90 - <unknown>
[INFO] [stderr]     34:     0x7f7b0c471e40 - __libc_start_main
[INFO] [stderr]     35:     0x55995876d9b5 - _start
[INFO] [stderr]     36:                0x0 - <unknown>
[INFO] [stderr] warning: build failed, waiting for other jobs to finish...
[INFO] running `Command { std: "docker" "inspect" "8424b7c5717a83f96ba337923485b70f6cff20cc1f773ab12c202a58c8128b6f", kill_on_drop: false }`
[INFO] running `Command { std: "docker" "rm" "-f" "8424b7c5717a83f96ba337923485b70f6cff20cc1f773ab12c202a58c8128b6f", kill_on_drop: false }`
[INFO] [stdout] 8424b7c5717a83f96ba337923485b70f6cff20cc1f773ab12c202a58c8128b6f
[INFO] checking notation_bevy_utils-0.4.2 against nightly-2024-02-05+rustflags=-Dunexpected_cfgs+cargoflags=-Zcheck-cfg for check-cfg
[INFO] extracting crate notation_bevy_utils 0.4.2 into /workspace/builds/worker-3-tc2/source
[INFO] validating manifest of crates.io crate notation_bevy_utils 0.4.2 on toolchain nightly-2024-02-05
[INFO] running `Command { std: CARGO_HOME="/workspace/cargo-home" RUSTUP_HOME="/workspace/rustup-home" "/workspace/cargo-home/bin/cargo" "+nightly-2024-02-05" "metadata" "--manifest-path" "Cargo.toml" "--no-deps", kill_on_drop: false }`
[INFO] started tweaking crates.io crate notation_bevy_utils 0.4.2
[INFO] finished tweaking crates.io crate notation_bevy_utils 0.4.2
[INFO] tweaked toml for crates.io crate notation_bevy_utils 0.4.2 written to /workspace/builds/worker-3-tc2/source/Cargo.toml
[INFO] running `Command { std: CARGO_HOME="/workspace/cargo-home" RUSTUP_HOME="/workspace/rustup-home" "/workspace/cargo-home/bin/cargo" "+nightly-2024-02-05" "generate-lockfile" "--manifest-path" "Cargo.toml", kill_on_drop: false }`
[INFO] [stderr]     Updating crates.io index
[INFO] running `Command { std: CARGO_HOME="/workspace/cargo-home" RUSTUP_HOME="/workspace/rustup-home" "/workspace/cargo-home/bin/cargo" "+nightly-2024-02-05" "fetch" "--manifest-path" "Cargo.toml", kill_on_drop: false }`
[INFO] running `Command { std: "docker" "create" "-v" "/var/lib/crater-agent-workspace/builds/worker-3-tc2/target:/opt/rustwide/target:rw,Z" "-v" "/var/lib/crater-agent-workspace/builds/worker-3-tc2/source:/opt/rustwide/workdir:ro,Z" "-v" "/var/lib/crater-agent-workspace/cargo-home:/opt/rustwide/cargo-home:ro,Z" "-v" "/var/lib/crater-agent-workspace/rustup-home:/opt/rustwide/rustup-home:ro,Z" "-e" "SOURCE_DIR=/opt/rustwide/workdir" "-e" "CARGO_TARGET_DIR=/opt/rustwide/target" "-e" "CARGO_HOME=/opt/rustwide/cargo-home" "-e" "RUSTUP_HOME=/opt/rustwide/rustup-home" "-w" "/opt/rustwide/workdir" "-m" "1610612736" "--user" "0:0" "--network" "none" "ghcr.io/rust-lang/crates-build-env/linux@sha256:2788e3201cd34a07e3172128adcd8b3090168a8e3bcc40d7c032b9dda1df7d1c" "/opt/rustwide/cargo-home/bin/cargo" "+nightly-2024-02-05" "metadata" "--no-deps" "--format-version=1", kill_on_drop: false }`
[INFO] [stdout] e5fe30da9f62102b658a8ab4c442d4b5b5e461c61972950d2742b75ca1e8ac91
[INFO] running `Command { std: "docker" "start" "-a" "e5fe30da9f62102b658a8ab4c442d4b5b5e461c61972950d2742b75ca1e8ac91", kill_on_drop: false }`
[INFO] running `Command { std: "docker" "inspect" "e5fe30da9f62102b658a8ab4c442d4b5b5e461c61972950d2742b75ca1e8ac91", kill_on_drop: false }`
[INFO] running `Command { std: "docker" "rm" "-f" "e5fe30da9f62102b658a8ab4c442d4b5b5e461c61972950d2742b75ca1e8ac91", kill_on_drop: false }`
[INFO] [stdout] e5fe30da9f62102b658a8ab4c442d4b5b5e461c61972950d2742b75ca1e8ac91
[INFO] running `Command { std: "docker" "create" "-v" "/var/lib/crater-agent-workspace/builds/worker-3-tc2/target:/opt/rustwide/target:rw,Z" "-v" "/var/lib/crater-agent-workspace/builds/worker-3-tc2/source:/opt/rustwide/workdir:ro,Z" "-v" "/var/lib/crater-agent-workspace/cargo-home:/opt/rustwide/cargo-home:ro,Z" "-v" "/var/lib/crater-agent-workspace/rustup-home:/opt/rustwide/rustup-home:ro,Z" "-e" "SOURCE_DIR=/opt/rustwide/workdir" "-e" "CARGO_TARGET_DIR=/opt/rustwide/target" "-e" "CARGO_INCREMENTAL=0" "-e" "RUST_BACKTRACE=full" "-e" "RUSTFLAGS=--cap-lints=forbid -Dunexpected_cfgs" "-e" "RUSTDOCFLAGS=--cap-lints=forbid" "-e" "CARGO_HOME=/opt/rustwide/cargo-home" "-e" "RUSTUP_HOME=/opt/rustwide/rustup-home" "-w" "/opt/rustwide/workdir" "-m" "1610612736" "--user" "0:0" "--network" "none" "ghcr.io/rust-lang/crates-build-env/linux@sha256:2788e3201cd34a07e3172128adcd8b3090168a8e3bcc40d7c032b9dda1df7d1c" "/opt/rustwide/cargo-home/bin/cargo" "+nightly-2024-02-05" "check" "--frozen" "--all" "--all-targets" "--message-format=json" "-Zcheck-cfg", kill_on_drop: false }`
[INFO] [stdout] 1cc96c85f4f9845a85c393bb7416f7c8a04ed12f5217345034c75a4a6784031c
[INFO] running `Command { std: "docker" "start" "-a" "1cc96c85f4f9845a85c393bb7416f7c8a04ed12f5217345034c75a4a6784031c", kill_on_drop: false }`
[INFO] [stderr]    Compiling hashbrown v0.12.3
[INFO] [stderr]    Compiling crossbeam-utils v0.8.19
[INFO] [stderr]    Compiling syn v1.0.109
[INFO] [stderr]     Checking instant v0.1.12
[INFO] [stderr]     Checking tracing-core v0.1.32
[INFO] [stderr]    Compiling ahash v0.7.7
[INFO] [stderr]     Checking parking v2.2.0
[INFO] [stderr]     Checking getrandom v0.2.12
[INFO] [stderr]     Checking mint v0.5.9
[INFO] [stderr]     Checking fixedbitset v0.4.2
[INFO] [stderr]     Checking fxhash v0.2.1
[INFO] [stderr]     Checking futures-lite v2.2.0
[INFO] [stderr]     Checking fastrand v2.0.1
[INFO] [stderr]    Compiling thiserror-impl v1.0.56
[INFO] [stderr]     Checking smallvec v1.13.1
[INFO] [stderr]    Compiling bytemuck_derive v1.5.0
[INFO] [stderr]     Checking erased-serde v0.3.31
[INFO] [stderr]     Checking fastrand v1.9.0
[INFO] [stderr]     Checking uuid v0.8.2
[INFO] [stderr]     Checking event-listener v2.5.3
[INFO] [stderr]     Checking futures-io v0.3.30
[INFO] [stderr]     Checking async-task v4.7.0
[INFO] [stderr]     Checking parking_lot_core v0.8.6
[INFO] [stderr]     Checking downcast-rs v1.2.0
[INFO] [stderr]     Checking waker-fn v1.1.1
[INFO] [stderr]     Checking tracing v0.1.40
[INFO] [stderr]     Checking allocator-api2 v0.2.16
[INFO] [stderr]     Checking cty v0.2.2
[INFO] [stderr]     Checking futures-lite v1.13.0
[INFO] [stderr]     Checking overload v0.1.1
[INFO] [stderr]     Checking raw-window-handle v0.4.3
[INFO] [stderr]     Checking parking_lot v0.11.2
[INFO] [stderr]     Checking nu-ansi-term v0.46.0
[INFO] [stderr]     Checking matchers v0.1.0
[INFO] [stderr]     Checking tracing-log v0.2.0
[INFO] [stderr]     Checking libloading v0.7.4
[INFO] [stderr]    Compiling ash v0.34.0+1.2.203
[INFO] [stderr]     Checking unicode-width v0.1.11
[INFO] [stderr]    Compiling indexmap v1.9.3
[INFO] [stderr]     Checking unicode-xid v0.2.4
[INFO] [stderr]    Compiling khronos-egl v4.1.0
[INFO] [stderr]     Checking bit-vec v0.6.3
[INFO] [stderr]     Checking gpu-descriptor-types v0.1.2
[INFO] [stderr]     Checking codespan-reporting v0.11.1
[INFO] [stderr]     Checking pp-rs v0.2.1
[INFO] [stderr]     Checking tracing-log v0.1.4
[INFO] [stderr]     Checking rand_core v0.6.4
[INFO] [stderr]     Checking tracing-subscriber v0.3.18
[INFO] [stderr]     Checking concurrent-queue v2.4.0
[INFO] [stderr]     Checking gpu-alloc-types v0.2.0
[INFO] [stderr]     Checking hashbrown v0.14.3
[INFO] [stderr]     Checking spirv v0.2.0+1.5.4
[INFO] [stderr]     Checking bit-set v0.5.3
[INFO] [stderr]     Checking adler32 v1.2.0
[INFO] [stderr]    Compiling cfg_aliases v0.1.1
[INFO] [stderr]     Checking hexf-parse v0.2.1
[INFO] [stderr]     Checking event-listener v4.0.3
[INFO] [stderr]     Checking async-channel v1.9.0
[INFO] [stderr]    Compiling wgpu-core v0.12.2
[INFO] [stderr]     Checking gpu-alloc v0.5.4
[INFO] [stderr]     Checking rand_chacha v0.3.1
[INFO] [stderr]    Compiling toml v0.5.11
[INFO] [stderr]     Checking wgpu-types v0.12.0
[INFO] [stderr]    Compiling num-rational v0.3.2
[INFO] [stderr]     Checking event-listener-strategy v0.4.0
[INFO] [stderr]    Compiling num-iter v0.1.43
[INFO] [stderr]     Checking async-lock v3.3.0
[INFO] [stderr]     Checking inplace_it v0.3.5
[INFO] [stderr]     Checking arrayvec v0.7.4
[INFO] [stderr]     Checking profiling v1.0.14
[INFO] [stderr]     Checking glow v0.11.2
[INFO] [stderr]     Checking renderdoc-sys v0.7.1
[INFO] [stderr]     Checking indexmap v2.2.2
[INFO] [stderr]     Checking gpu-descriptor v0.2.4
[INFO] [stderr]     Checking rand v0.8.5
[INFO] [stderr]     Checking deflate v0.8.6
[INFO] [stderr]     Checking miniz_oxide v0.3.7
[INFO] [stderr]     Checking crossbeam-channel v0.5.11
[INFO] [stderr]     Checking copyless v0.1.5
[INFO] [stderr]     Checking bytemuck v1.14.1
[INFO] [stderr]     Checking async-executor v1.8.0
[INFO] [stderr]     Checking color_quant v1.1.0
[INFO] [stderr]     Checking euclid v0.22.9
[INFO] [stderr]     Checking ttf-parser v0.20.0
[INFO] [stderr]     Checking bevy_tasks v0.6.0
[INFO] [stderr]     Checking glam v0.20.5
[INFO] [stderr]     Checking ab_glyph_rasterizer v0.1.8
[INFO] [stderr]     Checking thiserror v1.0.56
[INFO] [stderr]     Checking png v0.16.8
[INFO] [stderr]    Compiling serde_json v1.0.113
[INFO] [stderr]    Compiling x11-dl v2.21.0
[INFO] [stderr]     Checking approx v0.5.1
[INFO] [stderr]    Compiling libm v0.1.4
[INFO] [stderr]    Compiling inflections v1.1.1
[INFO] [stderr]     Checking svg_fmt v0.4.1
[INFO] [stderr]    Compiling cargo-manifest v0.2.9
[INFO] [stderr]     Checking rectangle-pack v0.4.2
[INFO] [stderr]     Checking petgraph v0.6.4
[INFO] [stderr]     Checking xi-unicode v0.3.0
[INFO] [stderr]    Compiling winit v0.26.1
[INFO] [stderr]     Checking ron v0.7.1
[INFO] [stderr]     Checking mio v0.8.10
[INFO] [stderr]     Checking image v0.23.14
[INFO] [stderr]     Checking guillotiere v0.6.2
[INFO] [stderr]    Compiling xcb v0.8.2
[INFO] [stderr]     Checking arrayvec v0.5.2
[INFO] [stderr]     Checking nohash-hasher v0.2.0
[INFO] [stderr]     Checking emath v0.16.0
[INFO] [stderr]     Checking atomic_refcell v0.1.13
[INFO] [stderr]     Checking lyon_geom v0.17.7
[INFO] [stderr]     Checking stretch v0.3.2
[INFO] [stderr]     Checking float_next_after v0.1.5
[INFO] [stderr]     Checking float-cmp v0.5.3
[INFO] [stderr]     Checking siphasher v0.2.3
[INFO] [stderr]     Checking interpolation v0.2.0
[INFO] [stderr]     Checking webbrowser v0.5.5
[INFO] [stderr]     Checking serde_arrays v0.1.0
[INFO] [stderr]     Checking svgtypes v0.5.0
[INFO] [stderr]     Checking float_eq v0.7.0
[INFO] [stderr] error: failed to run custom build command for `xcb v0.8.2`
[INFO] [stderr] note: To improve backtraces for build dependencies, set the CARGO_PROFILE_DEV_BUILD_OVERRIDE_DEBUG=true environment variable to enable debug information generation.
[INFO] [stderr] 
[INFO] [stderr] Caused by:
[INFO] [stderr]   process didn't exit successfully: `/opt/rustwide/target/debug/build/xcb-4526b2d642c4031a/build-script-build` (exit status: 101)
[INFO] [stderr]   --- stderr
[INFO] [stderr]   error occured in handler:  ('request: ', ('xcb', 'SELinux', 'GetClientContext'))
[INFO] [stderr]   Traceback (most recent call last):
[INFO] [stderr]     File "/opt/rustwide/cargo-home/registry/src/index.crates.io-6f17d22bba15001f/xcb-0.8.2/rs_client.py", line 2448, in <module>
[INFO] [stderr]       module.generate()
[INFO] [stderr]     File "/opt/rustwide/cargo-home/registry/src/index.crates.io-6f17d22bba15001f/xcb-0.8.2/xcbgen/state.py", line 108, in generate
[INFO] [stderr]       self.close()
[INFO] [stderr]     File "/opt/rustwide/cargo-home/registry/src/index.crates.io-6f17d22bba15001f/xcb-0.8.2/rs_client.py", line 296, in rs_close
[INFO] [stderr]       _f.writeout(os.path.join(module.rs_srcdir, "ffi", "%s.rs" % _module_name(_ns.ext_name)))
[INFO] [stderr]     File "/opt/rustwide/cargo-home/registry/src/index.crates.io-6f17d22bba15001f/xcb-0.8.2/rs_client.py", line 114, in writeout
[INFO] [stderr]       with open(path, 'w') as f:
[INFO] [stderr]   OSError: [Errno 30] Read-only file system: '/opt/rustwide/cargo-home/registry/src/index.crates.io-6f17d22bba15001f/xcb-0.8.2/src/ffi/selinux.rs'
[INFO] [stderr]   thread 'main' panicked at /opt/rustwide/cargo-home/registry/src/index.crates.io-6f17d22bba15001f/xcb-0.8.2/build.rs:75:17:
[INFO] [stderr]   processing of /opt/rustwide/cargo-home/registry/src/index.crates.io-6f17d22bba15001f/xcb-0.8.2/xml/xselinux.xml returned non-zero (1)
[INFO] [stderr]   stack backtrace:
[INFO] [stderr]      0:     0x56118d019566 - std::backtrace_rs::backtrace::libunwind::trace::heebc7766b165eb2a
[INFO] [stderr]                                  at /rustc/268dbbbc4b3fd71c5f360a4d0728295252430b5b/library/std/src/../../backtrace/src/backtrace/libunwind.rs:104:5
[INFO] [stderr]      1:     0x56118d019566 - std::backtrace_rs::backtrace::trace_unsynchronized::ha677020d8fc0296d
[INFO] [stderr]                                  at /rustc/268dbbbc4b3fd71c5f360a4d0728295252430b5b/library/std/src/../../backtrace/src/backtrace/mod.rs:66:5
[INFO] [stderr]      2:     0x56118d019566 - std::sys_common::backtrace::_print_fmt::hcaff2fd86a1aeaa3
[INFO] [stderr]                                  at /rustc/268dbbbc4b3fd71c5f360a4d0728295252430b5b/library/std/src/sys_common/backtrace.rs:68:5
[INFO] [stderr]      3:     0x56118d019566 - <std::sys_common::backtrace::_print::DisplayBacktrace as core::fmt::Display>::fmt::hc2446d8aa0059188
[INFO] [stderr]                                  at /rustc/268dbbbc4b3fd71c5f360a4d0728295252430b5b/library/std/src/sys_common/backtrace.rs:44:22
[INFO] [stderr]      4:     0x56118d03b9a0 - core::fmt::rt::Argument::fmt::h2fbb6454da37999b
[INFO] [stderr]                                  at /rustc/268dbbbc4b3fd71c5f360a4d0728295252430b5b/library/core/src/fmt/rt.rs:142:9
[INFO] [stderr]      5:     0x56118d03b9a0 - core::fmt::write::had96bdeda7d49d3a
[INFO] [stderr]                                  at /rustc/268dbbbc4b3fd71c5f360a4d0728295252430b5b/library/core/src/fmt/mod.rs:1120:17
[INFO] [stderr]      6:     0x56118d0171bf - std::io::Write::write_fmt::h30b1f36eea05b391
[INFO] [stderr]                                  at /rustc/268dbbbc4b3fd71c5f360a4d0728295252430b5b/library/std/src/io/mod.rs:1849:15
[INFO] [stderr]      7:     0x56118d019344 - std::sys_common::backtrace::_print::hc333bb91ae972137
[INFO] [stderr]                                  at /rustc/268dbbbc4b3fd71c5f360a4d0728295252430b5b/library/std/src/sys_common/backtrace.rs:47:5
[INFO] [stderr]      8:     0x56118d019344 - std::sys_common::backtrace::print::h18fd3c71a95a3169
[INFO] [stderr]                                  at /rustc/268dbbbc4b3fd71c5f360a4d0728295252430b5b/library/std/src/sys_common/backtrace.rs:34:9
[INFO] [stderr]      9:     0x56118d01aa37 - std::panicking::default_hook::{{closure}}::ha3473f9bcb4e9a37
[INFO] [stderr]     10:     0x56118d01a799 - std::panicking::default_hook::h23d9d43185db6584
[INFO] [stderr]                                  at /rustc/268dbbbc4b3fd71c5f360a4d0728295252430b5b/library/std/src/panicking.rs:292:9
[INFO] [stderr]     11:     0x56118d01aec8 - std::panicking::rust_panic_with_hook::h94aceaa7df3a6edd
[INFO] [stderr]                                  at /rustc/268dbbbc4b3fd71c5f360a4d0728295252430b5b/library/std/src/panicking.rs:781:13
[INFO] [stderr]     12:     0x56118d01ada2 - std::panicking::begin_panic_handler::{{closure}}::h9905d45d1d82fc42
[INFO] [stderr]                                  at /rustc/268dbbbc4b3fd71c5f360a4d0728295252430b5b/library/std/src/panicking.rs:659:13
[INFO] [stderr]     13:     0x56118d019a66 - std::sys_common::backtrace::__rust_end_short_backtrace::hb02085545dc143b9
[INFO] [stderr]                                  at /rustc/268dbbbc4b3fd71c5f360a4d0728295252430b5b/library/std/src/sys_common/backtrace.rs:171:18
[INFO] [stderr]     14:     0x56118d01aaf4 - rust_begin_unwind
[INFO] [stderr]                                  at /rustc/268dbbbc4b3fd71c5f360a4d0728295252430b5b/library/std/src/panicking.rs:647:5
[INFO] [stderr]     15:     0x56118cff3285 - core::panicking::panic_fmt::h6dca3983f8a9f4d0
[INFO] [stderr]                                  at /rustc/268dbbbc4b3fd71c5f360a4d0728295252430b5b/library/core/src/panicking.rs:72:14
[INFO] [stderr]     16:     0x56118cff9381 - build_script_build::main::{{closure}}::heb0cf4ee1a001484
[INFO] [stderr]     17:     0x56118cff7f13 - build_script_build::visit_xml::h25cf7f1fb9eee890
[INFO] [stderr]     18:     0x56118cff883c - build_script_build::main::hc6bf407a9235fe9b
[INFO] [stderr]     19:     0x56118cff4e73 - core::ops::function::FnOnce::call_once::hf3b8a3b38fb8307d
[INFO] [stderr]     20:     0x56118cff3db6 - std::sys_common::backtrace::__rust_begin_short_backtrace::h02b875db9b18c128
[INFO] [stderr]     21:     0x56118cff44e9 - std::rt::lang_start::{{closure}}::ha7bc50dd9b560eb2
[INFO] [stderr]     22:     0x56118d013d91 - core::ops::function::impls::<impl core::ops::function::FnOnce<A> for &F>::call_once::h298d8ff12ebcec8c
[INFO] [stderr]                                  at /rustc/268dbbbc4b3fd71c5f360a4d0728295252430b5b/library/core/src/ops/function.rs:284:13
[INFO] [stderr]     23:     0x56118d013d91 - std::panicking::try::do_call::hbd0ffb05da5bd343
[INFO] [stderr]                                  at /rustc/268dbbbc4b3fd71c5f360a4d0728295252430b5b/library/std/src/panicking.rs:554:40
[INFO] [stderr]     24:     0x56118d013d91 - std::panicking::try::h11c9a152defd5d2a
[INFO] [stderr]                                  at /rustc/268dbbbc4b3fd71c5f360a4d0728295252430b5b/library/std/src/panicking.rs:518:19
[INFO] [stderr]     25:     0x56118d013d91 - std::panic::catch_unwind::h0d6db2fa902b4d64
[INFO] [stderr]                                  at /rustc/268dbbbc4b3fd71c5f360a4d0728295252430b5b/library/std/src/panic.rs:142:14
[INFO] [stderr]     26:     0x56118d013d91 - std::rt::lang_start_internal::{{closure}}::hdcc09b4aad7ef821
[INFO] [stderr]                                  at /rustc/268dbbbc4b3fd71c5f360a4d0728295252430b5b/library/std/src/rt.rs:148:48
[INFO] [stderr]     27:     0x56118d013d91 - std::panicking::try::do_call::h3ffd2f162d60900f
[INFO] [stderr]                                  at /rustc/268dbbbc4b3fd71c5f360a4d0728295252430b5b/library/std/src/panicking.rs:554:40
[INFO] [stderr]     28:     0x56118d013d91 - std::panicking::try::heeba82b9c3e190fb
[INFO] [stderr]                                  at /rustc/268dbbbc4b3fd71c5f360a4d0728295252430b5b/library/std/src/panicking.rs:518:19
[INFO] [stderr]     29:     0x56118d013d91 - std::panic::catch_unwind::hdaab8f1c188f387f
[INFO] [stderr]                                  at /rustc/268dbbbc4b3fd71c5f360a4d0728295252430b5b/library/std/src/panic.rs:142:14
[INFO] [stderr]     30:     0x56118d013d91 - std::rt::lang_start_internal::h9989e088c48b7903
[INFO] [stderr]                                  at /rustc/268dbbbc4b3fd71c5f360a4d0728295252430b5b/library/std/src/rt.rs:148:20
[INFO] [stderr]     31:     0x56118cff44c7 - std::rt::lang_start::hb945d04cb0bc78d2
[INFO] [stderr]     32:     0x56118cff9405 - main
[INFO] [stderr]     33:     0x7fca3f570d90 - <unknown>
[INFO] [stderr]     34:     0x7fca3f570e40 - __libc_start_main
[INFO] [stderr]     35:     0x56118cff39b5 - _start
[INFO] [stderr]     36:                0x0 - <unknown>
[INFO] [stderr] warning: build failed, waiting for other jobs to finish...
[INFO] running `Command { std: "docker" "inspect" "1cc96c85f4f9845a85c393bb7416f7c8a04ed12f5217345034c75a4a6784031c", kill_on_drop: false }`
[INFO] running `Command { std: "docker" "rm" "-f" "1cc96c85f4f9845a85c393bb7416f7c8a04ed12f5217345034c75a4a6784031c", kill_on_drop: false }`
[INFO] [stdout] 1cc96c85f4f9845a85c393bb7416f7c8a04ed12f5217345034c75a4a6784031c
