[INFO] fetching crate notan_web 0.11.0...
[INFO] checking notan_web-0.11.0 against nightly-2024-02-05 for check-cfg
[INFO] extracting crate notan_web 0.11.0 into /workspace/builds/worker-5-tc1/source
[INFO] validating manifest of crates.io crate notan_web 0.11.0 on toolchain nightly-2024-02-05
[INFO] running `Command { std: CARGO_HOME="/workspace/cargo-home" RUSTUP_HOME="/workspace/rustup-home" "/workspace/cargo-home/bin/cargo" "+nightly-2024-02-05" "metadata" "--manifest-path" "Cargo.toml" "--no-deps", kill_on_drop: false }`
[INFO] started tweaking crates.io crate notan_web 0.11.0
[INFO] finished tweaking crates.io crate notan_web 0.11.0
[INFO] tweaked toml for crates.io crate notan_web 0.11.0 written to /workspace/builds/worker-5-tc1/source/Cargo.toml
[INFO] running `Command { std: CARGO_HOME="/workspace/cargo-home" RUSTUP_HOME="/workspace/rustup-home" "/workspace/cargo-home/bin/cargo" "+nightly-2024-02-05" "generate-lockfile" "--manifest-path" "Cargo.toml", kill_on_drop: false }`
[INFO] [stderr]     Updating crates.io index
[INFO] running `Command { std: CARGO_HOME="/workspace/cargo-home" RUSTUP_HOME="/workspace/rustup-home" "/workspace/cargo-home/bin/cargo" "+nightly-2024-02-05" "fetch" "--manifest-path" "Cargo.toml", kill_on_drop: false }`
[INFO] [stderr]  Downloading crates ...
[INFO] [stderr]   Downloaded symphonia-utils-xiph v0.5.3
[INFO] [stderr]   Downloaded symphonia-codec-adpcm v0.5.3
[INFO] [stderr]   Downloaded symphonia-codec-pcm v0.5.3
[INFO] [stderr]   Downloaded notan_oddio v0.11.0
[INFO] [stderr]   Downloaded platter2 v0.1.6
[INFO] [stderr]   Downloaded symphonia-bundle-flac v0.5.3
[INFO] [stderr]   Downloaded notan_input v0.11.0
[INFO] [stderr]   Downloaded notan_core v0.11.0
[INFO] [stderr]   Downloaded symphonia v0.5.3
[INFO] [stderr]   Downloaded notan_graphics v0.11.0
[INFO] [stderr]   Downloaded symphonia-format-wav v0.5.3
[INFO] [stderr]   Downloaded symphonia-bundle-mp3 v0.5.3
[INFO] [stderr]   Downloaded symphonia-core v0.5.3
[INFO] [stderr]   Downloaded symphonia-format-ogg v0.5.3
[INFO] [stderr]   Downloaded symphonia-format-mkv v0.5.3
[INFO] [stderr]   Downloaded notan_app v0.11.0
[INFO] [stderr]   Downloaded notan_glow v0.11.0
[INFO] [stderr]   Downloaded crevice_notan v0.13.0
[INFO] [stderr]   Downloaded symphonia-metadata v0.5.3
[INFO] [stderr]   Downloaded oddio v0.6.2
[INFO] [stderr]   Downloaded symphonia-codec-vorbis v0.5.3
[INFO] [stderr]   Downloaded crevice_notan-derive v0.13.0
[INFO] [stderr]   Downloaded notan_utils v0.11.0
[INFO] [stderr]   Downloaded notan_macro v0.11.0
[INFO] [stderr]   Downloaded notan_math v0.11.0
[INFO] [stderr]   Downloaded notan_audio v0.11.0
[INFO] running `Command { std: "docker" "create" "-v" "/var/lib/crater-agent-workspace/builds/worker-5-tc1/target:/opt/rustwide/target:rw,Z" "-v" "/var/lib/crater-agent-workspace/builds/worker-5-tc1/source:/opt/rustwide/workdir:ro,Z" "-v" "/var/lib/crater-agent-workspace/cargo-home:/opt/rustwide/cargo-home:ro,Z" "-v" "/var/lib/crater-agent-workspace/rustup-home:/opt/rustwide/rustup-home:ro,Z" "-e" "SOURCE_DIR=/opt/rustwide/workdir" "-e" "CARGO_TARGET_DIR=/opt/rustwide/target" "-e" "CARGO_HOME=/opt/rustwide/cargo-home" "-e" "RUSTUP_HOME=/opt/rustwide/rustup-home" "-w" "/opt/rustwide/workdir" "-m" "1610612736" "--user" "0:0" "--network" "none" "ghcr.io/rust-lang/crates-build-env/linux@sha256:2788e3201cd34a07e3172128adcd8b3090168a8e3bcc40d7c032b9dda1df7d1c" "/opt/rustwide/cargo-home/bin/cargo" "+nightly-2024-02-05" "metadata" "--no-deps" "--format-version=1", kill_on_drop: false }`
[INFO] [stdout] c307f474eb27fc09142243c2231d8261ebcefa4835c4af5f189d97f3fd0612ff
[INFO] running `Command { std: "docker" "start" "-a" "c307f474eb27fc09142243c2231d8261ebcefa4835c4af5f189d97f3fd0612ff", kill_on_drop: false }`
[INFO] running `Command { std: "docker" "inspect" "c307f474eb27fc09142243c2231d8261ebcefa4835c4af5f189d97f3fd0612ff", kill_on_drop: false }`
[INFO] running `Command { std: "docker" "rm" "-f" "c307f474eb27fc09142243c2231d8261ebcefa4835c4af5f189d97f3fd0612ff", kill_on_drop: false }`
[INFO] [stdout] c307f474eb27fc09142243c2231d8261ebcefa4835c4af5f189d97f3fd0612ff
[INFO] running `Command { std: "docker" "create" "-v" "/var/lib/crater-agent-workspace/builds/worker-5-tc1/target:/opt/rustwide/target:rw,Z" "-v" "/var/lib/crater-agent-workspace/builds/worker-5-tc1/source:/opt/rustwide/workdir:ro,Z" "-v" "/var/lib/crater-agent-workspace/cargo-home:/opt/rustwide/cargo-home:ro,Z" "-v" "/var/lib/crater-agent-workspace/rustup-home:/opt/rustwide/rustup-home:ro,Z" "-e" "SOURCE_DIR=/opt/rustwide/workdir" "-e" "CARGO_TARGET_DIR=/opt/rustwide/target" "-e" "CARGO_INCREMENTAL=0" "-e" "RUST_BACKTRACE=full" "-e" "RUSTFLAGS=--cap-lints=forbid" "-e" "RUSTDOCFLAGS=--cap-lints=forbid" "-e" "CARGO_HOME=/opt/rustwide/cargo-home" "-e" "RUSTUP_HOME=/opt/rustwide/rustup-home" "-w" "/opt/rustwide/workdir" "-m" "1610612736" "--user" "0:0" "--network" "none" "ghcr.io/rust-lang/crates-build-env/linux@sha256:2788e3201cd34a07e3172128adcd8b3090168a8e3bcc40d7c032b9dda1df7d1c" "/opt/rustwide/cargo-home/bin/cargo" "+nightly-2024-02-05" "check" "--frozen" "--all" "--all-targets" "--message-format=json", kill_on_drop: false }`
[INFO] [stdout] 4a4e1499a4f77fbb4696c98fe087ade1579c042d8630db20a03bc70098e1010e
[INFO] running `Command { std: "docker" "start" "-a" "4a4e1499a4f77fbb4696c98fe087ade1579c042d8630db20a03bc70098e1010e", kill_on_drop: false }`
[INFO] [stderr]    Compiling num-traits v0.2.17
[INFO] [stderr]    Compiling wasm-bindgen-shared v0.2.90
[INFO] [stderr]    Compiling num-bigint v0.4.4
[INFO] [stderr]    Compiling log v0.4.20
[INFO] [stderr]     Checking bytemuck v1.14.1
[INFO] [stderr]    Compiling bumpalo v3.14.0
[INFO] [stderr]    Compiling once_cell v1.19.0
[INFO] [stderr]    Compiling num-iter v0.1.43
[INFO] [stderr]    Compiling num-rational v0.4.1
[INFO] [stderr]    Compiling num-integer v0.1.45
[INFO] [stderr]    Compiling ahash v0.8.7
[INFO] [stderr]     Checking mint v0.5.9
[INFO] [stderr]    Compiling jobserver v0.1.27
[INFO] [stderr]    Compiling parking_lot_core v0.9.9
[INFO] [stderr]    Compiling wasm-bindgen v0.2.90
[INFO] [stderr]    Compiling syn v2.0.48
[INFO] [stderr]    Compiling crc32fast v1.3.2
[INFO] [stderr]     Checking zerocopy v0.7.32
[INFO] [stderr]     Checking simd-adler32 v0.3.7
[INFO] [stderr]    Compiling cfg_aliases v0.1.1
[INFO] [stderr]    Compiling cc v1.0.83
[INFO] [stderr]     Checking allocator-api2 v0.2.16
[INFO] [stderr]    Compiling notan_macro v0.11.0
[INFO] [stderr]    Compiling crevice_notan-derive v0.13.0
[INFO] [stderr]     Checking instant v0.1.12
[INFO] [stderr]     Checking miniz_oxide v0.7.2
[INFO] [stderr]     Checking glam v0.24.2
[INFO] [stderr]     Checking notan_utils v0.11.0
[INFO] [stderr]     Checking fdeflate v0.3.4
[INFO] [stderr]     Checking color_quant v1.1.0
[INFO] [stderr]     Checking jpeg-decoder v0.3.1
[INFO] [stderr]     Checking notan_core v0.11.0
[INFO] [stderr]     Checking byteorder v1.5.0
[INFO] [stderr]     Checking downcast-rs v1.2.0
[INFO] [stderr]     Checking glow v0.12.3
[INFO] [stderr]     Checking parking_lot v0.12.1
[INFO] [stderr]     Checking hashbrown v0.14.3
[INFO] [stderr]     Checking flate2 v1.0.28
[INFO] [stderr]    Compiling spirv_cross v0.23.1
[INFO] [stderr]     Checking png v0.17.11
[INFO] [stderr]     Checking indexmap v2.2.2
[INFO] [stderr]    Compiling num-complex v0.4.4
[INFO] [stderr]     Checking image v0.24.8
[INFO] [stderr]     Checking notan_math v0.11.0
[INFO] [stderr]     Checking crevice_notan v0.13.0
[INFO] [stderr]     Checking notan_input v0.11.0
[INFO] [stderr]    Compiling wasm-bindgen-backend v0.2.90
[INFO] [stderr]    Compiling num v0.4.1
[INFO] [stderr]    Compiling futures-macro v0.3.30
[INFO] [stderr]    Compiling wasm-bindgen-macro-support v0.2.90
[INFO] [stderr]    Compiling wasm-bindgen-macro v0.2.90
[INFO] [stderr]     Checking futures-util v0.3.30
[INFO] [stderr]     Checking js-sys v0.3.67
[INFO] [stderr]     Checking console_error_panic_hook v0.1.7
[INFO] [stderr]     Checking futures-executor v0.3.30
[INFO] [stderr]     Checking platter2 v0.1.6
[INFO] [stderr]     Checking futures v0.3.30
[INFO] [stderr]     Checking wasm-bindgen-futures v0.4.40
[INFO] [stderr]     Checking web-sys v0.3.67
[INFO] [stderr]     Checking notan_graphics v0.11.0
[INFO] [stderr]     Checking notan_glow v0.11.0
[INFO] [stderr]     Checking notan_app v0.11.0
[INFO] [stderr]     Checking notan_web v0.11.0 (/opt/rustwide/workdir)
[INFO] [stdout] warning: unused import: `notan_glow::texture_source::*`
[INFO] [stdout]   --> src/lib.rs:21:9
[INFO] [stdout]    |
[INFO] [stdout] 21 | pub use notan_glow::texture_source::*;
[INFO] [stdout]    |         ^^^^^^^^^^^^^^^^^^^^^^^^^^^^^
[INFO] [stdout]    |
[INFO] [stdout]    = note: `#[warn(unused_imports)]` on by default
[INFO] [stdout] 
[INFO] [stdout] 
[INFO] [stdout] warning: unused import: `notan_glow::texture_source::*`
[INFO] [stdout]   --> src/lib.rs:21:9
[INFO] [stdout]    |
[INFO] [stdout] 21 | pub use notan_glow::texture_source::*;
[INFO] [stdout]    |         ^^^^^^^^^^^^^^^^^^^^^^^^^^^^^
[INFO] [stdout]    |
[INFO] [stdout]    = note: `#[warn(unused_imports)]` on by default
[INFO] [stdout] 
[INFO] [stdout] 
[INFO] [stdout] error[E0277]: expected a `Fn(&str)` closure, found `HtmlCanvasElement`
[INFO] [stdout]    --> src/backend.rs:118:43
[INFO] [stdout]     |
[INFO] [stdout] 118 |             notan_glow::GlowBackend::new(&win.canvas, win.antialias, win.transparent).unwrap();
[INFO] [stdout]     |             ----------------------------  ^^^^^^^^^^ expected an `Fn(&str)` closure, found `HtmlCanvasElement`
[INFO] [stdout]     |             |
[INFO] [stdout]     |             required by a bound introduced by this call
[INFO] [stdout]     |
[INFO] [stdout]     = help: the trait `for<'a> Fn<(&'a str,)>` is not implemented for `HtmlCanvasElement`, which is required by `for<'a> &HtmlCanvasElement: FnMut(&'a str)`
[INFO] [stdout]     = note: required for `&HtmlCanvasElement` to implement `for<'a> FnMut<(&'a str,)>`
[INFO] [stdout] note: required by a bound in `GlowBackend::new`
[INFO] [stdout]    --> /opt/rustwide/cargo-home/registry/src/index.crates.io-6f17d22bba15001f/notan_glow-0.11.0/src/lib.rs:70:12
[INFO] [stdout]     |
[INFO] [stdout] 68  |     pub fn new<F>(loader_function: F) -> Result<Self, String>
[INFO] [stdout]     |            --- required by a bound in this associated function
[INFO] [stdout] 69  |     where
[INFO] [stdout] 70  |         F: FnMut(&str) -> *const std::os::raw::c_void,
[INFO] [stdout]     |            ^^^^^^^^^^^^^^^^^^^^^^^^^^^^^^^^^^^^^^^^^^ required by this bound in `GlowBackend::new`
[INFO] [stdout] 
[INFO] [stdout] 
[INFO] [stdout] error[E0277]: expected a `Fn(&str)` closure, found `HtmlCanvasElement`
[INFO] [stdout]    --> src/backend.rs:118:43
[INFO] [stdout]     |
[INFO] [stdout] 118 |             notan_glow::GlowBackend::new(&win.canvas, win.antialias, win.transparent).unwrap();
[INFO] [stdout]     |             ----------------------------  ^^^^^^^^^^ expected an `Fn(&str)` closure, found `HtmlCanvasElement`
[INFO] [stdout]     |             |
[INFO] [stdout]     |             required by a bound introduced by this call
[INFO] [stdout]     |
[INFO] [stdout]     = help: the trait `for<'a> Fn<(&'a str,)>` is not implemented for `HtmlCanvasElement`, which is required by `for<'a> &HtmlCanvasElement: FnMut(&'a str)`
[INFO] [stdout]     = note: required for `&HtmlCanvasElement` to implement `for<'a> FnMut<(&'a str,)>`
[INFO] [stdout] note: required by a bound in `GlowBackend::new`
[INFO] [stdout]    --> /opt/rustwide/cargo-home/registry/src/index.crates.io-6f17d22bba15001f/notan_glow-0.11.0/src/lib.rs:70:12
[INFO] [stdout]     |
[INFO] [stdout] 68  |     pub fn new<F>(loader_function: F) -> Result<Self, String>
[INFO] [stdout]     |            --- required by a bound in this associated function
[INFO] [stdout] 69  |     where
[INFO] [stdout] 70  |         F: FnMut(&str) -> *const std::os::raw::c_void,
[INFO] [stdout]     |            ^^^^^^^^^^^^^^^^^^^^^^^^^^^^^^^^^^^^^^^^^^ required by this bound in `GlowBackend::new`
[INFO] [stdout] 
[INFO] [stdout] 
[INFO] [stdout] error[E0277]: expected a `FnOnce(&str)` closure, found `HtmlCanvasElement`
[INFO] [stdout]    --> src/backend.rs:118:42
[INFO] [stdout]     |
[INFO] [stdout] 118 |             notan_glow::GlowBackend::new(&win.canvas, win.antialias, win.transparent).unwrap();
[INFO] [stdout]     |             ---------------------------- ^^^^^^^^^^^ expected an `FnOnce(&str)` closure, found `HtmlCanvasElement`
[INFO] [stdout]     |             |
[INFO] [stdout]     |             required by a bound introduced by this call
[INFO] [stdout]     |
[INFO] [stdout]     = help: the trait `for<'a> FnOnce<(&'a str,)>` is not implemented for `HtmlCanvasElement`
[INFO] [stdout] note: required by a bound in `GlowBackend::new`
[INFO] [stdout]    --> /opt/rustwide/cargo-home/registry/src/index.crates.io-6f17d22bba15001f/notan_glow-0.11.0/src/lib.rs:70:27
[INFO] [stdout]     |
[INFO] [stdout] 68  |     pub fn new<F>(loader_function: F) -> Result<Self, String>
[INFO] [stdout]     |            --- required by a bound in this associated function
[INFO] [stdout] 69  |     where
[INFO] [stdout] 70  |         F: FnMut(&str) -> *const std::os::raw::c_void,
[INFO] [stdout]     |                           ^^^^^^^^^^^^^^^^^^^^^^^^^^^ required by this bound in `GlowBackend::new`
[INFO] [stdout] 
[INFO] [stdout] 
[INFO] [stdout] error[E0061]: this function takes 1 argument but 3 arguments were supplied
[INFO] [stdout]    --> src/backend.rs:118:13
[INFO] [stdout]     |
[INFO] [stdout] 118 |             notan_glow::GlowBackend::new(&win.canvas, win.antialias, win.transparent).unwrap();
[INFO] [stdout]     |             ^^^^^^^^^^^^^^^^^^^^^^^^^^^^              -------------  --------------- unexpected argument of type `bool`
[INFO] [stdout]     |                                                       |
[INFO] [stdout]     |                                                       unexpected argument of type `bool`
[INFO] [stdout]     |
[INFO] [stdout] note: associated function defined here
[INFO] [stdout]    --> /opt/rustwide/cargo-home/registry/src/index.crates.io-6f17d22bba15001f/notan_glow-0.11.0/src/lib.rs:68:12
[INFO] [stdout]     |
[INFO] [stdout] 68  |     pub fn new<F>(loader_function: F) -> Result<Self, String>
[INFO] [stdout]     |            ^^^
[INFO] [stdout] help: remove the extra arguments
[INFO] [stdout]     |
[INFO] [stdout] 118 -             notan_glow::GlowBackend::new(&win.canvas, win.antialias, win.transparent).unwrap();
[INFO] [stdout] 118 +             notan_glow::GlowBackend::new(&win.canvas).unwrap();
[INFO] [stdout]     |
[INFO] [stdout] 
[INFO] [stdout] 
[INFO] [stdout] error[E0277]: expected a `FnOnce(&str)` closure, found `HtmlCanvasElement`
[INFO] [stdout]    --> src/backend.rs:118:42
[INFO] [stdout]     |
[INFO] [stdout] 118 |             notan_glow::GlowBackend::new(&win.canvas, win.antialias, win.transparent).unwrap();
[INFO] [stdout]     |             ---------------------------- ^^^^^^^^^^^ expected an `FnOnce(&str)` closure, found `HtmlCanvasElement`
[INFO] [stdout]     |             |
[INFO] [stdout]     |             required by a bound introduced by this call
[INFO] [stdout]     |
[INFO] [stdout]     = help: the trait `for<'a> FnOnce<(&'a str,)>` is not implemented for `HtmlCanvasElement`
[INFO] [stdout] note: required by a bound in `GlowBackend::new`
[INFO] [stdout]    --> /opt/rustwide/cargo-home/registry/src/index.crates.io-6f17d22bba15001f/notan_glow-0.11.0/src/lib.rs:70:27
[INFO] [stdout]     |
[INFO] [stdout] 68  |     pub fn new<F>(loader_function: F) -> Result<Self, String>
[INFO] [stdout]     |            --- required by a bound in this associated function
[INFO] [stdout] 69  |     where
[INFO] [stdout] 70  |         F: FnMut(&str) -> *const std::os::raw::c_void,
[INFO] [stdout]     |                           ^^^^^^^^^^^^^^^^^^^^^^^^^^^ required by this bound in `GlowBackend::new`
[INFO] [stdout] 
[INFO] [stdout] 
[INFO] [stdout] error[E0061]: this function takes 1 argument but 3 arguments were supplied
[INFO] [stdout]    --> src/backend.rs:118:13
[INFO] [stdout]     |
[INFO] [stdout] 118 |             notan_glow::GlowBackend::new(&win.canvas, win.antialias, win.transparent).unwrap();
[INFO] [stdout]     |             ^^^^^^^^^^^^^^^^^^^^^^^^^^^^              -------------  --------------- unexpected argument of type `bool`
[INFO] [stdout]     |                                                       |
[INFO] [stdout]     |                                                       unexpected argument of type `bool`
[INFO] [stdout]     |
[INFO] [stdout] note: associated function defined here
[INFO] [stdout]    --> /opt/rustwide/cargo-home/registry/src/index.crates.io-6f17d22bba15001f/notan_glow-0.11.0/src/lib.rs:68:12
[INFO] [stdout]     |
[INFO] [stdout] 68  |     pub fn new<F>(loader_function: F) -> Result<Self, String>
[INFO] [stdout]     |            ^^^
[INFO] [stdout] help: remove the extra arguments
[INFO] [stdout]     |
[INFO] [stdout] 118 -             notan_glow::GlowBackend::new(&win.canvas, win.antialias, win.transparent).unwrap();
[INFO] [stdout] 118 +             notan_glow::GlowBackend::new(&win.canvas).unwrap();
[INFO] [stdout]     |
[INFO] [stdout] 
[INFO] [stdout] 
[INFO] [stdout] error: aborting due to 3 previous errors; 1 warning emitted
[INFO] [stdout] 
[INFO] [stdout] 
[INFO] [stdout] Some errors have detailed explanations: E0061, E0277.
[INFO] [stdout] 
[INFO] [stdout] For more information about an error, try `rustc --explain E0061`.
[INFO] [stdout] 
[INFO] [stdout] error: aborting due to 3 previous errors; 1 warning emitted
[INFO] [stdout] 
[INFO] [stdout] 
[INFO] [stdout] Some errors have detailed explanations: E0061, E0277.
[INFO] [stdout] 
[INFO] [stdout] For more information about an error, try `rustc --explain E0061`.
[INFO] [stdout] 
[INFO] [stderr] error: could not compile `notan_web` (lib test) due to 4 previous errors; 1 warning emitted
[INFO] [stderr] warning: build failed, waiting for other jobs to finish...
[INFO] [stderr] error: could not compile `notan_web` (lib) due to 4 previous errors; 1 warning emitted
[INFO] running `Command { std: "docker" "inspect" "4a4e1499a4f77fbb4696c98fe087ade1579c042d8630db20a03bc70098e1010e", kill_on_drop: false }`
[INFO] running `Command { std: "docker" "rm" "-f" "4a4e1499a4f77fbb4696c98fe087ade1579c042d8630db20a03bc70098e1010e", kill_on_drop: false }`
[INFO] [stdout] 4a4e1499a4f77fbb4696c98fe087ade1579c042d8630db20a03bc70098e1010e
