[INFO] fetching crate notan_egui 0.11.0...
[INFO] checking notan_egui-0.11.0 against nightly-2024-02-05 for check-cfg
[INFO] extracting crate notan_egui 0.11.0 into /workspace/builds/worker-6-tc1/source
[INFO] validating manifest of crates.io crate notan_egui 0.11.0 on toolchain nightly-2024-02-05
[INFO] running `Command { std: CARGO_HOME="/workspace/cargo-home" RUSTUP_HOME="/workspace/rustup-home" "/workspace/cargo-home/bin/cargo" "+nightly-2024-02-05" "metadata" "--manifest-path" "Cargo.toml" "--no-deps", kill_on_drop: false }`
[INFO] started tweaking crates.io crate notan_egui 0.11.0
[INFO] finished tweaking crates.io crate notan_egui 0.11.0
[INFO] tweaked toml for crates.io crate notan_egui 0.11.0 written to /workspace/builds/worker-6-tc1/source/Cargo.toml
[INFO] running `Command { std: CARGO_HOME="/workspace/cargo-home" RUSTUP_HOME="/workspace/rustup-home" "/workspace/cargo-home/bin/cargo" "+nightly-2024-02-05" "generate-lockfile" "--manifest-path" "Cargo.toml", kill_on_drop: false }`
[INFO] [stderr]     Updating crates.io index
[INFO] running `Command { std: CARGO_HOME="/workspace/cargo-home" RUSTUP_HOME="/workspace/rustup-home" "/workspace/cargo-home/bin/cargo" "+nightly-2024-02-05" "fetch" "--manifest-path" "Cargo.toml", kill_on_drop: false }`
[INFO] [stderr]  Downloading crates ...
[INFO] [stderr]   Downloaded notan_input v0.11.0
[INFO] [stderr]   Downloaded platter2 v0.1.6
[INFO] [stderr]   Downloaded notan_utils v0.11.0
[INFO] [stderr]   Downloaded notan_app v0.11.0
[INFO] [stderr]   Downloaded notan_math v0.11.0
[INFO] [stderr]   Downloaded notan_macro v0.11.0
[INFO] [stderr]   Downloaded crevice_notan-derive v0.13.0
[INFO] [stderr]   Downloaded shaderc v0.8.3
[INFO] [stderr]   Downloaded crevice_notan v0.13.0
[INFO] [stderr]   Downloaded notan_core v0.11.0
[INFO] [stderr]   Downloaded generic-array v0.9.1
[INFO] [stderr]   Downloaded sha2 v0.7.1
[INFO] [stderr]   Downloaded notan_graphics v0.11.0
[INFO] [stderr]   Downloaded glsl-to-spirv v0.1.7
[INFO] [stderr]   Downloaded shaderc-sys v0.8.3
[INFO] running `Command { std: "docker" "create" "-v" "/var/lib/crater-agent-workspace/builds/worker-6-tc1/target:/opt/rustwide/target:rw,Z" "-v" "/var/lib/crater-agent-workspace/builds/worker-6-tc1/source:/opt/rustwide/workdir:ro,Z" "-v" "/var/lib/crater-agent-workspace/cargo-home:/opt/rustwide/cargo-home:ro,Z" "-v" "/var/lib/crater-agent-workspace/rustup-home:/opt/rustwide/rustup-home:ro,Z" "-e" "SOURCE_DIR=/opt/rustwide/workdir" "-e" "CARGO_TARGET_DIR=/opt/rustwide/target" "-e" "CARGO_HOME=/opt/rustwide/cargo-home" "-e" "RUSTUP_HOME=/opt/rustwide/rustup-home" "-w" "/opt/rustwide/workdir" "-m" "1610612736" "--user" "0:0" "--network" "none" "ghcr.io/rust-lang/crates-build-env/linux@sha256:2788e3201cd34a07e3172128adcd8b3090168a8e3bcc40d7c032b9dda1df7d1c" "/opt/rustwide/cargo-home/bin/cargo" "+nightly-2024-02-05" "metadata" "--no-deps" "--format-version=1", kill_on_drop: false }`
[INFO] [stdout] 60cecdb05e34a8019d04379d8c202dbe758423ae455fbc894d9ec050da0c3e06
[INFO] running `Command { std: "docker" "start" "-a" "60cecdb05e34a8019d04379d8c202dbe758423ae455fbc894d9ec050da0c3e06", kill_on_drop: false }`
[INFO] running `Command { std: "docker" "inspect" "60cecdb05e34a8019d04379d8c202dbe758423ae455fbc894d9ec050da0c3e06", kill_on_drop: false }`
[INFO] running `Command { std: "docker" "rm" "-f" "60cecdb05e34a8019d04379d8c202dbe758423ae455fbc894d9ec050da0c3e06", kill_on_drop: false }`
[INFO] [stdout] 60cecdb05e34a8019d04379d8c202dbe758423ae455fbc894d9ec050da0c3e06
[INFO] running `Command { std: "docker" "create" "-v" "/var/lib/crater-agent-workspace/builds/worker-6-tc1/target:/opt/rustwide/target:rw,Z" "-v" "/var/lib/crater-agent-workspace/builds/worker-6-tc1/source:/opt/rustwide/workdir:ro,Z" "-v" "/var/lib/crater-agent-workspace/cargo-home:/opt/rustwide/cargo-home:ro,Z" "-v" "/var/lib/crater-agent-workspace/rustup-home:/opt/rustwide/rustup-home:ro,Z" "-e" "SOURCE_DIR=/opt/rustwide/workdir" "-e" "CARGO_TARGET_DIR=/opt/rustwide/target" "-e" "CARGO_INCREMENTAL=0" "-e" "RUST_BACKTRACE=full" "-e" "RUSTFLAGS=--cap-lints=forbid" "-e" "RUSTDOCFLAGS=--cap-lints=forbid" "-e" "CARGO_HOME=/opt/rustwide/cargo-home" "-e" "RUSTUP_HOME=/opt/rustwide/rustup-home" "-w" "/opt/rustwide/workdir" "-m" "1610612736" "--user" "0:0" "--network" "none" "ghcr.io/rust-lang/crates-build-env/linux@sha256:2788e3201cd34a07e3172128adcd8b3090168a8e3bcc40d7c032b9dda1df7d1c" "/opt/rustwide/cargo-home/bin/cargo" "+nightly-2024-02-05" "check" "--frozen" "--all" "--all-targets" "--message-format=json", kill_on_drop: false }`
[INFO] [stdout] 718c79c12f7fee41feeff2aa64f35439cf1640eb38b0aa91b870fd8d188d4799
[INFO] running `Command { std: "docker" "start" "-a" "718c79c12f7fee41feeff2aa64f35439cf1640eb38b0aa91b870fd8d188d4799", kill_on_drop: false }`
[INFO] [stderr]    Compiling num-traits v0.2.17
[INFO] [stderr]     Checking once_cell v1.19.0
[INFO] [stderr]    Compiling num-integer v0.1.45
[INFO] [stderr]    Compiling ahash v0.8.7
[INFO] [stderr]    Compiling num-bigint v0.4.4
[INFO] [stderr]    Compiling syn v1.0.109
[INFO] [stderr]     Checking mint v0.5.9
[INFO] [stderr]    Compiling num-rational v0.4.1
[INFO] [stderr]    Compiling libc v0.2.153
[INFO] [stderr]    Compiling num-iter v0.1.43
[INFO] [stderr]    Compiling syn v2.0.48
[INFO] [stderr]    Compiling cfg_aliases v0.1.1
[INFO] [stderr]     Checking ttf-parser v0.20.0
[INFO] [stderr]     Checking instant v0.1.12
[INFO] [stderr]     Checking ab_glyph_rasterizer v0.1.8
[INFO] [stderr]     Checking notan_core v0.11.0
[INFO] [stderr]     Checking nohash-hasher v0.2.0
[INFO] [stderr]     Checking notan_utils v0.11.0
[INFO] [stderr]    Compiling notan_macro v0.11.0
[INFO] [stderr]     Checking downcast-rs v1.2.0
[INFO] [stderr]     Checking hashbrown v0.14.3
[INFO] [stderr]    Compiling jobserver v0.1.27
[INFO] [stderr]    Compiling cc v1.0.83
[INFO] [stderr]     Checking indexmap v2.2.2
[INFO] [stderr]    Compiling num-complex v0.4.4
[INFO] [stderr]    Compiling spirv_cross v0.23.1
[INFO] [stderr]     Checking owned_ttf_parser v0.20.0
[INFO] [stderr]     Checking ab_glyph v0.2.23
[INFO] [stderr]    Compiling crevice_notan-derive v0.13.0
[INFO] [stderr]    Compiling num v0.4.1
[INFO] [stderr]    Compiling bytemuck_derive v1.5.0
[INFO] [stderr]    Compiling futures-macro v0.3.30
[INFO] [stderr]     Checking futures-util v0.3.30
[INFO] [stderr]     Checking bytemuck v1.14.1
[INFO] [stderr]     Checking glam v0.24.2
[INFO] [stderr]     Checking emath v0.23.0
[INFO] [stderr]     Checking ecolor v0.23.0
[INFO] [stderr]     Checking epaint v0.23.0
[INFO] [stderr]     Checking egui v0.23.0
[INFO] [stderr]     Checking notan_math v0.11.0
[INFO] [stderr]     Checking crevice_notan v0.13.0
[INFO] [stderr]     Checking notan_input v0.11.0
[INFO] [stderr]     Checking futures-executor v0.3.30
[INFO] [stderr]     Checking platter2 v0.1.6
[INFO] [stderr]     Checking futures v0.3.30
[INFO] [stderr]     Checking notan_graphics v0.11.0
[INFO] [stderr]     Checking notan_app v0.11.0
[INFO] [stderr]     Checking notan_egui v0.11.0 (/opt/rustwide/workdir)
[INFO] [stdout] error[E0433]: failed to resolve: could not find `vertex_shader` in `notan_macro`
[INFO] [stdout]   --> src/extension.rs:15:48
[INFO] [stdout]    |
[INFO] [stdout] 15 | const EGUI_VERTEX: ShaderSource = notan_macro::vertex_shader! {
[INFO] [stdout]    |                                                ^^^^^^^^^^^^^ could not find `vertex_shader` in `notan_macro`
[INFO] [stdout]    |
[INFO] [stdout] note: found an item that was configured out
[INFO] [stdout]   --> /opt/rustwide/cargo-home/registry/src/index.crates.io-6f17d22bba15001f/notan_macro-0.11.0/src/lib.rs:71:8
[INFO] [stdout]    |
[INFO] [stdout] 71 | pub fn vertex_shader(input: TokenStream) -> TokenStream {
[INFO] [stdout]    |        ^^^^^^^^^^^^^
[INFO] [stdout] 
[INFO] [stdout] 
[INFO] [stdout] error[E0433]: failed to resolve: could not find `fragment_shader` in `notan_macro`
[INFO] [stdout]   --> src/extension.rs:52:50
[INFO] [stdout]    |
[INFO] [stdout] 52 | const EGUI_FRAGMENT: ShaderSource = notan_macro::fragment_shader! {
[INFO] [stdout]    |                                                  ^^^^^^^^^^^^^^^ could not find `fragment_shader` in `notan_macro`
[INFO] [stdout]    |
[INFO] [stdout] note: found an item that was configured out
[INFO] [stdout]   --> /opt/rustwide/cargo-home/registry/src/index.crates.io-6f17d22bba15001f/notan_macro-0.11.0/src/lib.rs:91:8
[INFO] [stdout]    |
[INFO] [stdout] 91 | pub fn fragment_shader(input: TokenStream) -> TokenStream {
[INFO] [stdout]    |        ^^^^^^^^^^^^^^^
[INFO] [stdout] 
[INFO] [stdout] 
[INFO] [stdout] error[E0433]: failed to resolve: could not find `vertex_shader` in `notan_macro`
[INFO] [stdout]   --> src/extension.rs:15:48
[INFO] [stdout]    |
[INFO] [stdout] 15 | const EGUI_VERTEX: ShaderSource = notan_macro::vertex_shader! {
[INFO] [stdout]    |                                                ^^^^^^^^^^^^^ could not find `vertex_shader` in `notan_macro`
[INFO] [stdout]    |
[INFO] [stdout] note: found an item that was configured out
[INFO] [stdout]   --> /opt/rustwide/cargo-home/registry/src/index.crates.io-6f17d22bba15001f/notan_macro-0.11.0/src/lib.rs:71:8
[INFO] [stdout]    |
[INFO] [stdout] 71 | pub fn vertex_shader(input: TokenStream) -> TokenStream {
[INFO] [stdout]    |        ^^^^^^^^^^^^^
[INFO] [stdout] 
[INFO] [stdout] 
[INFO] [stdout] error[E0433]: failed to resolve: could not find `fragment_shader` in `notan_macro`
[INFO] [stdout]   --> src/extension.rs:52:50
[INFO] [stdout]    |
[INFO] [stdout] 52 | const EGUI_FRAGMENT: ShaderSource = notan_macro::fragment_shader! {
[INFO] [stdout]    |                                                  ^^^^^^^^^^^^^^^ could not find `fragment_shader` in `notan_macro`
[INFO] [stdout]    |
[INFO] [stdout] note: found an item that was configured out
[INFO] [stdout]   --> /opt/rustwide/cargo-home/registry/src/index.crates.io-6f17d22bba15001f/notan_macro-0.11.0/src/lib.rs:91:8
[INFO] [stdout]    |
[INFO] [stdout] 91 | pub fn fragment_shader(input: TokenStream) -> TokenStream {
[INFO] [stdout]    |        ^^^^^^^^^^^^^^^
[INFO] [stdout] 
[INFO] [stdout] 
[INFO] [stdout] error: aborting due to 2 previous errors
[INFO] [stdout] 
[INFO] [stdout] 
[INFO] [stdout] For more information about this error, try `rustc --explain E0433`.
[INFO] [stdout] 
[INFO] [stdout] error: aborting due to 2 previous errors
[INFO] [stdout] 
[INFO] [stdout] 
[INFO] [stdout] For more information about this error, try `rustc --explain E0433`.
[INFO] [stdout] 
[INFO] [stderr] error: could not compile `notan_egui` (lib) due to 3 previous errors
[INFO] [stderr] warning: build failed, waiting for other jobs to finish...
[INFO] [stderr] error: could not compile `notan_egui` (lib test) due to 3 previous errors
[INFO] running `Command { std: "docker" "inspect" "718c79c12f7fee41feeff2aa64f35439cf1640eb38b0aa91b870fd8d188d4799", kill_on_drop: false }`
[INFO] running `Command { std: "docker" "rm" "-f" "718c79c12f7fee41feeff2aa64f35439cf1640eb38b0aa91b870fd8d188d4799", kill_on_drop: false }`
[INFO] [stdout] 718c79c12f7fee41feeff2aa64f35439cf1640eb38b0aa91b870fd8d188d4799
