[INFO] fetching crate noosphere-sphere 0.11.0+deprecated...
[INFO] checking noosphere-sphere-0.11.0+deprecated against nightly-2024-02-05 for check-cfg
[INFO] extracting crate noosphere-sphere 0.11.0+deprecated into /workspace/builds/worker-3-tc1/source
[INFO] validating manifest of crates.io crate noosphere-sphere 0.11.0+deprecated on toolchain nightly-2024-02-05
[INFO] running `Command { std: CARGO_HOME="/workspace/cargo-home" RUSTUP_HOME="/workspace/rustup-home" "/workspace/cargo-home/bin/cargo" "+nightly-2024-02-05" "metadata" "--manifest-path" "Cargo.toml" "--no-deps", kill_on_drop: false }`
[INFO] started tweaking crates.io crate noosphere-sphere 0.11.0+deprecated
[INFO] finished tweaking crates.io crate noosphere-sphere 0.11.0+deprecated
[INFO] tweaked toml for crates.io crate noosphere-sphere 0.11.0+deprecated written to /workspace/builds/worker-3-tc1/source/Cargo.toml
[INFO] running `Command { std: CARGO_HOME="/workspace/cargo-home" RUSTUP_HOME="/workspace/rustup-home" "/workspace/cargo-home/bin/cargo" "+nightly-2024-02-05" "generate-lockfile" "--manifest-path" "Cargo.toml", kill_on_drop: false }`
[INFO] [stderr]     Updating crates.io index
[INFO] running `Command { std: CARGO_HOME="/workspace/cargo-home" RUSTUP_HOME="/workspace/rustup-home" "/workspace/cargo-home/bin/cargo" "+nightly-2024-02-05" "fetch" "--manifest-path" "Cargo.toml", kill_on_drop: false }`
[INFO] [stderr] warning: version requirement `0.13.0+deprecated` for dependency `noosphere-api` includes semver metadata which will be ignored, removing the metadata is recommended to avoid confusion
[INFO] [stderr]  Downloading crates ...
[INFO] [stderr]   Downloaded ucan-key-support v0.1.7
[INFO] [stderr]   Downloaded libipld-cbor-derive v0.16.0
[INFO] [stderr]   Downloaded libipld-json v0.16.0
[INFO] [stderr]   Downloaded async-once-cell v0.4.4
[INFO] [stderr]   Downloaded noosphere-storage v0.9.3
[INFO] [stderr]   Downloaded libipld-macro v0.16.0
[INFO] [stderr]   Downloaded libipld-pb v0.16.0
[INFO] [stderr]   Downloaded rexie v0.5.0
[INFO] [stderr]   Downloaded npm_rs v1.0.0
[INFO] [stderr]   Downloaded noosphere-api v0.13.0+deprecated
[INFO] [stderr]   Downloaded libipld-cbor v0.16.0
[INFO] [stderr]   Downloaded iroh-car v0.3.0
[INFO] [stderr]   Downloaded noosphere-collections v0.6.7
[INFO] [stderr]   Downloaded fastcdc v3.1.0
[INFO] [stderr]   Downloaded libipld v0.16.0
[INFO] [stderr]   Downloaded noosphere-core v0.16.0
[INFO] [stderr]   Downloaded noosphere-common v0.1.2
[INFO] [stderr]   Downloaded libipld-core v0.16.0
[INFO] [stderr]   Downloaded ucan v0.4.0
[INFO] running `Command { std: "docker" "create" "-v" "/var/lib/crater-agent-workspace/builds/worker-3-tc1/target:/opt/rustwide/target:rw,Z" "-v" "/var/lib/crater-agent-workspace/builds/worker-3-tc1/source:/opt/rustwide/workdir:ro,Z" "-v" "/var/lib/crater-agent-workspace/cargo-home:/opt/rustwide/cargo-home:ro,Z" "-v" "/var/lib/crater-agent-workspace/rustup-home:/opt/rustwide/rustup-home:ro,Z" "-e" "SOURCE_DIR=/opt/rustwide/workdir" "-e" "CARGO_TARGET_DIR=/opt/rustwide/target" "-e" "CARGO_HOME=/opt/rustwide/cargo-home" "-e" "RUSTUP_HOME=/opt/rustwide/rustup-home" "-w" "/opt/rustwide/workdir" "-m" "1610612736" "--user" "0:0" "--network" "none" "ghcr.io/rust-lang/crates-build-env/linux@sha256:2788e3201cd34a07e3172128adcd8b3090168a8e3bcc40d7c032b9dda1df7d1c" "/opt/rustwide/cargo-home/bin/cargo" "+nightly-2024-02-05" "metadata" "--no-deps" "--format-version=1", kill_on_drop: false }`
[INFO] [stdout] 0fc4a4a3ad673f6021b64f931c1771fb45a6ecb2273b52a45f653b96eecce118
[INFO] running `Command { std: "docker" "start" "-a" "0fc4a4a3ad673f6021b64f931c1771fb45a6ecb2273b52a45f653b96eecce118", kill_on_drop: false }`
[INFO] running `Command { std: "docker" "inspect" "0fc4a4a3ad673f6021b64f931c1771fb45a6ecb2273b52a45f653b96eecce118", kill_on_drop: false }`
[INFO] running `Command { std: "docker" "rm" "-f" "0fc4a4a3ad673f6021b64f931c1771fb45a6ecb2273b52a45f653b96eecce118", kill_on_drop: false }`
[INFO] [stdout] 0fc4a4a3ad673f6021b64f931c1771fb45a6ecb2273b52a45f653b96eecce118
[INFO] running `Command { std: "docker" "create" "-v" "/var/lib/crater-agent-workspace/builds/worker-3-tc1/target:/opt/rustwide/target:rw,Z" "-v" "/var/lib/crater-agent-workspace/builds/worker-3-tc1/source:/opt/rustwide/workdir:ro,Z" "-v" "/var/lib/crater-agent-workspace/cargo-home:/opt/rustwide/cargo-home:ro,Z" "-v" "/var/lib/crater-agent-workspace/rustup-home:/opt/rustwide/rustup-home:ro,Z" "-e" "SOURCE_DIR=/opt/rustwide/workdir" "-e" "CARGO_TARGET_DIR=/opt/rustwide/target" "-e" "CARGO_INCREMENTAL=0" "-e" "RUST_BACKTRACE=full" "-e" "RUSTFLAGS=--cap-lints=forbid" "-e" "RUSTDOCFLAGS=--cap-lints=forbid" "-e" "CARGO_HOME=/opt/rustwide/cargo-home" "-e" "RUSTUP_HOME=/opt/rustwide/rustup-home" "-w" "/opt/rustwide/workdir" "-m" "1610612736" "--user" "0:0" "--network" "none" "ghcr.io/rust-lang/crates-build-env/linux@sha256:2788e3201cd34a07e3172128adcd8b3090168a8e3bcc40d7c032b9dda1df7d1c" "/opt/rustwide/cargo-home/bin/cargo" "+nightly-2024-02-05" "check" "--frozen" "--all" "--all-targets" "--message-format=json", kill_on_drop: false }`
[INFO] [stdout] 737780d87d4824da77d830810b42bb8406ab6fa12e387c9501b676798e7ccfe1
[INFO] running `Command { std: "docker" "start" "-a" "737780d87d4824da77d830810b42bb8406ab6fa12e387c9501b676798e7ccfe1", kill_on_drop: false }`
[INFO] [stderr] warning: version requirement `0.13.0+deprecated` for dependency `noosphere-api` includes semver metadata which will be ignored, removing the metadata is recommended to avoid confusion
[INFO] [stderr]    Compiling proc-macro2 v1.0.78
[INFO] [stderr]     Checking subtle v2.5.0
[INFO] [stderr]     Checking const-oid v0.9.6
[INFO] [stderr]    Compiling generic-array v0.14.7
[INFO] [stderr]    Compiling libc v0.2.153
[INFO] [stderr]     Checking log v0.4.20
[INFO] [stderr]     Checking arrayref v0.3.7
[INFO] [stderr]     Checking constant_time_eq v0.3.0
[INFO] [stderr]     Checking parking_lot_core v0.9.9
[INFO] [stderr]    Compiling data-encoding v2.5.0
[INFO] [stderr]     Checking mio v0.8.10
[INFO] [stderr]     Checking socket2 v0.5.5
[INFO] [stderr]     Checking signal-hook-registry v1.4.1
[INFO] [stderr]     Checking tracing-core v0.1.32
[INFO] [stderr]     Checking core2 v0.4.0
[INFO] [stderr]     Checking unsigned-varint v0.7.2
[INFO] [stderr]     Checking blake2b_simd v1.0.2
[INFO] [stderr]     Checking blake2s_simd v1.0.2
[INFO] [stderr]     Checking base-x v0.2.11
[INFO] [stderr]     Checking base64ct v1.6.0
[INFO] [stderr]    Compiling serde_json v1.0.113
[INFO] [stderr]     Checking unicode-normalization v0.1.22
[INFO] [stderr]     Checking parking_lot v0.12.1
[INFO] [stderr]     Checking instant v0.1.12
[INFO] [stderr]    Compiling libm v0.2.8
[INFO] [stderr]    Compiling num-traits v0.2.17
[INFO] [stderr]     Checking untrusted v0.9.0
[INFO] [stderr]    Compiling heck v0.4.1
[INFO] [stderr]     Checking spin v0.9.8
[INFO] [stderr]     Checking ff v0.13.0
[INFO] [stderr]     Checking equivalent v1.0.1
[INFO] [stderr]     Checking hashbrown v0.14.3
[INFO] [stderr]     Checking pem-rfc7468 v0.7.0
[INFO] [stderr]     Checking base16ct v0.2.0
[INFO] [stderr]     Checking lazy_static v1.4.0
[INFO] [stderr]    Compiling num-integer v0.1.45
[INFO] [stderr]     Checking http-body v0.4.6
[INFO] [stderr]    Compiling ahash v0.7.7
[INFO] [stderr]    Compiling rustls v0.21.10
[INFO] [stderr]     Checking group v0.13.0
[INFO] [stderr]     Checking httpdate v1.0.3
[INFO] [stderr]     Checking parking_lot_core v0.8.6
[INFO] [stderr]    Compiling num-bigint-dig v0.8.4
[INFO] [stderr]     Checking strum v0.24.1
[INFO] [stderr]     Checking bs58 v0.5.0
[INFO] [stderr]     Checking crossbeam-epoch v0.9.18
[INFO] [stderr]    Compiling axum-core v0.3.4
[INFO] [stderr]     Checking fxhash v0.2.1
[INFO] [stderr]     Checking quick-protobuf v0.8.1
[INFO] [stderr]     Checking parking_lot v0.11.2
[INFO] [stderr]     Checking fs2 v0.4.3
[INFO] [stderr]     Checking regex-syntax v0.6.29
[INFO] [stderr]     Checking tower-layer v0.3.2
[INFO] [stderr]     Checking idna v0.5.0
[INFO] [stderr]    Compiling cc v1.0.83
[INFO] [stderr]     Checking rand_core v0.5.1
[INFO] [stderr]     Checking regex-syntax v0.8.2
[INFO] [stderr]     Checking headers-core v0.2.0
[INFO] [stderr]    Compiling axum v0.6.20
[INFO] [stderr]     Checking sync_wrapper v0.1.2
[INFO] [stderr]    Compiling quote v1.0.35
[INFO] [stderr]     Checking sled v0.34.7
[INFO] [stderr]     Checking overload v0.1.1
[INFO] [stderr]     Checking hex v0.4.3
[INFO] [stderr]     Checking hashbrown v0.12.3
[INFO] [stderr]     Checking sharded-slab v0.1.7
[INFO] [stderr]     Checking nu-ansi-term v0.46.0
[INFO] [stderr]     Checking tracing-log v0.2.0
[INFO] [stderr]     Checking indexmap v2.2.2
[INFO] [stderr]    Compiling syn v2.0.48
[INFO] [stderr]    Compiling syn v1.0.109
[INFO] [stderr]     Checking rustls-pemfile v1.0.4
[INFO] [stderr]     Checking thread_local v1.1.7
[INFO] [stderr]     Checking encoding_rs v0.8.33
[INFO] [stderr]     Checking webpki-roots v0.25.4
[INFO] [stderr]     Checking matchit v0.7.3
[INFO] [stderr]     Checking ipnet v2.9.0
[INFO] [stderr]     Checking rustc-hash v1.1.0
[INFO] [stderr]     Checking strum v0.25.0
[INFO] [stderr]    Compiling proc-macro-error-attr v1.0.4
[INFO] [stderr]     Checking async-once-cell v0.4.4
[INFO] [stderr]     Checking fastcdc v3.1.0
[INFO] [stderr]    Compiling blake3 v1.5.0
[INFO] [stderr]    Compiling ring v0.17.7
[INFO] [stderr]     Checking num-iter v0.1.43
[INFO] [stderr]     Checking regex-automata v0.4.5
[INFO] [stderr]     Checking regex-automata v0.1.10
[INFO] [stderr]    Compiling synstructure v0.12.6
[INFO] [stderr]    Compiling proc-macro-error v1.0.4
[INFO] [stderr]     Checking matchers v0.1.0
[INFO] [stderr]     Checking regex v1.10.3
[INFO] [stderr]    Compiling data-encoding-macro-internal v0.1.12
[INFO] [stderr]     Checking data-encoding-macro v0.1.14
[INFO] [stderr]     Checking multibase v0.9.1
[INFO] [stderr]     Checking sct v0.7.1
[INFO] [stderr]     Checking rustls-webpki v0.101.7
[INFO] [stderr]    Compiling zeroize_derive v1.4.2
[INFO] [stderr]    Compiling serde_derive v1.0.196
[INFO] [stderr]    Compiling thiserror-impl v1.0.56
[INFO] [stderr]    Compiling futures-macro v0.3.30
[INFO] [stderr]    Compiling tokio-macros v2.2.0
[INFO] [stderr]    Compiling tracing-attributes v0.1.27
[INFO] [stderr]    Compiling async-trait v0.1.77
[INFO] [stderr]    Compiling strum_macros v0.25.3
[INFO] [stderr]    Compiling async-recursion v1.0.5
[INFO] [stderr]    Compiling async-stream-impl v0.3.5
[INFO] [stderr]    Compiling pin-project-internal v1.1.4
[INFO] [stderr]    Compiling axum-macros v0.3.8
[INFO] [stderr]     Checking async-stream v0.3.5
[INFO] [stderr]     Checking zeroize v1.7.0
[INFO] [stderr]     Checking tokio v1.36.0
[INFO] [stderr]     Checking der v0.7.8
[INFO] [stderr]     Checking futures-util v0.3.30
[INFO] [stderr]    Compiling thiserror v1.0.56
[INFO] [stderr]     Checking pin-project v1.1.4
[INFO] [stderr]     Checking tracing v0.1.40
[INFO] [stderr]    Compiling proc-macro-crate v1.1.3
[INFO] [stderr]     Checking block-buffer v0.10.4
[INFO] [stderr]     Checking crypto-common v0.1.6
[INFO] [stderr]     Checking crypto-bigint v0.5.5
[INFO] [stderr]     Checking digest v0.9.0
[INFO] [stderr]     Checking block-buffer v0.9.0
[INFO] [stderr]     Checking curve25519-dalek v3.2.0
[INFO] [stderr]     Checking sha2 v0.9.9
[INFO] [stderr]     Checking digest v0.10.7
[INFO] [stderr]    Compiling multihash-derive v0.8.1
[INFO] [stderr]    Compiling libipld-cbor-derive v0.16.0
[INFO] [stderr]     Checking sha2 v0.10.8
[INFO] [stderr]     Checking sha3 v0.10.8
[INFO] [stderr]     Checking hmac v0.12.1
[INFO] [stderr]     Checking signature v2.2.0
[INFO] [stderr]     Checking sha1 v0.10.6
[INFO] [stderr]     Checking rfc6979 v0.4.0
[INFO] [stderr]     Checking pbkdf2 v0.11.0
[INFO] [stderr]     Checking spki v0.7.3
[INFO] [stderr]     Checking headers v0.3.9
[INFO] [stderr]     Checking pkcs8 v0.10.2
[INFO] [stderr]     Checking tiny-bip39 v1.0.0
[INFO] [stderr]     Checking sec1 v0.7.3
[INFO] [stderr]     Checking pkcs1 v0.7.5
[INFO] [stderr]     Checking rsa v0.9.6
[INFO] [stderr]     Checking serde v1.0.196
[INFO] [stderr]     Checking elliptic-curve v0.13.8
[INFO] [stderr]     Checking ecdsa v0.16.9
[INFO] [stderr]     Checking primeorder v0.13.6
[INFO] [stderr]     Checking p256 v0.13.2
[INFO] [stderr]     Checking futures-executor v0.3.30
[INFO] [stderr]     Checking futures v0.3.30
[INFO] [stderr]     Checking tokio-util v0.7.10
[INFO] [stderr]     Checking tokio-rustls v0.24.1
[INFO] [stderr]     Checking tokio-stream v0.1.14
[INFO] [stderr]     Checking noosphere-common v0.1.2
[INFO] [stderr]     Checking tower v0.4.13
[INFO] [stderr]     Checking h2 v0.3.24
[INFO] [stderr]     Checking serde-big-array v0.3.3
[INFO] [stderr]     Checking serde_bytes v0.11.14
[INFO] [stderr]     Checking url v2.5.0
[INFO] [stderr]     Checking cs_serde_bytes v0.12.2
[INFO] [stderr]     Checking serde_urlencoded v0.7.1
[INFO] [stderr]     Checking tracing-serde v0.1.3
[INFO] [stderr]     Checking ed25519-zebra v3.1.0
[INFO] [stderr]     Checking serde_path_to_error v0.1.15
[INFO] [stderr]     Checking multihash v0.18.1
[INFO] [stderr]     Checking forest_hash_utils v0.1.0
[INFO] [stderr]     Checking cid v0.10.1
[INFO] [stderr]     Checking libipld-core v0.16.0
[INFO] [stderr]     Checking libipld-cbor v0.16.0
[INFO] [stderr]     Checking libipld-macro v0.16.0
[INFO] [stderr]     Checking libipld-pb v0.16.0
[INFO] [stderr]     Checking libipld-json v0.16.0
[INFO] [stderr]     Checking tracing-subscriber v0.3.18
[INFO] [stderr]     Checking ucan v0.4.0
[INFO] [stderr]     Checking libipld v0.16.0
[INFO] [stderr]     Checking iroh-car v0.3.0
[INFO] [stderr]     Checking noosphere-storage v0.9.3
[INFO] [stderr]     Checking ucan-key-support v0.1.7
[INFO] [stderr]     Checking noosphere-collections v0.6.7
[INFO] [stderr]     Checking hyper v0.14.28
[INFO] [stderr]     Checking hyper-rustls v0.24.2
[INFO] [stderr]     Checking reqwest v0.11.24
[INFO] [stderr]     Checking noosphere-core v0.16.0
[INFO] [stderr]     Checking noosphere-api v0.13.0+deprecated
[INFO] [stderr]     Checking noosphere-sphere v0.11.0+deprecated (/opt/rustwide/workdir)
[INFO] [stdout] error[E0432]: unresolved import `noosphere_core::helpers`
[INFO] [stdout]    --> src/context.rs:261:9
[INFO] [stdout]     |
[INFO] [stdout] 261 |         helpers::make_valid_link_record,
[INFO] [stdout]     |         ^^^^^^^ could not find `helpers` in `noosphere_core`
[INFO] [stdout] 
[INFO] [stdout] 
[INFO] [stdout] error[E0432]: unresolved import `noosphere_core::helpers`
[INFO] [stdout]    --> src/cursor.rs:278:25
[INFO] [stdout]     |
[INFO] [stdout] 278 |     use noosphere_core::helpers::make_valid_link_record;
[INFO] [stdout]     |                         ^^^^^^^ could not find `helpers` in `noosphere_core`
[INFO] [stdout] 
[INFO] [stdout] 
[INFO] [stdout] error[E0432]: unresolved import `noosphere_core::helpers`
[INFO] [stdout]    --> src/replication/stream.rs:267:9
[INFO] [stdout]     |
[INFO] [stdout] 267 |         helpers::make_valid_link_record,
[INFO] [stdout]     |         ^^^^^^^ could not find `helpers` in `noosphere_core`
[INFO] [stdout] 
[INFO] [stdout] 
[INFO] [stdout] error: aborting due to 3 previous errors
[INFO] [stdout] 
[INFO] [stdout] 
[INFO] [stdout] For more information about this error, try `rustc --explain E0432`.
[INFO] [stdout] 
[INFO] [stderr] error: could not compile `noosphere-sphere` (lib test) due to 4 previous errors
[INFO] [stderr] warning: build failed, waiting for other jobs to finish...
[INFO] running `Command { std: "docker" "inspect" "737780d87d4824da77d830810b42bb8406ab6fa12e387c9501b676798e7ccfe1", kill_on_drop: false }`
[INFO] running `Command { std: "docker" "rm" "-f" "737780d87d4824da77d830810b42bb8406ab6fa12e387c9501b676798e7ccfe1", kill_on_drop: false }`
[INFO] [stdout] 737780d87d4824da77d830810b42bb8406ab6fa12e387c9501b676798e7ccfe1
