[INFO] fetching crate noosphere-gateway 0.11.0...
[INFO] checking noosphere-gateway-0.11.0 against nightly-2024-02-05 for check-cfg
[INFO] extracting crate noosphere-gateway 0.11.0 into /workspace/builds/worker-6-tc1/source
[INFO] validating manifest of crates.io crate noosphere-gateway 0.11.0 on toolchain nightly-2024-02-05
[INFO] running `Command { std: CARGO_HOME="/workspace/cargo-home" RUSTUP_HOME="/workspace/rustup-home" "/workspace/cargo-home/bin/cargo" "+nightly-2024-02-05" "metadata" "--manifest-path" "Cargo.toml" "--no-deps", kill_on_drop: false }`
[INFO] started tweaking crates.io crate noosphere-gateway 0.11.0
[INFO] finished tweaking crates.io crate noosphere-gateway 0.11.0
[INFO] tweaked toml for crates.io crate noosphere-gateway 0.11.0 written to /workspace/builds/worker-6-tc1/source/Cargo.toml
[INFO] running `Command { std: CARGO_HOME="/workspace/cargo-home" RUSTUP_HOME="/workspace/rustup-home" "/workspace/cargo-home/bin/cargo" "+nightly-2024-02-05" "generate-lockfile" "--manifest-path" "Cargo.toml", kill_on_drop: false }`
[INFO] [stderr]     Blocking waiting for file lock on package cache
[INFO] [stderr]     Updating crates.io index
[INFO] running `Command { std: CARGO_HOME="/workspace/cargo-home" RUSTUP_HOME="/workspace/rustup-home" "/workspace/cargo-home/bin/cargo" "+nightly-2024-02-05" "fetch" "--manifest-path" "Cargo.toml", kill_on_drop: false }`
[INFO] [stderr]  Downloading crates ...
[INFO] [stderr]   Downloaded noosphere-collections v0.7.1
[INFO] [stderr]   Downloaded axum-core v0.4.3
[INFO] [stderr]   Downloaded gloo-timers v0.3.0
[INFO] [stderr]   Downloaded headers-core v0.3.0
[INFO] [stderr]   Downloaded safer_ffi-proc_macros v0.1.5
[INFO] [stderr]   Downloaded headers v0.4.0
[INFO] [stderr]   Downloaded safer-ffi v0.1.5
[INFO] [stderr]   Downloaded noosphere-storage v0.10.1
[INFO] [stderr]   Downloaded axum-extra v0.9.2
[INFO] [stderr]   Downloaded axum v0.7.4
[INFO] [stderr]   Downloaded subtext v0.3.5
[INFO] [stderr]   Downloaded noosphere-into v0.11.6
[INFO] [stderr]   Downloaded noosphere-core v0.18.1
[INFO] [stderr]   Downloaded noosphere-ipfs v0.8.6
[INFO] [stderr]   Downloaded noosphere v0.16.1
[INFO] running `Command { std: "docker" "create" "-v" "/var/lib/crater-agent-workspace/builds/worker-6-tc1/target:/opt/rustwide/target:rw,Z" "-v" "/var/lib/crater-agent-workspace/builds/worker-6-tc1/source:/opt/rustwide/workdir:ro,Z" "-v" "/var/lib/crater-agent-workspace/cargo-home:/opt/rustwide/cargo-home:ro,Z" "-v" "/var/lib/crater-agent-workspace/rustup-home:/opt/rustwide/rustup-home:ro,Z" "-e" "SOURCE_DIR=/opt/rustwide/workdir" "-e" "CARGO_TARGET_DIR=/opt/rustwide/target" "-e" "CARGO_HOME=/opt/rustwide/cargo-home" "-e" "RUSTUP_HOME=/opt/rustwide/rustup-home" "-w" "/opt/rustwide/workdir" "-m" "1610612736" "--user" "0:0" "--network" "none" "ghcr.io/rust-lang/crates-build-env/linux@sha256:2788e3201cd34a07e3172128adcd8b3090168a8e3bcc40d7c032b9dda1df7d1c" "/opt/rustwide/cargo-home/bin/cargo" "+nightly-2024-02-05" "metadata" "--no-deps" "--format-version=1", kill_on_drop: false }`
[INFO] [stdout] db6d627b2e085cf6634791816c5e8daced973e89f8490f0c832507307cfba3fb
[INFO] running `Command { std: "docker" "start" "-a" "db6d627b2e085cf6634791816c5e8daced973e89f8490f0c832507307cfba3fb", kill_on_drop: false }`
[INFO] running `Command { std: "docker" "inspect" "db6d627b2e085cf6634791816c5e8daced973e89f8490f0c832507307cfba3fb", kill_on_drop: false }`
[INFO] running `Command { std: "docker" "rm" "-f" "db6d627b2e085cf6634791816c5e8daced973e89f8490f0c832507307cfba3fb", kill_on_drop: false }`
[INFO] [stdout] db6d627b2e085cf6634791816c5e8daced973e89f8490f0c832507307cfba3fb
[INFO] running `Command { std: "docker" "create" "-v" "/var/lib/crater-agent-workspace/builds/worker-6-tc1/target:/opt/rustwide/target:rw,Z" "-v" "/var/lib/crater-agent-workspace/builds/worker-6-tc1/source:/opt/rustwide/workdir:ro,Z" "-v" "/var/lib/crater-agent-workspace/cargo-home:/opt/rustwide/cargo-home:ro,Z" "-v" "/var/lib/crater-agent-workspace/rustup-home:/opt/rustwide/rustup-home:ro,Z" "-e" "SOURCE_DIR=/opt/rustwide/workdir" "-e" "CARGO_TARGET_DIR=/opt/rustwide/target" "-e" "CARGO_INCREMENTAL=0" "-e" "RUST_BACKTRACE=full" "-e" "RUSTFLAGS=--cap-lints=forbid" "-e" "RUSTDOCFLAGS=--cap-lints=forbid" "-e" "CARGO_HOME=/opt/rustwide/cargo-home" "-e" "RUSTUP_HOME=/opt/rustwide/rustup-home" "-w" "/opt/rustwide/workdir" "-m" "1610612736" "--user" "0:0" "--network" "none" "ghcr.io/rust-lang/crates-build-env/linux@sha256:2788e3201cd34a07e3172128adcd8b3090168a8e3bcc40d7c032b9dda1df7d1c" "/opt/rustwide/cargo-home/bin/cargo" "+nightly-2024-02-05" "check" "--frozen" "--all" "--all-targets" "--message-format=json", kill_on_drop: false }`
[INFO] [stdout] ef54d8cee440a4fd35d561b6188d373704a09c25be5fc520309e36bd98b23aef
[INFO] running `Command { std: "docker" "start" "-a" "ef54d8cee440a4fd35d561b6188d373704a09c25be5fc520309e36bd98b23aef", kill_on_drop: false }`
[INFO] [stderr]    Compiling proc-macro2 v1.0.78
[INFO] [stderr]     Checking futures-core v0.3.30
[INFO] [stderr]     Checking futures-sink v0.3.30
[INFO] [stderr]     Checking futures-io v0.3.30
[INFO] [stderr]    Compiling generic-array v0.14.7
[INFO] [stderr]     Checking subtle v2.5.0
[INFO] [stderr]    Compiling syn v1.0.109
[INFO] [stderr]     Checking const-oid v0.9.6
[INFO] [stderr]     Checking getrandom v0.2.12
[INFO] [stderr]     Checking futures-channel v0.3.30
[INFO] [stderr]     Checking num_cpus v1.16.0
[INFO] [stderr]     Checking scopeguard v1.2.0
[INFO] [stderr]     Checking parking_lot_core v0.9.9
[INFO] [stderr]     Checking lock_api v0.4.11
[INFO] [stderr]     Checking byteorder v1.4.3
[INFO] [stderr]     Checking rand_core v0.6.4
[INFO] [stderr]    Compiling serde v1.0.196
[INFO] [stderr]    Compiling libc v0.2.153
[INFO] [stderr]     Checking mio v0.8.10
[INFO] [stderr]     Checking socket2 v0.5.5
[INFO] [stderr]     Checking parking_lot v0.12.1
[INFO] [stderr]     Checking signal-hook-registry v1.4.1
[INFO] [stderr]     Checking data-encoding v2.5.0
[INFO] [stderr]     Checking core2 v0.4.0
[INFO] [stderr]     Checking rand_chacha v0.3.1
[INFO] [stderr]     Checking base-x v0.2.11
[INFO] [stderr]     Checking unicode-bidi v0.3.15
[INFO] [stderr]     Checking tracing-core v0.1.32
[INFO] [stderr]     Checking rand v0.8.5
[INFO] [stderr]     Checking instant v0.1.12
[INFO] [stderr]    Compiling quote v1.0.35
[INFO] [stderr]    Compiling syn v2.0.48
[INFO] [stderr]     Checking idna v0.5.0
[INFO] [stderr]     Checking arrayvec v0.7.4
[INFO] [stderr]    Compiling proc-macro-error-attr v1.0.4
[INFO] [stderr]     Checking constant_time_eq v0.3.0
[INFO] [stderr]    Compiling cc v1.0.83
[INFO] [stderr]     Checking quick-protobuf v0.8.1
[INFO] [stderr]     Checking blake2s_simd v1.0.2
[INFO] [stderr]     Checking blake2b_simd v1.0.2
[INFO] [stderr]    Compiling platforms v3.3.0
[INFO] [stderr]    Compiling serde_json v1.0.113
[INFO] [stderr]    Compiling curve25519-dalek v4.1.1
[INFO] [stderr]     Checking base64ct v1.6.0
[INFO] [stderr]    Compiling wasm-bindgen-shared v0.2.90
[INFO] [stderr]     Checking spin v0.9.8
[INFO] [stderr]     Checking pem-rfc7468 v0.7.0
[INFO] [stderr]     Checking untrusted v0.9.0
[INFO] [stderr]     Checking either v1.9.0
[INFO] [stderr]     Checking base64 v0.21.7
[INFO] [stderr]     Checking hashbrown v0.14.3
[INFO] [stderr]     Checking bs58 v0.4.0
[INFO] [stderr]    Compiling bumpalo v3.14.0
[INFO] [stderr]    Compiling once_cell v1.19.0
[INFO] [stderr]     Checking lazy_static v1.4.0
[INFO] [stderr]     Checking indexmap v2.2.2
[INFO] [stderr]     Checking void v1.0.2
[INFO] [stderr]    Compiling blake3 v1.5.0
[INFO] [stderr]    Compiling ring v0.17.7
[INFO] [stderr]     Checking futures-timer v3.0.2
[INFO] [stderr]    Compiling wasm-bindgen v0.2.90
[INFO] [stderr]    Compiling libm v0.2.8
[INFO] [stderr]     Checking ipnet v2.9.0
[INFO] [stderr]    Compiling toml v0.5.11
[INFO] [stderr]     Checking getrandom v0.1.16
[INFO] [stderr]    Compiling num-traits v0.2.17
[INFO] [stderr]     Checking try-lock v0.2.5
[INFO] [stderr]     Checking want v0.3.1
[INFO] [stderr]     Checking rand_core v0.5.1
[INFO] [stderr]     Checking ff v0.13.0
[INFO] [stderr]    Compiling num-integer v0.1.45
[INFO] [stderr]     Checking base16ct v0.2.0
[INFO] [stderr]    Compiling rustls v0.21.10
[INFO] [stderr]     Checking group v0.13.0
[INFO] [stderr]     Checking parking_lot_core v0.8.6
[INFO] [stderr]    Compiling ahash v0.7.7
[INFO] [stderr]    Compiling wasm-bindgen-backend v0.2.90
[INFO] [stderr]    Compiling num-iter v0.1.43
[INFO] [stderr]     Checking bs58 v0.5.0
[INFO] [stderr]    Compiling synstructure v0.12.6
[INFO] [stderr]    Compiling proc-macro-error v1.0.4
[INFO] [stderr]     Checking strum v0.24.1
[INFO] [stderr]     Checking parking_lot v0.11.2
[INFO] [stderr]    Compiling mime_guess v2.0.4
[INFO] [stderr]     Checking crossbeam-epoch v0.9.18
[INFO] [stderr]    Compiling axum-core v0.4.3
[INFO] [stderr]     Checking fxhash v0.2.1
[INFO] [stderr]     Checking fs2 v0.4.3
[INFO] [stderr]    Compiling ahash v0.8.7
[INFO] [stderr]    Compiling wasm-bindgen-macro-support v0.2.90
[INFO] [stderr]    Compiling num-bigint-dig v0.8.4
[INFO] [stderr]     Checking sled v0.34.7
[INFO] [stderr]    Compiling axum v0.7.4
[INFO] [stderr]     Checking zerocopy v0.7.32
[INFO] [stderr]    Compiling prettyplease v0.1.25
[INFO] [stderr]     Checking match_cfg v0.1.0
[INFO] [stderr]    Compiling macro_rules_attribute-proc_macro v0.1.3
[INFO] [stderr]     Checking matches v0.1.10
[INFO] [stderr]    Compiling crunchy v0.2.2
[INFO] [stderr]     Checking idna v0.2.3
[INFO] [stderr]     Checking hostname v0.3.1
[INFO] [stderr]     Checking regex-automata v0.4.5
[INFO] [stderr]     Checking hashbrown v0.12.3
[INFO] [stderr]     Checking nix v0.24.3
[INFO] [stderr]     Checking rustls-pemfile v1.0.4
[INFO] [stderr]    Compiling snow v0.9.6
[INFO] [stderr]     Checking encoding_rs v0.8.33
[INFO] [stderr]    Compiling serde_derive v1.0.196
[INFO] [stderr]    Compiling zeroize_derive v1.4.2
[INFO] [stderr]    Compiling futures-macro v0.3.30
[INFO] [stderr]    Compiling thiserror-impl v1.0.56
[INFO] [stderr]    Compiling tokio-macros v2.2.0
[INFO] [stderr]    Compiling data-encoding-macro-internal v0.1.12
[INFO] [stderr]    Compiling tracing-attributes v0.1.27
[INFO] [stderr]    Compiling pin-project-internal v1.1.4
[INFO] [stderr]     Checking data-encoding-macro v0.1.14
[INFO] [stderr]     Checking multibase v0.9.1
[INFO] [stderr]     Checking zeroize v1.7.0
[INFO] [stderr]    Compiling async-trait v0.1.77
[INFO] [stderr]    Compiling curve25519-dalek-derive v0.1.1
[INFO] [stderr]     Checking futures-util v0.3.30
[INFO] [stderr]     Checking block-buffer v0.10.4
[INFO] [stderr]     Checking crypto-common v0.1.6
[INFO] [stderr]     Checking digest v0.10.7
[INFO] [stderr]     Checking sha2 v0.10.8
[INFO] [stderr]     Checking thiserror v1.0.56
[INFO] [stderr]    Compiling proc-macro-crate v1.1.3
[INFO] [stderr]     Checking signature v2.2.0
[INFO] [stderr]     Checking sha3 v0.10.8
[INFO] [stderr]     Checking ed25519 v2.2.3
[INFO] [stderr]    Compiling multihash-derive v0.8.1
[INFO] [stderr]     Checking der v0.7.8
[INFO] [stderr]     Checking digest v0.9.0
[INFO] [stderr]     Checking tracing v0.1.40
[INFO] [stderr]    Compiling wasm-bindgen-macro v0.2.90
[INFO] [stderr]     Checking curve25519-dalek v3.2.0
[INFO] [stderr]     Checking pin-project v1.1.4
[INFO] [stderr]     Checking netlink-packet-utils v0.5.2
[INFO] [stderr]     Checking hmac v0.12.1
[INFO] [stderr]     Checking crypto-bigint v0.5.5
[INFO] [stderr]     Checking sct v0.7.1
[INFO] [stderr]     Checking rustls-webpki v0.101.7
[INFO] [stderr]    Compiling strum_macros v0.25.3
[INFO] [stderr]     Checking spki v0.7.3
[INFO] [stderr]     Checking pkcs8 v0.10.2
[INFO] [stderr]     Checking ed25519-dalek v2.1.0
[INFO] [stderr]     Checking sec1 v0.7.3
[INFO] [stderr]     Checking js-sys v0.3.67
[INFO] [stderr]    Compiling async-recursion v1.0.5
[INFO] [stderr]     Checking netlink-packet-core v0.4.2
[INFO] [stderr]     Checking sha1 v0.10.6
[INFO] [stderr]    Compiling libp2p-swarm-derive v0.32.0
[INFO] [stderr]     Checking futures-executor v0.3.30
[INFO] [stderr]     Checking futures v0.3.30
[INFO] [stderr]     Checking rw-stream-sink v0.3.0
[INFO] [stderr]     Checking elliptic-curve v0.13.8
[INFO] [stderr]    Compiling async-stream-impl v0.3.5
[INFO] [stderr]     Checking rfc6979 v0.4.0
[INFO] [stderr]     Checking block-buffer v0.9.0
[INFO] [stderr]    Compiling ext-trait-proc_macros v1.0.1
[INFO] [stderr]     Checking primeorder v0.13.6
[INFO] [stderr]     Checking ecdsa v0.16.9
[INFO] [stderr]     Checking async-stream v0.3.5
[INFO] [stderr]     Checking sha2 v0.9.9
[INFO] [stderr]     Checking netlink-packet-route v0.12.0
[INFO] [stderr]     Checking ext-trait v1.0.1
[INFO] [stderr]     Checking pkcs1 v0.7.5
[INFO] [stderr]    Compiling libipld-cbor-derive v0.16.0
[INFO] [stderr]    Compiling enum-as-inner v0.5.1
[INFO] [stderr]     Checking mac v0.1.1
[INFO] [stderr]     Checking quick-error v1.2.3
[INFO] [stderr]    Compiling inventory v0.1.11
[INFO] [stderr]     Checking linked-hash-map v0.5.6
[INFO] [stderr]     Checking new_debug_unreachable v1.0.4
[INFO] [stderr]     Checking webpki-roots v0.25.4
[INFO] [stderr]     Checking futf v0.1.5
[INFO] [stderr]     Checking lru-cache v0.1.2
[INFO] [stderr]     Checking anstyle-parse v0.2.3
[INFO] [stderr]     Checking resolv-conf v0.7.0
[INFO] [stderr]     Checking extension-traits v1.0.1
[INFO] [stderr]     Checking p256 v0.13.2
[INFO] [stderr]     Checking gloo-timers v0.3.0
[INFO] [stderr]     Checking pbkdf2 v0.11.0
[INFO] [stderr]     Checking regex v1.10.3
[INFO] [stderr]    Compiling inventory-impl v0.1.11
[INFO] [stderr]     Checking rsa v0.9.6
[INFO] [stderr]    Compiling ctor v0.1.26
[INFO] [stderr]    Compiling with_builtin_macros-proc_macros v0.0.3
[INFO] [stderr]    Compiling ghost v0.1.17
[INFO] [stderr]     Checking hashbrown v0.13.2
[INFO] [stderr]    Compiling macro_rules_attribute v0.1.3
[INFO] [stderr]     Checking bytes v1.5.0
[INFO] [stderr]     Checking serde-big-array v0.3.3
[INFO] [stderr]     Checking url v2.5.0
[INFO] [stderr]     Checking serde_bytes v0.11.14
[INFO] [stderr]     Checking serde_urlencoded v0.7.1
[INFO] [stderr]     Checking cs_serde_bytes v0.12.2
[INFO] [stderr]     Checking forest_hash_utils v0.1.0
[INFO] [stderr]     Checking tracing-serde v0.1.3
[INFO] [stderr]     Checking ed25519-zebra v3.1.0
[INFO] [stderr]     Checking tokio v1.36.0
[INFO] [stderr]     Checking asynchronous-codec v0.6.2
[INFO] [stderr]     Checking http v0.2.11
[INFO] [stderr]     Checking http v1.0.0
[INFO] [stderr]     Checking unsigned-varint v0.7.2
[INFO] [stderr]     Checking sharded-slab v0.1.7
[INFO] [stderr]     Checking tracing-log v0.2.0
[INFO] [stderr]     Checking dirs-sys v0.3.7
[INFO] [stderr]     Checking multihash v0.17.0
[INFO] [stderr]     Checking multihash v0.18.1
[INFO] [stderr]     Checking multistream-select v0.12.1
[INFO] [stderr]     Checking cid v0.10.1
[INFO] [stderr]     Checking multiaddr v0.17.1
[INFO] [stderr]     Checking libipld-core v0.16.0
[INFO] [stderr]    Compiling safer-ffi v0.1.5
[INFO] [stderr]     Checking libp2p-identity v0.1.3
[INFO] [stderr]     Checking libipld-cbor v0.16.0
[INFO] [stderr]     Checking libipld-json v0.16.0
[INFO] [stderr]     Checking libp2p-core v0.39.2
[INFO] [stderr]     Checking libipld-pb v0.16.0
[INFO] [stderr]     Checking http-body v1.0.0
[INFO] [stderr]     Checking headers-core v0.3.0
[INFO] [stderr]     Checking http-body v0.4.6
[INFO] [stderr]     Checking libipld-macro v0.16.0
[INFO] [stderr]     Checking ucan v0.4.0
[INFO] [stderr]     Checking http-body-util v0.1.0
[INFO] [stderr]     Checking headers v0.4.0
[INFO] [stderr]     Checking common-multipart-rfc7578 v0.6.0
[INFO] [stderr]     Checking libipld v0.16.0
[INFO] [stderr]     Checking anstyle v1.0.6
[INFO] [stderr]     Checking nohash-hasher v0.2.0
[INFO] [stderr]    Compiling cfg_aliases v0.1.1
[INFO] [stderr]     Checking anstyle-query v1.0.2
[INFO] [stderr]    Compiling noosphere v0.16.1
[INFO] [stderr]     Checking yamux v0.10.2
[INFO] [stderr]     Checking anstream v0.6.11
[INFO] [stderr]     Checking tendril v0.4.3
[INFO] [stderr]     Checking headers-core v0.2.0
[INFO] [stderr]     Checking tracing-subscriber v0.3.18
[INFO] [stderr]     Checking tiny-bip39 v1.0.0
[INFO] [stderr]     Checking ucan-key-support v0.1.7
[INFO] [stderr]     Checking dirs v4.0.0
[INFO] [stderr]     Checking quick-protobuf-codec v0.1.0
[INFO] [stderr]    Compiling safer_ffi-proc_macros v0.1.5
[INFO] [stderr]     Checking uint v0.9.5
[INFO] [stderr]     Checking with_builtin_macros v0.0.3
[INFO] [stderr]     Checking lru v0.10.1
[INFO] [stderr]     Checking serde_spanned v0.6.5
[INFO] [stderr]     Checking toml_datetime v0.6.5
[INFO] [stderr]    Compiling pkg-version-impl v0.1.1
[INFO] [stderr]     Checking uninit v0.5.1
[INFO] [stderr]     Checking x25519-dalek v1.1.1
[INFO] [stderr]    Compiling axum v0.6.20
[INFO] [stderr]     Checking socket2 v0.4.10
[INFO] [stderr]     Checking strum v0.25.0
[INFO] [stderr]     Checking unwind_safe v0.1.0
[INFO] [stderr]     Checking async-once-cell v0.4.4
[INFO] [stderr]     Checking winnow v0.5.37
[INFO] [stderr]     Checking fastcdc v3.1.0
[INFO] [stderr]     Checking clap_builder v4.4.18
[INFO] [stderr]     Checking pkg-version v1.0.0
[INFO] [stderr]     Checking libp2p-noise v0.42.2
[INFO] [stderr]     Checking libp2p-yamux v0.43.1
[INFO] [stderr]     Checking axum-core v0.3.4
[INFO] [stderr]     Checking subtext v0.3.5
[INFO] [stderr]     Checking headers v0.3.9
[INFO] [stderr]     Checking serde_path_to_error v0.1.15
[INFO] [stderr]    Compiling axum-macros v0.3.8
[INFO] [stderr]    Compiling clap_derive v4.4.7
[INFO] [stderr]     Checking itertools v0.12.1
[INFO] [stderr]     Checking toml_edit v0.22.4
[INFO] [stderr]     Checking tower-http v0.4.4
[INFO] [stderr]     Checking tokio-util v0.7.10
[INFO] [stderr]     Checking netlink-sys v0.8.5
[INFO] [stderr]     Checking tower v0.4.13
[INFO] [stderr]     Checking libp2p-swarm v0.42.2
[INFO] [stderr]     Checking tokio-stream v0.1.14
[INFO] [stderr]     Checking noosphere-common v0.1.2
[INFO] [stderr]     Checking tokio-rustls v0.24.1
[INFO] [stderr]     Checking h2 v0.3.24
[INFO] [stderr]     Checking netlink-proto v0.10.0
[INFO] [stderr]     Checking noosphere-storage v0.10.1
[INFO] [stderr]     Checking rtnetlink v0.10.1
[INFO] [stderr]     Checking trust-dns-proto v0.22.0
[INFO] [stderr]     Checking iroh-car v0.3.0
[INFO] [stderr]     Checking libp2p-connection-limits v0.1.0
[INFO] [stderr]     Checking libp2p-kad v0.43.3
[INFO] [stderr]     Checking libp2p-allow-block-list v0.1.1
[INFO] [stderr]     Checking if-watch v3.2.0
[INFO] [stderr]     Checking libp2p-identify v0.42.2
[INFO] [stderr]     Checking noosphere-collections v0.7.1
[INFO] [stderr]     Checking libp2p-tcp v0.39.0
[INFO] [stderr]     Checking ipfs-api-prelude v0.6.0
[INFO] [stderr]     Checking toml v0.8.10
[INFO] [stderr]     Checking clap v4.4.18
[INFO] [stderr]     Checking home v0.5.9
[INFO] [stderr]     Checking trust-dns-resolver v0.22.0
[INFO] [stderr]     Checking libp2p-dns v0.39.0
[INFO] [stderr]     Checking hyper v0.14.28
[INFO] [stderr]     Checking libp2p v0.51.4
[INFO] [stderr]     Checking axum-extra v0.9.2
[INFO] [stderr]     Checking hyper-rustls v0.24.2
[INFO] [stderr]     Checking hyper-multipart-rfc7578 v0.8.0
[INFO] [stderr]     Checking reqwest v0.11.20
[INFO] [stderr]     Checking noosphere-core v0.18.1
[INFO] [stderr]     Checking noosphere-ipfs v0.8.6
[INFO] [stderr]     Checking noosphere-ns v0.11.5
[INFO] [stderr]     Checking noosphere-gateway v0.11.0 (/opt/rustwide/workdir)
[INFO] [stdout] error[E0308]: mismatched types
[INFO] [stdout]    --> src/extractors/authority.rs:53:29
[INFO] [stdout]     |
[INFO] [stdout] 53  |             .as_proof_chain(&self.bearer, db)
[INFO] [stdout]     |              -------------- ^^^^^^^^^^^^ expected `Bearer`, found a different `Bearer`
[INFO] [stdout]     |              |
[INFO] [stdout]     |              arguments to this method are incorrect
[INFO] [stdout]     |
[INFO] [stdout]     = note: `Bearer` and `Bearer` have similar names, but are actually distinct types
[INFO] [stdout] note: `Bearer` is defined in crate `headers`
[INFO] [stdout]    --> /opt/rustwide/cargo-home/registry/src/index.crates.io-6f17d22bba15001f/headers-0.3.9/src/common/authorization.rs:184:1
[INFO] [stdout]     |
[INFO] [stdout] 184 | pub struct Bearer(HeaderValueString);
[INFO] [stdout]     | ^^^^^^^^^^^^^^^^^
[INFO] [stdout] note: `Bearer` is defined in crate `headers`
[INFO] [stdout]    --> /opt/rustwide/cargo-home/registry/src/index.crates.io-6f17d22bba15001f/headers-0.4.0/src/common/authorization.rs:184:1
[INFO] [stdout]     |
[INFO] [stdout] 184 | pub struct Bearer(HeaderValueString);
[INFO] [stdout]     | ^^^^^^^^^^^^^^^^^
[INFO] [stdout]     = note: perhaps two different versions of crate `headers` are being used?
[INFO] [stdout] note: method defined here
[INFO] [stdout]    --> /opt/rustwide/cargo-home/registry/src/index.crates.io-6f17d22bba15001f/noosphere-core-0.18.1/src/api/headers/ucan.rs:69:18
[INFO] [stdout]     |
[INFO] [stdout] 69  |     pub async fn as_proof_chain(
[INFO] [stdout]     |                  ^^^^^^^^^^^^^^
[INFO] [stdout] 
[INFO] [stdout] 
[INFO] [stdout] error[E0308]: mismatched types
[INFO] [stdout]    --> src/extractors/authority.rs:53:29
[INFO] [stdout]     |
[INFO] [stdout] 53  |             .as_proof_chain(&self.bearer, db)
[INFO] [stdout]     |              -------------- ^^^^^^^^^^^^ expected `Bearer`, found a different `Bearer`
[INFO] [stdout]     |              |
[INFO] [stdout]     |              arguments to this method are incorrect
[INFO] [stdout]     |
[INFO] [stdout]     = note: `Bearer` and `Bearer` have similar names, but are actually distinct types
[INFO] [stdout] note: `Bearer` is defined in crate `headers`
[INFO] [stdout]    --> /opt/rustwide/cargo-home/registry/src/index.crates.io-6f17d22bba15001f/headers-0.3.9/src/common/authorization.rs:184:1
[INFO] [stdout]     |
[INFO] [stdout] 184 | pub struct Bearer(HeaderValueString);
[INFO] [stdout]     | ^^^^^^^^^^^^^^^^^
[INFO] [stdout] note: `Bearer` is defined in crate `headers`
[INFO] [stdout]    --> /opt/rustwide/cargo-home/registry/src/index.crates.io-6f17d22bba15001f/headers-0.4.0/src/common/authorization.rs:184:1
[INFO] [stdout]     |
[INFO] [stdout] 184 | pub struct Bearer(HeaderValueString);
[INFO] [stdout]     | ^^^^^^^^^^^^^^^^^
[INFO] [stdout]     = note: perhaps two different versions of crate `headers` are being used?
[INFO] [stdout] note: method defined here
[INFO] [stdout]    --> /opt/rustwide/cargo-home/registry/src/index.crates.io-6f17d22bba15001f/noosphere-core-0.18.1/src/api/headers/ucan.rs:69:18
[INFO] [stdout]     |
[INFO] [stdout] 69  |     pub async fn as_proof_chain(
[INFO] [stdout]     |                  ^^^^^^^^^^^^^^
[INFO] [stdout] 
[INFO] [stdout] 
[INFO] [stdout] error[E0277]: `?` couldn't convert the error to `axum::http::StatusCode`
[INFO] [stdout]   --> src/handlers/v0alpha1/push.rs:69:48
[INFO] [stdout]    |
[INFO] [stdout] 69 |     Ok(Cbor(gateway_push_routine.invoke().await?))
[INFO] [stdout]    |                                                ^ the trait `From<noosphere_core::api::v0alpha1::PushError>` is not implemented for `axum::http::StatusCode`, which is required by `Result<extractors::cbor::Cbor<noosphere_core::api::v0alpha1::PushResponse>, axum::http::StatusCode>: FromResidual<Result<Infallible, noosphere_core::api::v0alpha1::PushError>>`
[INFO] [stdout]    |
[INFO] [stdout]    = note: the question mark operation (`?`) implicitly performs a conversion on the error value using the `From` trait
[INFO] [stdout]    = help: the trait `From<&axum::http::StatusCode>` is implemented for `axum::http::StatusCode`
[INFO] [stdout]    = help: for that trait implementation, expected `&axum::http::StatusCode`, found `noosphere_core::api::v0alpha1::PushError`
[INFO] [stdout]    = note: required for `Result<extractors::cbor::Cbor<noosphere_core::api::v0alpha1::PushResponse>, axum::http::StatusCode>` to implement `FromResidual<Result<Infallible, noosphere_core::api::v0alpha1::PushError>>`
[INFO] [stdout] 
[INFO] [stdout] 
[INFO] [stdout] error[E0277]: `?` couldn't convert the error to `axum::http::StatusCode`
[INFO] [stdout]   --> src/handlers/v0alpha1/push.rs:69:48
[INFO] [stdout]    |
[INFO] [stdout] 69 |     Ok(Cbor(gateway_push_routine.invoke().await?))
[INFO] [stdout]    |                                                ^ the trait `From<noosphere_core::api::v0alpha1::PushError>` is not implemented for `axum::http::StatusCode`, which is required by `std::result::Result<extractors::cbor::Cbor<noosphere_core::api::v0alpha1::PushResponse>, axum::http::StatusCode>: FromResidual<std::result::Result<Infallible, noosphere_core::api::v0alpha1::PushError>>`
[INFO] [stdout]    |
[INFO] [stdout]    = note: the question mark operation (`?`) implicitly performs a conversion on the error value using the `From` trait
[INFO] [stdout]    = help: the trait `From<&axum::http::StatusCode>` is implemented for `axum::http::StatusCode`
[INFO] [stdout]    = help: for that trait implementation, expected `&axum::http::StatusCode`, found `noosphere_core::api::v0alpha1::PushError`
[INFO] [stdout]    = note: required for `std::result::Result<extractors::cbor::Cbor<noosphere_core::api::v0alpha1::PushResponse>, axum::http::StatusCode>` to implement `FromResidual<std::result::Result<Infallible, noosphere_core::api::v0alpha1::PushError>>`
[INFO] [stdout] 
[INFO] [stdout] 
[INFO] [stdout] error[E0277]: the trait bound `axum::http::StatusCode: From<&noosphere_core::api::v0alpha2::PushError>` is not satisfied
[INFO] [stdout]   --> src/error.rs:34:13
[INFO] [stdout]    |
[INFO] [stdout] 34 |             StatusCode::from(&value),
[INFO] [stdout]    |             ^^^^^^^^^^ the trait `From<&noosphere_core::api::v0alpha2::PushError>` is not implemented for `axum::http::StatusCode`
[INFO] [stdout]    |
[INFO] [stdout]    = help: the trait `From<&axum::http::StatusCode>` is implemented for `axum::http::StatusCode`
[INFO] [stdout]    = help: for that trait implementation, expected `axum::http::StatusCode`, found `noosphere_core::api::v0alpha2::PushError`
[INFO] [stdout] 
[INFO] [stdout] 
[INFO] [stdout] error[E0599]: the function or associated item `from_request_parts` exists for struct `TypedHeader<Ucan>`, but its trait bounds were not satisfied
[INFO] [stdout]   --> src/extractors/authority.rs:87:53
[INFO] [stdout]    |
[INFO] [stdout] 87 |             TypedHeader::<noosphere_headers::Ucan>::from_request_parts(parts, state)
[INFO] [stdout]    |                                                     ^^^^^^^^^^^^^^^^^^ function or associated item cannot be called on `TypedHeader<Ucan>` due to unsatisfied trait bounds
[INFO] [stdout]    |
[INFO] [stdout]   ::: /opt/rustwide/cargo-home/registry/src/index.crates.io-6f17d22bba15001f/noosphere-core-0.18.1/src/api/headers/ucan.rs:21:1
[INFO] [stdout]    |
[INFO] [stdout] 21 | pub struct Ucan(Vec<(Cid, Jwt)>);
[INFO] [stdout]    | --------------- doesn't satisfy `_: Header`
[INFO] [stdout]    |
[INFO] [stdout]   ::: /opt/rustwide/cargo-home/registry/src/index.crates.io-6f17d22bba15001f/axum-0.6.20/src/typed_header.rs:54:1
[INFO] [stdout]    |
[INFO] [stdout] 54 | pub struct TypedHeader<T>(pub T);
[INFO] [stdout]    | ------------------------- doesn't satisfy `_: FromRequestParts<_>`
[INFO] [stdout]    |
[INFO] [stdout]    = note: the following trait bounds were not satisfied:
[INFO] [stdout]            `noosphere_core::api::headers::Ucan: axum::headers::Header`
[INFO] [stdout]            which is required by `TypedHeader<noosphere_core::api::headers::Ucan>: FromRequestParts<_>`
[INFO] [stdout] 
[INFO] [stdout] 
[INFO] [stdout] error[E0277]: the trait bound `axum::http::StatusCode: From<&noosphere_core::api::v0alpha2::PushError>` is not satisfied
[INFO] [stdout]   --> src/error.rs:34:13
[INFO] [stdout]    |
[INFO] [stdout] 34 |             StatusCode::from(&value),
[INFO] [stdout]    |             ^^^^^^^^^^ the trait `From<&noosphere_core::api::v0alpha2::PushError>` is not implemented for `axum::http::StatusCode`
[INFO] [stdout]    |
[INFO] [stdout]    = help: the trait `From<&axum::http::StatusCode>` is implemented for `axum::http::StatusCode`
[INFO] [stdout]    = help: for that trait implementation, expected `axum::http::StatusCode`, found `noosphere_core::api::v0alpha2::PushError`
[INFO] [stdout] 
[INFO] [stdout] 
[INFO] [stdout] error[E0599]: the function or associated item `from_request_parts` exists for struct `TypedHeader<Ucan>`, but its trait bounds were not satisfied
[INFO] [stdout]   --> src/extractors/authority.rs:87:53
[INFO] [stdout]    |
[INFO] [stdout] 87 |             TypedHeader::<noosphere_headers::Ucan>::from_request_parts(parts, state)
[INFO] [stdout]    |                                                     ^^^^^^^^^^^^^^^^^^ function or associated item cannot be called on `TypedHeader<Ucan>` due to unsatisfied trait bounds
[INFO] [stdout]    |
[INFO] [stdout]   ::: /opt/rustwide/cargo-home/registry/src/index.crates.io-6f17d22bba15001f/noosphere-core-0.18.1/src/api/headers/ucan.rs:21:1
[INFO] [stdout]    |
[INFO] [stdout] 21 | pub struct Ucan(Vec<(Cid, Jwt)>);
[INFO] [stdout]    | --------------- doesn't satisfy `_: Header`
[INFO] [stdout]    |
[INFO] [stdout]   ::: /opt/rustwide/cargo-home/registry/src/index.crates.io-6f17d22bba15001f/axum-0.6.20/src/typed_header.rs:54:1
[INFO] [stdout]    |
[INFO] [stdout] 54 | pub struct TypedHeader<T>(pub T);
[INFO] [stdout]    | ------------------------- doesn't satisfy `_: FromRequestParts<_>`
[INFO] [stdout]    |
[INFO] [stdout]    = note: the following trait bounds were not satisfied:
[INFO] [stdout]            `noosphere_core::api::headers::Ucan: axum::headers::Header`
[INFO] [stdout]            which is required by `TypedHeader<noosphere_core::api::headers::Ucan>: FromRequestParts<_>`
[INFO] [stdout] 
[INFO] [stdout] 
[INFO] [stdout] error: aborting due to 4 previous errors
[INFO] [stdout] 
[INFO] [stdout] 
[INFO] [stdout] Some errors have detailed explanations: E0277, E0308, E0599.
[INFO] [stdout] 
[INFO] [stdout] For more information about an error, try `rustc --explain E0277`.
[INFO] [stdout] 
[INFO] [stderr] error: could not compile `noosphere-gateway` (lib) due to 5 previous errors
[INFO] [stderr] warning: build failed, waiting for other jobs to finish...
[INFO] [stdout] error: aborting due to 4 previous errors
[INFO] [stdout] 
[INFO] [stdout] 
[INFO] [stdout] Some errors have detailed explanations: E0277, E0308, E0599.
[INFO] [stdout] 
[INFO] [stdout] For more information about an error, try `rustc --explain E0277`.
[INFO] [stdout] 
[INFO] [stderr] error: could not compile `noosphere-gateway` (lib test) due to 5 previous errors
[INFO] running `Command { std: "docker" "inspect" "ef54d8cee440a4fd35d561b6188d373704a09c25be5fc520309e36bd98b23aef", kill_on_drop: false }`
[INFO] running `Command { std: "docker" "rm" "-f" "ef54d8cee440a4fd35d561b6188d373704a09c25be5fc520309e36bd98b23aef", kill_on_drop: false }`
[INFO] [stdout] ef54d8cee440a4fd35d561b6188d373704a09c25be5fc520309e36bd98b23aef
[INFO] checking noosphere-gateway-0.11.0 against nightly-2024-02-05+rustflags=-Dunexpected_cfgs+cargoflags=-Zcheck-cfg for check-cfg
[INFO] extracting crate noosphere-gateway 0.11.0 into /workspace/builds/worker-6-tc2/source
[INFO] validating manifest of crates.io crate noosphere-gateway 0.11.0 on toolchain nightly-2024-02-05
[INFO] running `Command { std: CARGO_HOME="/workspace/cargo-home" RUSTUP_HOME="/workspace/rustup-home" "/workspace/cargo-home/bin/cargo" "+nightly-2024-02-05" "metadata" "--manifest-path" "Cargo.toml" "--no-deps", kill_on_drop: false }`
[INFO] started tweaking crates.io crate noosphere-gateway 0.11.0
[INFO] finished tweaking crates.io crate noosphere-gateway 0.11.0
[INFO] tweaked toml for crates.io crate noosphere-gateway 0.11.0 written to /workspace/builds/worker-6-tc2/source/Cargo.toml
[INFO] running `Command { std: CARGO_HOME="/workspace/cargo-home" RUSTUP_HOME="/workspace/rustup-home" "/workspace/cargo-home/bin/cargo" "+nightly-2024-02-05" "generate-lockfile" "--manifest-path" "Cargo.toml", kill_on_drop: false }`
[INFO] [stderr]     Updating crates.io index
[INFO] running `Command { std: CARGO_HOME="/workspace/cargo-home" RUSTUP_HOME="/workspace/rustup-home" "/workspace/cargo-home/bin/cargo" "+nightly-2024-02-05" "fetch" "--manifest-path" "Cargo.toml", kill_on_drop: false }`
[INFO] running `Command { std: "docker" "create" "-v" "/var/lib/crater-agent-workspace/builds/worker-6-tc2/target:/opt/rustwide/target:rw,Z" "-v" "/var/lib/crater-agent-workspace/builds/worker-6-tc2/source:/opt/rustwide/workdir:ro,Z" "-v" "/var/lib/crater-agent-workspace/cargo-home:/opt/rustwide/cargo-home:ro,Z" "-v" "/var/lib/crater-agent-workspace/rustup-home:/opt/rustwide/rustup-home:ro,Z" "-e" "SOURCE_DIR=/opt/rustwide/workdir" "-e" "CARGO_TARGET_DIR=/opt/rustwide/target" "-e" "CARGO_HOME=/opt/rustwide/cargo-home" "-e" "RUSTUP_HOME=/opt/rustwide/rustup-home" "-w" "/opt/rustwide/workdir" "-m" "1610612736" "--user" "0:0" "--network" "none" "ghcr.io/rust-lang/crates-build-env/linux@sha256:2788e3201cd34a07e3172128adcd8b3090168a8e3bcc40d7c032b9dda1df7d1c" "/opt/rustwide/cargo-home/bin/cargo" "+nightly-2024-02-05" "metadata" "--no-deps" "--format-version=1", kill_on_drop: false }`
[INFO] [stdout] 2c8191b1b0817c3d4fef0a27af90ca10f6b5fe5e5ba45e442f1d55b5d63dbad4
[INFO] running `Command { std: "docker" "start" "-a" "2c8191b1b0817c3d4fef0a27af90ca10f6b5fe5e5ba45e442f1d55b5d63dbad4", kill_on_drop: false }`
[INFO] running `Command { std: "docker" "inspect" "2c8191b1b0817c3d4fef0a27af90ca10f6b5fe5e5ba45e442f1d55b5d63dbad4", kill_on_drop: false }`
[INFO] running `Command { std: "docker" "rm" "-f" "2c8191b1b0817c3d4fef0a27af90ca10f6b5fe5e5ba45e442f1d55b5d63dbad4", kill_on_drop: false }`
[INFO] [stdout] 2c8191b1b0817c3d4fef0a27af90ca10f6b5fe5e5ba45e442f1d55b5d63dbad4
[INFO] running `Command { std: "docker" "create" "-v" "/var/lib/crater-agent-workspace/builds/worker-6-tc2/target:/opt/rustwide/target:rw,Z" "-v" "/var/lib/crater-agent-workspace/builds/worker-6-tc2/source:/opt/rustwide/workdir:ro,Z" "-v" "/var/lib/crater-agent-workspace/cargo-home:/opt/rustwide/cargo-home:ro,Z" "-v" "/var/lib/crater-agent-workspace/rustup-home:/opt/rustwide/rustup-home:ro,Z" "-e" "SOURCE_DIR=/opt/rustwide/workdir" "-e" "CARGO_TARGET_DIR=/opt/rustwide/target" "-e" "CARGO_INCREMENTAL=0" "-e" "RUST_BACKTRACE=full" "-e" "RUSTFLAGS=--cap-lints=forbid -Dunexpected_cfgs" "-e" "RUSTDOCFLAGS=--cap-lints=forbid" "-e" "CARGO_HOME=/opt/rustwide/cargo-home" "-e" "RUSTUP_HOME=/opt/rustwide/rustup-home" "-w" "/opt/rustwide/workdir" "-m" "1610612736" "--user" "0:0" "--network" "none" "ghcr.io/rust-lang/crates-build-env/linux@sha256:2788e3201cd34a07e3172128adcd8b3090168a8e3bcc40d7c032b9dda1df7d1c" "/opt/rustwide/cargo-home/bin/cargo" "+nightly-2024-02-05" "check" "--frozen" "--all" "--all-targets" "--message-format=json" "-Zcheck-cfg", kill_on_drop: false }`
[INFO] [stdout] d8c241ee2f17c2c25636fa3b6609fe811ec1f983cd9c9ad4ce1ccf647e439271
[INFO] running `Command { std: "docker" "start" "-a" "d8c241ee2f17c2c25636fa3b6609fe811ec1f983cd9c9ad4ce1ccf647e439271", kill_on_drop: false }`
[INFO] [stderr]    Compiling proc-macro2 v1.0.78
[INFO] [stderr]     Checking futures-core v0.3.30
[INFO] [stderr]     Checking futures-sink v0.3.30
[INFO] [stderr]     Checking futures-io v0.3.30
[INFO] [stderr]    Compiling generic-array v0.14.7
[INFO] [stderr]     Checking subtle v2.5.0
[INFO] [stderr]    Compiling syn v1.0.109
[INFO] [stderr]     Checking const-oid v0.9.6
[INFO] [stderr]     Checking getrandom v0.2.12
[INFO] [stderr]     Checking num_cpus v1.16.0
[INFO] [stderr]     Checking futures-channel v0.3.30
[INFO] [stderr]     Checking scopeguard v1.2.0
[INFO] [stderr]     Checking parking_lot_core v0.9.9
[INFO] [stderr]     Checking rand_core v0.6.4
[INFO] [stderr]     Checking lock_api v0.4.11
[INFO] [stderr]     Checking byteorder v1.4.3
[INFO] [stderr]    Compiling serde v1.0.196
[INFO] [stderr]    Compiling libc v0.2.153
[INFO] [stderr]     Checking signal-hook-registry v1.4.1
[INFO] [stderr]     Checking mio v0.8.10
[INFO] [stderr]     Checking socket2 v0.5.5
[INFO] [stderr]     Checking parking_lot v0.12.1
[INFO] [stderr]     Checking data-encoding v2.5.0
[INFO] [stderr]     Checking core2 v0.4.0
[INFO] [stderr]     Checking rand_chacha v0.3.1
[INFO] [stderr]     Checking base-x v0.2.11
[INFO] [stderr]     Checking unicode-bidi v0.3.15
[INFO] [stderr]     Checking tracing-core v0.1.32
[INFO] [stderr]     Checking rand v0.8.5
[INFO] [stderr]     Checking instant v0.1.12
[INFO] [stderr]    Compiling quote v1.0.35
[INFO] [stderr]    Compiling cc v1.0.83
[INFO] [stderr]     Checking arrayvec v0.7.4
[INFO] [stderr]    Compiling syn v2.0.48
[INFO] [stderr]     Checking idna v0.5.0
[INFO] [stderr]    Compiling proc-macro-error-attr v1.0.4
[INFO] [stderr]     Checking constant_time_eq v0.3.0
[INFO] [stderr]     Checking quick-protobuf v0.8.1
[INFO] [stderr]     Checking blake2s_simd v1.0.2
[INFO] [stderr]     Checking blake2b_simd v1.0.2
[INFO] [stderr]    Compiling serde_json v1.0.113
[INFO] [stderr]    Compiling platforms v3.3.0
[INFO] [stderr]     Checking base64ct v1.6.0
[INFO] [stderr]    Compiling curve25519-dalek v4.1.1
[INFO] [stderr]    Compiling wasm-bindgen-shared v0.2.90
[INFO] [stderr]     Checking untrusted v0.9.0
[INFO] [stderr]     Checking spin v0.9.8
[INFO] [stderr]     Checking base64 v0.21.7
[INFO] [stderr]     Checking pem-rfc7468 v0.7.0
[INFO] [stderr]    Compiling blake3 v1.5.0
[INFO] [stderr]    Compiling ring v0.17.7
[INFO] [stderr]     Checking either v1.9.0
[INFO] [stderr]     Checking bs58 v0.4.0
[INFO] [stderr]    Compiling once_cell v1.19.0
[INFO] [stderr]     Checking hashbrown v0.14.3
[INFO] [stderr]    Compiling bumpalo v3.14.0
[INFO] [stderr]     Checking lazy_static v1.4.0
[INFO] [stderr]     Checking void v1.0.2
[INFO] [stderr]     Checking futures-timer v3.0.2
[INFO] [stderr]    Compiling wasm-bindgen v0.2.90
[INFO] [stderr]     Checking ipnet v2.9.0
[INFO] [stderr]    Compiling libm v0.2.8
[INFO] [stderr]     Checking getrandom v0.1.16
[INFO] [stderr]    Compiling toml v0.5.11
[INFO] [stderr]     Checking indexmap v2.2.2
[INFO] [stderr]    Compiling num-traits v0.2.17
[INFO] [stderr]     Checking try-lock v0.2.5
[INFO] [stderr]     Checking want v0.3.1
[INFO] [stderr]     Checking rand_core v0.5.1
[INFO] [stderr]     Checking ff v0.13.0
[INFO] [stderr]    Compiling num-integer v0.1.45
[INFO] [stderr]     Checking base16ct v0.2.0
[INFO] [stderr]    Compiling rustls v0.21.10
[INFO] [stderr]     Checking group v0.13.0
[INFO] [stderr]     Checking parking_lot_core v0.8.6
[INFO] [stderr]    Compiling num-iter v0.1.43
[INFO] [stderr]    Compiling ahash v0.7.7
[INFO] [stderr]     Checking bs58 v0.5.0
[INFO] [stderr]     Checking strum v0.24.1
[INFO] [stderr]    Compiling mime_guess v2.0.4
[INFO] [stderr]     Checking parking_lot v0.11.2
[INFO] [stderr]    Compiling wasm-bindgen-backend v0.2.90
[INFO] [stderr]    Compiling synstructure v0.12.6
[INFO] [stderr]    Compiling proc-macro-error v1.0.4
[INFO] [stderr]     Checking crossbeam-epoch v0.9.18
[INFO] [stderr]    Compiling axum-core v0.4.3
[INFO] [stderr]     Checking fxhash v0.2.1
[INFO] [stderr]     Checking fs2 v0.4.3
[INFO] [stderr]    Compiling ahash v0.8.7
[INFO] [stderr]    Compiling num-bigint-dig v0.8.4
[INFO] [stderr]     Checking sled v0.34.7
[INFO] [stderr]    Compiling wasm-bindgen-macro-support v0.2.90
[INFO] [stderr]    Compiling axum v0.7.4
[INFO] [stderr]    Compiling crunchy v0.2.2
[INFO] [stderr]    Compiling prettyplease v0.1.25
[INFO] [stderr]     Checking match_cfg v0.1.0
[INFO] [stderr]     Checking zerocopy v0.7.32
[INFO] [stderr]    Compiling macro_rules_attribute-proc_macro v0.1.3
[INFO] [stderr]     Checking matches v0.1.10
[INFO] [stderr]     Checking regex-automata v0.4.5
[INFO] [stderr]     Checking idna v0.2.3
[INFO] [stderr]     Checking rustls-webpki v0.101.7
[INFO] [stderr]     Checking sct v0.7.1
[INFO] [stderr]     Checking hostname v0.3.1
[INFO] [stderr]     Checking hashbrown v0.12.3
[INFO] [stderr]     Checking nix v0.24.3
[INFO] [stderr]     Checking rustls-pemfile v1.0.4
[INFO] [stderr]    Compiling snow v0.9.6
[INFO] [stderr]    Compiling data-encoding-macro-internal v0.1.12
[INFO] [stderr]    Compiling serde_derive v1.0.196
[INFO] [stderr]    Compiling zeroize_derive v1.4.2
[INFO] [stderr]    Compiling futures-macro v0.3.30
[INFO] [stderr]    Compiling thiserror-impl v1.0.56
[INFO] [stderr]    Compiling tokio-macros v2.2.0
[INFO] [stderr]     Checking data-encoding-macro v0.1.14
[INFO] [stderr]     Checking multibase v0.9.1
[INFO] [stderr]    Compiling tracing-attributes v0.1.27
[INFO] [stderr]    Compiling pin-project-internal v1.1.4
[INFO] [stderr]     Checking zeroize v1.7.0
[INFO] [stderr]    Compiling async-trait v0.1.77
[INFO] [stderr]    Compiling curve25519-dalek-derive v0.1.1
[INFO] [stderr]     Checking block-buffer v0.10.4
[INFO] [stderr]     Checking futures-util v0.3.30
[INFO] [stderr]     Checking crypto-common v0.1.6
[INFO] [stderr]     Checking digest v0.10.7
[INFO] [stderr]     Checking thiserror v1.0.56
[INFO] [stderr]     Checking sha2 v0.10.8
[INFO] [stderr]    Compiling proc-macro-crate v1.1.3
[INFO] [stderr]     Checking signature v2.2.0
[INFO] [stderr]     Checking sha3 v0.10.8
[INFO] [stderr]     Checking ed25519 v2.2.3
[INFO] [stderr]    Compiling multihash-derive v0.8.1
[INFO] [stderr]     Checking der v0.7.8
[INFO] [stderr]     Checking pin-project v1.1.4
[INFO] [stderr]     Checking digest v0.9.0
[INFO] [stderr]    Compiling wasm-bindgen-macro v0.2.90
[INFO] [stderr]     Checking curve25519-dalek v3.2.0
[INFO] [stderr]     Checking tracing v0.1.40
[INFO] [stderr]     Checking netlink-packet-utils v0.5.2
[INFO] [stderr]     Checking hmac v0.12.1
[INFO] [stderr]     Checking spki v0.7.3
[INFO] [stderr]     Checking crypto-bigint v0.5.5
[INFO] [stderr]    Compiling strum_macros v0.25.3
[INFO] [stderr]     Checking ed25519-dalek v2.1.0
[INFO] [stderr]    Compiling async-recursion v1.0.5
[INFO] [stderr]     Checking pkcs8 v0.10.2
[INFO] [stderr]     Checking netlink-packet-core v0.4.2
[INFO] [stderr]     Checking sec1 v0.7.3
[INFO] [stderr]     Checking sha1 v0.10.6
[INFO] [stderr]    Compiling async-stream-impl v0.3.5
[INFO] [stderr]     Checking futures-executor v0.3.30
[INFO] [stderr]    Compiling libp2p-swarm-derive v0.32.0
[INFO] [stderr]     Checking futures v0.3.30
[INFO] [stderr]     Checking rw-stream-sink v0.3.0
[INFO] [stderr]     Checking js-sys v0.3.67
[INFO] [stderr]     Checking rfc6979 v0.4.0
[INFO] [stderr]     Checking block-buffer v0.9.0
[INFO] [stderr]    Compiling ext-trait-proc_macros v1.0.1
[INFO] [stderr]     Checking sha2 v0.9.9
[INFO] [stderr]     Checking netlink-packet-route v0.12.0
[INFO] [stderr]     Checking async-stream v0.3.5
[INFO] [stderr]     Checking pkcs1 v0.7.5
[INFO] [stderr]     Checking ext-trait v1.0.1
[INFO] [stderr]     Checking elliptic-curve v0.13.8
[INFO] [stderr]    Compiling libipld-cbor-derive v0.16.0
[INFO] [stderr]     Checking ecdsa v0.16.9
[INFO] [stderr]     Checking primeorder v0.13.6
[INFO] [stderr]    Compiling enum-as-inner v0.5.1
[INFO] [stderr]     Checking encoding_rs v0.8.33
[INFO] [stderr]     Checking quick-error v1.2.3
[INFO] [stderr]    Compiling inventory v0.1.11
[INFO] [stderr]     Checking webpki-roots v0.25.4
[INFO] [stderr]     Checking new_debug_unreachable v1.0.4
[INFO] [stderr]     Checking mac v0.1.1
[INFO] [stderr]     Checking linked-hash-map v0.5.6
[INFO] [stderr]     Checking futf v0.1.5
[INFO] [stderr]     Checking anstyle-parse v0.2.3
[INFO] [stderr]     Checking gloo-timers v0.3.0
[INFO] [stderr]     Checking lru-cache v0.1.2
[INFO] [stderr]     Checking resolv-conf v0.7.0
[INFO] [stderr]     Checking rsa v0.9.6
[INFO] [stderr]     Checking p256 v0.13.2
[INFO] [stderr]     Checking extension-traits v1.0.1
[INFO] [stderr]     Checking pbkdf2 v0.11.0
[INFO] [stderr]     Checking regex v1.10.3
[INFO] [stderr]    Compiling ghost v0.1.17
[INFO] [stderr]    Compiling with_builtin_macros-proc_macros v0.0.3
[INFO] [stderr]    Compiling inventory-impl v0.1.11
[INFO] [stderr]     Checking bytes v1.5.0
[INFO] [stderr]     Checking serde-big-array v0.3.3
[INFO] [stderr]     Checking url v2.5.0
[INFO] [stderr]     Checking serde_bytes v0.11.14
[INFO] [stderr]     Checking serde_urlencoded v0.7.1
[INFO] [stderr]     Checking cs_serde_bytes v0.12.2
[INFO] [stderr]     Checking tokio v1.36.0
[INFO] [stderr]     Checking asynchronous-codec v0.6.2
[INFO] [stderr]     Checking http v0.2.11
[INFO] [stderr]     Checking http v1.0.0
[INFO] [stderr]     Checking unsigned-varint v0.7.2
[INFO] [stderr]     Checking forest_hash_utils v0.1.0
[INFO] [stderr]     Checking tracing-serde v0.1.3
[INFO] [stderr]     Checking multihash v0.18.1
[INFO] [stderr]     Checking multihash v0.17.0
[INFO] [stderr]     Checking multistream-select v0.12.1
[INFO] [stderr]     Checking cid v0.10.1
[INFO] [stderr]     Checking multiaddr v0.17.1
[INFO] [stderr]     Checking ed25519-zebra v3.1.0
[INFO] [stderr]     Checking http-body v1.0.0
[INFO] [stderr]     Checking libipld-core v0.16.0
[INFO] [stderr]     Checking http-body v0.4.6
[INFO] [stderr]     Checking http-body-util v0.1.0
[INFO] [stderr]     Checking headers-core v0.3.0
[INFO] [stderr]     Checking common-multipart-rfc7578 v0.6.0
[INFO] [stderr]    Compiling ctor v0.1.26
[INFO] [stderr]     Checking libp2p-identity v0.1.3
[INFO] [stderr]     Checking headers v0.4.0
[INFO] [stderr]     Checking hashbrown v0.13.2
[INFO] [stderr]     Checking libipld-json v0.16.0
[INFO] [stderr]     Checking libipld-cbor v0.16.0
[INFO] [stderr]     Checking libp2p-core v0.39.2
[INFO] [stderr]     Checking ucan v0.4.0
[INFO] [stderr]     Checking libipld-pb v0.16.0
[INFO] [stderr]     Checking libipld-macro v0.16.0
[INFO] [stderr]    Compiling macro_rules_attribute v0.1.3
[INFO] [stderr]     Checking sharded-slab v0.1.7
[INFO] [stderr]     Checking libipld v0.16.0
[INFO] [stderr]     Checking tracing-log v0.2.0
[INFO] [stderr]     Checking dirs-sys v0.3.7
[INFO] [stderr]    Compiling safer-ffi v0.1.5
[INFO] [stderr]     Checking nohash-hasher v0.2.0
[INFO] [stderr]    Compiling cfg_aliases v0.1.1
[INFO] [stderr]     Checking anstyle-query v1.0.2
[INFO] [stderr]     Checking anstyle v1.0.6
[INFO] [stderr]     Checking tracing-subscriber v0.3.18
[INFO] [stderr]    Compiling noosphere v0.16.1
[INFO] [stderr]     Checking ucan-key-support v0.1.7
[INFO] [stderr]    Compiling safer_ffi-proc_macros v0.1.5
[INFO] [stderr]     Checking tiny-bip39 v1.0.0
[INFO] [stderr]     Checking anstream v0.6.11
[INFO] [stderr]     Checking yamux v0.10.2
[INFO] [stderr]     Checking tendril v0.4.3
[INFO] [stderr]     Checking dirs v4.0.0
[INFO] [stderr]    Compiling pkg-version-impl v0.1.1
[INFO] [stderr]     Checking lru v0.10.1
[INFO] [stderr]     Checking uint v0.9.5
[INFO] [stderr]     Checking headers-core v0.2.0
[INFO] [stderr]     Checking with_builtin_macros v0.0.3
[INFO] [stderr]     Checking quick-protobuf-codec v0.1.0
[INFO] [stderr]     Checking toml_datetime v0.6.5
[INFO] [stderr]     Checking serde_spanned v0.6.5
[INFO] [stderr]     Checking uninit v0.5.1
[INFO] [stderr]     Checking x25519-dalek v1.1.1
[INFO] [stderr]    Compiling axum v0.6.20
[INFO] [stderr]     Checking socket2 v0.4.10
[INFO] [stderr]     Checking unwind_safe v0.1.0
[INFO] [stderr]     Checking strum v0.25.0
[INFO] [stderr]     Checking fastcdc v3.1.0
[INFO] [stderr]     Checking winnow v0.5.37
[INFO] [stderr]     Checking async-once-cell v0.4.4
[INFO] [stderr]     Checking clap_builder v4.4.18
[INFO] [stderr]     Checking pkg-version v1.0.0
[INFO] [stderr]     Checking libp2p-noise v0.42.2
[INFO] [stderr]     Checking headers v0.3.9
[INFO] [stderr]     Checking libp2p-yamux v0.43.1
[INFO] [stderr]     Checking subtext v0.3.5
[INFO] [stderr]     Checking axum-core v0.3.4
[INFO] [stderr]     Checking serde_path_to_error v0.1.15
[INFO] [stderr]    Compiling axum-macros v0.3.8
[INFO] [stderr]    Compiling clap_derive v4.4.7
[INFO] [stderr]     Checking itertools v0.12.1
[INFO] [stderr]     Checking tokio-util v0.7.10
[INFO] [stderr]     Checking tokio-stream v0.1.14
[INFO] [stderr]     Checking h2 v0.3.24
[INFO] [stderr]     Checking tokio-rustls v0.24.1
[INFO] [stderr]     Checking libp2p-swarm v0.42.2
[INFO] [stderr]     Checking noosphere-common v0.1.2
[INFO] [stderr]     Checking tower v0.4.13
[INFO] [stderr]     Checking netlink-sys v0.8.5
[INFO] [stderr]     Checking noosphere-storage v0.10.1
[INFO] [stderr]     Checking netlink-proto v0.10.0
[INFO] [stderr]     Checking trust-dns-proto v0.22.0
[INFO] [stderr]     Checking rtnetlink v0.10.1
[INFO] [stderr]     Checking iroh-car v0.3.0
[INFO] [stderr]     Checking if-watch v3.2.0
[INFO] [stderr]     Checking libp2p-identify v0.42.2
[INFO] [stderr]     Checking noosphere-collections v0.7.1
[INFO] [stderr]     Checking libp2p-tcp v0.39.0
[INFO] [stderr]     Checking libp2p-connection-limits v0.1.0
[INFO] [stderr]     Checking libp2p-kad v0.43.3
[INFO] [stderr]     Checking libp2p-allow-block-list v0.1.1
[INFO] [stderr]     Checking ipfs-api-prelude v0.6.0
[INFO] [stderr]     Checking toml_edit v0.22.4
[INFO] [stderr]     Checking tower-http v0.4.4
[INFO] [stderr]     Checking clap v4.4.18
[INFO] [stderr]     Checking home v0.5.9
[INFO] [stderr]     Checking trust-dns-resolver v0.22.0
[INFO] [stderr]     Checking toml v0.8.10
[INFO] [stderr]     Checking hyper v0.14.28
[INFO] [stderr]     Checking libp2p-dns v0.39.0
[INFO] [stderr]     Checking libp2p v0.51.4
[INFO] [stderr]     Checking axum-extra v0.9.2
[INFO] [stderr]     Checking hyper-rustls v0.24.2
[INFO] [stderr]     Checking hyper-multipart-rfc7578 v0.8.0
[INFO] [stderr]     Checking reqwest v0.11.20
[INFO] [stderr]     Checking noosphere-core v0.18.1
[INFO] [stderr]     Checking noosphere-ipfs v0.8.6
[INFO] [stderr]     Checking noosphere-ns v0.11.5
[INFO] [stderr]     Checking noosphere-gateway v0.11.0 (/opt/rustwide/workdir)
[INFO] [stdout] error[E0308]: mismatched types
[INFO] [stdout]    --> src/extractors/authority.rs:53:29
[INFO] [stdout]     |
[INFO] [stdout] 53  |             .as_proof_chain(&self.bearer, db)
[INFO] [stdout]     |              -------------- ^^^^^^^^^^^^ expected `Bearer`, found a different `Bearer`
[INFO] [stdout]     |              |
[INFO] [stdout]     |              arguments to this method are incorrect
[INFO] [stdout]     |
[INFO] [stdout]     = note: `Bearer` and `Bearer` have similar names, but are actually distinct types
[INFO] [stdout] note: `Bearer` is defined in crate `headers`
[INFO] [stdout]    --> /opt/rustwide/cargo-home/registry/src/index.crates.io-6f17d22bba15001f/headers-0.3.9/src/common/authorization.rs:184:1
[INFO] [stdout]     |
[INFO] [stdout] 184 | pub struct Bearer(HeaderValueString);
[INFO] [stdout]     | ^^^^^^^^^^^^^^^^^
[INFO] [stdout] note: `Bearer` is defined in crate `headers`
[INFO] [stdout]    --> /opt/rustwide/cargo-home/registry/src/index.crates.io-6f17d22bba15001f/headers-0.4.0/src/common/authorization.rs:184:1
[INFO] [stdout]     |
[INFO] [stdout] 184 | pub struct Bearer(HeaderValueString);
[INFO] [stdout]     | ^^^^^^^^^^^^^^^^^
[INFO] [stdout]     = note: perhaps two different versions of crate `headers` are being used?
[INFO] [stdout] note: method defined here
[INFO] [stdout]    --> /opt/rustwide/cargo-home/registry/src/index.crates.io-6f17d22bba15001f/noosphere-core-0.18.1/src/api/headers/ucan.rs:69:18
[INFO] [stdout]     |
[INFO] [stdout] 69  |     pub async fn as_proof_chain(
[INFO] [stdout]     |                  ^^^^^^^^^^^^^^
[INFO] [stdout] 
[INFO] [stdout] 
[INFO] [stdout] error[E0308]: mismatched types
[INFO] [stdout]    --> src/extractors/authority.rs:53:29
[INFO] [stdout]     |
[INFO] [stdout] 53  |             .as_proof_chain(&self.bearer, db)
[INFO] [stdout]     |              -------------- ^^^^^^^^^^^^ expected `Bearer`, found a different `Bearer`
[INFO] [stdout]     |              |
[INFO] [stdout]     |              arguments to this method are incorrect
[INFO] [stdout]     |
[INFO] [stdout]     = note: `Bearer` and `Bearer` have similar names, but are actually distinct types
[INFO] [stdout] note: `Bearer` is defined in crate `headers`
[INFO] [stdout]    --> /opt/rustwide/cargo-home/registry/src/index.crates.io-6f17d22bba15001f/headers-0.3.9/src/common/authorization.rs:184:1
[INFO] [stdout]     |
[INFO] [stdout] 184 | pub struct Bearer(HeaderValueString);
[INFO] [stdout]     | ^^^^^^^^^^^^^^^^^
[INFO] [stdout] note: `Bearer` is defined in crate `headers`
[INFO] [stdout]    --> /opt/rustwide/cargo-home/registry/src/index.crates.io-6f17d22bba15001f/headers-0.4.0/src/common/authorization.rs:184:1
[INFO] [stdout]     |
[INFO] [stdout] 184 | pub struct Bearer(HeaderValueString);
[INFO] [stdout]     | ^^^^^^^^^^^^^^^^^
[INFO] [stdout]     = note: perhaps two different versions of crate `headers` are being used?
[INFO] [stdout] note: method defined here
[INFO] [stdout]    --> /opt/rustwide/cargo-home/registry/src/index.crates.io-6f17d22bba15001f/noosphere-core-0.18.1/src/api/headers/ucan.rs:69:18
[INFO] [stdout]     |
[INFO] [stdout] 69  |     pub async fn as_proof_chain(
[INFO] [stdout]     |                  ^^^^^^^^^^^^^^
[INFO] [stdout] 
[INFO] [stdout] 
[INFO] [stdout] error[E0277]: `?` couldn't convert the error to `axum::http::StatusCode`
[INFO] [stdout]   --> src/handlers/v0alpha1/push.rs:69:48
[INFO] [stdout]    |
[INFO] [stdout] 69 |     Ok(Cbor(gateway_push_routine.invoke().await?))
[INFO] [stdout]    |                                                ^ the trait `From<noosphere_core::api::v0alpha1::PushError>` is not implemented for `axum::http::StatusCode`, which is required by `std::result::Result<extractors::cbor::Cbor<noosphere_core::api::v0alpha1::PushResponse>, axum::http::StatusCode>: FromResidual<std::result::Result<Infallible, noosphere_core::api::v0alpha1::PushError>>`
[INFO] [stdout]    |
[INFO] [stdout]    = note: the question mark operation (`?`) implicitly performs a conversion on the error value using the `From` trait
[INFO] [stdout]    = help: the trait `From<&axum::http::StatusCode>` is implemented for `axum::http::StatusCode`
[INFO] [stdout]    = help: for that trait implementation, expected `&axum::http::StatusCode`, found `noosphere_core::api::v0alpha1::PushError`
[INFO] [stdout]    = note: required for `std::result::Result<extractors::cbor::Cbor<noosphere_core::api::v0alpha1::PushResponse>, axum::http::StatusCode>` to implement `FromResidual<std::result::Result<Infallible, noosphere_core::api::v0alpha1::PushError>>`
[INFO] [stdout] 
[INFO] [stdout] 
[INFO] [stdout] error[E0277]: `?` couldn't convert the error to `axum::http::StatusCode`
[INFO] [stdout]   --> src/handlers/v0alpha1/push.rs:69:48
[INFO] [stdout]    |
[INFO] [stdout] 69 |     Ok(Cbor(gateway_push_routine.invoke().await?))
[INFO] [stdout]    |                                                ^ the trait `From<noosphere_core::api::v0alpha1::PushError>` is not implemented for `axum::http::StatusCode`, which is required by `Result<extractors::cbor::Cbor<noosphere_core::api::v0alpha1::PushResponse>, axum::http::StatusCode>: FromResidual<Result<Infallible, noosphere_core::api::v0alpha1::PushError>>`
[INFO] [stdout]    |
[INFO] [stdout]    = note: the question mark operation (`?`) implicitly performs a conversion on the error value using the `From` trait
[INFO] [stdout]    = help: the trait `From<&axum::http::StatusCode>` is implemented for `axum::http::StatusCode`
[INFO] [stdout]    = help: for that trait implementation, expected `&axum::http::StatusCode`, found `noosphere_core::api::v0alpha1::PushError`
[INFO] [stdout]    = note: required for `Result<extractors::cbor::Cbor<noosphere_core::api::v0alpha1::PushResponse>, axum::http::StatusCode>` to implement `FromResidual<Result<Infallible, noosphere_core::api::v0alpha1::PushError>>`
[INFO] [stdout] 
[INFO] [stdout] 
[INFO] [stdout] error[E0277]: the trait bound `axum::http::StatusCode: From<&noosphere_core::api::v0alpha2::PushError>` is not satisfied
[INFO] [stdout]   --> src/error.rs:34:13
[INFO] [stdout]    |
[INFO] [stdout] 34 |             StatusCode::from(&value),
[INFO] [stdout]    |             ^^^^^^^^^^ the trait `From<&noosphere_core::api::v0alpha2::PushError>` is not implemented for `axum::http::StatusCode`
[INFO] [stdout]    |
[INFO] [stdout]    = help: the trait `From<&axum::http::StatusCode>` is implemented for `axum::http::StatusCode`
[INFO] [stdout]    = help: for that trait implementation, expected `axum::http::StatusCode`, found `noosphere_core::api::v0alpha2::PushError`
[INFO] [stdout] 
[INFO] [stdout] 
[INFO] [stdout] error[E0599]: the function or associated item `from_request_parts` exists for struct `TypedHeader<Ucan>`, but its trait bounds were not satisfied
[INFO] [stdout]   --> src/extractors/authority.rs:87:53
[INFO] [stdout]    |
[INFO] [stdout] 87 |             TypedHeader::<noosphere_headers::Ucan>::from_request_parts(parts, state)
[INFO] [stdout]    |                                                     ^^^^^^^^^^^^^^^^^^ function or associated item cannot be called on `TypedHeader<Ucan>` due to unsatisfied trait bounds
[INFO] [stdout]    |
[INFO] [stdout]   ::: /opt/rustwide/cargo-home/registry/src/index.crates.io-6f17d22bba15001f/noosphere-core-0.18.1/src/api/headers/ucan.rs:21:1
[INFO] [stdout]    |
[INFO] [stdout] 21 | pub struct Ucan(Vec<(Cid, Jwt)>);
[INFO] [stdout]    | --------------- doesn't satisfy `_: Header`
[INFO] [stdout]    |
[INFO] [stdout]   ::: /opt/rustwide/cargo-home/registry/src/index.crates.io-6f17d22bba15001f/axum-0.6.20/src/typed_header.rs:54:1
[INFO] [stdout]    |
[INFO] [stdout] 54 | pub struct TypedHeader<T>(pub T);
[INFO] [stdout]    | ------------------------- doesn't satisfy `_: FromRequestParts<_>`
[INFO] [stdout]    |
[INFO] [stdout]    = note: the following trait bounds were not satisfied:
[INFO] [stdout]            `noosphere_core::api::headers::Ucan: axum::headers::Header`
[INFO] [stdout]            which is required by `TypedHeader<noosphere_core::api::headers::Ucan>: FromRequestParts<_>`
[INFO] [stdout] 
[INFO] [stdout] 
[INFO] [stdout] error[E0277]: the trait bound `axum::http::StatusCode: From<&noosphere_core::api::v0alpha2::PushError>` is not satisfied
[INFO] [stdout]   --> src/error.rs:34:13
[INFO] [stdout]    |
[INFO] [stdout] 34 |             StatusCode::from(&value),
[INFO] [stdout]    |             ^^^^^^^^^^ the trait `From<&noosphere_core::api::v0alpha2::PushError>` is not implemented for `axum::http::StatusCode`
[INFO] [stdout]    |
[INFO] [stdout]    = help: the trait `From<&axum::http::StatusCode>` is implemented for `axum::http::StatusCode`
[INFO] [stdout]    = help: for that trait implementation, expected `axum::http::StatusCode`, found `noosphere_core::api::v0alpha2::PushError`
[INFO] [stdout] 
[INFO] [stdout] 
[INFO] [stdout] error[E0599]: the function or associated item `from_request_parts` exists for struct `TypedHeader<Ucan>`, but its trait bounds were not satisfied
[INFO] [stdout]   --> src/extractors/authority.rs:87:53
[INFO] [stdout]    |
[INFO] [stdout] 87 |             TypedHeader::<noosphere_headers::Ucan>::from_request_parts(parts, state)
[INFO] [stdout]    |                                                     ^^^^^^^^^^^^^^^^^^ function or associated item cannot be called on `TypedHeader<Ucan>` due to unsatisfied trait bounds
[INFO] [stdout]    |
[INFO] [stdout]   ::: /opt/rustwide/cargo-home/registry/src/index.crates.io-6f17d22bba15001f/noosphere-core-0.18.1/src/api/headers/ucan.rs:21:1
[INFO] [stdout]    |
[INFO] [stdout] 21 | pub struct Ucan(Vec<(Cid, Jwt)>);
[INFO] [stdout]    | --------------- doesn't satisfy `_: Header`
[INFO] [stdout]    |
[INFO] [stdout]   ::: /opt/rustwide/cargo-home/registry/src/index.crates.io-6f17d22bba15001f/axum-0.6.20/src/typed_header.rs:54:1
[INFO] [stdout]    |
[INFO] [stdout] 54 | pub struct TypedHeader<T>(pub T);
[INFO] [stdout]    | ------------------------- doesn't satisfy `_: FromRequestParts<_>`
[INFO] [stdout]    |
[INFO] [stdout]    = note: the following trait bounds were not satisfied:
[INFO] [stdout]            `noosphere_core::api::headers::Ucan: axum::headers::Header`
[INFO] [stdout]            which is required by `TypedHeader<noosphere_core::api::headers::Ucan>: FromRequestParts<_>`
[INFO] [stdout] 
[INFO] [stdout] 
[INFO] [stdout] error: aborting due to 4 previous errors
[INFO] [stdout] 
[INFO] [stdout] 
[INFO] [stdout] Some errors have detailed explanations: E0277, E0308, E0599.
[INFO] [stdout] 
[INFO] [stdout] For more information about an error, try `rustc --explain E0277`.
[INFO] [stdout] 
[INFO] [stdout] error: aborting due to 4 previous errors
[INFO] [stdout] 
[INFO] [stdout] 
[INFO] [stdout] Some errors have detailed explanations: E0277, E0308, E0599.
[INFO] [stdout] 
[INFO] [stdout] For more information about an error, try `rustc --explain E0277`.
[INFO] [stdout] 
[INFO] [stderr] error: could not compile `noosphere-gateway` (lib test) due to 5 previous errors
[INFO] [stderr] warning: build failed, waiting for other jobs to finish...
[INFO] [stderr] error: could not compile `noosphere-gateway` (lib) due to 5 previous errors
[INFO] running `Command { std: "docker" "inspect" "d8c241ee2f17c2c25636fa3b6609fe811ec1f983cd9c9ad4ce1ccf647e439271", kill_on_drop: false }`
[INFO] running `Command { std: "docker" "rm" "-f" "d8c241ee2f17c2c25636fa3b6609fe811ec1f983cd9c9ad4ce1ccf647e439271", kill_on_drop: false }`
[INFO] [stdout] d8c241ee2f17c2c25636fa3b6609fe811ec1f983cd9c9ad4ce1ccf647e439271
