[INFO] fetching crate noosphere-cli 0.16.0...
[INFO] checking noosphere-cli-0.16.0 against nightly-2024-02-05 for check-cfg
[INFO] extracting crate noosphere-cli 0.16.0 into /workspace/builds/worker-0-tc1/source
[INFO] validating manifest of crates.io crate noosphere-cli 0.16.0 on toolchain nightly-2024-02-05
[INFO] running `Command { std: CARGO_HOME="/workspace/cargo-home" RUSTUP_HOME="/workspace/rustup-home" "/workspace/cargo-home/bin/cargo" "+nightly-2024-02-05" "metadata" "--manifest-path" "Cargo.toml" "--no-deps", kill_on_drop: false }`
[INFO] started tweaking crates.io crate noosphere-cli 0.16.0
[INFO] finished tweaking crates.io crate noosphere-cli 0.16.0
[INFO] tweaked toml for crates.io crate noosphere-cli 0.16.0 written to /workspace/builds/worker-0-tc1/source/Cargo.toml
[INFO] crate crates.io crate noosphere-cli 0.16.0 already has a lockfile, it will not be regenerated
[INFO] running `Command { std: CARGO_HOME="/workspace/cargo-home" RUSTUP_HOME="/workspace/rustup-home" "/workspace/cargo-home/bin/cargo" "+nightly-2024-02-05" "fetch" "--manifest-path" "Cargo.toml", kill_on_drop: false }`
[INFO] [stderr]     Updating crates.io index
[INFO] [stderr]  Downloading crates ...
[INFO] [stderr]   Downloaded noosphere-collections v0.7.0
[INFO] [stderr]   Downloaded ucan v0.4.0
[INFO] [stderr]   Downloaded hyper-multipart-rfc7578 v0.8.0
[INFO] [stderr]   Downloaded platforms v3.1.2
[INFO] [stderr]   Downloaded cs_serde_bytes v0.12.2
[INFO] [stderr]   Downloaded multihash v0.18.1
[INFO] [stderr]   Downloaded noosphere-storage v0.10.0
[INFO] [stderr]   Downloaded common-multipart-rfc7578 v0.6.0
[INFO] [stderr]   Downloaded blake3 v1.4.1
[INFO] [stderr]   Downloaded libipld-json v0.16.0
[INFO] [stderr]   Downloaded derive_builder_macro v0.11.2
[INFO] [stderr]   Downloaded forest_hash_utils v0.1.0
[INFO] [stderr]   Downloaded serde-big-array v0.3.3
[INFO] [stderr]   Downloaded ext-trait-proc_macros v1.0.1
[INFO] [stderr]   Downloaded ucan-key-support v0.1.7
[INFO] [stderr]   Downloaded safer-ffi v0.1.4
[INFO] [stderr]   Downloaded async-utf8-decoder v0.3.3
[INFO] [stderr]   Downloaded inventory-impl v0.1.11
[INFO] [stderr]   Downloaded extension-traits v1.0.1
[INFO] [stderr]   Downloaded with_builtin_macros-proc_macros v0.0.3
[INFO] [stderr]   Downloaded async-once-cell v0.4.4
[INFO] [stderr]   Downloaded libipld-cbor-derive v0.16.0
[INFO] [stderr]   Downloaded if-watch v3.0.1
[INFO] [stderr]   Downloaded if-addrs v0.7.0
[INFO] [stderr]   Downloaded noosphere-into v0.11.5
[INFO] [stderr]   Downloaded ext-trait v1.0.1
[INFO] [stderr]   Downloaded rsa v0.9.2
[INFO] [stderr]   Downloaded fiat-crypto v0.2.1
[INFO] [stderr]   Downloaded curve25519-dalek v4.1.0
[INFO] [stderr]   Downloaded aes-gcm v0.10.2
[INFO] [stderr]   Downloaded libp2p-gossipsub v0.44.4
[INFO] [stderr]   Downloaded p384 v0.11.2
[INFO] [stderr]   Downloaded webrtc v0.6.0
[INFO] [stderr]   Downloaded quinn-proto v0.9.5
[INFO] [stderr]   Downloaded webrtc-util v0.7.0
[INFO] [stderr]   Downloaded noosphere-ns v0.11.5
[INFO] [stderr]   Downloaded interceptor v0.8.2
[INFO] [stderr]   Downloaded webrtc-mdns v0.5.2
[INFO] [stderr]   Downloaded noosphere-core v0.18.0
[INFO] [stderr]   Downloaded webrtc-ice v0.9.1
[INFO] [stderr]   Downloaded rtp v0.6.8
[INFO] [stderr]   Downloaded cid v0.10.1
[INFO] [stderr]   Downloaded turn v0.6.1
[INFO] [stderr]   Downloaded webrtc-sctp v0.7.0
[INFO] [stderr]   Downloaded rtcp v0.7.2
[INFO] [stderr]   Downloaded noosphere v0.16.0
[INFO] [stderr]   Downloaded webpki v0.22.1
[INFO] [stderr]   Downloaded noosphere-gateway v0.11.0
[INFO] [stderr]   Downloaded sdp v0.5.3
[INFO] [stderr]   Downloaded stun v0.4.4
[INFO] [stderr]   Downloaded p256 v0.11.1
[INFO] [stderr]   Downloaded safer_ffi-proc_macros v0.1.4
[INFO] [stderr]   Downloaded witty-phrase-generator v0.2.0
[INFO] [stderr]   Downloaded derive_builder v0.11.2
[INFO] [stderr]   Downloaded webrtc-data v0.6.0
[INFO] [stderr]   Downloaded with_builtin_macros v0.0.3
[INFO] [stderr]   Downloaded libipld v0.16.0
[INFO] [stderr]   Downloaded webrtc-media v0.5.1
[INFO] [stderr]   Downloaded rexie v0.5.0
[INFO] [stderr]   Downloaded webrtc-srtp v0.9.1
[INFO] [stderr]   Downloaded unwind_safe v0.1.0
[INFO] [stderr]   Downloaded libp2p-webrtc v0.4.0-alpha.4
[INFO] [stderr]   Downloaded subtext v0.3.4
[INFO] [stderr]   Downloaded derive_builder_core v0.11.2
[INFO] [stderr]   Downloaded webrtc-dtls v0.7.2
[INFO] [stderr]   Downloaded noosphere-common v0.1.2
[INFO] [stderr]   Downloaded noosphere-ipfs v0.8.5
[INFO] [stderr]   Downloaded pem-rfc7468 v0.6.0
[INFO] [stderr]   Downloaded libipld-cbor v0.16.0
[INFO] [stderr]   Downloaded inventory v0.1.11
[INFO] [stderr]   Downloaded uninit v0.5.1
[INFO] [stderr]   Downloaded ghost v0.1.14
[INFO] [stderr]   Downloaded fastcdc v3.1.0
[INFO] [stderr]   Downloaded libipld-pb v0.16.0
[INFO] [stderr]   Downloaded ipfs-api-prelude v0.6.0
[INFO] [stderr]   Downloaded rustls-webpki v0.101.5
[INFO] [stderr]   Downloaded horrorshow v0.8.4
[INFO] [stderr]   Downloaded libp2p v0.51.3
[INFO] [stderr]   Downloaded libipld-macro v0.16.0
[INFO] [stderr]   Downloaded async-compat v0.2.1
[INFO] [stderr]   Downloaded libipld-core v0.16.0
[INFO] [stderr]   Downloaded iroh-car v0.3.0
[INFO] [stderr]   Downloaded npm_rs v1.0.0
[INFO] running `Command { std: "docker" "create" "-v" "/var/lib/crater-agent-workspace/builds/worker-0-tc1/target:/opt/rustwide/target:rw,Z" "-v" "/var/lib/crater-agent-workspace/builds/worker-0-tc1/source:/opt/rustwide/workdir:ro,Z" "-v" "/var/lib/crater-agent-workspace/cargo-home:/opt/rustwide/cargo-home:ro,Z" "-v" "/var/lib/crater-agent-workspace/rustup-home:/opt/rustwide/rustup-home:ro,Z" "-e" "SOURCE_DIR=/opt/rustwide/workdir" "-e" "CARGO_TARGET_DIR=/opt/rustwide/target" "-e" "CARGO_HOME=/opt/rustwide/cargo-home" "-e" "RUSTUP_HOME=/opt/rustwide/rustup-home" "-w" "/opt/rustwide/workdir" "-m" "1610612736" "--user" "0:0" "--network" "none" "ghcr.io/rust-lang/crates-build-env/linux@sha256:2788e3201cd34a07e3172128adcd8b3090168a8e3bcc40d7c032b9dda1df7d1c" "/opt/rustwide/cargo-home/bin/cargo" "+nightly-2024-02-05" "metadata" "--no-deps" "--format-version=1", kill_on_drop: false }`
[INFO] [stdout] 6aa04d0aaeeb1b3eccd0661135ed8f79132c12c6ef89c236ee2f419271f303b4
[INFO] running `Command { std: "docker" "start" "-a" "6aa04d0aaeeb1b3eccd0661135ed8f79132c12c6ef89c236ee2f419271f303b4", kill_on_drop: false }`
[INFO] running `Command { std: "docker" "inspect" "6aa04d0aaeeb1b3eccd0661135ed8f79132c12c6ef89c236ee2f419271f303b4", kill_on_drop: false }`
[INFO] running `Command { std: "docker" "rm" "-f" "6aa04d0aaeeb1b3eccd0661135ed8f79132c12c6ef89c236ee2f419271f303b4", kill_on_drop: false }`
[INFO] [stdout] 6aa04d0aaeeb1b3eccd0661135ed8f79132c12c6ef89c236ee2f419271f303b4
[INFO] running `Command { std: "docker" "create" "-v" "/var/lib/crater-agent-workspace/builds/worker-0-tc1/target:/opt/rustwide/target:rw,Z" "-v" "/var/lib/crater-agent-workspace/builds/worker-0-tc1/source:/opt/rustwide/workdir:ro,Z" "-v" "/var/lib/crater-agent-workspace/cargo-home:/opt/rustwide/cargo-home:ro,Z" "-v" "/var/lib/crater-agent-workspace/rustup-home:/opt/rustwide/rustup-home:ro,Z" "-e" "SOURCE_DIR=/opt/rustwide/workdir" "-e" "CARGO_TARGET_DIR=/opt/rustwide/target" "-e" "CARGO_INCREMENTAL=0" "-e" "RUST_BACKTRACE=full" "-e" "RUSTFLAGS=--cap-lints=forbid" "-e" "RUSTDOCFLAGS=--cap-lints=forbid" "-e" "CARGO_HOME=/opt/rustwide/cargo-home" "-e" "RUSTUP_HOME=/opt/rustwide/rustup-home" "-w" "/opt/rustwide/workdir" "-m" "1610612736" "--user" "0:0" "--network" "none" "ghcr.io/rust-lang/crates-build-env/linux@sha256:2788e3201cd34a07e3172128adcd8b3090168a8e3bcc40d7c032b9dda1df7d1c" "/opt/rustwide/cargo-home/bin/cargo" "+nightly-2024-02-05" "check" "--frozen" "--all" "--all-targets" "--message-format=json", kill_on_drop: false }`
[INFO] [stdout] 5fdc3b1334e87572f62baa8ac75fafbff88c394c2ca3b8acfc6200bef4208e6b
[INFO] running `Command { std: "docker" "start" "-a" "5fdc3b1334e87572f62baa8ac75fafbff88c394c2ca3b8acfc6200bef4208e6b", kill_on_drop: false }`
[INFO] [stderr]    Compiling proc-macro2 v1.0.66
[INFO] [stderr]    Compiling unicode-ident v1.0.11
[INFO] [stderr]    Compiling libc v0.2.147
[INFO] [stderr]    Compiling typenum v1.16.0
[INFO] [stderr]    Compiling generic-array v0.14.7
[INFO] [stderr]    Compiling syn v1.0.109
[INFO] [stderr]     Checking subtle v2.4.1
[INFO] [stderr]     Checking const-oid v0.9.5
[INFO] [stderr]    Compiling thiserror v1.0.48
[INFO] [stderr]     Checking scopeguard v1.2.0
[INFO] [stderr]     Checking byteorder v1.4.3
[INFO] [stderr]     Checking lock_api v0.4.10
[INFO] [stderr]    Compiling serde v1.0.192
[INFO] [stderr]    Compiling unicode-xid v0.2.4
[INFO] [stderr]    Compiling data-encoding v2.4.0
[INFO] [stderr]     Checking core2 v0.4.0
[INFO] [stderr]     Checking base-x v0.2.11
[INFO] [stderr]     Checking unicode-bidi v0.3.13
[INFO] [stderr]     Checking instant v0.1.12
[INFO] [stderr]    Compiling semver v1.0.18
[INFO] [stderr]    Compiling quote v1.0.33
[INFO] [stderr]     Checking idna v0.4.0
[INFO] [stderr]    Compiling syn v2.0.32
[INFO] [stderr]    Compiling proc-macro-error-attr v1.0.4
[INFO] [stderr]    Compiling cc v1.0.83
[INFO] [stderr]     Checking quick-protobuf v0.8.1
[INFO] [stderr]     Checking getrandom v0.2.10
[INFO] [stderr]     Checking num_cpus v1.16.0
[INFO] [stderr]     Checking rand_core v0.6.4
[INFO] [stderr]     Checking parking_lot_core v0.9.8
[INFO] [stderr]     Checking signal-hook-registry v1.4.1
[INFO] [stderr]     Checking socket2 v0.5.4
[INFO] [stderr]     Checking mio v0.8.8
[INFO] [stderr]     Checking rand_chacha v0.3.1
[INFO] [stderr]     Checking parking_lot v0.12.1
[INFO] [stderr]     Checking rand v0.8.5
[INFO] [stderr]    Compiling rustc_version v0.4.0
[INFO] [stderr]     Checking blake2b_simd v1.0.2
[INFO] [stderr]     Checking blake2s_simd v1.0.2
[INFO] [stderr]    Compiling async-trait v0.1.73
[INFO] [stderr]    Compiling serde_json v1.0.107
[INFO] [stderr]    Compiling platforms v3.1.2
[INFO] [stderr]    Compiling ahash v0.7.6
[INFO] [stderr]    Compiling blake3 v1.4.1
[INFO] [stderr]    Compiling ring v0.16.20
[INFO] [stderr]     Checking base64ct v1.6.0
[INFO] [stderr]    Compiling curve25519-dalek v4.1.0
[INFO] [stderr]     Checking pem-rfc7468 v0.7.0
[INFO] [stderr]     Checking hashbrown v0.12.3
[INFO] [stderr]     Checking lazy_static v1.4.0
[INFO] [stderr]     Checking void v1.0.2
[INFO] [stderr]     Checking socket2 v0.4.9
[INFO] [stderr]    Compiling unicase v2.7.0
[INFO] [stderr]    Compiling toml v0.5.11
[INFO] [stderr]     Checking ipnet v2.8.0
[INFO] [stderr]    Compiling libm v0.2.7
[INFO] [stderr]     Checking indexmap v1.9.3
[INFO] [stderr]     Checking getrandom v0.1.16
[INFO] [stderr]    Compiling num-traits v0.2.16
[INFO] [stderr]    Compiling parking_lot_core v0.8.6
[INFO] [stderr]     Checking base64 v0.21.4
[INFO] [stderr]     Checking rand_core v0.5.1
[INFO] [stderr]     Checking ff v0.13.0
[INFO] [stderr]    Compiling num-integer v0.1.45
[INFO] [stderr]    Compiling crossbeam-epoch v0.9.15
[INFO] [stderr]     Checking base16ct v0.2.0
[INFO] [stderr]    Compiling rustls v0.21.7
[INFO] [stderr]    Compiling synstructure v0.12.6
[INFO] [stderr]    Compiling proc-macro-error v1.0.4
[INFO] [stderr]     Checking group v0.13.0
[INFO] [stderr]    Compiling num-iter v0.1.43
[INFO] [stderr]     Checking hex v0.4.3
[INFO] [stderr]     Checking strum v0.24.1
[INFO] [stderr]    Compiling mime_guess v2.0.4
[INFO] [stderr]     Checking parking_lot v0.11.2
[INFO] [stderr]     Checking fs2 v0.4.3
[INFO] [stderr]     Checking fxhash v0.2.1
[INFO] [stderr]     Checking aho-corasick v1.0.5
[INFO] [stderr]    Compiling num-bigint-dig v0.8.4
[INFO] [stderr]     Checking regex-syntax v0.7.5
[INFO] [stderr]     Checking sled v0.34.7
[INFO] [stderr]     Checking sct v0.7.0
[INFO] [stderr]     Checking rustls-webpki v0.101.5
[INFO] [stderr]    Compiling prettyplease v0.1.25
[INFO] [stderr]    Compiling macro_rules_attribute-proc_macro v0.1.3
[INFO] [stderr]    Compiling crunchy v0.2.2
[INFO] [stderr]     Checking match_cfg v0.1.0
[INFO] [stderr]     Checking matches v0.1.10
[INFO] [stderr]     Checking idna v0.2.3
[INFO] [stderr]     Checking hostname v0.3.1
[INFO] [stderr]     Checking regex-automata v0.3.8
[INFO] [stderr]     Checking rustls-pemfile v1.0.3
[INFO] [stderr]     Checking nix v0.24.3
[INFO] [stderr]    Compiling snow v0.9.3
[INFO] [stderr]    Compiling inventory v0.1.11
[INFO] [stderr]    Compiling serde_derive v1.0.192
[INFO] [stderr]    Compiling zeroize_derive v1.4.2
[INFO] [stderr]    Compiling futures-macro v0.3.29
[INFO] [stderr]    Compiling thiserror-impl v1.0.48
[INFO] [stderr]    Compiling tokio-macros v2.1.0
[INFO] [stderr]    Compiling data-encoding-macro-internal v0.1.11
[INFO] [stderr]    Compiling tracing-attributes v0.1.27
[INFO] [stderr]     Checking zeroize v1.6.0
[INFO] [stderr]     Checking data-encoding-macro v0.1.13
[INFO] [stderr]    Compiling pin-project-internal v1.1.3
[INFO] [stderr]     Checking multibase v0.9.1
[INFO] [stderr]     Checking futures-util v0.3.29
[INFO] [stderr]    Compiling curve25519-dalek-derive v0.1.0
[INFO] [stderr]     Checking crypto-common v0.1.6
[INFO] [stderr]     Checking block-buffer v0.10.4
[INFO] [stderr]     Checking digest v0.10.7
[INFO] [stderr]    Compiling proc-macro-crate v1.1.3
[INFO] [stderr]     Checking sha2 v0.10.8
[INFO] [stderr]     Checking signature v2.1.0
[INFO] [stderr]    Compiling multihash-derive v0.8.1
[INFO] [stderr]     Checking sha3 v0.10.8
[INFO] [stderr]     Checking ed25519 v2.2.2
[INFO] [stderr]     Checking der v0.7.8
[INFO] [stderr]     Checking tracing v0.1.40
[INFO] [stderr]     Checking digest v0.9.0
[INFO] [stderr]     Checking curve25519-dalek v3.2.0
[INFO] [stderr]     Checking hmac v0.12.1
[INFO] [stderr]     Checking pin-project v1.1.3
[INFO] [stderr]     Checking netlink-packet-utils v0.5.2
[INFO] [stderr]     Checking crypto-bigint v0.5.3
[INFO] [stderr]    Compiling strum_macros v0.25.2
[INFO] [stderr]    Compiling async-recursion v1.0.5
[INFO] [stderr]     Checking spki v0.7.2
[INFO] [stderr]     Checking netlink-packet-core v0.4.2
[INFO] [stderr]     Checking ed25519-dalek v2.0.0
[INFO] [stderr]     Checking pkcs8 v0.10.2
[INFO] [stderr]    Compiling libp2p-swarm-derive v0.32.0
[INFO] [stderr]     Checking sec1 v0.7.3
[INFO] [stderr]    Compiling async-stream-impl v0.3.5
[INFO] [stderr]     Checking rfc6979 v0.4.0
[INFO] [stderr]     Checking block-buffer v0.9.0
[INFO] [stderr]    Compiling ext-trait-proc_macros v1.0.1
[INFO] [stderr]     Checking sha2 v0.9.9
[INFO] [stderr]     Checking futures-executor v0.3.29
[INFO] [stderr]     Checking pkcs1 v0.7.5
[INFO] [stderr]     Checking futures v0.3.29
[INFO] [stderr]     Checking netlink-packet-route v0.12.0
[INFO] [stderr]     Checking rw-stream-sink v0.3.0
[INFO] [stderr]     Checking elliptic-curve v0.13.5
[INFO] [stderr]    Compiling libipld-cbor-derive v0.16.0
[INFO] [stderr]     Checking ext-trait v1.0.1
[INFO] [stderr]     Checking async-stream v0.3.5
[INFO] [stderr]     Checking sha1 v0.10.5
[INFO] [stderr]     Checking regex v1.9.5
[INFO] [stderr]     Checking primeorder v0.13.2
[INFO] [stderr]     Checking ecdsa v0.16.8
[INFO] [stderr]    Compiling enum-as-inner v0.5.1
[INFO] [stderr]     Checking quick-error v1.2.3
[INFO] [stderr]     Checking lru-cache v0.1.2
[INFO] [stderr]     Checking resolv-conf v0.7.0
[INFO] [stderr]     Checking p256 v0.13.2
[INFO] [stderr]     Checking extension-traits v1.0.1
[INFO] [stderr]     Checking pbkdf2 v0.11.0
[INFO] [stderr]    Compiling with_builtin_macros-proc_macros v0.0.3
[INFO] [stderr]    Compiling ctor v0.1.26
[INFO] [stderr]    Compiling inventory-impl v0.1.11
[INFO] [stderr]     Checking rsa v0.9.2
[INFO] [stderr]    Compiling ghost v0.1.14
[INFO] [stderr]     Checking hashbrown v0.13.2
[INFO] [stderr]    Compiling macro_rules_attribute v0.1.3
[INFO] [stderr]     Checking sharded-slab v0.1.4
[INFO] [stderr]    Compiling axum-core v0.3.4
[INFO] [stderr]     Checking dirs-sys v0.3.7
[INFO] [stderr]     Checking tracing-log v0.2.0
[INFO] [stderr]     Checking anstyle v1.0.3
[INFO] [stderr]     Checking nohash-hasher v0.2.0
[INFO] [stderr]    Compiling safer-ffi v0.1.4
[INFO] [stderr]     Checking hashbrown v0.14.0
[INFO] [stderr]     Checking yamux v0.10.2
[INFO] [stderr]     Checking anstream v0.6.4
[INFO] [stderr]     Checking lru v0.10.1
[INFO] [stderr]     Checking tiny-bip39 v1.0.0
[INFO] [stderr]    Compiling noosphere v0.16.0
[INFO] [stderr]     Checking dirs v4.0.0
[INFO] [stderr]     Checking with_builtin_macros v0.0.3
[INFO] [stderr]     Checking uint v0.9.5
[INFO] [stderr]    Compiling pkg-version-impl v0.1.1
[INFO] [stderr]     Checking uninit v0.5.1
[INFO] [stderr]     Checking x25519-dalek v1.1.1
[INFO] [stderr]    Compiling axum v0.6.20
[INFO] [stderr]     Checking fastcdc v3.1.0
[INFO] [stderr]     Checking unwind_safe v0.1.0
[INFO] [stderr]    Compiling safer_ffi-proc_macros v0.1.4
[INFO] [stderr]     Checking indexmap v2.0.0
[INFO] [stderr]     Checking winnow v0.5.15
[INFO] [stderr]     Checking strum v0.25.0
[INFO] [stderr]     Checking bytes v1.5.0
[INFO] [stderr]     Checking serde-big-array v0.3.3
[INFO] [stderr]     Checking url v2.4.1
[INFO] [stderr]     Checking serde_bytes v0.11.12
[INFO] [stderr]     Checking serde_urlencoded v0.7.1
[INFO] [stderr]     Checking cs_serde_bytes v0.12.2
[INFO] [stderr]     Checking tracing-serde v0.1.3
[INFO] [stderr]     Checking ed25519-zebra v3.1.0
[INFO] [stderr]     Checking forest_hash_utils v0.1.0
[INFO] [stderr]     Checking asynchronous-codec v0.6.2
[INFO] [stderr]     Checking tokio v1.32.0
[INFO] [stderr]     Checking http v0.2.9
[INFO] [stderr]     Checking unsigned-varint v0.7.2
[INFO] [stderr]     Checking serde_spanned v0.6.3
[INFO] [stderr]     Checking toml_datetime v0.6.3
[INFO] [stderr]     Checking multihash v0.18.1
[INFO] [stderr]     Checking multihash v0.17.0
[INFO] [stderr]     Checking multistream-select v0.12.1
[INFO] [stderr]     Checking multiaddr v0.17.1
[INFO] [stderr]     Checking tracing-subscriber v0.3.18
[INFO] [stderr]     Checking cid v0.10.1
[INFO] [stderr]     Checking quick-protobuf-codec v0.1.0
[INFO] [stderr]     Checking async-once-cell v0.4.4
[INFO] [stderr]     Checking libipld-core v0.16.0
[INFO] [stderr]     Checking libp2p-identity v0.1.3
[INFO] [stderr]     Checking http-body v0.4.5
[INFO] [stderr]     Checking headers-core v0.2.0
[INFO] [stderr]     Checking libp2p-core v0.39.2
[INFO] [stderr]     Checking headers v0.3.8
[INFO] [stderr]     Checking common-multipart-rfc7578 v0.6.0
[INFO] [stderr]     Checking libipld-json v0.16.0
[INFO] [stderr]     Checking libipld-cbor v0.16.0
[INFO] [stderr]     Checking libipld-pb v0.16.0
[INFO] [stderr]     Checking ucan v0.4.0
[INFO] [stderr]     Checking libipld-macro v0.16.0
[INFO] [stderr]     Checking toml_edit v0.20.2
[INFO] [stderr]     Checking libipld v0.16.0
[INFO] [stderr]     Checking clap_builder v4.4.6
[INFO] [stderr]     Checking libp2p-yamux v0.43.1
[INFO] [stderr]     Checking ucan-key-support v0.1.7
[INFO] [stderr]     Checking libp2p-noise v0.42.2
[INFO] [stderr]     Checking pkg-version v1.0.0
[INFO] [stderr]     Checking serde_path_to_error v0.1.14
[INFO] [stderr]     Checking subtext v0.3.4
[INFO] [stderr]    Compiling clap_derive v4.4.2
[INFO] [stderr]    Compiling axum-macros v0.3.8
[INFO] [stderr]     Checking itertools v0.11.0
[INFO] [stderr]     Checking matchit v0.7.2
[INFO] [stderr]     Checking http-range-header v0.3.1
[INFO] [stderr]    Compiling rustix v0.38.13
[INFO] [stderr]     Checking tower-http v0.4.4
[INFO] [stderr]     Checking toml v0.8.2
[INFO] [stderr]     Checking dirs-sys v0.4.1
[INFO] [stderr]     Checking getopts v0.2.21
[INFO] [stderr]     Checking bstr v1.6.2
[INFO] [stderr]     Checking witty-phrase-generator v0.2.0
[INFO] [stderr]     Checking tokio-util v0.7.10
[INFO] [stderr]     Checking tokio-stream v0.1.14
[INFO] [stderr]     Checking libp2p-swarm v0.42.2
[INFO] [stderr]     Checking netlink-sys v0.8.5
[INFO] [stderr]     Checking noosphere-common v0.1.2
[INFO] [stderr]     Checking tokio-rustls v0.24.1
[INFO] [stderr]     Checking noosphere-storage v0.10.0
[INFO] [stderr]     Checking h2 v0.3.21
[INFO] [stderr]     Checking netlink-proto v0.10.0
[INFO] [stderr]     Checking trust-dns-proto v0.22.0
[INFO] [stderr]     Checking rtnetlink v0.10.1
[INFO] [stderr]     Checking iroh-car v0.3.0
[INFO] [stderr]     Checking noosphere-collections v0.7.0
[INFO] [stderr]     Checking libp2p-identify v0.42.2
[INFO] [stderr]     Checking if-watch v3.0.1
[INFO] [stderr]     Checking libp2p-kad v0.43.3
[INFO] [stderr]     Checking libp2p-tcp v0.39.0
[INFO] [stderr]     Checking libp2p-allow-block-list v0.1.1
[INFO] [stderr]     Checking libp2p-connection-limits v0.1.0
[INFO] [stderr]     Checking ipfs-api-prelude v0.6.0
[INFO] [stderr]     Checking tower v0.4.13
[INFO] [stderr]     Checking async-compat v0.2.1
[INFO] [stderr]     Checking clap v4.4.6
[INFO] [stderr]     Checking tempfile v3.8.0
[INFO] [stderr]     Checking globset v0.4.13
[INFO] [stderr]     Checking directories v5.0.1
[INFO] [stderr]     Checking symlink v0.1.0
[INFO] [stderr]     Checking trust-dns-resolver v0.22.0
[INFO] [stderr]     Checking libp2p-dns v0.39.0
[INFO] [stderr]     Checking libp2p v0.51.3
[INFO] [stderr]     Checking hyper v0.14.27
[INFO] [stderr]     Checking hyper-rustls v0.24.1
[INFO] [stderr]     Checking hyper-multipart-rfc7578 v0.8.0
[INFO] [stderr]     Checking reqwest v0.11.20
[INFO] [stderr]     Checking noosphere-core v0.18.0
[INFO] [stderr]     Checking noosphere-ipfs v0.8.5
[INFO] [stderr]     Checking noosphere-ns v0.11.5
[INFO] [stderr]     Checking noosphere-gateway v0.11.0
[INFO] [stderr]     Checking noosphere-cli v0.16.0 (/opt/rustwide/workdir)
[INFO] [stdout] error[E0433]: failed to resolve: use of undeclared crate or module `noosphere_ns`
[INFO] [stdout]   --> src/native/helpers/workspace.rs:19:5
[INFO] [stdout]    |
[INFO] [stdout] 19 | use noosphere_ns::{helpers::NameSystemNetwork, server::start_name_system_api_server};
[INFO] [stdout]    |     ^^^^^^^^^^^^ use of undeclared crate or module `noosphere_ns`
[INFO] [stdout]    |
[INFO] [stdout] help: there is a crate or module with a similar name
[INFO] [stdout]    |
[INFO] [stdout] 19 | use noosphere::{helpers::NameSystemNetwork, server::start_name_system_api_server};
[INFO] [stdout]    |     ~~~~~~~~~
[INFO] [stdout] 
[INFO] [stdout] 
[INFO] [stdout] error[E0433]: failed to resolve: use of undeclared crate or module `tracing_subscriber`
[INFO] [stdout]  --> src/native/helpers/cli.rs:9:5
[INFO] [stdout]   |
[INFO] [stdout] 9 | use tracing_subscriber::{prelude::*, Layer};
[INFO] [stdout]   |     ^^^^^^^^^^^^^^^^^^ use of undeclared crate or module `tracing_subscriber`
[INFO] [stdout] 
[INFO] [stdout] 
[INFO] [stdout] error[E0432]: unresolved import `tracing_subscriber`
[INFO] [stdout]  --> src/native/helpers/cli.rs:9:5
[INFO] [stdout]   |
[INFO] [stdout] 9 | use tracing_subscriber::{prelude::*, Layer};
[INFO] [stdout]   |     ^^^^^^^^^^^^^^^^^^ use of undeclared crate or module `tracing_subscriber`
[INFO] [stdout] 
[INFO] [stdout] 
[INFO] [stdout] error[E0433]: failed to resolve: use of undeclared crate or module `tracing_subscriber`
[INFO] [stdout]   --> src/native/helpers/cli.rs:42:15
[INFO] [stdout]    |
[INFO] [stdout] 42 |         _ctx: tracing_subscriber::layer::Context<'_, S>,
[INFO] [stdout]    |               ^^^^^^^^^^^^^^^^^^ use of undeclared crate or module `tracing_subscriber`
[INFO] [stdout] 
[INFO] [stdout] 
[INFO] [stdout] error[E0433]: failed to resolve: use of undeclared crate or module `tracing_subscriber`
[INFO] [stdout]   --> src/native/helpers/cli.rs:65:26
[INFO] [stdout]    |
[INFO] [stdout] 65 |         let subscriber = tracing_subscriber::registry().with(capture_layer);
[INFO] [stdout]    |                          ^^^^^^^^^^^^^^^^^^ use of undeclared crate or module `tracing_subscriber`
[INFO] [stdout] 
[INFO] [stdout] 
[INFO] [stdout] error: aborting due to 5 previous errors
[INFO] [stdout] 
[INFO] [stdout] 
[INFO] [stdout] Some errors have detailed explanations: E0432, E0433.
[INFO] [stdout] 
[INFO] [stdout] For more information about an error, try `rustc --explain E0432`.
[INFO] [stdout] 
[INFO] [stderr] error: could not compile `noosphere-cli` (lib test) due to 6 previous errors
[INFO] [stderr] warning: build failed, waiting for other jobs to finish...
[INFO] running `Command { std: "docker" "inspect" "5fdc3b1334e87572f62baa8ac75fafbff88c394c2ca3b8acfc6200bef4208e6b", kill_on_drop: false }`
[INFO] running `Command { std: "docker" "rm" "-f" "5fdc3b1334e87572f62baa8ac75fafbff88c394c2ca3b8acfc6200bef4208e6b", kill_on_drop: false }`
[INFO] [stdout] 5fdc3b1334e87572f62baa8ac75fafbff88c394c2ca3b8acfc6200bef4208e6b
[INFO] checking noosphere-cli-0.16.0 against nightly-2024-02-05+rustflags=-Dunexpected_cfgs+cargoflags=-Zcheck-cfg for check-cfg
[INFO] extracting crate noosphere-cli 0.16.0 into /workspace/builds/worker-0-tc2/source
[INFO] validating manifest of crates.io crate noosphere-cli 0.16.0 on toolchain nightly-2024-02-05
[INFO] running `Command { std: CARGO_HOME="/workspace/cargo-home" RUSTUP_HOME="/workspace/rustup-home" "/workspace/cargo-home/bin/cargo" "+nightly-2024-02-05" "metadata" "--manifest-path" "Cargo.toml" "--no-deps", kill_on_drop: false }`
[INFO] started tweaking crates.io crate noosphere-cli 0.16.0
[INFO] finished tweaking crates.io crate noosphere-cli 0.16.0
[INFO] tweaked toml for crates.io crate noosphere-cli 0.16.0 written to /workspace/builds/worker-0-tc2/source/Cargo.toml
[INFO] crate crates.io crate noosphere-cli 0.16.0 already has a lockfile, it will not be regenerated
[INFO] running `Command { std: CARGO_HOME="/workspace/cargo-home" RUSTUP_HOME="/workspace/rustup-home" "/workspace/cargo-home/bin/cargo" "+nightly-2024-02-05" "fetch" "--manifest-path" "Cargo.toml", kill_on_drop: false }`
[INFO] running `Command { std: "docker" "create" "-v" "/var/lib/crater-agent-workspace/builds/worker-0-tc2/target:/opt/rustwide/target:rw,Z" "-v" "/var/lib/crater-agent-workspace/builds/worker-0-tc2/source:/opt/rustwide/workdir:ro,Z" "-v" "/var/lib/crater-agent-workspace/cargo-home:/opt/rustwide/cargo-home:ro,Z" "-v" "/var/lib/crater-agent-workspace/rustup-home:/opt/rustwide/rustup-home:ro,Z" "-e" "SOURCE_DIR=/opt/rustwide/workdir" "-e" "CARGO_TARGET_DIR=/opt/rustwide/target" "-e" "CARGO_HOME=/opt/rustwide/cargo-home" "-e" "RUSTUP_HOME=/opt/rustwide/rustup-home" "-w" "/opt/rustwide/workdir" "-m" "1610612736" "--user" "0:0" "--network" "none" "ghcr.io/rust-lang/crates-build-env/linux@sha256:2788e3201cd34a07e3172128adcd8b3090168a8e3bcc40d7c032b9dda1df7d1c" "/opt/rustwide/cargo-home/bin/cargo" "+nightly-2024-02-05" "metadata" "--no-deps" "--format-version=1", kill_on_drop: false }`
[INFO] [stdout] 755edf64e861628337619f3bd3c3dc868d6c1969b9aef753b5eaeeea294fb337
[INFO] running `Command { std: "docker" "start" "-a" "755edf64e861628337619f3bd3c3dc868d6c1969b9aef753b5eaeeea294fb337", kill_on_drop: false }`
[INFO] running `Command { std: "docker" "inspect" "755edf64e861628337619f3bd3c3dc868d6c1969b9aef753b5eaeeea294fb337", kill_on_drop: false }`
[INFO] running `Command { std: "docker" "rm" "-f" "755edf64e861628337619f3bd3c3dc868d6c1969b9aef753b5eaeeea294fb337", kill_on_drop: false }`
[INFO] [stdout] 755edf64e861628337619f3bd3c3dc868d6c1969b9aef753b5eaeeea294fb337
[INFO] running `Command { std: "docker" "create" "-v" "/var/lib/crater-agent-workspace/builds/worker-0-tc2/target:/opt/rustwide/target:rw,Z" "-v" "/var/lib/crater-agent-workspace/builds/worker-0-tc2/source:/opt/rustwide/workdir:ro,Z" "-v" "/var/lib/crater-agent-workspace/cargo-home:/opt/rustwide/cargo-home:ro,Z" "-v" "/var/lib/crater-agent-workspace/rustup-home:/opt/rustwide/rustup-home:ro,Z" "-e" "SOURCE_DIR=/opt/rustwide/workdir" "-e" "CARGO_TARGET_DIR=/opt/rustwide/target" "-e" "CARGO_INCREMENTAL=0" "-e" "RUST_BACKTRACE=full" "-e" "RUSTFLAGS=--cap-lints=forbid -Dunexpected_cfgs" "-e" "RUSTDOCFLAGS=--cap-lints=forbid" "-e" "CARGO_HOME=/opt/rustwide/cargo-home" "-e" "RUSTUP_HOME=/opt/rustwide/rustup-home" "-w" "/opt/rustwide/workdir" "-m" "1610612736" "--user" "0:0" "--network" "none" "ghcr.io/rust-lang/crates-build-env/linux@sha256:2788e3201cd34a07e3172128adcd8b3090168a8e3bcc40d7c032b9dda1df7d1c" "/opt/rustwide/cargo-home/bin/cargo" "+nightly-2024-02-05" "check" "--frozen" "--all" "--all-targets" "--message-format=json" "-Zcheck-cfg", kill_on_drop: false }`
[INFO] [stdout] 27959b76b403a6be02c9d1e02ba0ad081f032a4fd7567b31d49a24ce0fe452a2
[INFO] running `Command { std: "docker" "start" "-a" "27959b76b403a6be02c9d1e02ba0ad081f032a4fd7567b31d49a24ce0fe452a2", kill_on_drop: false }`
[INFO] [stderr]    Compiling proc-macro2 v1.0.66
[INFO] [stderr]    Compiling unicode-ident v1.0.11
[INFO] [stderr]    Compiling libc v0.2.147
[INFO] [stderr]    Compiling typenum v1.16.0
[INFO] [stderr]    Compiling generic-array v0.14.7
[INFO] [stderr]    Compiling syn v1.0.109
[INFO] [stderr]     Checking subtle v2.4.1
[INFO] [stderr]     Checking const-oid v0.9.5
[INFO] [stderr]    Compiling thiserror v1.0.48
[INFO] [stderr]     Checking scopeguard v1.2.0
[INFO] [stderr]     Checking byteorder v1.4.3
[INFO] [stderr]     Checking lock_api v0.4.10
[INFO] [stderr]    Compiling serde v1.0.192
[INFO] [stderr]    Compiling unicode-xid v0.2.4
[INFO] [stderr]    Compiling data-encoding v2.4.0
[INFO] [stderr]     Checking core2 v0.4.0
[INFO] [stderr]     Checking base-x v0.2.11
[INFO] [stderr]     Checking unicode-bidi v0.3.13
[INFO] [stderr]     Checking instant v0.1.12
[INFO] [stderr]    Compiling semver v1.0.18
[INFO] [stderr]    Compiling quote v1.0.33
[INFO] [stderr]     Checking idna v0.4.0
[INFO] [stderr]    Compiling syn v2.0.32
[INFO] [stderr]    Compiling proc-macro-error-attr v1.0.4
[INFO] [stderr]    Compiling cc v1.0.83
[INFO] [stderr]     Checking quick-protobuf v0.8.1
[INFO] [stderr]     Checking getrandom v0.2.10
[INFO] [stderr]     Checking num_cpus v1.16.0
[INFO] [stderr]     Checking rand_core v0.6.4
[INFO] [stderr]     Checking parking_lot_core v0.9.8
[INFO] [stderr]     Checking signal-hook-registry v1.4.1
[INFO] [stderr]     Checking mio v0.8.8
[INFO] [stderr]     Checking socket2 v0.5.4
[INFO] [stderr]     Checking rand_chacha v0.3.1
[INFO] [stderr]     Checking parking_lot v0.12.1
[INFO] [stderr]     Checking rand v0.8.5
[INFO] [stderr]    Compiling rustc_version v0.4.0
[INFO] [stderr]     Checking blake2b_simd v1.0.2
[INFO] [stderr]     Checking blake2s_simd v1.0.2
[INFO] [stderr]    Compiling platforms v3.1.2
[INFO] [stderr]    Compiling async-trait v0.1.73
[INFO] [stderr]    Compiling serde_json v1.0.107
[INFO] [stderr]    Compiling curve25519-dalek v4.1.0
[INFO] [stderr]    Compiling ahash v0.7.6
[INFO] [stderr]     Checking base64ct v1.6.0
[INFO] [stderr]     Checking lazy_static v1.4.0
[INFO] [stderr]    Compiling blake3 v1.4.1
[INFO] [stderr]    Compiling ring v0.16.20
[INFO] [stderr]     Checking pem-rfc7468 v0.7.0
[INFO] [stderr]     Checking void v1.0.2
[INFO] [stderr]     Checking socket2 v0.4.9
[INFO] [stderr]    Compiling unicase v2.7.0
[INFO] [stderr]    Compiling libm v0.2.7
[INFO] [stderr]     Checking hashbrown v0.12.3
[INFO] [stderr]     Checking ipnet v2.8.0
[INFO] [stderr]     Checking getrandom v0.1.16
[INFO] [stderr]    Compiling toml v0.5.11
[INFO] [stderr]    Compiling num-traits v0.2.16
[INFO] [stderr]    Compiling parking_lot_core v0.8.6
[INFO] [stderr]     Checking base64 v0.21.4
[INFO] [stderr]     Checking indexmap v1.9.3
[INFO] [stderr]     Checking rand_core v0.5.1
[INFO] [stderr]     Checking ff v0.13.0
[INFO] [stderr]    Compiling crossbeam-epoch v0.9.15
[INFO] [stderr]    Compiling num-integer v0.1.45
[INFO] [stderr]     Checking base16ct v0.2.0
[INFO] [stderr]    Compiling rustls v0.21.7
[INFO] [stderr]     Checking group v0.13.0
[INFO] [stderr]    Compiling num-iter v0.1.43
[INFO] [stderr]    Compiling synstructure v0.12.6
[INFO] [stderr]    Compiling proc-macro-error v1.0.4
[INFO] [stderr]     Checking hex v0.4.3
[INFO] [stderr]     Checking strum v0.24.1
[INFO] [stderr]    Compiling mime_guess v2.0.4
[INFO] [stderr]     Checking parking_lot v0.11.2
[INFO] [stderr]     Checking fs2 v0.4.3
[INFO] [stderr]     Checking fxhash v0.2.1
[INFO] [stderr]     Checking aho-corasick v1.0.5
[INFO] [stderr]    Compiling num-bigint-dig v0.8.4
[INFO] [stderr]     Checking regex-syntax v0.7.5
[INFO] [stderr]     Checking sled v0.34.7
[INFO] [stderr]    Compiling crunchy v0.2.2
[INFO] [stderr]    Compiling prettyplease v0.1.25
[INFO] [stderr]     Checking match_cfg v0.1.0
[INFO] [stderr]    Compiling macro_rules_attribute-proc_macro v0.1.3
[INFO] [stderr]     Checking matches v0.1.10
[INFO] [stderr]     Checking idna v0.2.3
[INFO] [stderr]     Checking hostname v0.3.1
[INFO] [stderr]     Checking sct v0.7.0
[INFO] [stderr]     Checking rustls-webpki v0.101.5
[INFO] [stderr]     Checking rustls-pemfile v1.0.3
[INFO] [stderr]     Checking nix v0.24.3
[INFO] [stderr]    Compiling snow v0.9.3
[INFO] [stderr]     Checking regex-automata v0.3.8
[INFO] [stderr]     Checking quick-error v1.2.3
[INFO] [stderr]    Compiling inventory v0.1.11
[INFO] [stderr]     Checking lru-cache v0.1.2
[INFO] [stderr]     Checking resolv-conf v0.7.0
[INFO] [stderr]    Compiling macro_rules_attribute v0.1.3
[INFO] [stderr]     Checking hashbrown v0.13.2
[INFO] [stderr]    Compiling data-encoding-macro-internal v0.1.11
[INFO] [stderr]    Compiling libp2p-swarm-derive v0.32.0
[INFO] [stderr]    Compiling ext-trait-proc_macros v1.0.1
[INFO] [stderr]    Compiling serde_derive v1.0.192
[INFO] [stderr]    Compiling zeroize_derive v1.4.2
[INFO] [stderr]    Compiling futures-macro v0.3.29
[INFO] [stderr]    Compiling thiserror-impl v1.0.48
[INFO] [stderr]    Compiling tokio-macros v2.1.0
[INFO] [stderr]     Checking data-encoding-macro v0.1.13
[INFO] [stderr]     Checking multibase v0.9.1
[INFO] [stderr]    Compiling tracing-attributes v0.1.27
[INFO] [stderr]    Compiling pin-project-internal v1.1.3
[INFO] [stderr]    Compiling curve25519-dalek-derive v0.1.0
[INFO] [stderr]     Checking zeroize v1.6.0
[INFO] [stderr]     Checking futures-util v0.3.29
[INFO] [stderr]     Checking block-buffer v0.10.4
[INFO] [stderr]     Checking crypto-common v0.1.6
[INFO] [stderr]     Checking der v0.7.8
[INFO] [stderr]     Checking digest v0.10.7
[INFO] [stderr]     Checking sha2 v0.10.8
[INFO] [stderr]    Compiling proc-macro-crate v1.1.3
[INFO] [stderr]     Checking signature v2.1.0
[INFO] [stderr]     Checking sha3 v0.10.8
[INFO] [stderr]     Checking pin-project v1.1.3
[INFO] [stderr]     Checking ed25519 v2.2.2
[INFO] [stderr]     Checking digest v0.9.0
[INFO] [stderr]     Checking curve25519-dalek v3.2.0
[INFO] [stderr]    Compiling multihash-derive v0.8.1
[INFO] [stderr]     Checking spki v0.7.2
[INFO] [stderr]     Checking netlink-packet-utils v0.5.2
[INFO] [stderr]     Checking pkcs8 v0.10.2
[INFO] [stderr]     Checking hmac v0.12.1
[INFO] [stderr]     Checking tracing v0.1.40
[INFO] [stderr]     Checking sec1 v0.7.3
[INFO] [stderr]     Checking crypto-bigint v0.5.3
[INFO] [stderr]    Compiling strum_macros v0.25.2
[INFO] [stderr]    Compiling async-recursion v1.0.5
[INFO] [stderr]     Checking netlink-packet-core v0.4.2
[INFO] [stderr]    Compiling async-stream-impl v0.3.5
[INFO] [stderr]     Checking ed25519-dalek v2.0.0
[INFO] [stderr]     Checking rfc6979 v0.4.0
[INFO] [stderr]     Checking block-buffer v0.9.0
[INFO] [stderr]     Checking netlink-packet-route v0.12.0
[INFO] [stderr]     Checking futures-executor v0.3.29
[INFO] [stderr]     Checking pkcs1 v0.7.5
[INFO] [stderr]     Checking sha2 v0.9.9
[INFO] [stderr]     Checking futures v0.3.29
[INFO] [stderr]    Compiling libipld-cbor-derive v0.16.0
[INFO] [stderr]     Checking rw-stream-sink v0.3.0
[INFO] [stderr]     Checking sha1 v0.10.5
[INFO] [stderr]     Checking async-stream v0.3.5
[INFO] [stderr]     Checking regex v1.9.5
[INFO] [stderr]     Checking ext-trait v1.0.1
[INFO] [stderr]    Compiling enum-as-inner v0.5.1
[INFO] [stderr]     Checking extension-traits v1.0.1
[INFO] [stderr]     Checking elliptic-curve v0.13.5
[INFO] [stderr]     Checking pbkdf2 v0.11.0
[INFO] [stderr]    Compiling ghost v0.1.14
[INFO] [stderr]     Checking ecdsa v0.16.8
[INFO] [stderr]     Checking primeorder v0.13.2
[INFO] [stderr]    Compiling ctor v0.1.26
[INFO] [stderr]     Checking rsa v0.9.2
[INFO] [stderr]     Checking p256 v0.13.2
[INFO] [stderr]    Compiling with_builtin_macros-proc_macros v0.0.3
[INFO] [stderr]    Compiling inventory-impl v0.1.11
[INFO] [stderr]     Checking sharded-slab v0.1.4
[INFO] [stderr]    Compiling axum-core v0.3.4
[INFO] [stderr]     Checking dirs-sys v0.3.7
[INFO] [stderr]     Checking tracing-log v0.2.0
[INFO] [stderr]     Checking nohash-hasher v0.2.0
[INFO] [stderr]     Checking anstyle v1.0.3
[INFO] [stderr]     Checking hashbrown v0.14.0
[INFO] [stderr]    Compiling safer-ffi v0.1.4
[INFO] [stderr]     Checking tiny-bip39 v1.0.0
[INFO] [stderr]     Checking anstream v0.6.4
[INFO] [stderr]     Checking yamux v0.10.2
[INFO] [stderr]    Compiling noosphere v0.16.0
[INFO] [stderr]     Checking dirs v4.0.0
[INFO] [stderr]    Compiling pkg-version-impl v0.1.1
[INFO] [stderr]     Checking uninit v0.5.1
[INFO] [stderr]     Checking with_builtin_macros v0.0.3
[INFO] [stderr]     Checking x25519-dalek v1.1.1
[INFO] [stderr]    Compiling safer_ffi-proc_macros v0.1.4
[INFO] [stderr]     Checking lru v0.10.1
[INFO] [stderr]     Checking uint v0.9.5
[INFO] [stderr]     Checking indexmap v2.0.0
[INFO] [stderr]    Compiling axum v0.6.20
[INFO] [stderr]     Checking async-once-cell v0.4.4
[INFO] [stderr]     Checking unwind_safe v0.1.0
[INFO] [stderr]     Checking bytes v1.5.0
[INFO] [stderr]     Checking serde-big-array v0.3.3
[INFO] [stderr]     Checking url v2.4.1
[INFO] [stderr]     Checking serde_bytes v0.11.12
[INFO] [stderr]     Checking serde_urlencoded v0.7.1
[INFO] [stderr]     Checking cs_serde_bytes v0.12.2
[INFO] [stderr]     Checking tracing-serde v0.1.3
[INFO] [stderr]     Checking ed25519-zebra v3.1.0
[INFO] [stderr]     Checking serde_spanned v0.6.3
[INFO] [stderr]     Checking forest_hash_utils v0.1.0
[INFO] [stderr]     Checking asynchronous-codec v0.6.2
[INFO] [stderr]     Checking tokio v1.32.0
[INFO] [stderr]     Checking http v0.2.9
[INFO] [stderr]     Checking toml_datetime v0.6.3
[INFO] [stderr]     Checking strum v0.25.0
[INFO] [stderr]     Checking fastcdc v3.1.0
[INFO] [stderr]     Checking winnow v0.5.15
[INFO] [stderr]     Checking unsigned-varint v0.7.2
[INFO] [stderr]     Checking clap_builder v4.4.6
[INFO] [stderr]     Checking pkg-version v1.0.0
[INFO] [stderr]     Checking serde_path_to_error v0.1.14
[INFO] [stderr]     Checking multihash v0.18.1
[INFO] [stderr]     Checking multihash v0.17.0
[INFO] [stderr]     Checking multiaddr v0.17.1
[INFO] [stderr]     Checking multistream-select v0.12.1
[INFO] [stderr]     Checking cid v0.10.1
[INFO] [stderr]     Checking http-body v0.4.5
[INFO] [stderr]     Checking headers-core v0.2.0
[INFO] [stderr]     Checking libipld-core v0.16.0
[INFO] [stderr]     Checking headers v0.3.8
[INFO] [stderr]     Checking libp2p-identity v0.1.3
[INFO] [stderr]     Checking common-multipart-rfc7578 v0.6.0
[INFO] [stderr]     Checking tracing-subscriber v0.3.18
[INFO] [stderr]     Checking libp2p-core v0.39.2
[INFO] [stderr]     Checking libipld-json v0.16.0
[INFO] [stderr]     Checking libipld-cbor v0.16.0
[INFO] [stderr]     Checking ucan v0.4.0
[INFO] [stderr]     Checking libipld-macro v0.16.0
[INFO] [stderr]     Checking libipld-pb v0.16.0
[INFO] [stderr]     Checking quick-protobuf-codec v0.1.0
[INFO] [stderr]     Checking toml_edit v0.20.2
[INFO] [stderr]     Checking libipld v0.16.0
[INFO] [stderr]     Checking subtext v0.3.4
[INFO] [stderr]    Compiling axum-macros v0.3.8
[INFO] [stderr]    Compiling clap_derive v4.4.2
[INFO] [stderr]     Checking libp2p-yamux v0.43.1
[INFO] [stderr]     Checking ucan-key-support v0.1.7
[INFO] [stderr]     Checking libp2p-noise v0.42.2
[INFO] [stderr]     Checking itertools v0.11.0
[INFO] [stderr]     Checking matchit v0.7.2
[INFO] [stderr]     Checking http-range-header v0.3.1
[INFO] [stderr]    Compiling rustix v0.38.13
[INFO] [stderr]     Checking toml v0.8.2
[INFO] [stderr]     Checking tokio-util v0.7.10
[INFO] [stderr]     Checking tokio-rustls v0.24.1
[INFO] [stderr]     Checking libp2p-swarm v0.42.2
[INFO] [stderr]     Checking tokio-stream v0.1.14
[INFO] [stderr]     Checking noosphere-common v0.1.2
[INFO] [stderr]     Checking netlink-sys v0.8.5
[INFO] [stderr]     Checking trust-dns-proto v0.22.0
[INFO] [stderr]     Checking h2 v0.3.21
[INFO] [stderr]     Checking netlink-proto v0.10.0
[INFO] [stderr]     Checking noosphere-storage v0.10.0
[INFO] [stderr]     Checking rtnetlink v0.10.1
[INFO] [stderr]     Checking iroh-car v0.3.0
[INFO] [stderr]     Checking libp2p-kad v0.43.3
[INFO] [stderr]     Checking libp2p-identify v0.42.2
[INFO] [stderr]     Checking if-watch v3.0.1
[INFO] [stderr]     Checking libp2p-allow-block-list v0.1.1
[INFO] [stderr]     Checking libp2p-tcp v0.39.0
[INFO] [stderr]     Checking libp2p-connection-limits v0.1.0
[INFO] [stderr]     Checking ipfs-api-prelude v0.6.0
[INFO] [stderr]     Checking tower v0.4.13
[INFO] [stderr]     Checking async-compat v0.2.1
[INFO] [stderr]     Checking noosphere-collections v0.7.0
[INFO] [stderr]     Checking tower-http v0.4.4
[INFO] [stderr]     Checking clap v4.4.6
[INFO] [stderr]     Checking getopts v0.2.21
[INFO] [stderr]     Checking dirs-sys v0.4.1
[INFO] [stderr]     Checking bstr v1.6.2
[INFO] [stderr]     Checking directories v5.0.1
[INFO] [stderr]     Checking witty-phrase-generator v0.2.0
[INFO] [stderr]     Checking symlink v0.1.0
[INFO] [stderr]     Checking globset v0.4.13
[INFO] [stderr]     Checking trust-dns-resolver v0.22.0
[INFO] [stderr]     Checking tempfile v3.8.0
[INFO] [stderr]     Checking libp2p-dns v0.39.0
[INFO] [stderr]     Checking hyper v0.14.27
[INFO] [stderr]     Checking libp2p v0.51.3
[INFO] [stderr]     Checking hyper-rustls v0.24.1
[INFO] [stderr]     Checking hyper-multipart-rfc7578 v0.8.0
[INFO] [stderr]     Checking reqwest v0.11.20
[INFO] [stderr]     Checking noosphere-core v0.18.0
[INFO] [stderr]     Checking noosphere-ipfs v0.8.5
[INFO] [stderr]     Checking noosphere-ns v0.11.5
[INFO] [stderr]     Checking noosphere-gateway v0.11.0
[INFO] [stderr]     Checking noosphere-cli v0.16.0 (/opt/rustwide/workdir)
[INFO] [stdout] error[E0433]: failed to resolve: use of undeclared crate or module `noosphere_ns`
[INFO] [stdout]   --> src/native/helpers/workspace.rs:19:5
[INFO] [stdout]    |
[INFO] [stdout] 19 | use noosphere_ns::{helpers::NameSystemNetwork, server::start_name_system_api_server};
[INFO] [stdout]    |     ^^^^^^^^^^^^ use of undeclared crate or module `noosphere_ns`
[INFO] [stdout]    |
[INFO] [stdout] help: there is a crate or module with a similar name
[INFO] [stdout]    |
[INFO] [stdout] 19 | use noosphere::{helpers::NameSystemNetwork, server::start_name_system_api_server};
[INFO] [stdout]    |     ~~~~~~~~~
[INFO] [stdout] 
[INFO] [stdout] 
[INFO] [stdout] error[E0433]: failed to resolve: use of undeclared crate or module `tracing_subscriber`
[INFO] [stdout]  --> src/native/helpers/cli.rs:9:5
[INFO] [stdout]   |
[INFO] [stdout] 9 | use tracing_subscriber::{prelude::*, Layer};
[INFO] [stdout]   |     ^^^^^^^^^^^^^^^^^^ use of undeclared crate or module `tracing_subscriber`
[INFO] [stdout] 
[INFO] [stdout] 
[INFO] [stdout] error[E0432]: unresolved import `tracing_subscriber`
[INFO] [stdout]  --> src/native/helpers/cli.rs:9:5
[INFO] [stdout]   |
[INFO] [stdout] 9 | use tracing_subscriber::{prelude::*, Layer};
[INFO] [stdout]   |     ^^^^^^^^^^^^^^^^^^ use of undeclared crate or module `tracing_subscriber`
[INFO] [stdout] 
[INFO] [stdout] 
[INFO] [stdout] error[E0433]: failed to resolve: use of undeclared crate or module `tracing_subscriber`
[INFO] [stdout]   --> src/native/helpers/cli.rs:42:15
[INFO] [stdout]    |
[INFO] [stdout] 42 |         _ctx: tracing_subscriber::layer::Context<'_, S>,
[INFO] [stdout]    |               ^^^^^^^^^^^^^^^^^^ use of undeclared crate or module `tracing_subscriber`
[INFO] [stdout] 
[INFO] [stdout] 
[INFO] [stdout] error[E0433]: failed to resolve: use of undeclared crate or module `tracing_subscriber`
[INFO] [stdout]   --> src/native/helpers/cli.rs:65:26
[INFO] [stdout]    |
[INFO] [stdout] 65 |         let subscriber = tracing_subscriber::registry().with(capture_layer);
[INFO] [stdout]    |                          ^^^^^^^^^^^^^^^^^^ use of undeclared crate or module `tracing_subscriber`
[INFO] [stdout] 
[INFO] [stdout] 
[INFO] [stdout] error: aborting due to 5 previous errors
[INFO] [stdout] 
[INFO] [stdout] 
[INFO] [stdout] Some errors have detailed explanations: E0432, E0433.
[INFO] [stdout] 
[INFO] [stdout] For more information about an error, try `rustc --explain E0432`.
[INFO] [stdout] 
[INFO] [stderr] error: could not compile `noosphere-cli` (lib test) due to 6 previous errors
[INFO] [stderr] warning: build failed, waiting for other jobs to finish...
[INFO] running `Command { std: "docker" "inspect" "27959b76b403a6be02c9d1e02ba0ad081f032a4fd7567b31d49a24ce0fe452a2", kill_on_drop: false }`
[INFO] running `Command { std: "docker" "rm" "-f" "27959b76b403a6be02c9d1e02ba0ad081f032a4fd7567b31d49a24ce0fe452a2", kill_on_drop: false }`
[INFO] [stdout] 27959b76b403a6be02c9d1e02ba0ad081f032a4fd7567b31d49a24ce0fe452a2
