[INFO] fetching crate nodium_input 0.1.0...
[INFO] checking nodium_input-0.1.0 against nightly-2024-02-05 for check-cfg
[INFO] extracting crate nodium_input 0.1.0 into /workspace/builds/worker-6-tc1/source
[INFO] validating manifest of crates.io crate nodium_input 0.1.0 on toolchain nightly-2024-02-05
[INFO] running `Command { std: CARGO_HOME="/workspace/cargo-home" RUSTUP_HOME="/workspace/rustup-home" "/workspace/cargo-home/bin/cargo" "+nightly-2024-02-05" "metadata" "--manifest-path" "Cargo.toml" "--no-deps", kill_on_drop: false }`
[INFO] started tweaking crates.io crate nodium_input 0.1.0
[INFO] finished tweaking crates.io crate nodium_input 0.1.0
[INFO] tweaked toml for crates.io crate nodium_input 0.1.0 written to /workspace/builds/worker-6-tc1/source/Cargo.toml
[INFO] running `Command { std: CARGO_HOME="/workspace/cargo-home" RUSTUP_HOME="/workspace/rustup-home" "/workspace/cargo-home/bin/cargo" "+nightly-2024-02-05" "generate-lockfile" "--manifest-path" "Cargo.toml", kill_on_drop: false }`
[INFO] [stderr]     Updating crates.io index
[INFO] running `Command { std: CARGO_HOME="/workspace/cargo-home" RUSTUP_HOME="/workspace/rustup-home" "/workspace/cargo-home/bin/cargo" "+nightly-2024-02-05" "fetch" "--manifest-path" "Cargo.toml", kill_on_drop: false }`
[INFO] [stderr]  Downloading crates ...
[INFO] [stderr]   Downloaded nodium-pdk v0.1.1
[INFO] [stderr]   Downloaded nodium-events v0.1.2
[INFO] running `Command { std: "docker" "create" "-v" "/var/lib/crater-agent-workspace/builds/worker-6-tc1/target:/opt/rustwide/target:rw,Z" "-v" "/var/lib/crater-agent-workspace/builds/worker-6-tc1/source:/opt/rustwide/workdir:ro,Z" "-v" "/var/lib/crater-agent-workspace/cargo-home:/opt/rustwide/cargo-home:ro,Z" "-v" "/var/lib/crater-agent-workspace/rustup-home:/opt/rustwide/rustup-home:ro,Z" "-e" "SOURCE_DIR=/opt/rustwide/workdir" "-e" "CARGO_TARGET_DIR=/opt/rustwide/target" "-e" "CARGO_HOME=/opt/rustwide/cargo-home" "-e" "RUSTUP_HOME=/opt/rustwide/rustup-home" "-w" "/opt/rustwide/workdir" "-m" "1610612736" "--user" "0:0" "--network" "none" "ghcr.io/rust-lang/crates-build-env/linux@sha256:2788e3201cd34a07e3172128adcd8b3090168a8e3bcc40d7c032b9dda1df7d1c" "/opt/rustwide/cargo-home/bin/cargo" "+nightly-2024-02-05" "metadata" "--no-deps" "--format-version=1", kill_on_drop: false }`
[INFO] [stdout] e8ee9ae415f5aa4aaa5031c9f97e5354c809b00e5455ecebf2f1053f6ccf6358
[INFO] running `Command { std: "docker" "start" "-a" "e8ee9ae415f5aa4aaa5031c9f97e5354c809b00e5455ecebf2f1053f6ccf6358", kill_on_drop: false }`
[INFO] running `Command { std: "docker" "inspect" "e8ee9ae415f5aa4aaa5031c9f97e5354c809b00e5455ecebf2f1053f6ccf6358", kill_on_drop: false }`
[INFO] running `Command { std: "docker" "rm" "-f" "e8ee9ae415f5aa4aaa5031c9f97e5354c809b00e5455ecebf2f1053f6ccf6358", kill_on_drop: false }`
[INFO] [stdout] e8ee9ae415f5aa4aaa5031c9f97e5354c809b00e5455ecebf2f1053f6ccf6358
[INFO] running `Command { std: "docker" "create" "-v" "/var/lib/crater-agent-workspace/builds/worker-6-tc1/target:/opt/rustwide/target:rw,Z" "-v" "/var/lib/crater-agent-workspace/builds/worker-6-tc1/source:/opt/rustwide/workdir:ro,Z" "-v" "/var/lib/crater-agent-workspace/cargo-home:/opt/rustwide/cargo-home:ro,Z" "-v" "/var/lib/crater-agent-workspace/rustup-home:/opt/rustwide/rustup-home:ro,Z" "-e" "SOURCE_DIR=/opt/rustwide/workdir" "-e" "CARGO_TARGET_DIR=/opt/rustwide/target" "-e" "CARGO_INCREMENTAL=0" "-e" "RUST_BACKTRACE=full" "-e" "RUSTFLAGS=--cap-lints=forbid" "-e" "RUSTDOCFLAGS=--cap-lints=forbid" "-e" "CARGO_HOME=/opt/rustwide/cargo-home" "-e" "RUSTUP_HOME=/opt/rustwide/rustup-home" "-w" "/opt/rustwide/workdir" "-m" "1610612736" "--user" "0:0" "--network" "none" "ghcr.io/rust-lang/crates-build-env/linux@sha256:2788e3201cd34a07e3172128adcd8b3090168a8e3bcc40d7c032b9dda1df7d1c" "/opt/rustwide/cargo-home/bin/cargo" "+nightly-2024-02-05" "check" "--frozen" "--all" "--all-targets" "--message-format=json", kill_on_drop: false }`
[INFO] [stdout] d68a65155b8de5c47dc7767b2b0b6dcdaa1cee8926ac9b59ae9251c37e7aabbb
[INFO] running `Command { std: "docker" "start" "-a" "d68a65155b8de5c47dc7767b2b0b6dcdaa1cee8926ac9b59ae9251c37e7aabbb", kill_on_drop: false }`
[INFO] [stderr]     Checking memchr v2.7.1
[INFO] [stderr]     Checking regex-syntax v0.8.2
[INFO] [stderr]    Compiling syn v2.0.48
[INFO] [stderr]     Checking atty v0.2.14
[INFO] [stderr]     Checking aho-corasick v1.1.2
[INFO] [stderr]     Checking regex-automata v0.4.5
[INFO] [stderr]    Compiling serde_derive v1.0.196
[INFO] [stderr]    Compiling tokio-macros v2.2.0
[INFO] [stderr]     Checking regex v1.10.3
[INFO] [stderr]     Checking env_logger v0.9.3
[INFO] [stderr]     Checking tokio v1.36.0
[INFO] [stderr]     Checking serde v1.0.196
[INFO] [stderr]     Checking serde_json v1.0.113
[INFO] [stderr]     Checking nodium-events v0.1.2
[INFO] [stderr]     Checking nodium-pdk v0.1.1
[INFO] [stderr]     Checking nodium_input v0.1.0 (/opt/rustwide/workdir)
[INFO] [stdout] error[E0432]: unresolved imports `nodium_pdk::Plugin`, `nodium_pdk::Node`, `nodium_pdk::Service`
[INFO] [stdout]  --> src/lib.rs:3:18
[INFO] [stdout]   |
[INFO] [stdout] 3 | use nodium_pdk::{Plugin, Node, Service};
[INFO] [stdout]   |                  ^^^^^^  ^^^^  ^^^^^^^ no `Service` in the root
[INFO] [stdout]   |                  |       |
[INFO] [stdout]   |                  |       no `Node` in the root
[INFO] [stdout]   |                  no `Plugin` in the root
[INFO] [stdout]   |
[INFO] [stdout] help: a similar name exists in the module
[INFO] [stdout]   |
[INFO] [stdout] 3 | use nodium_pdk::{plugin, Node, Service};
[INFO] [stdout]   |                  ~~~~~~
[INFO] [stdout] help: a similar name exists in the module
[INFO] [stdout]   |
[INFO] [stdout] 3 | use nodium_pdk::{Plugin, node, Service};
[INFO] [stdout]   |                          ~~~~
[INFO] [stdout] help: a similar name exists in the module
[INFO] [stdout]   |
[INFO] [stdout] 3 | use nodium_pdk::{Plugin, Node, service};
[INFO] [stdout]   |                                ~~~~~~~
[INFO] [stdout] 
[INFO] [stdout] 
[INFO] [stdout] error[E0432]: unresolved imports `nodium_pdk::Plugin`, `nodium_pdk::Node`, `nodium_pdk::Service`
[INFO] [stdout]  --> src/lib.rs:3:18
[INFO] [stdout]   |
[INFO] [stdout] 3 | use nodium_pdk::{Plugin, Node, Service};
[INFO] [stdout]   |                  ^^^^^^  ^^^^  ^^^^^^^ no `Service` in the root
[INFO] [stdout]   |                  |       |
[INFO] [stdout]   |                  |       no `Node` in the root
[INFO] [stdout]   |                  no `Plugin` in the root
[INFO] [stdout]   |
[INFO] [stdout] help: a similar name exists in the module
[INFO] [stdout]   |
[INFO] [stdout] 3 | use nodium_pdk::{plugin, Node, Service};
[INFO] [stdout]   |                  ~~~~~~
[INFO] [stdout] help: a similar name exists in the module
[INFO] [stdout]   |
[INFO] [stdout] 3 | use nodium_pdk::{Plugin, node, Service};
[INFO] [stdout]   |                          ~~~~
[INFO] [stdout] help: a similar name exists in the module
[INFO] [stdout]   |
[INFO] [stdout] 3 | use nodium_pdk::{Plugin, Node, service};
[INFO] [stdout]   |                                ~~~~~~~
[INFO] [stdout] 
[INFO] [stdout] 
[INFO] [stdout] error[E0405]: cannot find trait `Plugin` in crate `nodium_pdk`
[INFO] [stdout]   --> src/lib.rs:37:51
[INFO] [stdout]    |
[INFO] [stdout] 37 | pub extern "C" fn plugin() -> Box<dyn nodium_pdk::Plugin> {
[INFO] [stdout]    |                                                   ^^^^^^ not found in `nodium_pdk`
[INFO] [stdout] 
[INFO] [stdout] 
[INFO] [stdout] error[E0405]: cannot find trait `Plugin` in crate `nodium_pdk`
[INFO] [stdout]   --> src/lib.rs:37:51
[INFO] [stdout]    |
[INFO] [stdout] 37 | pub extern "C" fn plugin() -> Box<dyn nodium_pdk::Plugin> {
[INFO] [stdout]    |                                                   ^^^^^^ not found in `nodium_pdk`
[INFO] [stdout] 
[INFO] [stdout] 
[INFO] [stdout] error: aborting due to 2 previous errors
[INFO] [stdout] 
[INFO] [stdout] 
[INFO] [stdout] Some errors have detailed explanations: E0405, E0432.
[INFO] [stdout] 
[INFO] [stdout] For more information about an error, try `rustc --explain E0405`.
[INFO] [stdout] 
[INFO] [stdout] error: aborting due to 2 previous errors
[INFO] [stdout] 
[INFO] [stdout] 
[INFO] [stdout] Some errors have detailed explanations: E0405, E0432.
[INFO] [stdout] 
[INFO] [stdout] For more information about an error, try `rustc --explain E0405`.
[INFO] [stdout] 
[INFO] [stderr] error: could not compile `nodium_input` (lib test) due to 3 previous errors
[INFO] [stderr] warning: build failed, waiting for other jobs to finish...
[INFO] [stderr] error: could not compile `nodium_input` (lib) due to 3 previous errors
[INFO] running `Command { std: "docker" "inspect" "d68a65155b8de5c47dc7767b2b0b6dcdaa1cee8926ac9b59ae9251c37e7aabbb", kill_on_drop: false }`
[INFO] running `Command { std: "docker" "rm" "-f" "d68a65155b8de5c47dc7767b2b0b6dcdaa1cee8926ac9b59ae9251c37e7aabbb", kill_on_drop: false }`
[INFO] [stdout] d68a65155b8de5c47dc7767b2b0b6dcdaa1cee8926ac9b59ae9251c37e7aabbb
[INFO] checking nodium_input-0.1.0 against nightly-2024-02-05+rustflags=-Dunexpected_cfgs+cargoflags=-Zcheck-cfg for check-cfg
[INFO] extracting crate nodium_input 0.1.0 into /workspace/builds/worker-6-tc2/source
[INFO] validating manifest of crates.io crate nodium_input 0.1.0 on toolchain nightly-2024-02-05
[INFO] running `Command { std: CARGO_HOME="/workspace/cargo-home" RUSTUP_HOME="/workspace/rustup-home" "/workspace/cargo-home/bin/cargo" "+nightly-2024-02-05" "metadata" "--manifest-path" "Cargo.toml" "--no-deps", kill_on_drop: false }`
[INFO] started tweaking crates.io crate nodium_input 0.1.0
[INFO] finished tweaking crates.io crate nodium_input 0.1.0
[INFO] tweaked toml for crates.io crate nodium_input 0.1.0 written to /workspace/builds/worker-6-tc2/source/Cargo.toml
[INFO] running `Command { std: CARGO_HOME="/workspace/cargo-home" RUSTUP_HOME="/workspace/rustup-home" "/workspace/cargo-home/bin/cargo" "+nightly-2024-02-05" "generate-lockfile" "--manifest-path" "Cargo.toml", kill_on_drop: false }`
[INFO] [stderr]     Updating crates.io index
[INFO] running `Command { std: CARGO_HOME="/workspace/cargo-home" RUSTUP_HOME="/workspace/rustup-home" "/workspace/cargo-home/bin/cargo" "+nightly-2024-02-05" "fetch" "--manifest-path" "Cargo.toml", kill_on_drop: false }`
[INFO] running `Command { std: "docker" "create" "-v" "/var/lib/crater-agent-workspace/builds/worker-6-tc2/target:/opt/rustwide/target:rw,Z" "-v" "/var/lib/crater-agent-workspace/builds/worker-6-tc2/source:/opt/rustwide/workdir:ro,Z" "-v" "/var/lib/crater-agent-workspace/cargo-home:/opt/rustwide/cargo-home:ro,Z" "-v" "/var/lib/crater-agent-workspace/rustup-home:/opt/rustwide/rustup-home:ro,Z" "-e" "SOURCE_DIR=/opt/rustwide/workdir" "-e" "CARGO_TARGET_DIR=/opt/rustwide/target" "-e" "CARGO_HOME=/opt/rustwide/cargo-home" "-e" "RUSTUP_HOME=/opt/rustwide/rustup-home" "-w" "/opt/rustwide/workdir" "-m" "1610612736" "--user" "0:0" "--network" "none" "ghcr.io/rust-lang/crates-build-env/linux@sha256:2788e3201cd34a07e3172128adcd8b3090168a8e3bcc40d7c032b9dda1df7d1c" "/opt/rustwide/cargo-home/bin/cargo" "+nightly-2024-02-05" "metadata" "--no-deps" "--format-version=1", kill_on_drop: false }`
[INFO] [stdout] cd292b37afd8933d3b6be7119c5780ae7b2ca67e268f6fd9a8ef832333aa16c4
[INFO] running `Command { std: "docker" "start" "-a" "cd292b37afd8933d3b6be7119c5780ae7b2ca67e268f6fd9a8ef832333aa16c4", kill_on_drop: false }`
[INFO] running `Command { std: "docker" "inspect" "cd292b37afd8933d3b6be7119c5780ae7b2ca67e268f6fd9a8ef832333aa16c4", kill_on_drop: false }`
[INFO] running `Command { std: "docker" "rm" "-f" "cd292b37afd8933d3b6be7119c5780ae7b2ca67e268f6fd9a8ef832333aa16c4", kill_on_drop: false }`
[INFO] [stdout] cd292b37afd8933d3b6be7119c5780ae7b2ca67e268f6fd9a8ef832333aa16c4
[INFO] running `Command { std: "docker" "create" "-v" "/var/lib/crater-agent-workspace/builds/worker-6-tc2/target:/opt/rustwide/target:rw,Z" "-v" "/var/lib/crater-agent-workspace/builds/worker-6-tc2/source:/opt/rustwide/workdir:ro,Z" "-v" "/var/lib/crater-agent-workspace/cargo-home:/opt/rustwide/cargo-home:ro,Z" "-v" "/var/lib/crater-agent-workspace/rustup-home:/opt/rustwide/rustup-home:ro,Z" "-e" "SOURCE_DIR=/opt/rustwide/workdir" "-e" "CARGO_TARGET_DIR=/opt/rustwide/target" "-e" "CARGO_INCREMENTAL=0" "-e" "RUST_BACKTRACE=full" "-e" "RUSTFLAGS=--cap-lints=forbid -Dunexpected_cfgs" "-e" "RUSTDOCFLAGS=--cap-lints=forbid" "-e" "CARGO_HOME=/opt/rustwide/cargo-home" "-e" "RUSTUP_HOME=/opt/rustwide/rustup-home" "-w" "/opt/rustwide/workdir" "-m" "1610612736" "--user" "0:0" "--network" "none" "ghcr.io/rust-lang/crates-build-env/linux@sha256:2788e3201cd34a07e3172128adcd8b3090168a8e3bcc40d7c032b9dda1df7d1c" "/opt/rustwide/cargo-home/bin/cargo" "+nightly-2024-02-05" "check" "--frozen" "--all" "--all-targets" "--message-format=json" "-Zcheck-cfg", kill_on_drop: false }`
[INFO] [stdout] a5b1ffe14a3a223ec65624e87042bdbde25d5f099e0d2e7ee6fcb2ca83d279cf
[INFO] running `Command { std: "docker" "start" "-a" "a5b1ffe14a3a223ec65624e87042bdbde25d5f099e0d2e7ee6fcb2ca83d279cf", kill_on_drop: false }`
[INFO] [stderr]     Checking memchr v2.7.1
[INFO] [stderr]     Checking regex-syntax v0.8.2
[INFO] [stderr]    Compiling syn v2.0.48
[INFO] [stderr]     Checking atty v0.2.14
[INFO] [stderr]     Checking aho-corasick v1.1.2
[INFO] [stderr]     Checking regex-automata v0.4.5
[INFO] [stderr]    Compiling serde_derive v1.0.196
[INFO] [stderr]    Compiling tokio-macros v2.2.0
[INFO] [stderr]     Checking regex v1.10.3
[INFO] [stderr]     Checking env_logger v0.9.3
[INFO] [stderr]     Checking tokio v1.36.0
[INFO] [stderr]     Checking serde v1.0.196
[INFO] [stderr]     Checking serde_json v1.0.113
[INFO] [stderr]     Checking nodium-events v0.1.2
[INFO] [stderr]     Checking nodium-pdk v0.1.1
[INFO] [stderr]     Checking nodium_input v0.1.0 (/opt/rustwide/workdir)
[INFO] [stdout] error[E0432]: unresolved imports `nodium_pdk::Plugin`, `nodium_pdk::Node`, `nodium_pdk::Service`
[INFO] [stdout]  --> src/lib.rs:3:18
[INFO] [stdout]   |
[INFO] [stdout] 3 | use nodium_pdk::{Plugin, Node, Service};
[INFO] [stdout]   |                  ^^^^^^  ^^^^  ^^^^^^^ no `Service` in the root
[INFO] [stdout]   |                  |       |
[INFO] [stdout]   |                  |       no `Node` in the root
[INFO] [stdout]   |                  no `Plugin` in the root
[INFO] [stdout]   |
[INFO] [stdout] help: a similar name exists in the module
[INFO] [stdout]   |
[INFO] [stdout] 3 | use nodium_pdk::{plugin, Node, Service};
[INFO] [stdout]   |                  ~~~~~~
[INFO] [stdout] help: a similar name exists in the module
[INFO] [stdout]   |
[INFO] [stdout] 3 | use nodium_pdk::{Plugin, node, Service};
[INFO] [stdout]   |                          ~~~~
[INFO] [stdout] help: a similar name exists in the module
[INFO] [stdout]   |
[INFO] [stdout] 3 | use nodium_pdk::{Plugin, Node, service};
[INFO] [stdout]   |                                ~~~~~~~
[INFO] [stdout] 
[INFO] [stdout] 
[INFO] [stdout] error[E0432]: unresolved imports `nodium_pdk::Plugin`, `nodium_pdk::Node`, `nodium_pdk::Service`
[INFO] [stdout]  --> src/lib.rs:3:18
[INFO] [stdout]   |
[INFO] [stdout] 3 | use nodium_pdk::{Plugin, Node, Service};
[INFO] [stdout]   |                  ^^^^^^  ^^^^  ^^^^^^^ no `Service` in the root
[INFO] [stdout]   |                  |       |
[INFO] [stdout]   |                  |       no `Node` in the root
[INFO] [stdout]   |                  no `Plugin` in the root
[INFO] [stdout]   |
[INFO] [stdout] help: a similar name exists in the module
[INFO] [stdout]   |
[INFO] [stdout] 3 | use nodium_pdk::{plugin, Node, Service};
[INFO] [stdout]   |                  ~~~~~~
[INFO] [stdout] help: a similar name exists in the module
[INFO] [stdout]   |
[INFO] [stdout] 3 | use nodium_pdk::{Plugin, node, Service};
[INFO] [stdout]   |                          ~~~~
[INFO] [stdout] help: a similar name exists in the module
[INFO] [stdout]   |
[INFO] [stdout] 3 | use nodium_pdk::{Plugin, Node, service};
[INFO] [stdout]   |                                ~~~~~~~
[INFO] [stdout] 
[INFO] [stdout] 
[INFO] [stdout] error[E0405]: cannot find trait `Plugin` in crate `nodium_pdk`
[INFO] [stdout]   --> src/lib.rs:37:51
[INFO] [stdout]    |
[INFO] [stdout] 37 | pub extern "C" fn plugin() -> Box<dyn nodium_pdk::Plugin> {
[INFO] [stdout]    |                                                   ^^^^^^ not found in `nodium_pdk`
[INFO] [stdout] 
[INFO] [stdout] 
[INFO] [stdout] error[E0405]: cannot find trait `Plugin` in crate `nodium_pdk`
[INFO] [stdout]   --> src/lib.rs:37:51
[INFO] [stdout]    |
[INFO] [stdout] 37 | pub extern "C" fn plugin() -> Box<dyn nodium_pdk::Plugin> {
[INFO] [stdout]    |                                                   ^^^^^^ not found in `nodium_pdk`
[INFO] [stdout] 
[INFO] [stdout] 
[INFO] [stdout] error: aborting due to 2 previous errors
[INFO] [stdout] 
[INFO] [stdout] 
[INFO] [stdout] Some errors have detailed explanations: E0405, E0432.
[INFO] [stdout] 
[INFO] [stdout] For more information about an error, try `rustc --explain E0405`.
[INFO] [stdout] 
[INFO] [stdout] error: aborting due to 2 previous errors
[INFO] [stdout] 
[INFO] [stdout] 
[INFO] [stdout] Some errors have detailed explanations: E0405, E0432.
[INFO] [stdout] 
[INFO] [stdout] For more information about an error, try `rustc --explain E0405`.
[INFO] [stdout] 
[INFO] [stderr] error: could not compile `nodium_input` (lib test) due to 3 previous errors
[INFO] [stderr] warning: build failed, waiting for other jobs to finish...
[INFO] [stderr] error: could not compile `nodium_input` (lib) due to 3 previous errors
[INFO] running `Command { std: "docker" "inspect" "a5b1ffe14a3a223ec65624e87042bdbde25d5f099e0d2e7ee6fcb2ca83d279cf", kill_on_drop: false }`
[INFO] running `Command { std: "docker" "rm" "-f" "a5b1ffe14a3a223ec65624e87042bdbde25d5f099e0d2e7ee6fcb2ca83d279cf", kill_on_drop: false }`
[INFO] [stdout] a5b1ffe14a3a223ec65624e87042bdbde25d5f099e0d2e7ee6fcb2ca83d279cf
