[INFO] fetching crate node-rpc-client 2.0.0...
[INFO] checking node-rpc-client-2.0.0 against nightly-2024-02-05 for check-cfg
[INFO] extracting crate node-rpc-client 2.0.0 into /workspace/builds/worker-7-tc1/source
[INFO] validating manifest of crates.io crate node-rpc-client 2.0.0 on toolchain nightly-2024-02-05
[INFO] running `Command { std: CARGO_HOME="/workspace/cargo-home" RUSTUP_HOME="/workspace/rustup-home" "/workspace/cargo-home/bin/cargo" "+nightly-2024-02-05" "metadata" "--manifest-path" "Cargo.toml" "--no-deps", kill_on_drop: false }`
[INFO] started tweaking crates.io crate node-rpc-client 2.0.0
[INFO] finished tweaking crates.io crate node-rpc-client 2.0.0
[INFO] tweaked toml for crates.io crate node-rpc-client 2.0.0 written to /workspace/builds/worker-7-tc1/source/Cargo.toml
[INFO] crate crates.io crate node-rpc-client 2.0.0 already has a lockfile, it will not be regenerated
[INFO] running `Command { std: CARGO_HOME="/workspace/cargo-home" RUSTUP_HOME="/workspace/rustup-home" "/workspace/cargo-home/bin/cargo" "+nightly-2024-02-05" "fetch" "--manifest-path" "Cargo.toml", kill_on_drop: false }`
[INFO] [stderr]     Updating crates.io index
[INFO] [stderr]  Downloading crates ...
[INFO] [stderr]   Downloaded tetsy-jsonrpc-core v15.1.0
[INFO] [stderr]   Downloaded tc-executor-twasmi v0.8.0
[INFO] [stderr]   Downloaded unsigned-varint v0.6.0
[INFO] [stderr]   Downloaded tp-tasks v2.0.1
[INFO] [stderr]   Downloaded pin-project-internal v1.0.6
[INFO] [stderr]   Downloaded tc-client-api v2.0.0
[INFO] [stderr]   Downloaded tetsy-libp2p-core v0.27.2
[INFO] [stderr]   Downloaded multihash-derive v0.7.1
[INFO] [stderr]   Downloaded tp-api v2.0.2
[INFO] [stderr]   Downloaded serializer v2.0.2
[INFO] [stderr]   Downloaded tp-rpc v2.0.2
[INFO] [stderr]   Downloaded tetcore-storage v2.0.2
[INFO] [stderr]   Downloaded async-lock v2.3.0
[INFO] [stderr]   Downloaded environ v1.1.2
[INFO] [stderr]   Downloaded pin-project v1.0.6
[INFO] [stderr]   Downloaded ref-cast-impl v1.0.6
[INFO] [stderr]   Downloaded tp-offchain v2.0.2
[INFO] [stderr]   Downloaded tp-chain-spec v2.0.2
[INFO] [stderr]   Downloaded tc-telemetry v2.0.0
[INFO] [stderr]   Downloaded pin-project-internal v0.4.28
[INFO] [stderr]   Downloaded sha2 v0.9.3
[INFO] [stderr]   Downloaded asn1_der v0.6.3
[INFO] [stderr]   Downloaded tetsy-libp2p-core-derive v0.21.1
[INFO] [stderr]   Downloaded asn1_der_derive v0.1.2
[INFO] [stderr]   Downloaded prometheus v0.10.0
[INFO] [stderr]   Downloaded tiny-bip39 v0.8.0
[INFO] [stderr]   Downloaded polling v2.0.3
[INFO] [stderr]   Downloaded tetsy-multiaddr v0.11.2
[INFO] [stderr]   Downloaded tetsy-libp2p-wasm-ext v0.27.1
[INFO] [stderr]   Downloaded tp-consensus v0.8.2
[INFO] [stderr]   Downloaded tp-inherents v2.0.2
[INFO] [stderr]   Downloaded tp-blockchain v2.0.2
[INFO] [stderr]   Downloaded quicksink v0.1.2
[INFO] [stderr]   Downloaded tp-transaction-pool v2.0.2
[INFO] [stderr]   Downloaded pin-project v0.4.28
[INFO] [stderr]   Downloaded arithmetic v2.0.2
[INFO] [stderr]   Downloaded tp-api-proc-macro v2.0.2
[INFO] [stderr]   Downloaded derive_more v0.99.13
[INFO] [stderr]   Downloaded if-watch v0.2.0
[INFO] [stderr]   Downloaded panic-handler v2.0.2
[INFO] [stderr]   Downloaded async-process v1.0.2
[INFO] [stderr]   Downloaded curve25519-dalek v3.0.2
[INFO] [stderr]   Downloaded wepoll-sys v3.0.1
[INFO] [stderr]   Downloaded signature v1.3.0
[INFO] [stderr]   Downloaded tetsy-libp2p-swarm v0.27.1
[INFO] [stderr]   Downloaded curve25519-dalek v2.1.2
[INFO] [stderr]   Downloaded tetsy-libp2p-tcp v0.27.2
[INFO] [stderr]   Downloaded byte-slice-cast v1.0.0
[INFO] [stderr]   Downloaded tc-keystore v2.0.0
[INFO] [stderr]   Downloaded nb-connect v1.1.0
[INFO] [stderr]   Downloaded tp-trie v2.0.2
[INFO] [stderr]   Downloaded tp-allocator v2.0.2
[INFO] [stderr]   Downloaded node-primitives v2.0.0
[INFO] [stderr]   Downloaded vcpkg v0.2.11
[INFO] [stderr]   Downloaded impl-serde v0.3.1
[INFO] [stderr]   Downloaded impl-trait-for-tuples v0.2.1
[INFO] [stderr]   Downloaded soketto v0.4.2
[INFO] [stderr]   Downloaded ed25519 v1.0.3
[INFO] [stderr]   Downloaded futures-rustls v0.21.1
[INFO] [stderr]   Downloaded tp-runtime-interface-proc-macro v2.0.2
[INFO] [stderr]   Downloaded unsigned-varint v0.7.0
[INFO] [stderr]   Downloaded value-bag v1.0.0-alpha.6
[INFO] [stderr]   Downloaded async-io v1.3.1
[INFO] [stderr]   Downloaded tc-executor v0.8.0
[INFO] [stderr]   Downloaded tc-block-builder v0.8.0
[INFO] [stderr]   Downloaded tetsy-libp2p-websocket v0.28.2
[INFO] [stderr]   Downloaded tetsy-util-mem-derive v0.1.0
[INFO] [stderr]   Downloaded tetsy-multistream-select v0.10.2
[INFO] [stderr]   Downloaded keccak v0.1.0
[INFO] [stderr]   Downloaded which v4.1.0
[INFO] [stderr]   Downloaded tetsy-fixed-hash v0.7.0
[INFO] [stderr]   Downloaded tetsy-jsonrpc-pubsub v15.1.0
[INFO] [stderr]   Downloaded ref-cast v1.0.6
[INFO] [stderr]   Downloaded tetsy-jsonrpc-derive v15.1.0
[INFO] [stderr]   Downloaded zeroize_derive v1.0.1
[INFO] [stderr]   Downloaded tet-application-crypto v2.0.2
[INFO] [stderr]   Downloaded tetsy-jsonrpc-core-client v15.1.0
[INFO] [stderr]   Downloaded bitvec v0.20.2
[INFO] [stderr]   Downloaded tetcore-tracing v2.0.2
[INFO] [stderr]   Downloaded tp-block-builder v2.0.2
[INFO] [stderr]   Downloaded tc-rpc-api v0.8.0
[INFO] [stderr]   Downloaded tc-tracing-proc-macro v2.0.0
[INFO] [stderr]   Downloaded tc-tracing v2.0.0
[INFO] [stderr]   Downloaded lru v0.6.5
[INFO] [stderr]   Downloaded tetsy-kvdb v0.9.0
[INFO] [stderr]   Downloaded tetcore-database v2.0.2
[INFO] [stderr]   Downloaded signal-hook v0.3.8
[INFO] [stderr]   Downloaded prometheus-endpoint v0.8.1
[INFO] [stderr]   Downloaded tetcore-utils v2.0.2
[INFO] [stderr]   Downloaded atomic v0.5.0
[INFO] [stderr]   Downloaded tetsy-libp2p-dns v0.27.2
[INFO] [stderr]   Downloaded if-addrs v0.6.5
[INFO] [stderr]   Downloaded tetsy-libp2p v0.34.3
[INFO] [stderr]   Downloaded tetcore-wasm-interface v2.0.2
[INFO] [stderr]   Downloaded debug-derive v2.0.2
[INFO] [stderr]   Downloaded tp-keystore v0.8.1
[INFO] [stderr]   Downloaded tp-runtime v2.0.2
[INFO] [stderr]   Downloaded tp-version v2.0.2
[INFO] [stderr]   Downloaded wasm-bindgen-futures v0.4.23
[INFO] [stderr]   Downloaded uint-crate v0.9.0
[INFO] [stderr]   Downloaded tetsy-impl-serde v0.3.1
[INFO] [stderr]   Downloaded tetcore-std v2.0.2
[INFO] [stderr]   Downloaded tet-io v2.0.2
[INFO] [stderr]   Downloaded tc-rpc v2.0.0
[INFO] [stderr]   Downloaded tetsy-primitive-types v0.9.0
[INFO] [stderr]   Downloaded tetsy-impl-codec v0.5.0
[INFO] [stderr]   Downloaded tetsy-jsonrpc-client-transports v15.1.0
[INFO] [stderr]   Downloaded tc-executor-common v0.8.0
[INFO] [stderr]   Downloaded tet-core v2.0.2
[INFO] [stderr]   Downloaded tetsy-util-mem v0.9.0
[INFO] [stderr]   Downloaded tp-runtime-interface v2.0.2
[INFO] [stderr]   Downloaded tetsy-send-wrapper v0.1.0
[INFO] running `Command { std: "docker" "create" "-v" "/var/lib/crater-agent-workspace/builds/worker-7-tc1/target:/opt/rustwide/target:rw,Z" "-v" "/var/lib/crater-agent-workspace/builds/worker-7-tc1/source:/opt/rustwide/workdir:ro,Z" "-v" "/var/lib/crater-agent-workspace/cargo-home:/opt/rustwide/cargo-home:ro,Z" "-v" "/var/lib/crater-agent-workspace/rustup-home:/opt/rustwide/rustup-home:ro,Z" "-e" "SOURCE_DIR=/opt/rustwide/workdir" "-e" "CARGO_TARGET_DIR=/opt/rustwide/target" "-e" "CARGO_HOME=/opt/rustwide/cargo-home" "-e" "RUSTUP_HOME=/opt/rustwide/rustup-home" "-w" "/opt/rustwide/workdir" "-m" "1610612736" "--user" "0:0" "--network" "none" "ghcr.io/rust-lang/crates-build-env/linux@sha256:2788e3201cd34a07e3172128adcd8b3090168a8e3bcc40d7c032b9dda1df7d1c" "/opt/rustwide/cargo-home/bin/cargo" "+nightly-2024-02-05" "metadata" "--no-deps" "--format-version=1", kill_on_drop: false }`
[INFO] [stdout] b477a651630cb8f3f4447133049368c86546243249ef9fc7d7c357870f0af4fe
[INFO] running `Command { std: "docker" "start" "-a" "b477a651630cb8f3f4447133049368c86546243249ef9fc7d7c357870f0af4fe", kill_on_drop: false }`
[INFO] running `Command { std: "docker" "inspect" "b477a651630cb8f3f4447133049368c86546243249ef9fc7d7c357870f0af4fe", kill_on_drop: false }`
[INFO] running `Command { std: "docker" "rm" "-f" "b477a651630cb8f3f4447133049368c86546243249ef9fc7d7c357870f0af4fe", kill_on_drop: false }`
[INFO] [stdout] b477a651630cb8f3f4447133049368c86546243249ef9fc7d7c357870f0af4fe
[INFO] running `Command { std: "docker" "create" "-v" "/var/lib/crater-agent-workspace/builds/worker-7-tc1/target:/opt/rustwide/target:rw,Z" "-v" "/var/lib/crater-agent-workspace/builds/worker-7-tc1/source:/opt/rustwide/workdir:ro,Z" "-v" "/var/lib/crater-agent-workspace/cargo-home:/opt/rustwide/cargo-home:ro,Z" "-v" "/var/lib/crater-agent-workspace/rustup-home:/opt/rustwide/rustup-home:ro,Z" "-e" "SOURCE_DIR=/opt/rustwide/workdir" "-e" "CARGO_TARGET_DIR=/opt/rustwide/target" "-e" "CARGO_INCREMENTAL=0" "-e" "RUST_BACKTRACE=full" "-e" "RUSTFLAGS=--cap-lints=forbid" "-e" "RUSTDOCFLAGS=--cap-lints=forbid" "-e" "CARGO_HOME=/opt/rustwide/cargo-home" "-e" "RUSTUP_HOME=/opt/rustwide/rustup-home" "-w" "/opt/rustwide/workdir" "-m" "1610612736" "--user" "0:0" "--network" "none" "ghcr.io/rust-lang/crates-build-env/linux@sha256:2788e3201cd34a07e3172128adcd8b3090168a8e3bcc40d7c032b9dda1df7d1c" "/opt/rustwide/cargo-home/bin/cargo" "+nightly-2024-02-05" "check" "--frozen" "--all" "--all-targets" "--message-format=json", kill_on_drop: false }`
[INFO] [stdout] d6e9d6b870c9079f698efb4eea6ddff176efbc758204f318100f3f10e3951a72
[INFO] running `Command { std: "docker" "start" "-a" "d6e9d6b870c9079f698efb4eea6ddff176efbc758204f318100f3f10e3951a72", kill_on_drop: false }`
[INFO] [stderr]    Compiling proc-macro2 v1.0.26
[INFO] [stderr]    Compiling unicode-xid v0.2.1
[INFO] [stderr]    Compiling syn v1.0.68
[INFO] [stderr]    Compiling libc v0.2.92
[INFO] [stderr]    Compiling autocfg v1.0.1
[INFO] [stderr]    Compiling value-bag v1.0.0-alpha.6
[INFO] [stderr]    Compiling log v0.4.14
[INFO] [stderr]    Compiling serde_derive v1.0.125
[INFO] [stderr]    Compiling serde v1.0.125
[INFO] [stderr]     Checking scopeguard v1.1.0
[INFO] [stderr]     Checking smallvec v1.6.1
[INFO] [stderr]     Checking byteorder v1.4.3
[INFO] [stderr]    Compiling memchr v2.3.4
[INFO] [stderr]     Checking futures v0.1.31
[INFO] [stderr]     Checking instant v0.1.9
[INFO] [stderr]    Compiling typenum v1.13.0
[INFO] [stderr]     Checking pin-project-lite v0.2.6
[INFO] [stderr]     Checking lock_api v0.4.3
[INFO] [stderr]     Checking futures-core v0.3.13
[INFO] [stderr]    Compiling version_check v0.9.3
[INFO] [stderr]     Checking slab v0.4.2
[INFO] [stderr]     Checking ppv-lite86 v0.2.10
[INFO] [stderr]     Checking futures-io v0.3.13
[INFO] [stderr]    Compiling getrandom v0.2.2
[INFO] [stderr]    Compiling getrandom v0.1.16
[INFO] [stderr]     Checking cfg-if v0.1.10
[INFO] [stderr]    Compiling proc-macro-hack v0.5.19
[INFO] [stderr]     Checking futures-sink v0.3.13
[INFO] [stderr]    Compiling proc-macro-nested v0.1.7
[INFO] [stderr]    Compiling crunchy v0.2.2
[INFO] [stderr]     Checking itoa v0.4.7
[INFO] [stderr]     Checking static_assertions v1.1.0
[INFO] [stderr]     Checking futures-task v0.3.13
[INFO] [stderr]     Checking futures-channel v0.3.13
[INFO] [stderr]    Compiling anyhow v1.0.40
[INFO] [stdout] error[E0422]: cannot find struct, variant or union type `LineColumn` in crate `proc_macro`
[INFO] [stdout]    --> /opt/rustwide/cargo-home/registry/src/index.crates.io-6f17d22bba15001f/proc-macro2-1.0.26/src/wrapper.rs:481:33
[INFO] [stdout]     |
[INFO] [stdout] 481 |                 let proc_macro::LineColumn { line, column } = s.start();
[INFO] [stdout]     |                                 ^^^^^^^^^^ not found in `proc_macro`
[INFO] [stdout]     |
[INFO] [stdout] help: consider importing one of these items
[INFO] [stdout]     |
[INFO] [stdout] 1   + use crate::LineColumn;
[INFO] [stdout]     |
[INFO] [stdout] 1   + use crate::fallback::LineColumn;
[INFO] [stdout]     |
[INFO] [stdout] help: if you import `LineColumn`, refer to it directly
[INFO] [stdout]     |
[INFO] [stdout] 481 -                 let proc_macro::LineColumn { line, column } = s.start();
[INFO] [stdout] 481 +                 let LineColumn { line, column } = s.start();
[INFO] [stdout]     |
[INFO] [stdout] 
[INFO] [stdout] 
[INFO] [stderr]     Checking subtle v2.4.0
[INFO] [stdout] error[E0422]: cannot find struct, variant or union type `LineColumn` in crate `proc_macro`
[INFO] [stdout]    --> /opt/rustwide/cargo-home/registry/src/index.crates.io-6f17d22bba15001f/proc-macro2-1.0.26/src/wrapper.rs:498:33
[INFO] [stdout]     |
[INFO] [stdout] 498 |                 let proc_macro::LineColumn { line, column } = s.end();
[INFO] [stdout]     |                                 ^^^^^^^^^^ not found in `proc_macro`
[INFO] [stdout]     |
[INFO] [stdout] help: consider importing one of these items
[INFO] [stdout]     |
[INFO] [stdout] 1   + use crate::LineColumn;
[INFO] [stdout]     |
[INFO] [stdout] 1   + use crate::fallback::LineColumn;
[INFO] [stdout]     |
[INFO] [stdout] help: if you import `LineColumn`, refer to it directly
[INFO] [stdout]     |
[INFO] [stdout] 498 -                 let proc_macro::LineColumn { line, column } = s.end();
[INFO] [stdout] 498 +                 let LineColumn { line, column } = s.end();
[INFO] [stdout]     |
[INFO] [stdout] 
[INFO] [stdout] 
[INFO] [stderr]    Compiling generic-array v0.14.4
[INFO] [stderr]     Checking tinyvec_macros v0.1.0
[INFO] [stderr]    Compiling radium v0.6.2
[INFO] [stderr]     Checking cpuid-bool v0.1.2
[INFO] [stderr]     Checking opaque-debug v0.3.0
[INFO] [stderr]     Checking arrayvec v0.5.2
[INFO] [stderr]    Compiling num-traits v0.2.14
[INFO] [stderr]     Checking funty v1.1.0
[INFO] [stderr]     Checking tinyvec v1.2.0
[INFO] [stderr]     Checking wyz v0.2.0
[INFO] [stdout] error: aborting due to 2 previous errors
[INFO] [stdout] 
[INFO] [stdout] 
[INFO] [stdout] For more information about this error, try `rustc --explain E0422`.
[INFO] [stdout] 
[INFO] [stderr] error: could not compile `proc-macro2` (lib) due to 3 previous errors
[INFO] [stderr] warning: build failed, waiting for other jobs to finish...
[INFO] running `Command { std: "docker" "inspect" "d6e9d6b870c9079f698efb4eea6ddff176efbc758204f318100f3f10e3951a72", kill_on_drop: false }`
[INFO] running `Command { std: "docker" "rm" "-f" "d6e9d6b870c9079f698efb4eea6ddff176efbc758204f318100f3f10e3951a72", kill_on_drop: false }`
[INFO] [stdout] d6e9d6b870c9079f698efb4eea6ddff176efbc758204f318100f3f10e3951a72
[INFO] checking node-rpc-client-2.0.0 against nightly-2024-02-05+rustflags=-Dunexpected_cfgs+cargoflags=-Zcheck-cfg for check-cfg
[INFO] extracting crate node-rpc-client 2.0.0 into /workspace/builds/worker-7-tc2/source
[INFO] validating manifest of crates.io crate node-rpc-client 2.0.0 on toolchain nightly-2024-02-05
[INFO] running `Command { std: CARGO_HOME="/workspace/cargo-home" RUSTUP_HOME="/workspace/rustup-home" "/workspace/cargo-home/bin/cargo" "+nightly-2024-02-05" "metadata" "--manifest-path" "Cargo.toml" "--no-deps", kill_on_drop: false }`
[INFO] started tweaking crates.io crate node-rpc-client 2.0.0
[INFO] finished tweaking crates.io crate node-rpc-client 2.0.0
[INFO] tweaked toml for crates.io crate node-rpc-client 2.0.0 written to /workspace/builds/worker-7-tc2/source/Cargo.toml
[INFO] crate crates.io crate node-rpc-client 2.0.0 already has a lockfile, it will not be regenerated
[INFO] running `Command { std: CARGO_HOME="/workspace/cargo-home" RUSTUP_HOME="/workspace/rustup-home" "/workspace/cargo-home/bin/cargo" "+nightly-2024-02-05" "fetch" "--manifest-path" "Cargo.toml", kill_on_drop: false }`
[INFO] running `Command { std: "docker" "create" "-v" "/var/lib/crater-agent-workspace/builds/worker-7-tc2/target:/opt/rustwide/target:rw,Z" "-v" "/var/lib/crater-agent-workspace/builds/worker-7-tc2/source:/opt/rustwide/workdir:ro,Z" "-v" "/var/lib/crater-agent-workspace/cargo-home:/opt/rustwide/cargo-home:ro,Z" "-v" "/var/lib/crater-agent-workspace/rustup-home:/opt/rustwide/rustup-home:ro,Z" "-e" "SOURCE_DIR=/opt/rustwide/workdir" "-e" "CARGO_TARGET_DIR=/opt/rustwide/target" "-e" "CARGO_HOME=/opt/rustwide/cargo-home" "-e" "RUSTUP_HOME=/opt/rustwide/rustup-home" "-w" "/opt/rustwide/workdir" "-m" "1610612736" "--user" "0:0" "--network" "none" "ghcr.io/rust-lang/crates-build-env/linux@sha256:2788e3201cd34a07e3172128adcd8b3090168a8e3bcc40d7c032b9dda1df7d1c" "/opt/rustwide/cargo-home/bin/cargo" "+nightly-2024-02-05" "metadata" "--no-deps" "--format-version=1", kill_on_drop: false }`
[INFO] [stdout] 0d11646abc7e09af5e9468a5746ca504f33ac9072326f024bf134c30991ff398
[INFO] running `Command { std: "docker" "start" "-a" "0d11646abc7e09af5e9468a5746ca504f33ac9072326f024bf134c30991ff398", kill_on_drop: false }`
[INFO] running `Command { std: "docker" "inspect" "0d11646abc7e09af5e9468a5746ca504f33ac9072326f024bf134c30991ff398", kill_on_drop: false }`
[INFO] running `Command { std: "docker" "rm" "-f" "0d11646abc7e09af5e9468a5746ca504f33ac9072326f024bf134c30991ff398", kill_on_drop: false }`
[INFO] [stdout] 0d11646abc7e09af5e9468a5746ca504f33ac9072326f024bf134c30991ff398
[INFO] running `Command { std: "docker" "create" "-v" "/var/lib/crater-agent-workspace/builds/worker-7-tc2/target:/opt/rustwide/target:rw,Z" "-v" "/var/lib/crater-agent-workspace/builds/worker-7-tc2/source:/opt/rustwide/workdir:ro,Z" "-v" "/var/lib/crater-agent-workspace/cargo-home:/opt/rustwide/cargo-home:ro,Z" "-v" "/var/lib/crater-agent-workspace/rustup-home:/opt/rustwide/rustup-home:ro,Z" "-e" "SOURCE_DIR=/opt/rustwide/workdir" "-e" "CARGO_TARGET_DIR=/opt/rustwide/target" "-e" "CARGO_INCREMENTAL=0" "-e" "RUST_BACKTRACE=full" "-e" "RUSTFLAGS=--cap-lints=forbid -Dunexpected_cfgs" "-e" "RUSTDOCFLAGS=--cap-lints=forbid" "-e" "CARGO_HOME=/opt/rustwide/cargo-home" "-e" "RUSTUP_HOME=/opt/rustwide/rustup-home" "-w" "/opt/rustwide/workdir" "-m" "1610612736" "--user" "0:0" "--network" "none" "ghcr.io/rust-lang/crates-build-env/linux@sha256:2788e3201cd34a07e3172128adcd8b3090168a8e3bcc40d7c032b9dda1df7d1c" "/opt/rustwide/cargo-home/bin/cargo" "+nightly-2024-02-05" "check" "--frozen" "--all" "--all-targets" "--message-format=json" "-Zcheck-cfg", kill_on_drop: false }`
[INFO] [stdout] f6e349eb59c679a6c52f5054e7f4044471ffd9e72e549b3493633bf5d0e608c3
[INFO] running `Command { std: "docker" "start" "-a" "f6e349eb59c679a6c52f5054e7f4044471ffd9e72e549b3493633bf5d0e608c3", kill_on_drop: false }`
[INFO] [stderr]    Compiling proc-macro2 v1.0.26
[INFO] [stderr]    Compiling unicode-xid v0.2.1
[INFO] [stderr]    Compiling syn v1.0.68
[INFO] [stderr]    Compiling libc v0.2.92
[INFO] [stderr]    Compiling autocfg v1.0.1
[INFO] [stderr]    Compiling value-bag v1.0.0-alpha.6
[INFO] [stderr]    Compiling log v0.4.14
[INFO] [stderr]    Compiling serde_derive v1.0.125
[INFO] [stderr]    Compiling serde v1.0.125
[INFO] [stderr]     Checking scopeguard v1.1.0
[INFO] [stderr]     Checking smallvec v1.6.1
[INFO] [stderr]     Checking byteorder v1.4.3
[INFO] [stderr]    Compiling memchr v2.3.4
[INFO] [stderr]     Checking futures v0.1.31
[INFO] [stderr]     Checking instant v0.1.9
[INFO] [stderr]    Compiling typenum v1.13.0
[INFO] [stderr]     Checking pin-project-lite v0.2.6
[INFO] [stderr]     Checking lock_api v0.4.3
[INFO] [stderr]     Checking futures-core v0.3.13
[INFO] [stderr]    Compiling version_check v0.9.3
[INFO] [stderr]     Checking slab v0.4.2
[INFO] [stderr]     Checking ppv-lite86 v0.2.10
[INFO] [stderr]    Compiling getrandom v0.2.2
[INFO] [stderr]     Checking futures-io v0.3.13
[INFO] [stderr]    Compiling getrandom v0.1.16
[INFO] [stderr]     Checking cfg-if v0.1.10
[INFO] [stderr]    Compiling proc-macro-hack v0.5.19
[INFO] [stderr]     Checking futures-sink v0.3.13
[INFO] [stderr]    Compiling proc-macro-nested v0.1.7
[INFO] [stderr]     Checking itoa v0.4.7
[INFO] [stderr]    Compiling crunchy v0.2.2
[INFO] [stderr]     Checking futures-channel v0.3.13
[INFO] [stderr]     Checking static_assertions v1.1.0
[INFO] [stderr]    Compiling generic-array v0.14.4
[INFO] [stderr]    Compiling anyhow v1.0.40
[INFO] [stderr]     Checking futures-task v0.3.13
[INFO] [stderr]     Checking tinyvec_macros v0.1.0
[INFO] [stderr]     Checking subtle v2.4.0
[INFO] [stderr]    Compiling radium v0.6.2
[INFO] [stderr]     Checking opaque-debug v0.3.0
[INFO] [stderr]     Checking cpuid-bool v0.1.2
[INFO] [stdout] error[E0422]: cannot find struct, variant or union type `LineColumn` in crate `proc_macro`
[INFO] [stdout]    --> /opt/rustwide/cargo-home/registry/src/index.crates.io-6f17d22bba15001f/proc-macro2-1.0.26/src/wrapper.rs:481:33
[INFO] [stdout]     |
[INFO] [stdout] 481 |                 let proc_macro::LineColumn { line, column } = s.start();
[INFO] [stdout]     |                                 ^^^^^^^^^^ not found in `proc_macro`
[INFO] [stdout]     |
[INFO] [stdout] help: consider importing one of these items
[INFO] [stdout]     |
[INFO] [stdout] 1   + use crate::LineColumn;
[INFO] [stdout]     |
[INFO] [stdout] 1   + use crate::fallback::LineColumn;
[INFO] [stdout]     |
[INFO] [stdout] help: if you import `LineColumn`, refer to it directly
[INFO] [stdout]     |
[INFO] [stdout] 481 -                 let proc_macro::LineColumn { line, column } = s.start();
[INFO] [stdout] 481 +                 let LineColumn { line, column } = s.start();
[INFO] [stdout]     |
[INFO] [stdout] 
[INFO] [stdout] 
[INFO] [stdout] error[E0422]: cannot find struct, variant or union type `LineColumn` in crate `proc_macro`
[INFO] [stdout]    --> /opt/rustwide/cargo-home/registry/src/index.crates.io-6f17d22bba15001f/proc-macro2-1.0.26/src/wrapper.rs:498:33
[INFO] [stdout]     |
[INFO] [stdout] 498 |                 let proc_macro::LineColumn { line, column } = s.end();
[INFO] [stdout]     |                                 ^^^^^^^^^^ not found in `proc_macro`
[INFO] [stdout]     |
[INFO] [stdout] help: consider importing one of these items
[INFO] [stdout]     |
[INFO] [stdout] 1   + use crate::LineColumn;
[INFO] [stdout]     |
[INFO] [stdout] 1   + use crate::fallback::LineColumn;
[INFO] [stdout]     |
[INFO] [stdout] help: if you import `LineColumn`, refer to it directly
[INFO] [stdout]     |
[INFO] [stdout] 498 -                 let proc_macro::LineColumn { line, column } = s.end();
[INFO] [stdout] 498 +                 let LineColumn { line, column } = s.end();
[INFO] [stdout]     |
[INFO] [stdout] 
[INFO] [stdout] 
[INFO] [stderr]     Checking tinyvec v1.2.0
[INFO] [stderr]     Checking arrayvec v0.5.2
[INFO] [stderr]    Compiling num-traits v0.2.14
[INFO] [stderr]     Checking subtle v1.0.0
[INFO] [stderr]     Checking tap v1.0.1
[INFO] [stderr]     Checking byte-tools v0.3.1
[INFO] [stderr]     Checking funty v1.1.0
[INFO] [stderr]     Checking ahash v0.4.7
[INFO] [stdout] error: aborting due to 2 previous errors
[INFO] [stdout] 
[INFO] [stdout] 
[INFO] [stdout] For more information about this error, try `rustc --explain E0422`.
[INFO] [stdout] 
[INFO] [stderr] error: could not compile `proc-macro2` (lib) due to 3 previous errors
[INFO] [stderr] warning: build failed, waiting for other jobs to finish...
[INFO] running `Command { std: "docker" "inspect" "f6e349eb59c679a6c52f5054e7f4044471ffd9e72e549b3493633bf5d0e608c3", kill_on_drop: false }`
[INFO] running `Command { std: "docker" "rm" "-f" "f6e349eb59c679a6c52f5054e7f4044471ffd9e72e549b3493633bf5d0e608c3", kill_on_drop: false }`
[INFO] [stdout] f6e349eb59c679a6c52f5054e7f4044471ffd9e72e549b3493633bf5d0e608c3
