[INFO] fetching crate noble-transaction-payment-rpc 2.0.0...
[INFO] checking noble-transaction-payment-rpc-2.0.0 against nightly-2024-02-05 for check-cfg
[INFO] extracting crate noble-transaction-payment-rpc 2.0.0 into /workspace/builds/worker-4-tc1/source
[INFO] validating manifest of crates.io crate noble-transaction-payment-rpc 2.0.0 on toolchain nightly-2024-02-05
[INFO] running `Command { std: CARGO_HOME="/workspace/cargo-home" RUSTUP_HOME="/workspace/rustup-home" "/workspace/cargo-home/bin/cargo" "+nightly-2024-02-05" "metadata" "--manifest-path" "Cargo.toml" "--no-deps", kill_on_drop: false }`
[INFO] started tweaking crates.io crate noble-transaction-payment-rpc 2.0.0
[INFO] finished tweaking crates.io crate noble-transaction-payment-rpc 2.0.0
[INFO] tweaked toml for crates.io crate noble-transaction-payment-rpc 2.0.0 written to /workspace/builds/worker-4-tc1/source/Cargo.toml
[INFO] running `Command { std: CARGO_HOME="/workspace/cargo-home" RUSTUP_HOME="/workspace/rustup-home" "/workspace/cargo-home/bin/cargo" "+nightly-2024-02-05" "generate-lockfile" "--manifest-path" "Cargo.toml", kill_on_drop: false }`
[INFO] [stderr]     Updating crates.io index
[INFO] running `Command { std: CARGO_HOME="/workspace/cargo-home" RUSTUP_HOME="/workspace/rustup-home" "/workspace/cargo-home/bin/cargo" "+nightly-2024-02-05" "fetch" "--manifest-path" "Cargo.toml", kill_on_drop: false }`
[INFO] [stderr]  Downloading crates ...
[INFO] [stderr]   Downloaded tetsy-jsonrpc-pubsub v15.1.0
[INFO] [stderr]   Downloaded tetsy-jsonrpc-core-client v15.1.0
[INFO] [stderr]   Downloaded tetsy-jsonrpc-client-transports v15.1.0
[INFO] [stderr]   Downloaded tp-rpc v2.0.2
[INFO] [stderr]   Downloaded tetsy-jsonrpc-core v15.1.0
[INFO] [stderr]   Downloaded tetsy-jsonrpc-derive v15.1.0
[INFO] running `Command { std: "docker" "create" "-v" "/var/lib/crater-agent-workspace/builds/worker-4-tc1/target:/opt/rustwide/target:rw,Z" "-v" "/var/lib/crater-agent-workspace/builds/worker-4-tc1/source:/opt/rustwide/workdir:ro,Z" "-v" "/var/lib/crater-agent-workspace/cargo-home:/opt/rustwide/cargo-home:ro,Z" "-v" "/var/lib/crater-agent-workspace/rustup-home:/opt/rustwide/rustup-home:ro,Z" "-e" "SOURCE_DIR=/opt/rustwide/workdir" "-e" "CARGO_TARGET_DIR=/opt/rustwide/target" "-e" "CARGO_HOME=/opt/rustwide/cargo-home" "-e" "RUSTUP_HOME=/opt/rustwide/rustup-home" "-w" "/opt/rustwide/workdir" "-m" "1610612736" "--user" "0:0" "--network" "none" "ghcr.io/rust-lang/crates-build-env/linux@sha256:2788e3201cd34a07e3172128adcd8b3090168a8e3bcc40d7c032b9dda1df7d1c" "/opt/rustwide/cargo-home/bin/cargo" "+nightly-2024-02-05" "metadata" "--no-deps" "--format-version=1", kill_on_drop: false }`
[INFO] [stdout] 90f261ebea24cc1eb58a9462acac4b21e3d53a8b857ade8396581293ca2c0ade
[INFO] running `Command { std: "docker" "start" "-a" "90f261ebea24cc1eb58a9462acac4b21e3d53a8b857ade8396581293ca2c0ade", kill_on_drop: false }`
[INFO] running `Command { std: "docker" "inspect" "90f261ebea24cc1eb58a9462acac4b21e3d53a8b857ade8396581293ca2c0ade", kill_on_drop: false }`
[INFO] running `Command { std: "docker" "rm" "-f" "90f261ebea24cc1eb58a9462acac4b21e3d53a8b857ade8396581293ca2c0ade", kill_on_drop: false }`
[INFO] [stdout] 90f261ebea24cc1eb58a9462acac4b21e3d53a8b857ade8396581293ca2c0ade
[INFO] running `Command { std: "docker" "create" "-v" "/var/lib/crater-agent-workspace/builds/worker-4-tc1/target:/opt/rustwide/target:rw,Z" "-v" "/var/lib/crater-agent-workspace/builds/worker-4-tc1/source:/opt/rustwide/workdir:ro,Z" "-v" "/var/lib/crater-agent-workspace/cargo-home:/opt/rustwide/cargo-home:ro,Z" "-v" "/var/lib/crater-agent-workspace/rustup-home:/opt/rustwide/rustup-home:ro,Z" "-e" "SOURCE_DIR=/opt/rustwide/workdir" "-e" "CARGO_TARGET_DIR=/opt/rustwide/target" "-e" "CARGO_INCREMENTAL=0" "-e" "RUST_BACKTRACE=full" "-e" "RUSTFLAGS=--cap-lints=forbid" "-e" "RUSTDOCFLAGS=--cap-lints=forbid" "-e" "CARGO_HOME=/opt/rustwide/cargo-home" "-e" "RUSTUP_HOME=/opt/rustwide/rustup-home" "-w" "/opt/rustwide/workdir" "-m" "1610612736" "--user" "0:0" "--network" "none" "ghcr.io/rust-lang/crates-build-env/linux@sha256:2788e3201cd34a07e3172128adcd8b3090168a8e3bcc40d7c032b9dda1df7d1c" "/opt/rustwide/cargo-home/bin/cargo" "+nightly-2024-02-05" "check" "--frozen" "--all" "--all-targets" "--message-format=json", kill_on_drop: false }`
[INFO] [stdout] 498e128c3f464e7a73c9835c25cfb0f5e5ddb66d73602dd15a3b0ac3a4dd6d19
[INFO] running `Command { std: "docker" "start" "-a" "498e128c3f464e7a73c9835c25cfb0f5e5ddb66d73602dd15a3b0ac3a4dd6d19", kill_on_drop: false }`
[INFO] [stderr]    Compiling proc-macro2 v1.0.78
[INFO] [stderr]    Compiling libc v0.2.153
[INFO] [stderr]    Compiling syn v1.0.109
[INFO] [stderr]    Compiling serde v1.0.196
[INFO] [stderr]     Checking pin-project-lite v0.2.13
[INFO] [stderr]     Checking value-bag v1.7.0
[INFO] [stderr]     Checking futures-core v0.3.30
[INFO] [stderr]     Checking futures-io v0.3.30
[INFO] [stderr]     Checking once_cell v1.19.0
[INFO] [stderr]     Checking smallvec v1.13.1
[INFO] [stderr]    Compiling slab v0.4.9
[INFO] [stderr]    Compiling getrandom v0.1.16
[INFO] [stderr]     Checking log v0.4.20
[INFO] [stderr]     Checking scopeguard v1.2.0
[INFO] [stderr]     Checking tracing-core v0.1.32
[INFO] [stderr]    Compiling radium v0.6.2
[INFO] [stderr]     Checking arrayvec v0.5.2
[INFO] [stderr]     Checking wyz v0.2.0
[INFO] [stderr]     Checking funty v1.1.0
[INFO] [stderr]    Compiling crunchy v0.2.2
[INFO] [stderr]     Checking futures-sink v0.3.30
[INFO] [stderr]     Checking tap v1.0.1
[INFO] [stderr]    Compiling quote v1.0.35
[INFO] [stderr]     Checking tracing v0.1.40
[INFO] [stderr]    Compiling lock_api v0.4.11
[INFO] [stderr]    Compiling parking_lot_core v0.8.6
[INFO] [stderr]    Compiling syn v2.0.48
[INFO] [stderr]     Checking bitvec v0.20.4
[INFO] [stderr]    Compiling anyhow v1.0.79
[INFO] [stderr]     Checking byte-slice-cast v1.2.2
[INFO] [stderr]     Checking static_assertions v1.1.0
[INFO] [stderr]     Checking futures-channel v0.3.30
[INFO] [stderr]     Checking futures-task v0.3.30
[INFO] [stderr]     Checking itoa v1.0.10
[INFO] [stderr]     Checking unicode-normalization v0.1.22
[INFO] [stderr]     Checking subtle v1.0.0
[INFO] [stderr]    Compiling serde_json v1.0.113
[INFO] [stderr]    Compiling thiserror v1.0.56
[INFO] [stderr]     Checking crypto-mac v0.7.0
[INFO] [stderr]     Checking getrandom v0.2.12
[INFO] [stderr]     Checking rand_core v0.5.1
[INFO] [stderr]     Checking rand_core v0.6.4
[INFO] [stderr]     Checking parking_lot v0.11.2
[INFO] [stderr]     Checking num_cpus v1.16.0
[INFO] [stderr]     Checking rand_chacha v0.3.1
[INFO] [stderr]     Checking rand_pcg v0.2.1
[INFO] [stderr]     Checking rand_chacha v0.2.2
[INFO] [stderr]     Checking aho-corasick v1.1.2
[INFO] [stderr]     Checking rustc-hex v2.1.0
[INFO] [stderr]     Checking rand v0.8.5
[INFO] [stderr]     Checking rand v0.7.3
[INFO] [stderr]     Checking ryu v1.0.16
[INFO] [stderr]     Checking sha2 v0.9.9
[INFO] [stderr]     Checking hex v0.4.3
[INFO] [stderr]    Compiling cc v1.0.83
[INFO] [stderr]    Compiling memchr v2.7.1
[INFO] [stderr]     Checking tetcore-std v2.1.2
[INFO] [stderr]     Checking arrayref v0.3.7
[INFO] [stderr]     Checking uint-crate v0.9.1
[INFO] [stderr]     Checking tetsy-fixed-hash v0.7.1
[INFO] [stderr]     Checking regex-automata v0.4.5
[INFO] [stderr]     Checking hmac v0.7.1
[INFO] [stderr]     Checking ahash v0.4.8
[INFO] [stderr]    Compiling ref-cast v1.0.22
[INFO] [stderr]    Compiling regex-syntax v0.8.2
[INFO] [stderr]     Checking hashbrown v0.9.1
[INFO] [stderr]    Compiling num-rational v0.2.4
[INFO] [stderr]     Checking regex-syntax v0.6.29
[INFO] [stderr]    Compiling tetsy-util-mem v0.9.1
[INFO] [stderr]     Checking hmac-drbg v0.2.0
[INFO] [stderr]    Compiling lazy_static v1.4.0
[INFO] [stderr]     Checking tetsy-wasm v0.41.0
[INFO] [stderr]     Checking iana-time-zone v0.1.60
[INFO] [stderr]     Checking chrono v0.4.33
[INFO] [stderr]     Checking regex v1.10.3
[INFO] [stderr]    Compiling synstructure v0.12.6
[INFO] [stderr]     Checking regex-automata v0.1.10
[INFO] [stderr]     Checking twasmi-validation v0.3.0
[INFO] [stderr]     Checking libsecp256k1 v0.3.5
[INFO] [stderr]     Checking matchers v0.0.1
[INFO] [stderr]     Checking sharded-slab v0.1.7
[INFO] [stderr]     Checking crypto-mac v0.8.0
[INFO] [stderr]     Checking tracing-log v0.1.4
[INFO] [stderr]     Checking thread_local v1.1.7
[INFO] [stderr]    Compiling rustix v0.38.31
[INFO] [stderr]     Checking downcast-rs v1.2.0
[INFO] [stderr]     Checking keccak v0.1.5
[INFO] [stderr]     Checking memory_units v0.3.0
[INFO] [stderr]     Checking tetsy-hash-db v0.15.3
[INFO] [stderr]     Checking environ v1.1.3
[INFO] [stderr]     Checking twasmi v0.6.2
[INFO] [stderr]    Compiling tiny-keccak v2.0.2
[INFO] [stderr]     Checking pbkdf2 v0.4.0
[INFO] [stderr]     Checking hmac v0.8.1
[INFO] [stderr]     Checking pbkdf2 v0.3.0
[INFO] [stderr]    Compiling crossbeam-utils v0.8.19
[INFO] [stderr]     Checking rustc-hash v1.1.0
[INFO] [stderr]    Compiling serde_derive v1.0.196
[INFO] [stderr]    Compiling futures-macro v0.3.30
[INFO] [stderr]    Compiling zeroize_derive v1.4.2
[INFO] [stderr]    Compiling thiserror-impl v1.0.56
[INFO] [stderr]    Compiling ref-cast-impl v1.0.22
[INFO] [stderr]     Checking zeroize v1.3.0
[INFO] [stderr]     Checking curve25519-dalek v3.2.1
[INFO] [stderr]     Checking futures-util v0.3.30
[INFO] [stderr]    Compiling impl-trait-for-tuples v0.2.2
[INFO] [stderr]    Compiling debug-derive v2.1.2
[INFO] [stderr]    Compiling tetsy-util-mem-derive v0.1.1
[INFO] [stderr]    Compiling Inflector v0.11.4
[INFO] [stderr]     Checking merlin v2.0.1
[INFO] [stderr]     Checking curve25519-dalek v2.1.3
[INFO] [stderr]    Compiling dyn-clonable-impl v0.9.0
[INFO] [stderr]     Checking dyn-clone v1.0.16
[INFO] [stderr]     Checking tiny-bip39 v0.8.2
[INFO] [stderr]     Checking secrecy v0.7.0
[INFO] [stderr]     Checking blake2-rfc v0.2.18
[INFO] [stderr]    Compiling backtrace v0.3.69
[INFO] [stderr]     Checking twox-hash v1.6.3
[INFO] [stderr]     Checking dyn-clonable v0.9.0
[INFO] [stderr]     Checking tetsy-hash256-std-hasher v0.15.3
[INFO] [stderr]     Checking base58 v0.1.0
[INFO] [stderr]     Checking object v0.32.2
[INFO] [stderr]     Checking parking v2.2.0
[INFO] [stderr]    Compiling either v1.9.0
[INFO] [stderr]    Compiling indexmap v1.9.3
[INFO] [stderr]     Checking tetsy-trie-root v0.16.1
[INFO] [stderr]     Checking tetsy-trie-db v0.22.3
[INFO] [stderr]    Compiling convert_case v0.4.0
[INFO] [stderr]    Compiling async-trait v0.1.77
[INFO] [stderr]     Checking concurrent-queue v2.4.0
[INFO] [stderr]    Compiling bitflags v2.4.2
[INFO] [stderr]    Compiling derive_more v0.99.17
[INFO] [stderr]     Checking event-listener v4.0.3
[INFO] [stderr]    Compiling linux-raw-sys v0.4.13
[INFO] [stderr]     Checking event-listener-strategy v0.4.0
[INFO] [stderr]     Checking futures-executor v0.3.30
[INFO] [stderr]    Compiling itertools v0.9.0
[INFO] [stderr]     Checking futures v0.3.30
[INFO] [stderr]     Checking fastrand v2.0.1
[INFO] [stderr]     Checking unicode-bidi v0.3.15
[INFO] [stderr]     Checking bytes v1.5.0
[INFO] [stderr]    Compiling prost-derive v0.7.0
[INFO] [stderr]    Compiling pin-project-internal v1.1.4
[INFO] [stderr]     Checking panic-handler v2.1.2
[INFO] [stderr]    Compiling hashbrown v0.14.3
[INFO] [stderr]    Compiling home v0.5.9
[INFO] [stderr]    Compiling equivalent v1.0.1
[INFO] [stderr]     Checking pin-project v1.1.4
[INFO] [stderr]    Compiling paste-impl v0.1.18
[INFO] [stderr]    Compiling indexmap v2.2.2
[INFO] [stderr]     Checking futures-lite v2.2.0
[INFO] [stderr]    Compiling toml v0.5.11
[INFO] [stderr]     Checking tetsy-impl-serde v0.3.2
[INFO] [stderr]     Checking impl-serde v0.3.2
[INFO] [stderr]     Checking ed25519-dalek v1.0.1
[INFO] [stderr]     Checking tracing-serde v0.1.3
[INFO] [stderr]     Checking schnorrkel v0.9.1
[INFO] [stderr]     Checking async-lock v3.3.0
[INFO] [stderr]     Checking integer-sqrt v0.1.5
[INFO] [stderr]    Compiling winnow v0.5.37
[INFO] [stderr]     Checking tracing-subscriber v0.2.25
[INFO] [stderr]    Compiling toml_datetime v0.6.5
[INFO] [stderr]     Checking tetcore-bip39 v0.4.2
[INFO] [stderr]    Compiling prost v0.7.0
[INFO] [stderr]     Checking paste v0.1.18
[INFO] [stderr]    Compiling proc-macro-crate v0.1.5
[INFO] [stderr]    Compiling proc-macro-error-attr v1.0.4
[INFO] [stderr]    Compiling unicode-segmentation v1.10.1
[INFO] [stderr]    Compiling pin-project-internal v0.4.30
[INFO] [stderr]    Compiling which v4.4.2
[INFO] [stderr]    Compiling tetsy-scale-codec-derive v2.0.1
[INFO] [stderr]    Compiling tp-runtime-interface-proc-macro v2.1.2
[INFO] [stderr]    Compiling io-lifetimes v1.0.11
[INFO] [stderr]    Compiling fixedbitset v0.2.0
[INFO] [stderr]    Compiling tempfile v3.10.0
[INFO] [stderr]    Compiling prost-build v0.7.0
[INFO] [stderr]    Compiling petgraph v0.5.1
[INFO] [stderr]    Compiling proc-macro-error v1.0.4
[INFO] [stderr]    Compiling heck v0.3.3
[INFO] [stderr]    Compiling prost-types v0.7.0
[INFO] [stderr]    Compiling toml_edit v0.19.15
[INFO] [stderr]    Compiling ring v0.16.20
[INFO] [stderr]    Compiling polling v2.8.0
[INFO] [stderr]    Compiling multimap v0.8.3
[INFO] [stderr]     Checking event-listener v2.5.3
[INFO] [stderr]    Compiling rustix v0.37.27
[INFO] [stderr]     Checking bytes v0.5.6
[INFO] [stderr]     Checking tetsy-scale-codec v2.0.1
[INFO] [stderr]    Compiling proc-macro-crate v1.3.1
[INFO] [stderr]     Checking tetsy-impl-codec v0.5.1
[INFO] [stderr]     Checking tetsy-primitive-types v0.9.1
[INFO] [stderr]     Checking tetcore-storage v2.1.2
[INFO] [stderr]     Checking externalities v2.1.2
[INFO] [stderr]     Checking tetcore-wasm-interface v2.1.2
[INFO] [stderr]     Checking tetcore-tracing v2.1.2
[INFO] [stderr]     Checking arithmetic v2.1.2
[INFO] [stderr]     Checking polling v3.4.0
[INFO] [stderr]     Checking externalities v0.8.2
[INFO] [stderr]     Checking idna v0.5.0
[INFO] [stderr]    Compiling async-io v1.13.0
[INFO] [stderr]     Checking async-io v2.3.1
[INFO] [stderr]     Checking waker-fn v1.1.1
[INFO] [stderr]     Checking unsigned-varint v0.5.1
[INFO] [stderr]     Checking pin-project-lite v0.1.12
[INFO] [stderr]     Checking tetsy-memory-db v0.26.0
[INFO] [stderr]    Compiling nodrop v0.1.14
[INFO] [stderr]     Checking async-task v4.7.0
[INFO] [stderr]     Checking linux-raw-sys v0.3.8
[INFO] [stderr]     Checking fastrand v1.9.0
[INFO] [stderr]     Checking atomic-waker v1.1.2
[INFO] [stderr]     Checking piper v0.2.1
[INFO] [stderr]     Checking futures-lite v1.13.0
[INFO] [stderr]     Checking url v2.5.0
[INFO] [stderr]    Compiling multihash-derive v0.7.2
[INFO] [stderr]    Compiling arrayvec v0.4.12
[INFO] [stderr]     Checking pin-project v0.4.30
[INFO] [stderr]     Checking tokio v0.2.25
[INFO] [stderr]    Compiling tetsy-libp2p-core v0.27.2
[INFO] [stderr]     Checking tp-runtime-interface v2.1.2
[INFO] [stderr]     Checking async-lock v2.8.0
[INFO] [stderr]     Checking http v0.2.11
[INFO] [stderr]     Checking async-channel v2.1.1
[INFO] [stderr]     Checking tet-core v2.1.2
[INFO] [stderr]    Compiling asn1_der_derive v0.1.2
[INFO] [stderr]    Compiling fabric-support-procedural-tools-derive v2.0.1
[INFO] [stderr]     Checking signal-hook-registry v1.4.1
[INFO] [stderr]     Checking socket2 v0.4.10
[INFO] [stderr]    Compiling prometheus v0.10.0
[INFO] [stderr]     Checking spin v0.5.2
[INFO] [stderr]     Checking hashbrown v0.12.3
[INFO] [stderr]     Checking futures-timer v3.0.2
[INFO] [stderr]     Checking multihash v0.13.2
[INFO] [stderr]     Checking unsigned-varint v0.6.0
[INFO] [stderr]    Compiling httparse v1.8.0
[INFO] [stderr]    Compiling constant_time_eq v0.1.5
[INFO] [stderr]     Checking bs58 v0.4.0
[INFO] [stderr]     Checking untrusted v0.7.1
[INFO] [stderr]     Checking unsigned-varint v0.7.2
[INFO] [stderr]    Compiling fabric-support-procedural-tools v2.0.1
[INFO] [stderr]     Checking tetsy-multistream-select v0.10.2
[INFO] [stderr]     Checking tetsy-multiaddr v0.11.2
[INFO] [stdout] error[E0603]: module `group` is private
[INFO] [stdout]    --> /opt/rustwide/cargo-home/registry/src/index.crates.io-6f17d22bba15001f/fabric-support-procedural-tools-2.0.1/src/syn_ext.rs:47:53
[INFO] [stdout]     |
[INFO] [stdout] 47  |                 let syn::group::$name { token, content } = syn::group::$parse(input)?;
[INFO] [stdout]     |                                                                 ^^^^^ private module
[INFO] [stdout] ...
[INFO] [stdout] 71  | groups_impl!(Braces, Brace, Brace, parse_braces);
[INFO] [stdout]     |                                    ------------ function `parse_braces` is not publicly re-exported
[INFO] [stdout]     |
[INFO] [stdout] note: the module `group` is defined here
[INFO] [stdout]    --> /opt/rustwide/cargo-home/registry/src/index.crates.io-6f17d22bba15001f/syn-1.0.109/src/lib.rs:308:1
[INFO] [stdout]     |
[INFO] [stdout] 308 | mod group;
[INFO] [stdout]     | ^^^^^^^^^
[INFO] [stdout] 
[INFO] [stdout] 
[INFO] [stdout] error[E0603]: module `group` is private
[INFO] [stdout]    --> /opt/rustwide/cargo-home/registry/src/index.crates.io-6f17d22bba15001f/fabric-support-procedural-tools-2.0.1/src/syn_ext.rs:47:14
[INFO] [stdout]     |
[INFO] [stdout] 47  |                 let syn::group::$name { token, content } = syn::group::$parse(input)?;
[INFO] [stdout]     |                          ^^^^^ private module
[INFO] [stdout] ...
[INFO] [stdout] 71  | groups_impl!(Braces, Brace, Brace, parse_braces);
[INFO] [stdout]     |              ------ struct `Braces` is not publicly re-exported
[INFO] [stdout]     |
[INFO] [stdout] note: the module `group` is defined here
[INFO] [stdout]    --> /opt/rustwide/cargo-home/registry/src/index.crates.io-6f17d22bba15001f/syn-1.0.109/src/lib.rs:308:1
[INFO] [stdout]     |
[INFO] [stdout] 308 | mod group;
[INFO] [stdout]     | ^^^^^^^^^
[INFO] [stdout] 
[INFO] [stdout] 
[INFO] [stdout] error[E0603]: module `group` is private
[INFO] [stdout]    --> /opt/rustwide/cargo-home/registry/src/index.crates.io-6f17d22bba15001f/fabric-support-procedural-tools-2.0.1/src/syn_ext.rs:47:53
[INFO] [stdout]     |
[INFO] [stdout] 47  |                 let syn::group::$name { token, content } = syn::group::$parse(input)?;
[INFO] [stdout]     |                                                                 ^^^^^ private module
[INFO] [stdout] ...
[INFO] [stdout] 72  | groups_impl!(Brackets, Bracket, Bracket, parse_brackets);
[INFO] [stdout]     |                                          -------------- function `parse_brackets` is not publicly re-exported
[INFO] [stdout]     |
[INFO] [stdout] note: the module `group` is defined here
[INFO] [stdout]    --> /opt/rustwide/cargo-home/registry/src/index.crates.io-6f17d22bba15001f/syn-1.0.109/src/lib.rs:308:1
[INFO] [stdout]     |
[INFO] [stdout] 308 | mod group;
[INFO] [stdout]     | ^^^^^^^^^
[INFO] [stdout] 
[INFO] [stdout] 
[INFO] [stdout] error[E0603]: module `group` is private
[INFO] [stdout]    --> /opt/rustwide/cargo-home/registry/src/index.crates.io-6f17d22bba15001f/fabric-support-procedural-tools-2.0.1/src/syn_ext.rs:47:14
[INFO] [stdout]     |
[INFO] [stdout] 47  |                 let syn::group::$name { token, content } = syn::group::$parse(input)?;
[INFO] [stdout]     |                          ^^^^^ private module
[INFO] [stdout] ...
[INFO] [stdout] 72  | groups_impl!(Brackets, Bracket, Bracket, parse_brackets);
[INFO] [stdout]     |              -------- struct `Brackets` is not publicly re-exported
[INFO] [stdout]     |
[INFO] [stdout] note: the module `group` is defined here
[INFO] [stdout]    --> /opt/rustwide/cargo-home/registry/src/index.crates.io-6f17d22bba15001f/syn-1.0.109/src/lib.rs:308:1
[INFO] [stdout]     |
[INFO] [stdout] 308 | mod group;
[INFO] [stdout]     | ^^^^^^^^^
[INFO] [stdout] 
[INFO] [stdout] 
[INFO] [stdout] error[E0603]: module `group` is private
[INFO] [stdout]    --> /opt/rustwide/cargo-home/registry/src/index.crates.io-6f17d22bba15001f/fabric-support-procedural-tools-2.0.1/src/syn_ext.rs:47:53
[INFO] [stdout]     |
[INFO] [stdout] 47  |                 let syn::group::$name { token, content } = syn::group::$parse(input)?;
[INFO] [stdout]     |                                                                 ^^^^^ private module
[INFO] [stdout] ...
[INFO] [stdout] 73  | groups_impl!(Parens, Paren, Parenthesis, parse_parens);
[INFO] [stdout]     |                                          ------------ function `parse_parens` is not publicly re-exported
[INFO] [stdout]     |
[INFO] [stdout] note: the module `group` is defined here
[INFO] [stdout]    --> /opt/rustwide/cargo-home/registry/src/index.crates.io-6f17d22bba15001f/syn-1.0.109/src/lib.rs:308:1
[INFO] [stdout]     |
[INFO] [stdout] 308 | mod group;
[INFO] [stdout]     | ^^^^^^^^^
[INFO] [stdout] 
[INFO] [stdout] 
[INFO] [stdout] error[E0603]: module `group` is private
[INFO] [stdout]    --> /opt/rustwide/cargo-home/registry/src/index.crates.io-6f17d22bba15001f/fabric-support-procedural-tools-2.0.1/src/syn_ext.rs:47:14
[INFO] [stdout]     |
[INFO] [stdout] 47  |                 let syn::group::$name { token, content } = syn::group::$parse(input)?;
[INFO] [stdout]     |                          ^^^^^ private module
[INFO] [stdout] ...
[INFO] [stdout] 73  | groups_impl!(Parens, Paren, Parenthesis, parse_parens);
[INFO] [stdout]     |              ------ struct `Parens` is not publicly re-exported
[INFO] [stdout]     |
[INFO] [stdout] note: the module `group` is defined here
[INFO] [stdout]    --> /opt/rustwide/cargo-home/registry/src/index.crates.io-6f17d22bba15001f/syn-1.0.109/src/lib.rs:308:1
[INFO] [stdout]     |
[INFO] [stdout] 308 | mod group;
[INFO] [stdout]     | ^^^^^^^^^
[INFO] [stdout] 
[INFO] [stdout] 
[INFO] [stdout] error: aborting due to 6 previous errors
[INFO] [stdout] 
[INFO] [stdout] 
[INFO] [stdout] For more information about this error, try `rustc --explain E0603`.
[INFO] [stdout] 
[INFO] [stderr] error: could not compile `fabric-support-procedural-tools` (lib) due to 7 previous errors
[INFO] [stderr] warning: build failed, waiting for other jobs to finish...
[INFO] running `Command { std: "docker" "inspect" "498e128c3f464e7a73c9835c25cfb0f5e5ddb66d73602dd15a3b0ac3a4dd6d19", kill_on_drop: false }`
[INFO] running `Command { std: "docker" "rm" "-f" "498e128c3f464e7a73c9835c25cfb0f5e5ddb66d73602dd15a3b0ac3a4dd6d19", kill_on_drop: false }`
[INFO] [stdout] 498e128c3f464e7a73c9835c25cfb0f5e5ddb66d73602dd15a3b0ac3a4dd6d19
[INFO] checking noble-transaction-payment-rpc-2.0.0 against nightly-2024-02-05+rustflags=-Dunexpected_cfgs+cargoflags=-Zcheck-cfg for check-cfg
[INFO] extracting crate noble-transaction-payment-rpc 2.0.0 into /workspace/builds/worker-4-tc2/source
[INFO] validating manifest of crates.io crate noble-transaction-payment-rpc 2.0.0 on toolchain nightly-2024-02-05
[INFO] running `Command { std: CARGO_HOME="/workspace/cargo-home" RUSTUP_HOME="/workspace/rustup-home" "/workspace/cargo-home/bin/cargo" "+nightly-2024-02-05" "metadata" "--manifest-path" "Cargo.toml" "--no-deps", kill_on_drop: false }`
[INFO] started tweaking crates.io crate noble-transaction-payment-rpc 2.0.0
[INFO] finished tweaking crates.io crate noble-transaction-payment-rpc 2.0.0
[INFO] tweaked toml for crates.io crate noble-transaction-payment-rpc 2.0.0 written to /workspace/builds/worker-4-tc2/source/Cargo.toml
[INFO] running `Command { std: CARGO_HOME="/workspace/cargo-home" RUSTUP_HOME="/workspace/rustup-home" "/workspace/cargo-home/bin/cargo" "+nightly-2024-02-05" "generate-lockfile" "--manifest-path" "Cargo.toml", kill_on_drop: false }`
[INFO] [stderr]     Updating crates.io index
[INFO] running `Command { std: CARGO_HOME="/workspace/cargo-home" RUSTUP_HOME="/workspace/rustup-home" "/workspace/cargo-home/bin/cargo" "+nightly-2024-02-05" "fetch" "--manifest-path" "Cargo.toml", kill_on_drop: false }`
[INFO] running `Command { std: "docker" "create" "-v" "/var/lib/crater-agent-workspace/builds/worker-4-tc2/target:/opt/rustwide/target:rw,Z" "-v" "/var/lib/crater-agent-workspace/builds/worker-4-tc2/source:/opt/rustwide/workdir:ro,Z" "-v" "/var/lib/crater-agent-workspace/cargo-home:/opt/rustwide/cargo-home:ro,Z" "-v" "/var/lib/crater-agent-workspace/rustup-home:/opt/rustwide/rustup-home:ro,Z" "-e" "SOURCE_DIR=/opt/rustwide/workdir" "-e" "CARGO_TARGET_DIR=/opt/rustwide/target" "-e" "CARGO_HOME=/opt/rustwide/cargo-home" "-e" "RUSTUP_HOME=/opt/rustwide/rustup-home" "-w" "/opt/rustwide/workdir" "-m" "1610612736" "--user" "0:0" "--network" "none" "ghcr.io/rust-lang/crates-build-env/linux@sha256:2788e3201cd34a07e3172128adcd8b3090168a8e3bcc40d7c032b9dda1df7d1c" "/opt/rustwide/cargo-home/bin/cargo" "+nightly-2024-02-05" "metadata" "--no-deps" "--format-version=1", kill_on_drop: false }`
[INFO] [stdout] 3fdc547d2e791cf2e8db0520e6a4bf0c0ee863470985dcf098025524edd9b99a
[INFO] running `Command { std: "docker" "start" "-a" "3fdc547d2e791cf2e8db0520e6a4bf0c0ee863470985dcf098025524edd9b99a", kill_on_drop: false }`
[INFO] running `Command { std: "docker" "inspect" "3fdc547d2e791cf2e8db0520e6a4bf0c0ee863470985dcf098025524edd9b99a", kill_on_drop: false }`
[INFO] running `Command { std: "docker" "rm" "-f" "3fdc547d2e791cf2e8db0520e6a4bf0c0ee863470985dcf098025524edd9b99a", kill_on_drop: false }`
[INFO] [stdout] 3fdc547d2e791cf2e8db0520e6a4bf0c0ee863470985dcf098025524edd9b99a
[INFO] running `Command { std: "docker" "create" "-v" "/var/lib/crater-agent-workspace/builds/worker-4-tc2/target:/opt/rustwide/target:rw,Z" "-v" "/var/lib/crater-agent-workspace/builds/worker-4-tc2/source:/opt/rustwide/workdir:ro,Z" "-v" "/var/lib/crater-agent-workspace/cargo-home:/opt/rustwide/cargo-home:ro,Z" "-v" "/var/lib/crater-agent-workspace/rustup-home:/opt/rustwide/rustup-home:ro,Z" "-e" "SOURCE_DIR=/opt/rustwide/workdir" "-e" "CARGO_TARGET_DIR=/opt/rustwide/target" "-e" "CARGO_INCREMENTAL=0" "-e" "RUST_BACKTRACE=full" "-e" "RUSTFLAGS=--cap-lints=forbid -Dunexpected_cfgs" "-e" "RUSTDOCFLAGS=--cap-lints=forbid" "-e" "CARGO_HOME=/opt/rustwide/cargo-home" "-e" "RUSTUP_HOME=/opt/rustwide/rustup-home" "-w" "/opt/rustwide/workdir" "-m" "1610612736" "--user" "0:0" "--network" "none" "ghcr.io/rust-lang/crates-build-env/linux@sha256:2788e3201cd34a07e3172128adcd8b3090168a8e3bcc40d7c032b9dda1df7d1c" "/opt/rustwide/cargo-home/bin/cargo" "+nightly-2024-02-05" "check" "--frozen" "--all" "--all-targets" "--message-format=json" "-Zcheck-cfg", kill_on_drop: false }`
[INFO] [stdout] 96c32aa51a4f7132af0f46edb31e761c9a2890ca30832fcbf8e7027c88865ba5
[INFO] running `Command { std: "docker" "start" "-a" "96c32aa51a4f7132af0f46edb31e761c9a2890ca30832fcbf8e7027c88865ba5", kill_on_drop: false }`
[INFO] [stderr]    Compiling proc-macro2 v1.0.78
[INFO] [stderr]    Compiling libc v0.2.153
[INFO] [stderr]    Compiling syn v1.0.109
[INFO] [stderr]    Compiling serde v1.0.196
[INFO] [stderr]     Checking pin-project-lite v0.2.13
[INFO] [stderr]     Checking value-bag v1.7.0
[INFO] [stderr]     Checking futures-core v0.3.30
[INFO] [stderr]     Checking futures-io v0.3.30
[INFO] [stderr]     Checking smallvec v1.13.1
[INFO] [stderr]     Checking once_cell v1.19.0
[INFO] [stderr]    Compiling slab v0.4.9
[INFO] [stderr]     Checking log v0.4.20
[INFO] [stderr]    Compiling getrandom v0.1.16
[INFO] [stderr]     Checking scopeguard v1.2.0
[INFO] [stderr]     Checking tracing-core v0.1.32
[INFO] [stderr]    Compiling radium v0.6.2
[INFO] [stderr]     Checking arrayvec v0.5.2
[INFO] [stderr]     Checking wyz v0.2.0
[INFO] [stderr]    Compiling crunchy v0.2.2
[INFO] [stderr]     Checking tap v1.0.1
[INFO] [stderr]     Checking futures-sink v0.3.30
[INFO] [stderr]     Checking funty v1.1.0
[INFO] [stderr]     Checking tracing v0.1.40
[INFO] [stderr]    Compiling lock_api v0.4.11
[INFO] [stderr]     Checking byte-slice-cast v1.2.2
[INFO] [stderr]     Checking static_assertions v1.1.0
[INFO] [stderr]    Compiling quote v1.0.35
[INFO] [stderr]    Compiling anyhow v1.0.79
[INFO] [stderr]    Compiling parking_lot_core v0.8.6
[INFO] [stderr]     Checking futures-channel v0.3.30
[INFO] [stderr]    Compiling syn v2.0.48
[INFO] [stderr]     Checking bitvec v0.20.4
[INFO] [stderr]     Checking itoa v1.0.10
[INFO] [stderr]     Checking futures-task v0.3.30
[INFO] [stderr]     Checking unicode-normalization v0.1.22
[INFO] [stderr]    Compiling serde_json v1.0.113
[INFO] [stderr]    Compiling thiserror v1.0.56
[INFO] [stderr]     Checking subtle v1.0.0
[INFO] [stderr]     Checking crypto-mac v0.7.0
[INFO] [stderr]     Checking aho-corasick v1.1.2
[INFO] [stderr]     Checking getrandom v0.2.12
[INFO] [stderr]     Checking rand_core v0.5.1
[INFO] [stderr]     Checking rand_core v0.6.4
[INFO] [stderr]     Checking rand_pcg v0.2.1
[INFO] [stderr]     Checking rand_chacha v0.2.2
[INFO] [stderr]     Checking parking_lot v0.11.2
[INFO] [stderr]     Checking rand_chacha v0.3.1
[INFO] [stderr]     Checking rand v0.7.3
[INFO] [stderr]     Checking num_cpus v1.16.0
[INFO] [stderr]     Checking rand v0.8.5
[INFO] [stderr]     Checking rustc-hex v2.1.0
[INFO] [stderr]     Checking ryu v1.0.16
[INFO] [stderr]     Checking sha2 v0.9.9
[INFO] [stderr]     Checking regex-automata v0.4.5
[INFO] [stderr]    Compiling cc v1.0.83
[INFO] [stderr]     Checking hex v0.4.3
[INFO] [stderr]    Compiling memchr v2.7.1
[INFO] [stderr]     Checking arrayref v0.3.7
[INFO] [stderr]     Checking tetcore-std v2.1.2
[INFO] [stderr]     Checking tetsy-fixed-hash v0.7.1
[INFO] [stderr]     Checking hmac v0.7.1
[INFO] [stderr]     Checking ahash v0.4.8
[INFO] [stderr]     Checking uint-crate v0.9.1
[INFO] [stderr]    Compiling regex-syntax v0.8.2
[INFO] [stderr]    Compiling ref-cast v1.0.22
[INFO] [stderr]     Checking hashbrown v0.9.1
[INFO] [stderr]    Compiling num-rational v0.2.4
[INFO] [stderr]    Compiling tetsy-util-mem v0.9.1
[INFO] [stderr]     Checking regex-syntax v0.6.29
[INFO] [stderr]     Checking hmac-drbg v0.2.0
[INFO] [stderr]     Checking tetsy-wasm v0.41.0
[INFO] [stderr]    Compiling lazy_static v1.4.0
[INFO] [stderr]     Checking iana-time-zone v0.1.60
[INFO] [stderr]     Checking chrono v0.4.33
[INFO] [stderr]     Checking regex v1.10.3
[INFO] [stderr]     Checking libsecp256k1 v0.3.5
[INFO] [stderr]     Checking twasmi-validation v0.3.0
[INFO] [stderr]    Compiling synstructure v0.12.6
[INFO] [stderr]     Checking regex-automata v0.1.10
[INFO] [stderr]     Checking sharded-slab v0.1.7
[INFO] [stderr]     Checking matchers v0.0.1
[INFO] [stderr]     Checking crypto-mac v0.8.0
[INFO] [stderr]     Checking tracing-log v0.1.4
[INFO] [stderr]     Checking thread_local v1.1.7
[INFO] [stderr]    Compiling rustix v0.38.31
[INFO] [stderr]     Checking environ v1.1.3
[INFO] [stderr]     Checking keccak v0.1.5
[INFO] [stderr]     Checking downcast-rs v1.2.0
[INFO] [stderr]     Checking memory_units v0.3.0
[INFO] [stderr]     Checking tetsy-hash-db v0.15.3
[INFO] [stderr]     Checking twasmi v0.6.2
[INFO] [stderr]    Compiling tiny-keccak v2.0.2
[INFO] [stderr]     Checking hmac v0.8.1
[INFO] [stderr]     Checking pbkdf2 v0.4.0
[INFO] [stderr]     Checking pbkdf2 v0.3.0
[INFO] [stderr]     Checking dyn-clone v1.0.16
[INFO] [stderr]    Compiling crossbeam-utils v0.8.19
[INFO] [stderr]     Checking rustc-hash v1.1.0
[INFO] [stderr]     Checking blake2-rfc v0.2.18
[INFO] [stderr]    Compiling backtrace v0.3.69
[INFO] [stderr]     Checking twox-hash v1.6.3
[INFO] [stderr]     Checking tetsy-hash256-std-hasher v0.15.3
[INFO] [stderr]     Checking base58 v0.1.0
[INFO] [stderr]     Checking object v0.32.2
[INFO] [stderr]     Checking parking v2.2.0
[INFO] [stderr]    Compiling serde_derive v1.0.196
[INFO] [stderr]    Compiling futures-macro v0.3.30
[INFO] [stderr]    Compiling zeroize_derive v1.4.2
[INFO] [stderr]    Compiling thiserror-impl v1.0.56
[INFO] [stderr]    Compiling impl-trait-for-tuples v0.2.2
[INFO] [stderr]     Checking zeroize v1.3.0
[INFO] [stderr]    Compiling debug-derive v2.1.2
[INFO] [stderr]     Checking futures-util v0.3.30
[INFO] [stderr]    Compiling ref-cast-impl v1.0.22
[INFO] [stderr]     Checking curve25519-dalek v3.2.1
[INFO] [stderr]    Compiling tetsy-util-mem-derive v0.1.1
[INFO] [stderr]    Compiling Inflector v0.11.4
[INFO] [stderr]     Checking merlin v2.0.1
[INFO] [stderr]     Checking curve25519-dalek v2.1.3
[INFO] [stderr]    Compiling dyn-clonable-impl v0.9.0
[INFO] [stderr]     Checking tiny-bip39 v0.8.2
[INFO] [stderr]     Checking secrecy v0.7.0
[INFO] [stderr]     Checking concurrent-queue v2.4.0
[INFO] [stderr]    Compiling either v1.9.0
[INFO] [stderr]    Compiling indexmap v1.9.3
[INFO] [stderr]     Checking tetsy-trie-root v0.16.1
[INFO] [stderr]     Checking tetsy-trie-db v0.22.3
[INFO] [stderr]    Compiling async-trait v0.1.77
[INFO] [stderr]    Compiling convert_case v0.4.0
[INFO] [stderr]     Checking panic-handler v2.1.2
[INFO] [stderr]     Checking event-listener v4.0.3
[INFO] [stderr]     Checking dyn-clonable v0.9.0
[INFO] [stderr]    Compiling linux-raw-sys v0.4.13
[INFO] [stderr]    Compiling bitflags v2.4.2
[INFO] [stderr]     Checking event-listener-strategy v0.4.0
[INFO] [stderr]    Compiling derive_more v0.99.17
[INFO] [stderr]    Compiling itertools v0.9.0
[INFO] [stderr]     Checking futures-executor v0.3.30
[INFO] [stderr]     Checking futures v0.3.30
[INFO] [stderr]     Checking unicode-bidi v0.3.15
[INFO] [stderr]     Checking fastrand v2.0.1
[INFO] [stderr]     Checking bytes v1.5.0
[INFO] [stderr]    Compiling prost-derive v0.7.0
[INFO] [stderr]    Compiling pin-project-internal v1.1.4
[INFO] [stderr]    Compiling equivalent v1.0.1
[INFO] [stderr]    Compiling home v0.5.9
[INFO] [stderr]    Compiling hashbrown v0.14.3
[INFO] [stderr]    Compiling paste-impl v0.1.18
[INFO] [stderr]    Compiling indexmap v2.2.2
[INFO] [stderr]     Checking futures-lite v2.2.0
[INFO] [stderr]     Checking pin-project v1.1.4
[INFO] [stderr]     Checking async-lock v3.3.0
[INFO] [stderr]     Checking integer-sqrt v0.1.5
[INFO] [stderr]    Compiling toml_datetime v0.6.5
[INFO] [stderr]     Checking tetsy-impl-serde v0.3.2
[INFO] [stderr]     Checking impl-serde v0.3.2
[INFO] [stderr]     Checking tracing-serde v0.1.3
[INFO] [stderr]     Checking ed25519-dalek v1.0.1
[INFO] [stderr]     Checking schnorrkel v0.9.1
[INFO] [stderr]    Compiling winnow v0.5.37
[INFO] [stderr]    Compiling prost v0.7.0
[INFO] [stderr]    Compiling toml v0.5.11
[INFO] [stderr]     Checking tetcore-bip39 v0.4.2
[INFO] [stderr]     Checking paste v0.1.18
[INFO] [stderr]     Checking tracing-subscriber v0.2.25
[INFO] [stderr]    Compiling proc-macro-error-attr v1.0.4
[INFO] [stderr]    Compiling unicode-segmentation v1.10.1
[INFO] [stderr]    Compiling io-lifetimes v1.0.11
[INFO] [stderr]    Compiling fixedbitset v0.2.0
[INFO] [stderr]    Compiling pin-project-internal v0.4.30
[INFO] [stderr]    Compiling which v4.4.2
[INFO] [stderr]    Compiling proc-macro-crate v0.1.5
[INFO] [stderr]    Compiling tempfile v3.10.0
[INFO] [stderr]    Compiling petgraph v0.5.1
[INFO] [stderr]    Compiling proc-macro-error v1.0.4
[INFO] [stderr]    Compiling heck v0.3.3
[INFO] [stderr]    Compiling prost-types v0.7.0
[INFO] [stderr]    Compiling toml_edit v0.19.15
[INFO] [stderr]    Compiling tetsy-scale-codec-derive v2.0.1
[INFO] [stderr]    Compiling tp-runtime-interface-proc-macro v2.1.2
[INFO] [stderr]    Compiling ring v0.16.20
[INFO] [stderr]    Compiling prost-build v0.7.0
[INFO] [stderr]    Compiling polling v2.8.0
[INFO] [stderr]     Checking bytes v0.5.6
[INFO] [stderr]    Compiling multimap v0.8.3
[INFO] [stderr]    Compiling rustix v0.37.27
[INFO] [stderr]     Checking event-listener v2.5.3
[INFO] [stderr]     Checking idna v0.5.0
[INFO] [stderr]    Compiling proc-macro-crate v1.3.1
[INFO] [stderr]     Checking tetsy-scale-codec v2.0.1
[INFO] [stderr]    Compiling async-io v1.13.0
[INFO] [stderr]     Checking fastrand v1.9.0
[INFO] [stderr]     Checking unsigned-varint v0.5.1
[INFO] [stderr]     Checking waker-fn v1.1.1
[INFO] [stderr]     Checking async-task v4.7.0
[INFO] [stderr]     Checking atomic-waker v1.1.2
[INFO] [stderr]     Checking pin-project-lite v0.1.12
[INFO] [stderr]    Compiling nodrop v0.1.14
[INFO] [stderr]     Checking linux-raw-sys v0.3.8
[INFO] [stderr]    Compiling arrayvec v0.4.12
[INFO] [stderr]     Checking polling v3.4.0
[INFO] [stderr]     Checking tokio v0.2.25
[INFO] [stderr]     Checking async-io v2.3.1
[INFO] [stderr]     Checking piper v0.2.1
[INFO] [stderr]     Checking futures-lite v1.13.0
[INFO] [stderr]     Checking pin-project v0.4.30
[INFO] [stderr]    Compiling tetsy-libp2p-core v0.27.2
[INFO] [stderr]     Checking tetsy-impl-codec v0.5.1
[INFO] [stderr]     Checking tetcore-storage v2.1.2
[INFO] [stderr]     Checking tetsy-primitive-types v0.9.1
[INFO] [stderr]     Checking tetcore-tracing v2.1.2
[INFO] [stderr]     Checking externalities v2.1.2
[INFO] [stderr]     Checking tetcore-wasm-interface v2.1.2
[INFO] [stderr]     Checking arithmetic v2.1.2
[INFO] [stderr]     Checking externalities v0.8.2
[INFO] [stderr]    Compiling multihash-derive v0.7.2
[INFO] [stderr]     Checking url v2.5.0
[INFO] [stderr]     Checking async-lock v2.8.0
[INFO] [stderr]     Checking http v0.2.11
[INFO] [stderr]     Checking async-channel v2.1.1
[INFO] [stderr]    Compiling fabric-support-procedural-tools-derive v2.0.1
[INFO] [stderr]    Compiling asn1_der_derive v0.1.2
[INFO] [stderr]     Checking tp-runtime-interface v2.1.2
[INFO] [stderr]     Checking socket2 v0.4.10
[INFO] [stderr]     Checking tetsy-memory-db v0.26.0
[INFO] [stderr]     Checking signal-hook-registry v1.4.1
[INFO] [stderr]    Compiling constant_time_eq v0.1.5
[INFO] [stderr]     Checking futures-timer v3.0.2
[INFO] [stderr]     Checking hashbrown v0.12.3
[INFO] [stderr]     Checking tet-core v2.1.2
[INFO] [stderr]     Checking untrusted v0.7.1
[INFO] [stderr]    Compiling httparse v1.8.0
[INFO] [stderr]    Compiling prometheus v0.10.0
[INFO] [stderr]     Checking unsigned-varint v0.6.0
[INFO] [stderr]     Checking spin v0.5.2
[INFO] [stderr]     Checking unsigned-varint v0.7.2
[INFO] [stderr]     Checking bs58 v0.4.0
[INFO] [stderr]     Checking tetsy-multistream-select v0.10.2
[INFO] [stderr]    Compiling fabric-support-procedural-tools v2.0.1
[INFO] [stderr]     Checking asn1_der v0.6.3
[INFO] [stderr]     Checking multihash v0.13.2
[INFO] [stdout] error[E0603]: module `group` is private
[INFO] [stdout]    --> /opt/rustwide/cargo-home/registry/src/index.crates.io-6f17d22bba15001f/fabric-support-procedural-tools-2.0.1/src/syn_ext.rs:47:53
[INFO] [stdout]     |
[INFO] [stdout] 47  |                 let syn::group::$name { token, content } = syn::group::$parse(input)?;
[INFO] [stdout]     |                                                                 ^^^^^ private module
[INFO] [stdout] ...
[INFO] [stdout] 71  | groups_impl!(Braces, Brace, Brace, parse_braces);
[INFO] [stdout]     |                                    ------------ function `parse_braces` is not publicly re-exported
[INFO] [stdout]     |
[INFO] [stdout] note: the module `group` is defined here
[INFO] [stdout]    --> /opt/rustwide/cargo-home/registry/src/index.crates.io-6f17d22bba15001f/syn-1.0.109/src/lib.rs:308:1
[INFO] [stdout]     |
[INFO] [stdout] 308 | mod group;
[INFO] [stdout]     | ^^^^^^^^^
[INFO] [stdout] 
[INFO] [stdout] 
[INFO] [stdout] error[E0603]: module `group` is private
[INFO] [stdout]    --> /opt/rustwide/cargo-home/registry/src/index.crates.io-6f17d22bba15001f/fabric-support-procedural-tools-2.0.1/src/syn_ext.rs:47:14
[INFO] [stdout]     |
[INFO] [stdout] 47  |                 let syn::group::$name { token, content } = syn::group::$parse(input)?;
[INFO] [stdout]     |                          ^^^^^ private module
[INFO] [stdout] ...
[INFO] [stdout] 71  | groups_impl!(Braces, Brace, Brace, parse_braces);
[INFO] [stdout]     |              ------ struct `Braces` is not publicly re-exported
[INFO] [stdout]     |
[INFO] [stdout] note: the module `group` is defined here
[INFO] [stdout]    --> /opt/rustwide/cargo-home/registry/src/index.crates.io-6f17d22bba15001f/syn-1.0.109/src/lib.rs:308:1
[INFO] [stdout]     |
[INFO] [stdout] 308 | mod group;
[INFO] [stdout]     | ^^^^^^^^^
[INFO] [stdout] 
[INFO] [stdout] 
[INFO] [stdout] error[E0603]: module `group` is private
[INFO] [stdout]    --> /opt/rustwide/cargo-home/registry/src/index.crates.io-6f17d22bba15001f/fabric-support-procedural-tools-2.0.1/src/syn_ext.rs:47:53
[INFO] [stdout]     |
[INFO] [stdout] 47  |                 let syn::group::$name { token, content } = syn::group::$parse(input)?;
[INFO] [stdout]     |                                                                 ^^^^^ private module
[INFO] [stdout] ...
[INFO] [stdout] 72  | groups_impl!(Brackets, Bracket, Bracket, parse_brackets);
[INFO] [stdout]     |                                          -------------- function `parse_brackets` is not publicly re-exported
[INFO] [stdout]     |
[INFO] [stdout] note: the module `group` is defined here
[INFO] [stdout]    --> /opt/rustwide/cargo-home/registry/src/index.crates.io-6f17d22bba15001f/syn-1.0.109/src/lib.rs:308:1
[INFO] [stdout]     |
[INFO] [stdout] 308 | mod group;
[INFO] [stdout]     | ^^^^^^^^^
[INFO] [stdout] 
[INFO] [stdout] 
[INFO] [stdout] error[E0603]: module `group` is private
[INFO] [stdout]    --> /opt/rustwide/cargo-home/registry/src/index.crates.io-6f17d22bba15001f/fabric-support-procedural-tools-2.0.1/src/syn_ext.rs:47:14
[INFO] [stdout]     |
[INFO] [stdout] 47  |                 let syn::group::$name { token, content } = syn::group::$parse(input)?;
[INFO] [stdout]     |                          ^^^^^ private module
[INFO] [stdout] ...
[INFO] [stdout] 72  | groups_impl!(Brackets, Bracket, Bracket, parse_brackets);
[INFO] [stdout]     |              -------- struct `Brackets` is not publicly re-exported
[INFO] [stdout]     |
[INFO] [stdout] note: the module `group` is defined here
[INFO] [stdout]    --> /opt/rustwide/cargo-home/registry/src/index.crates.io-6f17d22bba15001f/syn-1.0.109/src/lib.rs:308:1
[INFO] [stdout]     |
[INFO] [stdout] 308 | mod group;
[INFO] [stdout]     | ^^^^^^^^^
[INFO] [stdout] 
[INFO] [stdout] 
[INFO] [stdout] error[E0603]: module `group` is private
[INFO] [stdout]    --> /opt/rustwide/cargo-home/registry/src/index.crates.io-6f17d22bba15001f/fabric-support-procedural-tools-2.0.1/src/syn_ext.rs:47:53
[INFO] [stdout]     |
[INFO] [stdout] 47  |                 let syn::group::$name { token, content } = syn::group::$parse(input)?;
[INFO] [stdout]     |                                                                 ^^^^^ private module
[INFO] [stdout] ...
[INFO] [stdout] 73  | groups_impl!(Parens, Paren, Parenthesis, parse_parens);
[INFO] [stdout]     |                                          ------------ function `parse_parens` is not publicly re-exported
[INFO] [stdout]     |
[INFO] [stdout] note: the module `group` is defined here
[INFO] [stdout]    --> /opt/rustwide/cargo-home/registry/src/index.crates.io-6f17d22bba15001f/syn-1.0.109/src/lib.rs:308:1
[INFO] [stdout]     |
[INFO] [stdout] 308 | mod group;
[INFO] [stdout]     | ^^^^^^^^^
[INFO] [stdout] 
[INFO] [stdout] 
[INFO] [stdout] error[E0603]: module `group` is private
[INFO] [stdout]    --> /opt/rustwide/cargo-home/registry/src/index.crates.io-6f17d22bba15001f/fabric-support-procedural-tools-2.0.1/src/syn_ext.rs:47:14
[INFO] [stdout]     |
[INFO] [stdout] 47  |                 let syn::group::$name { token, content } = syn::group::$parse(input)?;
[INFO] [stdout]     |                          ^^^^^ private module
[INFO] [stdout] ...
[INFO] [stdout] 73  | groups_impl!(Parens, Paren, Parenthesis, parse_parens);
[INFO] [stdout]     |              ------ struct `Parens` is not publicly re-exported
[INFO] [stdout]     |
[INFO] [stdout] note: the module `group` is defined here
[INFO] [stdout]    --> /opt/rustwide/cargo-home/registry/src/index.crates.io-6f17d22bba15001f/syn-1.0.109/src/lib.rs:308:1
[INFO] [stdout]     |
[INFO] [stdout] 308 | mod group;
[INFO] [stdout]     | ^^^^^^^^^
[INFO] [stdout] 
[INFO] [stdout] 
[INFO] [stdout] error: aborting due to 6 previous errors
[INFO] [stdout] 
[INFO] [stdout] 
[INFO] [stdout] For more information about this error, try `rustc --explain E0603`.
[INFO] [stdout] 
[INFO] [stderr] error: could not compile `fabric-support-procedural-tools` (lib) due to 7 previous errors
[INFO] [stderr] warning: build failed, waiting for other jobs to finish...
[INFO] running `Command { std: "docker" "inspect" "96c32aa51a4f7132af0f46edb31e761c9a2890ca30832fcbf8e7027c88865ba5", kill_on_drop: false }`
[INFO] running `Command { std: "docker" "rm" "-f" "96c32aa51a4f7132af0f46edb31e761c9a2890ca30832fcbf8e7027c88865ba5", kill_on_drop: false }`
[INFO] [stdout] 96c32aa51a4f7132af0f46edb31e761c9a2890ca30832fcbf8e7027c88865ba5
