[INFO] fetching crate noble-society 2.0.0...
[INFO] checking noble-society-2.0.0 against nightly-2024-02-05 for check-cfg
[INFO] extracting crate noble-society 2.0.0 into /workspace/builds/worker-4-tc1/source
[INFO] validating manifest of crates.io crate noble-society 2.0.0 on toolchain nightly-2024-02-05
[INFO] running `Command { std: CARGO_HOME="/workspace/cargo-home" RUSTUP_HOME="/workspace/rustup-home" "/workspace/cargo-home/bin/cargo" "+nightly-2024-02-05" "metadata" "--manifest-path" "Cargo.toml" "--no-deps", kill_on_drop: false }`
[INFO] started tweaking crates.io crate noble-society 2.0.0
[INFO] finished tweaking crates.io crate noble-society 2.0.0
[INFO] tweaked toml for crates.io crate noble-society 2.0.0 written to /workspace/builds/worker-4-tc1/source/Cargo.toml
[INFO] running `Command { std: CARGO_HOME="/workspace/cargo-home" RUSTUP_HOME="/workspace/rustup-home" "/workspace/cargo-home/bin/cargo" "+nightly-2024-02-05" "generate-lockfile" "--manifest-path" "Cargo.toml", kill_on_drop: false }`
[INFO] [stderr]     Updating crates.io index
[INFO] running `Command { std: CARGO_HOME="/workspace/cargo-home" RUSTUP_HOME="/workspace/rustup-home" "/workspace/cargo-home/bin/cargo" "+nightly-2024-02-05" "fetch" "--manifest-path" "Cargo.toml", kill_on_drop: false }`
[INFO] [stderr]  Downloading crates ...
[INFO] [stderr]   Downloaded noble-balances v2.0.1
[INFO] running `Command { std: "docker" "create" "-v" "/var/lib/crater-agent-workspace/builds/worker-4-tc1/target:/opt/rustwide/target:rw,Z" "-v" "/var/lib/crater-agent-workspace/builds/worker-4-tc1/source:/opt/rustwide/workdir:ro,Z" "-v" "/var/lib/crater-agent-workspace/cargo-home:/opt/rustwide/cargo-home:ro,Z" "-v" "/var/lib/crater-agent-workspace/rustup-home:/opt/rustwide/rustup-home:ro,Z" "-e" "SOURCE_DIR=/opt/rustwide/workdir" "-e" "CARGO_TARGET_DIR=/opt/rustwide/target" "-e" "CARGO_HOME=/opt/rustwide/cargo-home" "-e" "RUSTUP_HOME=/opt/rustwide/rustup-home" "-w" "/opt/rustwide/workdir" "-m" "1610612736" "--user" "0:0" "--network" "none" "ghcr.io/rust-lang/crates-build-env/linux@sha256:2788e3201cd34a07e3172128adcd8b3090168a8e3bcc40d7c032b9dda1df7d1c" "/opt/rustwide/cargo-home/bin/cargo" "+nightly-2024-02-05" "metadata" "--no-deps" "--format-version=1", kill_on_drop: false }`
[INFO] [stdout] 96633b96db16bdf2ac354f806f4026c23fbf013f0faf1b4ae7206f21f00bebde
[INFO] running `Command { std: "docker" "start" "-a" "96633b96db16bdf2ac354f806f4026c23fbf013f0faf1b4ae7206f21f00bebde", kill_on_drop: false }`
[INFO] running `Command { std: "docker" "inspect" "96633b96db16bdf2ac354f806f4026c23fbf013f0faf1b4ae7206f21f00bebde", kill_on_drop: false }`
[INFO] running `Command { std: "docker" "rm" "-f" "96633b96db16bdf2ac354f806f4026c23fbf013f0faf1b4ae7206f21f00bebde", kill_on_drop: false }`
[INFO] [stdout] 96633b96db16bdf2ac354f806f4026c23fbf013f0faf1b4ae7206f21f00bebde
[INFO] running `Command { std: "docker" "create" "-v" "/var/lib/crater-agent-workspace/builds/worker-4-tc1/target:/opt/rustwide/target:rw,Z" "-v" "/var/lib/crater-agent-workspace/builds/worker-4-tc1/source:/opt/rustwide/workdir:ro,Z" "-v" "/var/lib/crater-agent-workspace/cargo-home:/opt/rustwide/cargo-home:ro,Z" "-v" "/var/lib/crater-agent-workspace/rustup-home:/opt/rustwide/rustup-home:ro,Z" "-e" "SOURCE_DIR=/opt/rustwide/workdir" "-e" "CARGO_TARGET_DIR=/opt/rustwide/target" "-e" "CARGO_INCREMENTAL=0" "-e" "RUST_BACKTRACE=full" "-e" "RUSTFLAGS=--cap-lints=forbid" "-e" "RUSTDOCFLAGS=--cap-lints=forbid" "-e" "CARGO_HOME=/opt/rustwide/cargo-home" "-e" "RUSTUP_HOME=/opt/rustwide/rustup-home" "-w" "/opt/rustwide/workdir" "-m" "1610612736" "--user" "0:0" "--network" "none" "ghcr.io/rust-lang/crates-build-env/linux@sha256:2788e3201cd34a07e3172128adcd8b3090168a8e3bcc40d7c032b9dda1df7d1c" "/opt/rustwide/cargo-home/bin/cargo" "+nightly-2024-02-05" "check" "--frozen" "--all" "--all-targets" "--message-format=json", kill_on_drop: false }`
[INFO] [stdout] 523b59c7c1ddcce050c3c11da77fd965bdd94edb30e2c038ed5af208ba442607
[INFO] running `Command { std: "docker" "start" "-a" "523b59c7c1ddcce050c3c11da77fd965bdd94edb30e2c038ed5af208ba442607", kill_on_drop: false }`
[INFO] [stderr]    Compiling libm v0.2.8
[INFO] [stderr]     Checking byteorder v1.5.0
[INFO] [stderr]    Compiling getrandom v0.1.16
[INFO] [stderr]     Checking arrayvec v0.5.2
[INFO] [stderr]    Compiling num-traits v0.2.17
[INFO] [stderr]     Checking funty v1.1.0
[INFO] [stderr]     Checking byte-slice-cast v1.2.2
[INFO] [stderr]     Checking subtle v2.5.0
[INFO] [stderr]    Compiling crunchy v0.2.2
[INFO] [stderr]    Compiling syn v1.0.109
[INFO] [stderr]     Checking digest v0.8.1
[INFO] [stderr]     Checking serde v1.0.196
[INFO] [stderr]     Checking zeroize v1.3.0
[INFO] [stderr]     Checking tetcore-std v2.1.2
[INFO] [stderr]     Checking rand v0.8.5
[INFO] [stderr]    Compiling num-bigint v0.2.6
[INFO] [stderr]     Checking subtle v1.0.0
[INFO] [stderr]    Compiling ref-cast v1.0.22
[INFO] [stderr]     Checking byte-tools v0.3.1
[INFO] [stderr]    Compiling arrayvec v0.4.12
[INFO] [stderr]    Compiling ref-cast-impl v1.0.22
[INFO] [stderr]     Checking crypto-mac v0.7.0
[INFO] [stderr]     Checking block-padding v0.1.5
[INFO] [stderr]    Compiling num-rational v0.2.4
[INFO] [stderr]     Checking hex v0.4.3
[INFO] [stderr]     Checking block-buffer v0.7.3
[INFO] [stderr]     Checking bitvec v0.20.4
[INFO] [stderr]     Checking rand_core v0.5.1
[INFO] [stderr]     Checking ahash v0.4.8
[INFO] [stderr]     Checking futures-core v0.3.30
[INFO] [stderr]     Checking fake-simd v0.1.2
[INFO] [stderr]     Checking tetsy-wasm v0.41.0
[INFO] [stderr]     Checking uint-crate v0.9.1
[INFO] [stderr]     Checking opaque-debug v0.2.3
[INFO] [stderr]    Compiling Inflector v0.11.4
[INFO] [stderr]     Checking futures-channel v0.3.30
[INFO] [stderr]     Checking matchers v0.0.1
[INFO] [stderr]     Checking hashbrown v0.9.1
[INFO] [stderr]     Checking sha2 v0.8.2
[INFO] [stderr]     Checking rand_pcg v0.2.1
[INFO] [stderr]     Checking rand_chacha v0.2.2
[INFO] [stderr]     Checking tetsy-fixed-hash v0.7.1
[INFO] [stderr]     Checking tracing-log v0.1.4
[INFO] [stderr]     Checking hmac v0.7.1
[INFO] [stderr]     Checking crypto-mac v0.8.0
[INFO] [stderr]     Checking tracing v0.1.40
[INFO] [stderr]    Compiling tetsy-util-mem v0.9.1
[INFO] [stderr]     Checking tetsy-hash-db v0.15.3
[INFO] [stderr]     Checking rand v0.7.3
[INFO] [stderr]     Checking environ v1.1.3
[INFO] [stderr]     Checking downcast-rs v1.2.0
[INFO] [stderr]     Checking memory_units v0.3.0
[INFO] [stderr]     Checking futures-util v0.3.30
[INFO] [stderr]     Checking merlin v2.0.1
[INFO] [stderr]     Checking curve25519-dalek v2.1.3
[INFO] [stderr]     Checking nodrop v0.1.14
[INFO] [stderr]     Checking pbkdf2 v0.4.0
[INFO] [stderr]     Checking hmac v0.8.1
[INFO] [stderr]     Checking hmac-drbg v0.2.0
[INFO] [stderr]     Checking curve25519-dalek v3.2.1
[INFO] [stderr]     Checking pbkdf2 v0.3.0
[INFO] [stderr]     Checking dyn-clone v1.0.16
[INFO] [stderr]     Checking tiny-keccak v2.0.2
[INFO] [stderr]     Checking twox-hash v1.6.3
[INFO] [stderr]     Checking tetsy-hash256-std-hasher v0.15.3
[INFO] [stderr]     Checking secrecy v0.7.0
[INFO] [stderr]     Checking base58 v0.1.0
[INFO] [stderr]     Checking blake2-rfc v0.2.18
[INFO] [stderr]    Compiling backtrace v0.3.69
[INFO] [stderr]     Checking tetsy-trie-db v0.22.3
[INFO] [stderr]     Checking tetsy-trie-root v0.16.1
[INFO] [stderr]    Compiling paste-impl v0.1.18
[INFO] [stderr]    Compiling num-rational v0.4.1
[INFO] [stderr]    Compiling matrixmultiply v0.3.8
[INFO] [stderr]     Checking twasmi-validation v0.3.0
[INFO] [stderr]     Checking num-integer v0.1.45
[INFO] [stderr]     Checking chrono v0.4.33
[INFO] [stderr]     Checking integer-sqrt v0.1.5
[INFO] [stderr]     Checking libsecp256k1 v0.3.5
[INFO] [stderr]     Checking tiny-bip39 v0.8.2
[INFO] [stderr]     Checking approx v0.5.1
[INFO] [stderr]     Checking num-complex v0.4.4
[INFO] [stderr]     Checking rand_distr v0.4.3
[INFO] [stderr]     Checking paste v0.1.18
[INFO] [stderr]     Checking panic-handler v2.1.2
[INFO] [stderr]     Checking tetsy-impl-serde v0.3.2
[INFO] [stderr]     Checking impl-serde v0.3.2
[INFO] [stderr]     Checking serde_json v1.0.113
[INFO] [stderr]     Checking tracing-serde v0.1.3
[INFO] [stderr]     Checking schnorrkel v0.9.1
[INFO] [stderr]     Checking ed25519-dalek v1.0.1
[INFO] [stderr]     Checking simba v0.5.1
[INFO] [stderr]     Checking tetcore-bip39 v0.4.2
[INFO] [stderr]    Compiling toml v0.5.11
[INFO] [stderr]     Checking twasmi v0.6.2
[INFO] [stderr]     Checking tracing-subscriber v0.2.25
[INFO] [stderr]     Checking futures-executor v0.3.30
[INFO] [stderr]    Compiling proc-macro-crate v0.1.5
[INFO] [stderr]     Checking futures v0.3.30
[INFO] [stderr]    Compiling synstructure v0.12.6
[INFO] [stderr]    Compiling tetsy-scale-codec-derive v2.0.1
[INFO] [stderr]    Compiling debug-derive v2.1.2
[INFO] [stderr]    Compiling impl-trait-for-tuples v0.2.2
[INFO] [stderr]    Compiling tetsy-util-mem-derive v0.1.1
[INFO] [stderr]    Compiling tp-runtime-interface-proc-macro v2.1.2
[INFO] [stderr]    Compiling dyn-clonable-impl v0.9.0
[INFO] [stderr]    Compiling derive_more v0.99.17
[INFO] [stderr]    Compiling fabric-support-procedural-tools-derive v2.0.1
[INFO] [stderr]    Compiling nalgebra-macros v0.1.0
[INFO] [stderr]    Compiling tp-api-proc-macro v2.1.2
[INFO] [stderr]     Checking dyn-clonable v0.9.0
[INFO] [stderr]    Compiling fabric-support-procedural-tools v2.0.1
[INFO] [stdout] error[E0603]: module `group` is private
[INFO] [stdout]    --> /opt/rustwide/cargo-home/registry/src/index.crates.io-6f17d22bba15001f/fabric-support-procedural-tools-2.0.1/src/syn_ext.rs:47:53
[INFO] [stdout]     |
[INFO] [stdout] 47  |                 let syn::group::$name { token, content } = syn::group::$parse(input)?;
[INFO] [stdout]     |                                                                 ^^^^^ private module
[INFO] [stdout] ...
[INFO] [stdout] 71  | groups_impl!(Braces, Brace, Brace, parse_braces);
[INFO] [stdout]     |                                    ------------ function `parse_braces` is not publicly re-exported
[INFO] [stdout]     |
[INFO] [stdout] note: the module `group` is defined here
[INFO] [stdout]    --> /opt/rustwide/cargo-home/registry/src/index.crates.io-6f17d22bba15001f/syn-1.0.109/src/lib.rs:308:1
[INFO] [stdout]     |
[INFO] [stdout] 308 | mod group;
[INFO] [stdout]     | ^^^^^^^^^
[INFO] [stdout] 
[INFO] [stdout] 
[INFO] [stdout] error[E0603]: module `group` is private
[INFO] [stdout]    --> /opt/rustwide/cargo-home/registry/src/index.crates.io-6f17d22bba15001f/fabric-support-procedural-tools-2.0.1/src/syn_ext.rs:47:14
[INFO] [stdout]     |
[INFO] [stdout] 47  |                 let syn::group::$name { token, content } = syn::group::$parse(input)?;
[INFO] [stdout]     |                          ^^^^^ private module
[INFO] [stdout] ...
[INFO] [stdout] 71  | groups_impl!(Braces, Brace, Brace, parse_braces);
[INFO] [stdout]     |              ------ struct `Braces` is not publicly re-exported
[INFO] [stdout]     |
[INFO] [stdout] note: the module `group` is defined here
[INFO] [stdout]    --> /opt/rustwide/cargo-home/registry/src/index.crates.io-6f17d22bba15001f/syn-1.0.109/src/lib.rs:308:1
[INFO] [stdout]     |
[INFO] [stdout] 308 | mod group;
[INFO] [stdout]     | ^^^^^^^^^
[INFO] [stdout] 
[INFO] [stdout] 
[INFO] [stdout] error[E0603]: module `group` is private
[INFO] [stdout]    --> /opt/rustwide/cargo-home/registry/src/index.crates.io-6f17d22bba15001f/fabric-support-procedural-tools-2.0.1/src/syn_ext.rs:47:53
[INFO] [stdout]     |
[INFO] [stdout] 47  |                 let syn::group::$name { token, content } = syn::group::$parse(input)?;
[INFO] [stdout]     |                                                                 ^^^^^ private module
[INFO] [stdout] ...
[INFO] [stdout] 72  | groups_impl!(Brackets, Bracket, Bracket, parse_brackets);
[INFO] [stdout]     |                                          -------------- function `parse_brackets` is not publicly re-exported
[INFO] [stdout]     |
[INFO] [stdout] note: the module `group` is defined here
[INFO] [stdout]    --> /opt/rustwide/cargo-home/registry/src/index.crates.io-6f17d22bba15001f/syn-1.0.109/src/lib.rs:308:1
[INFO] [stdout]     |
[INFO] [stdout] 308 | mod group;
[INFO] [stdout]     | ^^^^^^^^^
[INFO] [stdout] 
[INFO] [stdout] 
[INFO] [stdout] error[E0603]: module `group` is private
[INFO] [stdout]    --> /opt/rustwide/cargo-home/registry/src/index.crates.io-6f17d22bba15001f/fabric-support-procedural-tools-2.0.1/src/syn_ext.rs:47:14
[INFO] [stdout]     |
[INFO] [stdout] 47  |                 let syn::group::$name { token, content } = syn::group::$parse(input)?;
[INFO] [stdout]     |                          ^^^^^ private module
[INFO] [stdout] ...
[INFO] [stdout] 72  | groups_impl!(Brackets, Bracket, Bracket, parse_brackets);
[INFO] [stdout]     |              -------- struct `Brackets` is not publicly re-exported
[INFO] [stdout]     |
[INFO] [stdout] note: the module `group` is defined here
[INFO] [stdout]    --> /opt/rustwide/cargo-home/registry/src/index.crates.io-6f17d22bba15001f/syn-1.0.109/src/lib.rs:308:1
[INFO] [stdout]     |
[INFO] [stdout] 308 | mod group;
[INFO] [stdout]     | ^^^^^^^^^
[INFO] [stdout] 
[INFO] [stdout] 
[INFO] [stdout] error[E0603]: module `group` is private
[INFO] [stdout]    --> /opt/rustwide/cargo-home/registry/src/index.crates.io-6f17d22bba15001f/fabric-support-procedural-tools-2.0.1/src/syn_ext.rs:47:53
[INFO] [stdout]     |
[INFO] [stdout] 47  |                 let syn::group::$name { token, content } = syn::group::$parse(input)?;
[INFO] [stdout]     |                                                                 ^^^^^ private module
[INFO] [stdout] ...
[INFO] [stdout] 73  | groups_impl!(Parens, Paren, Parenthesis, parse_parens);
[INFO] [stdout]     |                                          ------------ function `parse_parens` is not publicly re-exported
[INFO] [stdout]     |
[INFO] [stdout] note: the module `group` is defined here
[INFO] [stdout]    --> /opt/rustwide/cargo-home/registry/src/index.crates.io-6f17d22bba15001f/syn-1.0.109/src/lib.rs:308:1
[INFO] [stdout]     |
[INFO] [stdout] 308 | mod group;
[INFO] [stdout]     | ^^^^^^^^^
[INFO] [stdout] 
[INFO] [stdout] 
[INFO] [stdout] error[E0603]: module `group` is private
[INFO] [stdout]    --> /opt/rustwide/cargo-home/registry/src/index.crates.io-6f17d22bba15001f/fabric-support-procedural-tools-2.0.1/src/syn_ext.rs:47:14
[INFO] [stdout]     |
[INFO] [stdout] 47  |                 let syn::group::$name { token, content } = syn::group::$parse(input)?;
[INFO] [stdout]     |                          ^^^^^ private module
[INFO] [stdout] ...
[INFO] [stdout] 73  | groups_impl!(Parens, Paren, Parenthesis, parse_parens);
[INFO] [stdout]     |              ------ struct `Parens` is not publicly re-exported
[INFO] [stdout]     |
[INFO] [stdout] note: the module `group` is defined here
[INFO] [stdout]    --> /opt/rustwide/cargo-home/registry/src/index.crates.io-6f17d22bba15001f/syn-1.0.109/src/lib.rs:308:1
[INFO] [stdout]     |
[INFO] [stdout] 308 | mod group;
[INFO] [stdout]     | ^^^^^^^^^
[INFO] [stdout] 
[INFO] [stdout] 
[INFO] [stdout] error: aborting due to 6 previous errors
[INFO] [stdout] 
[INFO] [stdout] 
[INFO] [stdout] For more information about this error, try `rustc --explain E0603`.
[INFO] [stdout] 
[INFO] [stderr] error: could not compile `fabric-support-procedural-tools` (lib) due to 7 previous errors
[INFO] [stderr] warning: build failed, waiting for other jobs to finish...
[INFO] [stderr] error: could not compile `simba` (lib)
[INFO] [stderr] 
[INFO] [stderr] Caused by:
[INFO] [stderr]   process didn't exit successfully: `/opt/rustwide/rustup-home/toolchains/nightly-2024-02-05-x86_64-unknown-linux-gnu/bin/rustc --crate-name simba --edition=2018 /opt/rustwide/cargo-home/registry/src/index.crates.io-6f17d22bba15001f/simba-0.5.1/src/lib.rs --error-format=json --json=diagnostic-rendered-ansi,artifacts,future-incompat --crate-type lib --emit=dep-info,metadata -C embed-bitcode=no -C debuginfo=2 --cfg 'feature="std"' -C metadata=8d89b9ea6f217219 -C extra-filename=-8d89b9ea6f217219 --out-dir /opt/rustwide/target/debug/deps -L dependency=/opt/rustwide/target/debug/deps --extern approx=/opt/rustwide/target/debug/deps/libapprox-fc377d92ce146735.rmeta --extern num_complex=/opt/rustwide/target/debug/deps/libnum_complex-c486096b5f2aad95.rmeta --extern num_traits=/opt/rustwide/target/debug/deps/libnum_traits-53680144b765b094.rmeta --extern paste=/opt/rustwide/target/debug/deps/libpaste-fcfc1e8685b6531b.so --cap-lints allow --cap-lints=forbid` (signal: 9, SIGKILL: kill)
[INFO] running `Command { std: "docker" "inspect" "523b59c7c1ddcce050c3c11da77fd965bdd94edb30e2c038ed5af208ba442607", kill_on_drop: false }`
[INFO] running `Command { std: "docker" "rm" "-f" "523b59c7c1ddcce050c3c11da77fd965bdd94edb30e2c038ed5af208ba442607", kill_on_drop: false }`
[INFO] [stdout] 523b59c7c1ddcce050c3c11da77fd965bdd94edb30e2c038ed5af208ba442607
[INFO] checking noble-society-2.0.0 against nightly-2024-02-05+rustflags=-Dunexpected_cfgs+cargoflags=-Zcheck-cfg for check-cfg
[INFO] extracting crate noble-society 2.0.0 into /workspace/builds/worker-4-tc2/source
[INFO] validating manifest of crates.io crate noble-society 2.0.0 on toolchain nightly-2024-02-05
[INFO] running `Command { std: CARGO_HOME="/workspace/cargo-home" RUSTUP_HOME="/workspace/rustup-home" "/workspace/cargo-home/bin/cargo" "+nightly-2024-02-05" "metadata" "--manifest-path" "Cargo.toml" "--no-deps", kill_on_drop: false }`
[INFO] started tweaking crates.io crate noble-society 2.0.0
[INFO] finished tweaking crates.io crate noble-society 2.0.0
[INFO] tweaked toml for crates.io crate noble-society 2.0.0 written to /workspace/builds/worker-4-tc2/source/Cargo.toml
[INFO] running `Command { std: CARGO_HOME="/workspace/cargo-home" RUSTUP_HOME="/workspace/rustup-home" "/workspace/cargo-home/bin/cargo" "+nightly-2024-02-05" "generate-lockfile" "--manifest-path" "Cargo.toml", kill_on_drop: false }`
[INFO] [stderr]     Updating crates.io index
[INFO] running `Command { std: CARGO_HOME="/workspace/cargo-home" RUSTUP_HOME="/workspace/rustup-home" "/workspace/cargo-home/bin/cargo" "+nightly-2024-02-05" "fetch" "--manifest-path" "Cargo.toml", kill_on_drop: false }`
[INFO] [stderr]     Blocking waiting for file lock on package cache
[INFO] running `Command { std: "docker" "create" "-v" "/var/lib/crater-agent-workspace/builds/worker-4-tc2/target:/opt/rustwide/target:rw,Z" "-v" "/var/lib/crater-agent-workspace/builds/worker-4-tc2/source:/opt/rustwide/workdir:ro,Z" "-v" "/var/lib/crater-agent-workspace/cargo-home:/opt/rustwide/cargo-home:ro,Z" "-v" "/var/lib/crater-agent-workspace/rustup-home:/opt/rustwide/rustup-home:ro,Z" "-e" "SOURCE_DIR=/opt/rustwide/workdir" "-e" "CARGO_TARGET_DIR=/opt/rustwide/target" "-e" "CARGO_HOME=/opt/rustwide/cargo-home" "-e" "RUSTUP_HOME=/opt/rustwide/rustup-home" "-w" "/opt/rustwide/workdir" "-m" "1610612736" "--user" "0:0" "--network" "none" "ghcr.io/rust-lang/crates-build-env/linux@sha256:2788e3201cd34a07e3172128adcd8b3090168a8e3bcc40d7c032b9dda1df7d1c" "/opt/rustwide/cargo-home/bin/cargo" "+nightly-2024-02-05" "metadata" "--no-deps" "--format-version=1", kill_on_drop: false }`
[INFO] [stdout] 34922191f958833d1a7f6b65fa72d612b6fa90e2c586f4898d3bbeb50b46007b
[INFO] running `Command { std: "docker" "start" "-a" "34922191f958833d1a7f6b65fa72d612b6fa90e2c586f4898d3bbeb50b46007b", kill_on_drop: false }`
[INFO] running `Command { std: "docker" "inspect" "34922191f958833d1a7f6b65fa72d612b6fa90e2c586f4898d3bbeb50b46007b", kill_on_drop: false }`
[INFO] running `Command { std: "docker" "rm" "-f" "34922191f958833d1a7f6b65fa72d612b6fa90e2c586f4898d3bbeb50b46007b", kill_on_drop: false }`
[INFO] [stdout] 34922191f958833d1a7f6b65fa72d612b6fa90e2c586f4898d3bbeb50b46007b
[INFO] running `Command { std: "docker" "create" "-v" "/var/lib/crater-agent-workspace/builds/worker-4-tc2/target:/opt/rustwide/target:rw,Z" "-v" "/var/lib/crater-agent-workspace/builds/worker-4-tc2/source:/opt/rustwide/workdir:ro,Z" "-v" "/var/lib/crater-agent-workspace/cargo-home:/opt/rustwide/cargo-home:ro,Z" "-v" "/var/lib/crater-agent-workspace/rustup-home:/opt/rustwide/rustup-home:ro,Z" "-e" "SOURCE_DIR=/opt/rustwide/workdir" "-e" "CARGO_TARGET_DIR=/opt/rustwide/target" "-e" "CARGO_INCREMENTAL=0" "-e" "RUST_BACKTRACE=full" "-e" "RUSTFLAGS=--cap-lints=forbid -Dunexpected_cfgs" "-e" "RUSTDOCFLAGS=--cap-lints=forbid" "-e" "CARGO_HOME=/opt/rustwide/cargo-home" "-e" "RUSTUP_HOME=/opt/rustwide/rustup-home" "-w" "/opt/rustwide/workdir" "-m" "1610612736" "--user" "0:0" "--network" "none" "ghcr.io/rust-lang/crates-build-env/linux@sha256:2788e3201cd34a07e3172128adcd8b3090168a8e3bcc40d7c032b9dda1df7d1c" "/opt/rustwide/cargo-home/bin/cargo" "+nightly-2024-02-05" "check" "--frozen" "--all" "--all-targets" "--message-format=json" "-Zcheck-cfg", kill_on_drop: false }`
[INFO] [stdout] a2b4d86cbbf9ba409d4ee81f27368e1b758e0817b6afcedfdacbc6c968c6ea6f
[INFO] running `Command { std: "docker" "start" "-a" "a2b4d86cbbf9ba409d4ee81f27368e1b758e0817b6afcedfdacbc6c968c6ea6f", kill_on_drop: false }`
[INFO] [stderr]    Compiling libm v0.2.8
[INFO] [stderr]     Checking byteorder v1.5.0
[INFO] [stderr]    Compiling getrandom v0.1.16
[INFO] [stderr]     Checking arrayvec v0.5.2
[INFO] [stderr]    Compiling num-traits v0.2.17
[INFO] [stderr]     Checking funty v1.1.0
[INFO] [stderr]     Checking byte-slice-cast v1.2.2
[INFO] [stderr]     Checking subtle v2.5.0
[INFO] [stderr]    Compiling crunchy v0.2.2
[INFO] [stderr]    Compiling syn v1.0.109
[INFO] [stderr]     Checking tetcore-std v2.1.2
[INFO] [stderr]     Checking digest v0.8.1
[INFO] [stderr]     Checking serde v1.0.196
[INFO] [stderr]     Checking zeroize v1.3.0
[INFO] [stderr]     Checking rand v0.8.5
[INFO] [stderr]    Compiling num-bigint v0.2.6
[INFO] [stderr]     Checking subtle v1.0.0
[INFO] [stderr]    Compiling ref-cast v1.0.22
[INFO] [stderr]     Checking byte-tools v0.3.1
[INFO] [stderr]    Compiling arrayvec v0.4.12
[INFO] [stderr]     Checking block-padding v0.1.5
[INFO] [stderr]     Checking crypto-mac v0.7.0
[INFO] [stderr]    Compiling ref-cast-impl v1.0.22
[INFO] [stderr]    Compiling num-rational v0.2.4
[INFO] [stderr]     Checking hex v0.4.3
[INFO] [stderr]     Checking block-buffer v0.7.3
[INFO] [stderr]     Checking opaque-debug v0.2.3
[INFO] [stderr]     Checking tetsy-wasm v0.41.0
[INFO] [stderr]     Checking fake-simd v0.1.2
[INFO] [stderr]     Checking ahash v0.4.8
[INFO] [stderr]     Checking rand_core v0.5.1
[INFO] [stderr]     Checking bitvec v0.20.4
[INFO] [stderr]     Checking futures-core v0.3.30
[INFO] [stderr]     Checking uint-crate v0.9.1
[INFO] [stderr]     Checking hashbrown v0.9.1
[INFO] [stderr]    Compiling Inflector v0.11.4
[INFO] [stderr]     Checking rand_chacha v0.2.2
[INFO] [stderr]     Checking rand_pcg v0.2.1
[INFO] [stderr]     Checking futures-channel v0.3.30
[INFO] [stderr]     Checking sha2 v0.8.2
[INFO] [stderr]     Checking matchers v0.0.1
[INFO] [stderr]     Checking tracing-log v0.1.4
[INFO] [stderr]     Checking hmac v0.7.1
[INFO] [stderr]     Checking crypto-mac v0.8.0
[INFO] [stderr]     Checking rand v0.7.3
[INFO] [stderr]     Checking tracing v0.1.40
[INFO] [stderr]     Checking tetsy-fixed-hash v0.7.1
[INFO] [stderr]    Compiling tetsy-util-mem v0.9.1
[INFO] [stderr]     Checking memory_units v0.3.0
[INFO] [stderr]     Checking tetsy-hash-db v0.15.3
[INFO] [stderr]     Checking environ v1.1.3
[INFO] [stderr]     Checking downcast-rs v1.2.0
[INFO] [stderr]     Checking futures-util v0.3.30
[INFO] [stderr]     Checking merlin v2.0.1
[INFO] [stderr]     Checking curve25519-dalek v2.1.3
[INFO] [stderr]     Checking nodrop v0.1.14
[INFO] [stderr]     Checking pbkdf2 v0.4.0
[INFO] [stderr]     Checking hmac v0.8.1
[INFO] [stderr]     Checking hmac-drbg v0.2.0
[INFO] [stderr]     Checking curve25519-dalek v3.2.1
[INFO] [stderr]     Checking pbkdf2 v0.3.0
[INFO] [stderr]     Checking dyn-clone v1.0.16
[INFO] [stderr]     Checking tiny-keccak v2.0.2
[INFO] [stderr]     Checking twox-hash v1.6.3
[INFO] [stderr]     Checking tetsy-hash256-std-hasher v0.15.3
[INFO] [stderr]     Checking secrecy v0.7.0
[INFO] [stderr]     Checking base58 v0.1.0
[INFO] [stderr]    Compiling backtrace v0.3.69
[INFO] [stderr]     Checking blake2-rfc v0.2.18
[INFO] [stderr]     Checking tetsy-trie-db v0.22.3
[INFO] [stderr]     Checking tetsy-trie-root v0.16.1
[INFO] [stderr]    Compiling paste-impl v0.1.18
[INFO] [stderr]    Compiling matrixmultiply v0.3.8
[INFO] [stderr]    Compiling num-rational v0.4.1
[INFO] [stderr]     Checking twasmi-validation v0.3.0
[INFO] [stderr]     Checking num-integer v0.1.45
[INFO] [stderr]     Checking chrono v0.4.33
[INFO] [stderr]     Checking integer-sqrt v0.1.5
[INFO] [stderr]     Checking tiny-bip39 v0.8.2
[INFO] [stderr]     Checking libsecp256k1 v0.3.5
[INFO] [stderr]     Checking approx v0.5.1
[INFO] [stderr]     Checking num-complex v0.4.4
[INFO] [stderr]     Checking rand_distr v0.4.3
[INFO] [stderr]     Checking paste v0.1.18
[INFO] [stderr]     Checking simba v0.5.1
[INFO] [stderr]     Checking panic-handler v2.1.2
[INFO] [stderr]     Checking impl-serde v0.3.2
[INFO] [stderr]     Checking tetsy-impl-serde v0.3.2
[INFO] [stderr]     Checking tracing-serde v0.1.3
[INFO] [stderr]     Checking serde_json v1.0.113
[INFO] [stderr]     Checking schnorrkel v0.9.1
[INFO] [stderr]     Checking ed25519-dalek v1.0.1
[INFO] [stderr]     Checking tetcore-bip39 v0.4.2
[INFO] [stderr]     Checking twasmi v0.6.2
[INFO] [stderr]     Checking tracing-subscriber v0.2.25
[INFO] [stderr]    Compiling toml v0.5.11
[INFO] [stderr]     Checking futures-executor v0.3.30
[INFO] [stderr]     Checking futures v0.3.30
[INFO] [stderr]    Compiling proc-macro-crate v0.1.5
[INFO] [stderr]    Compiling synstructure v0.12.6
[INFO] [stderr]    Compiling tetsy-scale-codec-derive v2.0.1
[INFO] [stderr]    Compiling debug-derive v2.1.2
[INFO] [stderr]    Compiling impl-trait-for-tuples v0.2.2
[INFO] [stderr]    Compiling tetsy-util-mem-derive v0.1.1
[INFO] [stderr]    Compiling tp-runtime-interface-proc-macro v2.1.2
[INFO] [stderr]    Compiling dyn-clonable-impl v0.9.0
[INFO] [stderr]    Compiling derive_more v0.99.17
[INFO] [stderr]    Compiling fabric-support-procedural-tools-derive v2.0.1
[INFO] [stderr]    Compiling nalgebra-macros v0.1.0
[INFO] [stderr]    Compiling tp-api-proc-macro v2.1.2
[INFO] [stderr]     Checking dyn-clonable v0.9.0
[INFO] [stderr]    Compiling fabric-support-procedural-tools v2.0.1
[INFO] [stdout] error[E0603]: module `group` is private
[INFO] [stdout]    --> /opt/rustwide/cargo-home/registry/src/index.crates.io-6f17d22bba15001f/fabric-support-procedural-tools-2.0.1/src/syn_ext.rs:47:53
[INFO] [stdout]     |
[INFO] [stdout] 47  |                 let syn::group::$name { token, content } = syn::group::$parse(input)?;
[INFO] [stdout]     |                                                                 ^^^^^ private module
[INFO] [stdout] ...
[INFO] [stdout] 71  | groups_impl!(Braces, Brace, Brace, parse_braces);
[INFO] [stdout]     |                                    ------------ function `parse_braces` is not publicly re-exported
[INFO] [stdout]     |
[INFO] [stdout] note: the module `group` is defined here
[INFO] [stdout]    --> /opt/rustwide/cargo-home/registry/src/index.crates.io-6f17d22bba15001f/syn-1.0.109/src/lib.rs:308:1
[INFO] [stdout]     |
[INFO] [stdout] 308 | mod group;
[INFO] [stdout]     | ^^^^^^^^^
[INFO] [stdout] 
[INFO] [stdout] 
[INFO] [stdout] error[E0603]: module `group` is private
[INFO] [stdout]    --> /opt/rustwide/cargo-home/registry/src/index.crates.io-6f17d22bba15001f/fabric-support-procedural-tools-2.0.1/src/syn_ext.rs:47:14
[INFO] [stdout]     |
[INFO] [stdout] 47  |                 let syn::group::$name { token, content } = syn::group::$parse(input)?;
[INFO] [stdout]     |                          ^^^^^ private module
[INFO] [stdout] ...
[INFO] [stdout] 71  | groups_impl!(Braces, Brace, Brace, parse_braces);
[INFO] [stdout]     |              ------ struct `Braces` is not publicly re-exported
[INFO] [stdout]     |
[INFO] [stdout] note: the module `group` is defined here
[INFO] [stdout]    --> /opt/rustwide/cargo-home/registry/src/index.crates.io-6f17d22bba15001f/syn-1.0.109/src/lib.rs:308:1
[INFO] [stdout]     |
[INFO] [stdout] 308 | mod group;
[INFO] [stdout]     | ^^^^^^^^^
[INFO] [stdout] 
[INFO] [stdout] 
[INFO] [stdout] error[E0603]: module `group` is private
[INFO] [stdout]    --> /opt/rustwide/cargo-home/registry/src/index.crates.io-6f17d22bba15001f/fabric-support-procedural-tools-2.0.1/src/syn_ext.rs:47:53
[INFO] [stdout]     |
[INFO] [stdout] 47  |                 let syn::group::$name { token, content } = syn::group::$parse(input)?;
[INFO] [stdout]     |                                                                 ^^^^^ private module
[INFO] [stdout] ...
[INFO] [stdout] 72  | groups_impl!(Brackets, Bracket, Bracket, parse_brackets);
[INFO] [stdout]     |                                          -------------- function `parse_brackets` is not publicly re-exported
[INFO] [stdout]     |
[INFO] [stdout] note: the module `group` is defined here
[INFO] [stdout]    --> /opt/rustwide/cargo-home/registry/src/index.crates.io-6f17d22bba15001f/syn-1.0.109/src/lib.rs:308:1
[INFO] [stdout]     |
[INFO] [stdout] 308 | mod group;
[INFO] [stdout]     | ^^^^^^^^^
[INFO] [stdout] 
[INFO] [stdout] 
[INFO] [stdout] error[E0603]: module `group` is private
[INFO] [stdout]    --> /opt/rustwide/cargo-home/registry/src/index.crates.io-6f17d22bba15001f/fabric-support-procedural-tools-2.0.1/src/syn_ext.rs:47:14
[INFO] [stdout]     |
[INFO] [stdout] 47  |                 let syn::group::$name { token, content } = syn::group::$parse(input)?;
[INFO] [stdout]     |                          ^^^^^ private module
[INFO] [stdout] ...
[INFO] [stdout] 72  | groups_impl!(Brackets, Bracket, Bracket, parse_brackets);
[INFO] [stdout]     |              -------- struct `Brackets` is not publicly re-exported
[INFO] [stdout]     |
[INFO] [stdout] note: the module `group` is defined here
[INFO] [stdout]    --> /opt/rustwide/cargo-home/registry/src/index.crates.io-6f17d22bba15001f/syn-1.0.109/src/lib.rs:308:1
[INFO] [stdout]     |
[INFO] [stdout] 308 | mod group;
[INFO] [stdout]     | ^^^^^^^^^
[INFO] [stdout] 
[INFO] [stdout] 
[INFO] [stdout] error[E0603]: module `group` is private
[INFO] [stdout]    --> /opt/rustwide/cargo-home/registry/src/index.crates.io-6f17d22bba15001f/fabric-support-procedural-tools-2.0.1/src/syn_ext.rs:47:53
[INFO] [stdout]     |
[INFO] [stdout] 47  |                 let syn::group::$name { token, content } = syn::group::$parse(input)?;
[INFO] [stdout]     |                                                                 ^^^^^ private module
[INFO] [stdout] ...
[INFO] [stdout] 73  | groups_impl!(Parens, Paren, Parenthesis, parse_parens);
[INFO] [stdout]     |                                          ------------ function `parse_parens` is not publicly re-exported
[INFO] [stdout]     |
[INFO] [stdout] note: the module `group` is defined here
[INFO] [stdout]    --> /opt/rustwide/cargo-home/registry/src/index.crates.io-6f17d22bba15001f/syn-1.0.109/src/lib.rs:308:1
[INFO] [stdout]     |
[INFO] [stdout] 308 | mod group;
[INFO] [stdout]     | ^^^^^^^^^
[INFO] [stdout] 
[INFO] [stdout] 
[INFO] [stdout] error[E0603]: module `group` is private
[INFO] [stdout]    --> /opt/rustwide/cargo-home/registry/src/index.crates.io-6f17d22bba15001f/fabric-support-procedural-tools-2.0.1/src/syn_ext.rs:47:14
[INFO] [stdout]     |
[INFO] [stdout] 47  |                 let syn::group::$name { token, content } = syn::group::$parse(input)?;
[INFO] [stdout]     |                          ^^^^^ private module
[INFO] [stdout] ...
[INFO] [stdout] 73  | groups_impl!(Parens, Paren, Parenthesis, parse_parens);
[INFO] [stdout]     |              ------ struct `Parens` is not publicly re-exported
[INFO] [stdout]     |
[INFO] [stdout] note: the module `group` is defined here
[INFO] [stdout]    --> /opt/rustwide/cargo-home/registry/src/index.crates.io-6f17d22bba15001f/syn-1.0.109/src/lib.rs:308:1
[INFO] [stdout]     |
[INFO] [stdout] 308 | mod group;
[INFO] [stdout]     | ^^^^^^^^^
[INFO] [stdout] 
[INFO] [stdout] 
[INFO] [stdout] error: aborting due to 6 previous errors
[INFO] [stdout] 
[INFO] [stdout] 
[INFO] [stdout] For more information about this error, try `rustc --explain E0603`.
[INFO] [stdout] 
[INFO] [stderr] error: could not compile `fabric-support-procedural-tools` (lib) due to 7 previous errors
[INFO] [stderr] warning: build failed, waiting for other jobs to finish...
[INFO] running `Command { std: "docker" "inspect" "a2b4d86cbbf9ba409d4ee81f27368e1b758e0817b6afcedfdacbc6c968c6ea6f", kill_on_drop: false }`
[INFO] running `Command { std: "docker" "rm" "-f" "a2b4d86cbbf9ba409d4ee81f27368e1b758e0817b6afcedfdacbc6c968c6ea6f", kill_on_drop: false }`
[INFO] [stdout] a2b4d86cbbf9ba409d4ee81f27368e1b758e0817b6afcedfdacbc6c968c6ea6f
