[INFO] fetching crate noah-bulletproofs 4.1.0...
[INFO] checking noah-bulletproofs-4.1.0 against nightly-2024-02-05 for check-cfg
[INFO] extracting crate noah-bulletproofs 4.1.0 into /workspace/builds/worker-6-tc1/source
[INFO] validating manifest of crates.io crate noah-bulletproofs 4.1.0 on toolchain nightly-2024-02-05
[INFO] running `Command { std: CARGO_HOME="/workspace/cargo-home" RUSTUP_HOME="/workspace/rustup-home" "/workspace/cargo-home/bin/cargo" "+nightly-2024-02-05" "metadata" "--manifest-path" "Cargo.toml" "--no-deps", kill_on_drop: false }`
[INFO] removed /workspace/builds/worker-6-tc1/source/rust-toolchain
[INFO] started tweaking crates.io crate noah-bulletproofs 4.1.0
[INFO] removed 0 missing tests
[INFO] finished tweaking crates.io crate noah-bulletproofs 4.1.0
[INFO] tweaked toml for crates.io crate noah-bulletproofs 4.1.0 written to /workspace/builds/worker-6-tc1/source/Cargo.toml
[INFO] running `Command { std: CARGO_HOME="/workspace/cargo-home" RUSTUP_HOME="/workspace/rustup-home" "/workspace/cargo-home/bin/cargo" "+nightly-2024-02-05" "generate-lockfile" "--manifest-path" "Cargo.toml", kill_on_drop: false }`
[INFO] [stderr]     Updating crates.io index
[INFO] running `Command { std: CARGO_HOME="/workspace/cargo-home" RUSTUP_HOME="/workspace/rustup-home" "/workspace/cargo-home/bin/cargo" "+nightly-2024-02-05" "fetch" "--manifest-path" "Cargo.toml", kill_on_drop: false }`
[INFO] [stderr]  Downloading crates ...
[INFO] [stderr]   Downloaded noah-curve25519-dalek v4.0.0
[INFO] running `Command { std: "docker" "create" "-v" "/var/lib/crater-agent-workspace/builds/worker-6-tc1/target:/opt/rustwide/target:rw,Z" "-v" "/var/lib/crater-agent-workspace/builds/worker-6-tc1/source:/opt/rustwide/workdir:ro,Z" "-v" "/var/lib/crater-agent-workspace/cargo-home:/opt/rustwide/cargo-home:ro,Z" "-v" "/var/lib/crater-agent-workspace/rustup-home:/opt/rustwide/rustup-home:ro,Z" "-e" "SOURCE_DIR=/opt/rustwide/workdir" "-e" "CARGO_TARGET_DIR=/opt/rustwide/target" "-e" "CARGO_HOME=/opt/rustwide/cargo-home" "-e" "RUSTUP_HOME=/opt/rustwide/rustup-home" "-w" "/opt/rustwide/workdir" "-m" "1610612736" "--user" "0:0" "--network" "none" "ghcr.io/rust-lang/crates-build-env/linux@sha256:2788e3201cd34a07e3172128adcd8b3090168a8e3bcc40d7c032b9dda1df7d1c" "/opt/rustwide/cargo-home/bin/cargo" "+nightly-2024-02-05" "metadata" "--no-deps" "--format-version=1", kill_on_drop: false }`
[INFO] [stdout] d9133f9962ebf03695b4b82ff4f8df7efa3b2343fb6426843f31c4e970553226
[INFO] running `Command { std: "docker" "start" "-a" "d9133f9962ebf03695b4b82ff4f8df7efa3b2343fb6426843f31c4e970553226", kill_on_drop: false }`
[INFO] running `Command { std: "docker" "inspect" "d9133f9962ebf03695b4b82ff4f8df7efa3b2343fb6426843f31c4e970553226", kill_on_drop: false }`
[INFO] running `Command { std: "docker" "rm" "-f" "d9133f9962ebf03695b4b82ff4f8df7efa3b2343fb6426843f31c4e970553226", kill_on_drop: false }`
[INFO] [stdout] d9133f9962ebf03695b4b82ff4f8df7efa3b2343fb6426843f31c4e970553226
[INFO] running `Command { std: "docker" "create" "-v" "/var/lib/crater-agent-workspace/builds/worker-6-tc1/target:/opt/rustwide/target:rw,Z" "-v" "/var/lib/crater-agent-workspace/builds/worker-6-tc1/source:/opt/rustwide/workdir:ro,Z" "-v" "/var/lib/crater-agent-workspace/cargo-home:/opt/rustwide/cargo-home:ro,Z" "-v" "/var/lib/crater-agent-workspace/rustup-home:/opt/rustwide/rustup-home:ro,Z" "-e" "SOURCE_DIR=/opt/rustwide/workdir" "-e" "CARGO_TARGET_DIR=/opt/rustwide/target" "-e" "CARGO_INCREMENTAL=0" "-e" "RUST_BACKTRACE=full" "-e" "RUSTFLAGS=--cap-lints=forbid" "-e" "RUSTDOCFLAGS=--cap-lints=forbid" "-e" "CARGO_HOME=/opt/rustwide/cargo-home" "-e" "RUSTUP_HOME=/opt/rustwide/rustup-home" "-w" "/opt/rustwide/workdir" "-m" "1610612736" "--user" "0:0" "--network" "none" "ghcr.io/rust-lang/crates-build-env/linux@sha256:2788e3201cd34a07e3172128adcd8b3090168a8e3bcc40d7c032b9dda1df7d1c" "/opt/rustwide/cargo-home/bin/cargo" "+nightly-2024-02-05" "check" "--frozen" "--all" "--all-targets" "--message-format=json", kill_on_drop: false }`
[INFO] [stdout] 60163ac5f4cd895fced8d851ffa27358a7bcd485bfd29285408df39adb968d72
[INFO] running `Command { std: "docker" "start" "-a" "60163ac5f4cd895fced8d851ffa27358a7bcd485bfd29285408df39adb968d72", kill_on_drop: false }`
[INFO] [stderr]    Compiling syn v1.0.109
[INFO] [stderr]    Compiling toml_datetime v0.6.3
[INFO] [stderr]     Checking byte-slice-cast v1.2.2
[INFO] [stderr]     Checking keccak v0.1.5
[INFO] [stderr]     Checking byteorder v1.5.0
[INFO] [stderr]     Checking getrandom v0.2.12
[INFO] [stderr]     Checking crypto-common v0.1.6
[INFO] [stderr]    Compiling clear_on_drop v0.2.5
[INFO] [stderr]     Checking csv-core v0.1.11
[INFO] [stderr]     Checking half v1.8.2
[INFO] [stderr]     Checking clap v2.34.0
[INFO] [stderr]     Checking criterion-plot v0.4.5
[INFO] [stderr]     Checking tinytemplate v1.2.1
[INFO] [stderr]     Checking bincode v1.3.3
[INFO] [stderr]     Checking hex v0.3.2
[INFO] [stderr]     Checking digest v0.10.7
[INFO] [stderr]    Compiling toml_edit v0.20.2
[INFO] [stderr]    Compiling toml_edit v0.19.15
[INFO] [stderr]     Checking csv v1.3.0
[INFO] [stderr]     Checking rand_core v0.6.4
[INFO] [stderr]     Checking serde_cbor v0.11.2
[INFO] [stderr]     Checking sha3 v0.10.8
[INFO] [stderr]     Checking rand_chacha v0.3.1
[INFO] [stderr]     Checking merlin v3.0.0
[INFO] [stderr]     Checking rand v0.8.5
[INFO] [stderr]     Checking criterion v0.3.6
[INFO] [stderr]    Compiling proc-macro-crate v1.3.1
[INFO] [stderr]    Compiling proc-macro-crate v2.0.2
[INFO] [stderr]    Compiling impl-trait-for-tuples v0.2.2
[INFO] [stderr]    Compiling parity-scale-codec-derive v3.6.9
[INFO] [stderr]    Compiling scale-info-derive v2.10.0
[INFO] [stderr]    Compiling derive_more v0.99.17
[INFO] [stderr]     Checking parity-scale-codec v3.6.9
[INFO] [stderr]     Checking scale-info v2.10.0
[INFO] [stderr]     Checking noah-curve25519-dalek v4.0.0
[INFO] [stderr]     Checking noah-bulletproofs v4.1.0 (/opt/rustwide/workdir)
[INFO] [stdout] warning: use of deprecated method `criterion::Criterion::<M>::bench_function_over_inputs`: Please use BenchmarkGroups instead.
[INFO] [stdout]   --> benches/generators.rs:12:7
[INFO] [stdout]    |
[INFO] [stdout] 12 |     c.bench_function_over_inputs(
[INFO] [stdout]    |       ^^^^^^^^^^^^^^^^^^^^^^^^^^
[INFO] [stdout]    |
[INFO] [stdout]    = note: `#[warn(deprecated)]` on by default
[INFO] [stdout] 
[INFO] [stdout] 
[INFO] [stdout] error[E0061]: this method takes 2 arguments but 1 argument was supplied
[INFO] [stdout]    --> benches/r1cs.rs:119:28
[INFO] [stdout]     |
[INFO] [stdout] 119 |         let proof = prover.prove(&bp_gens)?;
[INFO] [stdout]     |                            ^^^^^ -------- an argument of type `&mut _` is missing
[INFO] [stdout]     |
[INFO] [stdout] note: method defined here
[INFO] [stdout]    --> /opt/rustwide/workdir/src/r1cs/prover.rs:392:12
[INFO] [stdout]     |
[INFO] [stdout] 392 |     pub fn prove<R: RngCore + CryptoRng>(
[INFO] [stdout]     |            ^^^^^
[INFO] [stdout] help: provide the argument
[INFO] [stdout]     |
[INFO] [stdout] 119 |         let proof = prover.prove(/* rng */, &bp_gens)?;
[INFO] [stdout]     |                                 ~~~~~~~~~~~~~~~~~~~~~
[INFO] [stdout] 
[INFO] [stdout] 
[INFO] [stdout] warning: use of deprecated method `criterion::Criterion::<M>::bench_function_over_inputs`: Please use BenchmarkGroups instead.
[INFO] [stdout]   --> benches/range_proof.rs:21:7
[INFO] [stdout]    |
[INFO] [stdout] 21 |     c.bench_function_over_inputs(
[INFO] [stdout]    |       ^^^^^^^^^^^^^^^^^^^^^^^^^^
[INFO] [stdout]    |
[INFO] [stdout]    = note: `#[warn(deprecated)]` on by default
[INFO] [stdout] 
[INFO] [stdout] 
[INFO] [stdout] error[E0061]: this method takes 4 arguments but 3 arguments were supplied
[INFO] [stdout]    --> benches/r1cs.rs:155:18
[INFO] [stdout]     |
[INFO] [stdout] 155 |         verifier.verify(&self.0, &pc_gens, &bp_gens)
[INFO] [stdout]     |                  ^^^^^^ ------- an argument of type `&mut _` is missing
[INFO] [stdout]     |
[INFO] [stdout] note: method defined here
[INFO] [stdout]    --> /opt/rustwide/workdir/src/r1cs/verifier.rs:487:12
[INFO] [stdout]     |
[INFO] [stdout] 487 |     pub fn verify<R: RngCore + CryptoRng>(
[INFO] [stdout]     |            ^^^^^^
[INFO] [stdout] help: provide the argument
[INFO] [stdout]     |
[INFO] [stdout] 155 |         verifier.verify(/* rng */, &self.0, &pc_gens, &bp_gens)
[INFO] [stdout]     |                        ~~~~~~~~~~~~~~~~~~~~~~~~~~~~~~~~~~~~~~~~
[INFO] [stdout] 
[INFO] [stdout] 
[INFO] [stdout] warning: use of deprecated method `criterion::Criterion::<M>::bench_function_over_inputs`: Please use BenchmarkGroups instead.
[INFO] [stdout]   --> benches/range_proof.rs:69:7
[INFO] [stdout]    |
[INFO] [stdout] 69 |     c.bench_function_over_inputs(
[INFO] [stdout]    |       ^^^^^^^^^^^^^^^^^^^^^^^^^^
[INFO] [stdout] 
[INFO] [stdout] 
[INFO] [stdout] warning: use of deprecated method `criterion::Criterion::<M>::bench_function_over_inputs`: Please use BenchmarkGroups instead.
[INFO] [stdout]    --> benches/r1cs.rs:171:7
[INFO] [stdout]     |
[INFO] [stdout] 171 |     c.bench_function_over_inputs(
[INFO] [stdout]     |       ^^^^^^^^^^^^^^^^^^^^^^^^^^
[INFO] [stdout]     |
[INFO] [stdout]     = note: `#[warn(deprecated)]` on by default
[INFO] [stdout] 
[INFO] [stdout] 
[INFO] [stdout] warning: 1 warning emitted
[INFO] [stdout] 
[INFO] [stdout] 
[INFO] [stdout] warning: use of deprecated method `criterion::Criterion::<M>::bench_function_over_inputs`: Please use BenchmarkGroups instead.
[INFO] [stdout]    --> benches/r1cs.rs:210:7
[INFO] [stdout]     |
[INFO] [stdout] 210 |     c.bench_function_over_inputs(
[INFO] [stdout]     |       ^^^^^^^^^^^^^^^^^^^^^^^^^^
[INFO] [stdout] 
[INFO] [stdout] 
[INFO] [stdout] error: aborting due to 2 previous errors; 2 warnings emitted
[INFO] [stdout] 
[INFO] [stdout] 
[INFO] [stdout] For more information about this error, try `rustc --explain E0061`.
[INFO] [stdout] 
[INFO] [stdout] warning: 2 warnings emitted
[INFO] [stdout] 
[INFO] [stdout] 
[INFO] [stderr] error: could not compile `noah-bulletproofs` (bench "r1cs") due to 3 previous errors; 2 warnings emitted
[INFO] [stderr] warning: build failed, waiting for other jobs to finish...
[INFO] running `Command { std: "docker" "inspect" "60163ac5f4cd895fced8d851ffa27358a7bcd485bfd29285408df39adb968d72", kill_on_drop: false }`
[INFO] running `Command { std: "docker" "rm" "-f" "60163ac5f4cd895fced8d851ffa27358a7bcd485bfd29285408df39adb968d72", kill_on_drop: false }`
[INFO] [stdout] 60163ac5f4cd895fced8d851ffa27358a7bcd485bfd29285408df39adb968d72
[INFO] checking noah-bulletproofs-4.1.0 against nightly-2024-02-05+rustflags=-Dunexpected_cfgs+cargoflags=-Zcheck-cfg for check-cfg
[INFO] extracting crate noah-bulletproofs 4.1.0 into /workspace/builds/worker-6-tc2/source
[INFO] validating manifest of crates.io crate noah-bulletproofs 4.1.0 on toolchain nightly-2024-02-05
[INFO] running `Command { std: CARGO_HOME="/workspace/cargo-home" RUSTUP_HOME="/workspace/rustup-home" "/workspace/cargo-home/bin/cargo" "+nightly-2024-02-05" "metadata" "--manifest-path" "Cargo.toml" "--no-deps", kill_on_drop: false }`
[INFO] removed /workspace/builds/worker-6-tc2/source/rust-toolchain
[INFO] started tweaking crates.io crate noah-bulletproofs 4.1.0
[INFO] removed 0 missing tests
[INFO] finished tweaking crates.io crate noah-bulletproofs 4.1.0
[INFO] tweaked toml for crates.io crate noah-bulletproofs 4.1.0 written to /workspace/builds/worker-6-tc2/source/Cargo.toml
[INFO] running `Command { std: CARGO_HOME="/workspace/cargo-home" RUSTUP_HOME="/workspace/rustup-home" "/workspace/cargo-home/bin/cargo" "+nightly-2024-02-05" "generate-lockfile" "--manifest-path" "Cargo.toml", kill_on_drop: false }`
[INFO] [stderr]     Updating crates.io index
[INFO] running `Command { std: CARGO_HOME="/workspace/cargo-home" RUSTUP_HOME="/workspace/rustup-home" "/workspace/cargo-home/bin/cargo" "+nightly-2024-02-05" "fetch" "--manifest-path" "Cargo.toml", kill_on_drop: false }`
[INFO] running `Command { std: "docker" "create" "-v" "/var/lib/crater-agent-workspace/builds/worker-6-tc2/target:/opt/rustwide/target:rw,Z" "-v" "/var/lib/crater-agent-workspace/builds/worker-6-tc2/source:/opt/rustwide/workdir:ro,Z" "-v" "/var/lib/crater-agent-workspace/cargo-home:/opt/rustwide/cargo-home:ro,Z" "-v" "/var/lib/crater-agent-workspace/rustup-home:/opt/rustwide/rustup-home:ro,Z" "-e" "SOURCE_DIR=/opt/rustwide/workdir" "-e" "CARGO_TARGET_DIR=/opt/rustwide/target" "-e" "CARGO_HOME=/opt/rustwide/cargo-home" "-e" "RUSTUP_HOME=/opt/rustwide/rustup-home" "-w" "/opt/rustwide/workdir" "-m" "1610612736" "--user" "0:0" "--network" "none" "ghcr.io/rust-lang/crates-build-env/linux@sha256:2788e3201cd34a07e3172128adcd8b3090168a8e3bcc40d7c032b9dda1df7d1c" "/opt/rustwide/cargo-home/bin/cargo" "+nightly-2024-02-05" "metadata" "--no-deps" "--format-version=1", kill_on_drop: false }`
[INFO] [stdout] 2d15ad1a3b62ec0e1f9d44c32037b276fd5a881ab115de1868a56450238a9c68
[INFO] running `Command { std: "docker" "start" "-a" "2d15ad1a3b62ec0e1f9d44c32037b276fd5a881ab115de1868a56450238a9c68", kill_on_drop: false }`
[INFO] running `Command { std: "docker" "inspect" "2d15ad1a3b62ec0e1f9d44c32037b276fd5a881ab115de1868a56450238a9c68", kill_on_drop: false }`
[INFO] running `Command { std: "docker" "rm" "-f" "2d15ad1a3b62ec0e1f9d44c32037b276fd5a881ab115de1868a56450238a9c68", kill_on_drop: false }`
[INFO] [stdout] 2d15ad1a3b62ec0e1f9d44c32037b276fd5a881ab115de1868a56450238a9c68
[INFO] running `Command { std: "docker" "create" "-v" "/var/lib/crater-agent-workspace/builds/worker-6-tc2/target:/opt/rustwide/target:rw,Z" "-v" "/var/lib/crater-agent-workspace/builds/worker-6-tc2/source:/opt/rustwide/workdir:ro,Z" "-v" "/var/lib/crater-agent-workspace/cargo-home:/opt/rustwide/cargo-home:ro,Z" "-v" "/var/lib/crater-agent-workspace/rustup-home:/opt/rustwide/rustup-home:ro,Z" "-e" "SOURCE_DIR=/opt/rustwide/workdir" "-e" "CARGO_TARGET_DIR=/opt/rustwide/target" "-e" "CARGO_INCREMENTAL=0" "-e" "RUST_BACKTRACE=full" "-e" "RUSTFLAGS=--cap-lints=forbid -Dunexpected_cfgs" "-e" "RUSTDOCFLAGS=--cap-lints=forbid" "-e" "CARGO_HOME=/opt/rustwide/cargo-home" "-e" "RUSTUP_HOME=/opt/rustwide/rustup-home" "-w" "/opt/rustwide/workdir" "-m" "1610612736" "--user" "0:0" "--network" "none" "ghcr.io/rust-lang/crates-build-env/linux@sha256:2788e3201cd34a07e3172128adcd8b3090168a8e3bcc40d7c032b9dda1df7d1c" "/opt/rustwide/cargo-home/bin/cargo" "+nightly-2024-02-05" "check" "--frozen" "--all" "--all-targets" "--message-format=json" "-Zcheck-cfg", kill_on_drop: false }`
[INFO] [stdout] 41cf007d936480e8ff0cdf87c2f2465c959a9f1689c51fa6dab78900f70ee519
[INFO] running `Command { std: "docker" "start" "-a" "41cf007d936480e8ff0cdf87c2f2465c959a9f1689c51fa6dab78900f70ee519", kill_on_drop: false }`
[INFO] [stderr]    Compiling syn v1.0.109
[INFO] [stderr]    Compiling toml_datetime v0.6.3
[INFO] [stderr]     Checking byte-slice-cast v1.2.2
[INFO] [stderr]     Checking byteorder v1.5.0
[INFO] [stderr]     Checking getrandom v0.2.12
[INFO] [stderr]     Checking keccak v0.1.5
[INFO] [stderr]     Checking crypto-common v0.1.6
[INFO] [stderr]    Compiling clear_on_drop v0.2.5
[INFO] [stderr]     Checking csv-core v0.1.11
[INFO] [stderr]     Checking half v1.8.2
[INFO] [stderr]     Checking criterion-plot v0.4.5
[INFO] [stderr]     Checking clap v2.34.0
[INFO] [stderr]     Checking tinytemplate v1.2.1
[INFO] [stderr]     Checking bincode v1.3.3
[INFO] [stderr]     Checking hex v0.3.2
[INFO] [stderr]     Checking digest v0.10.7
[INFO] [stderr]    Compiling toml_edit v0.20.2
[INFO] [stderr]    Compiling toml_edit v0.19.15
[INFO] [stderr]     Checking rand_core v0.6.4
[INFO] [stderr]     Checking sha3 v0.10.8
[INFO] [stderr]     Checking csv v1.3.0
[INFO] [stderr]     Checking serde_cbor v0.11.2
[INFO] [stderr]     Checking rand_chacha v0.3.1
[INFO] [stderr]     Checking merlin v3.0.0
[INFO] [stderr]     Checking rand v0.8.5
[INFO] [stderr]    Compiling proc-macro-crate v1.3.1
[INFO] [stderr]     Checking criterion v0.3.6
[INFO] [stderr]    Compiling proc-macro-crate v2.0.2
[INFO] [stderr]    Compiling impl-trait-for-tuples v0.2.2
[INFO] [stderr]    Compiling parity-scale-codec-derive v3.6.9
[INFO] [stderr]    Compiling scale-info-derive v2.10.0
[INFO] [stderr]    Compiling derive_more v0.99.17
[INFO] [stderr]     Checking parity-scale-codec v3.6.9
[INFO] [stderr]     Checking scale-info v2.10.0
[INFO] [stderr]     Checking noah-curve25519-dalek v4.0.0
[INFO] [stderr]     Checking noah-bulletproofs v4.1.0 (/opt/rustwide/workdir)
[INFO] [stdout] warning: use of deprecated method `criterion::Criterion::<M>::bench_function_over_inputs`: Please use BenchmarkGroups instead.
[INFO] [stdout]   --> benches/generators.rs:12:7
[INFO] [stdout]    |
[INFO] [stdout] 12 |     c.bench_function_over_inputs(
[INFO] [stdout]    |       ^^^^^^^^^^^^^^^^^^^^^^^^^^
[INFO] [stdout]    |
[INFO] [stdout]    = note: `#[warn(deprecated)]` on by default
[INFO] [stdout] 
[INFO] [stdout] 
[INFO] [stdout] warning: use of deprecated method `criterion::Criterion::<M>::bench_function_over_inputs`: Please use BenchmarkGroups instead.
[INFO] [stdout]   --> benches/range_proof.rs:21:7
[INFO] [stdout]    |
[INFO] [stdout] 21 |     c.bench_function_over_inputs(
[INFO] [stdout]    |       ^^^^^^^^^^^^^^^^^^^^^^^^^^
[INFO] [stdout]    |
[INFO] [stdout]    = note: `#[warn(deprecated)]` on by default
[INFO] [stdout] 
[INFO] [stdout] 
[INFO] [stdout] error[E0061]: this method takes 2 arguments but 1 argument was supplied
[INFO] [stdout]    --> benches/r1cs.rs:119:28
[INFO] [stdout]     |
[INFO] [stdout] 119 |         let proof = prover.prove(&bp_gens)?;
[INFO] [stdout]     |                            ^^^^^ -------- an argument of type `&mut _` is missing
[INFO] [stdout]     |
[INFO] [stdout] note: method defined here
[INFO] [stdout]    --> /opt/rustwide/workdir/src/r1cs/prover.rs:392:12
[INFO] [stdout]     |
[INFO] [stdout] 392 |     pub fn prove<R: RngCore + CryptoRng>(
[INFO] [stdout]     |            ^^^^^
[INFO] [stdout] help: provide the argument
[INFO] [stdout]     |
[INFO] [stdout] 119 |         let proof = prover.prove(/* rng */, &bp_gens)?;
[INFO] [stdout]     |                                 ~~~~~~~~~~~~~~~~~~~~~
[INFO] [stdout] 
[INFO] [stdout] 
[INFO] [stdout] error[E0061]: this method takes 4 arguments but 3 arguments were supplied
[INFO] [stdout]    --> benches/r1cs.rs:155:18
[INFO] [stdout]     |
[INFO] [stdout] 155 |         verifier.verify(&self.0, &pc_gens, &bp_gens)
[INFO] [stdout]     |                  ^^^^^^ ------- an argument of type `&mut _` is missing
[INFO] [stdout]     |
[INFO] [stdout] note: method defined here
[INFO] [stdout]    --> /opt/rustwide/workdir/src/r1cs/verifier.rs:487:12
[INFO] [stdout]     |
[INFO] [stdout] 487 |     pub fn verify<R: RngCore + CryptoRng>(
[INFO] [stdout]     |            ^^^^^^
[INFO] [stdout] help: provide the argument
[INFO] [stdout]     |
[INFO] [stdout] 155 |         verifier.verify(/* rng */, &self.0, &pc_gens, &bp_gens)
[INFO] [stdout]     |                        ~~~~~~~~~~~~~~~~~~~~~~~~~~~~~~~~~~~~~~~~
[INFO] [stdout] 
[INFO] [stdout] 
[INFO] [stdout] warning: use of deprecated method `criterion::Criterion::<M>::bench_function_over_inputs`: Please use BenchmarkGroups instead.
[INFO] [stdout]   --> benches/range_proof.rs:69:7
[INFO] [stdout]    |
[INFO] [stdout] 69 |     c.bench_function_over_inputs(
[INFO] [stdout]    |       ^^^^^^^^^^^^^^^^^^^^^^^^^^
[INFO] [stdout] 
[INFO] [stdout] 
[INFO] [stdout] warning: use of deprecated method `criterion::Criterion::<M>::bench_function_over_inputs`: Please use BenchmarkGroups instead.
[INFO] [stdout]    --> benches/r1cs.rs:171:7
[INFO] [stdout]     |
[INFO] [stdout] 171 |     c.bench_function_over_inputs(
[INFO] [stdout]     |       ^^^^^^^^^^^^^^^^^^^^^^^^^^
[INFO] [stdout]     |
[INFO] [stdout]     = note: `#[warn(deprecated)]` on by default
[INFO] [stdout] 
[INFO] [stdout] 
[INFO] [stdout] warning: 1 warning emitted
[INFO] [stdout] 
[INFO] [stdout] 
[INFO] [stdout] warning: use of deprecated method `criterion::Criterion::<M>::bench_function_over_inputs`: Please use BenchmarkGroups instead.
[INFO] [stdout]    --> benches/r1cs.rs:210:7
[INFO] [stdout]     |
[INFO] [stdout] 210 |     c.bench_function_over_inputs(
[INFO] [stdout]     |       ^^^^^^^^^^^^^^^^^^^^^^^^^^
[INFO] [stdout] 
[INFO] [stdout] 
[INFO] [stdout] error: aborting due to 2 previous errors; 2 warnings emitted
[INFO] [stdout] 
[INFO] [stdout] 
[INFO] [stdout] warning: 2 warnings emitted
[INFO] [stdout] 
[INFO] [stdout] 
[INFO] [stdout] For more information about this error, try `rustc --explain E0061`.
[INFO] [stdout] 
[INFO] [stderr] error: could not compile `noah-bulletproofs` (bench "r1cs") due to 3 previous errors; 2 warnings emitted
[INFO] [stderr] warning: build failed, waiting for other jobs to finish...
[INFO] running `Command { std: "docker" "inspect" "41cf007d936480e8ff0cdf87c2f2465c959a9f1689c51fa6dab78900f70ee519", kill_on_drop: false }`
[INFO] running `Command { std: "docker" "rm" "-f" "41cf007d936480e8ff0cdf87c2f2465c959a9f1689c51fa6dab78900f70ee519", kill_on_drop: false }`
[INFO] [stdout] 41cf007d936480e8ff0cdf87c2f2465c959a9f1689c51fa6dab78900f70ee519
