[INFO] fetching crate nnv-rs 0.6.1...
[INFO] checking nnv-rs-0.6.1 against nightly-2024-02-05 for check-cfg
[INFO] extracting crate nnv-rs 0.6.1 into /workspace/builds/worker-5-tc1/source
[INFO] validating manifest of crates.io crate nnv-rs 0.6.1 on toolchain nightly-2024-02-05
[INFO] running `Command { std: CARGO_HOME="/workspace/cargo-home" RUSTUP_HOME="/workspace/rustup-home" "/workspace/cargo-home/bin/cargo" "+nightly-2024-02-05" "metadata" "--manifest-path" "Cargo.toml" "--no-deps", kill_on_drop: false }`
[INFO] started tweaking crates.io crate nnv-rs 0.6.1
[INFO] finished tweaking crates.io crate nnv-rs 0.6.1
[INFO] tweaked toml for crates.io crate nnv-rs 0.6.1 written to /workspace/builds/worker-5-tc1/source/Cargo.toml
[INFO] running `Command { std: CARGO_HOME="/workspace/cargo-home" RUSTUP_HOME="/workspace/rustup-home" "/workspace/cargo-home/bin/cargo" "+nightly-2024-02-05" "generate-lockfile" "--manifest-path" "Cargo.toml", kill_on_drop: false }`
[INFO] [stderr]     Updating crates.io index
[INFO] running `Command { std: CARGO_HOME="/workspace/cargo-home" RUSTUP_HOME="/workspace/rustup-home" "/workspace/cargo-home/bin/cargo" "+nightly-2024-02-05" "fetch" "--manifest-path" "Cargo.toml", kill_on_drop: false }`
[INFO] [stderr]  Downloading crates ...
[INFO] [stderr]   Downloaded symbolic-common v8.8.0
[INFO] [stderr]   Downloaded findshlibs v0.10.2
[INFO] [stderr]   Downloaded blas-src v0.8.0
[INFO] [stderr]   Downloaded cstr-enum v1.0.0
[INFO] [stderr]   Downloaded cstr-enum-derive v0.1.0
[INFO] [stderr]   Downloaded shh v1.0.1
[INFO] [stderr]   Downloaded argmin v0.5.1
[INFO] [stderr]   Downloaded good_lp v1.7.0
[INFO] [stderr]   Downloaded grb v1.3.0
[INFO] [stderr]   Downloaded lax v0.2.0
[INFO] [stderr]   Downloaded lapack v0.18.0
[INFO] [stderr]   Downloaded grb-macro v0.1.0
[INFO] [stderr]   Downloaded ndarray-linalg v0.14.1
[INFO] [stderr]   Downloaded ndarray-stats v0.5.1
[INFO] [stderr]   Downloaded typetag-impl v0.1.8
[INFO] [stderr]   Downloaded inventory v0.2.3
[INFO] [stderr]   Downloaded coin_cbc_sys v0.1.2
[INFO] [stderr]   Downloaded symbolic-demangle v8.8.0
[INFO] [stderr]   Downloaded coin_cbc v0.1.8
[INFO] [stderr]   Downloaded lapack-sys v0.12.1
[INFO] [stderr]   Downloaded typetag v0.1.8
[INFO] [stderr]   Downloaded grb-sys2 v0.1.1
[INFO] [stderr]   Downloaded debugid v0.7.3
[INFO] [stderr]   Downloaded pprof v0.7.0
[INFO] [stderr]   Downloaded cauchy v0.4.0
[INFO] [stderr]   Downloaded intel-mkl-tool v0.2.0+mkl2020.1
[INFO] [stderr]   Downloaded intel-mkl-src v0.6.0+mkl2020.1
[INFO] [stderr]   Downloaded truncnorm v0.5.1
[INFO] running `Command { std: "docker" "create" "-v" "/var/lib/crater-agent-workspace/builds/worker-5-tc1/target:/opt/rustwide/target:rw,Z" "-v" "/var/lib/crater-agent-workspace/builds/worker-5-tc1/source:/opt/rustwide/workdir:ro,Z" "-v" "/var/lib/crater-agent-workspace/cargo-home:/opt/rustwide/cargo-home:ro,Z" "-v" "/var/lib/crater-agent-workspace/rustup-home:/opt/rustwide/rustup-home:ro,Z" "-e" "SOURCE_DIR=/opt/rustwide/workdir" "-e" "CARGO_TARGET_DIR=/opt/rustwide/target" "-e" "CARGO_HOME=/opt/rustwide/cargo-home" "-e" "RUSTUP_HOME=/opt/rustwide/rustup-home" "-w" "/opt/rustwide/workdir" "-m" "1610612736" "--user" "0:0" "--network" "none" "ghcr.io/rust-lang/crates-build-env/linux@sha256:2788e3201cd34a07e3172128adcd8b3090168a8e3bcc40d7c032b9dda1df7d1c" "/opt/rustwide/cargo-home/bin/cargo" "+nightly-2024-02-05" "metadata" "--no-deps" "--format-version=1", kill_on_drop: false }`
[INFO] [stdout] a05a56cda99a1ca02acc6d5b9df0ff9d55b58aa39660482301e55e3c0f769ccf
[INFO] running `Command { std: "docker" "start" "-a" "a05a56cda99a1ca02acc6d5b9df0ff9d55b58aa39660482301e55e3c0f769ccf", kill_on_drop: false }`
[INFO] running `Command { std: "docker" "inspect" "a05a56cda99a1ca02acc6d5b9df0ff9d55b58aa39660482301e55e3c0f769ccf", kill_on_drop: false }`
[INFO] running `Command { std: "docker" "rm" "-f" "a05a56cda99a1ca02acc6d5b9df0ff9d55b58aa39660482301e55e3c0f769ccf", kill_on_drop: false }`
[INFO] [stdout] a05a56cda99a1ca02acc6d5b9df0ff9d55b58aa39660482301e55e3c0f769ccf
[INFO] running `Command { std: "docker" "create" "-v" "/var/lib/crater-agent-workspace/builds/worker-5-tc1/target:/opt/rustwide/target:rw,Z" "-v" "/var/lib/crater-agent-workspace/builds/worker-5-tc1/source:/opt/rustwide/workdir:ro,Z" "-v" "/var/lib/crater-agent-workspace/cargo-home:/opt/rustwide/cargo-home:ro,Z" "-v" "/var/lib/crater-agent-workspace/rustup-home:/opt/rustwide/rustup-home:ro,Z" "-e" "SOURCE_DIR=/opt/rustwide/workdir" "-e" "CARGO_TARGET_DIR=/opt/rustwide/target" "-e" "CARGO_INCREMENTAL=0" "-e" "RUST_BACKTRACE=full" "-e" "RUSTFLAGS=--cap-lints=forbid" "-e" "RUSTDOCFLAGS=--cap-lints=forbid" "-e" "CARGO_HOME=/opt/rustwide/cargo-home" "-e" "RUSTUP_HOME=/opt/rustwide/rustup-home" "-w" "/opt/rustwide/workdir" "-m" "1610612736" "--user" "0:0" "--network" "none" "ghcr.io/rust-lang/crates-build-env/linux@sha256:2788e3201cd34a07e3172128adcd8b3090168a8e3bcc40d7c032b9dda1df7d1c" "/opt/rustwide/cargo-home/bin/cargo" "+nightly-2024-02-05" "check" "--frozen" "--all" "--all-targets" "--message-format=json", kill_on_drop: false }`
[INFO] [stdout] 924ce9810310e247040e5efd5f90e995530b6440eb456c580dac9ff277dbf273
[INFO] running `Command { std: "docker" "start" "-a" "924ce9810310e247040e5efd5f90e995530b6440eb456c580dac9ff277dbf273", kill_on_drop: false }`
[INFO] [stderr]    Compiling libc v0.2.153
[INFO] [stderr]    Compiling serde v1.0.196
[INFO] [stderr]    Compiling libm v0.2.8
[INFO] [stderr]    Compiling num-traits v0.2.17
[INFO] [stderr]    Compiling num-integer v0.1.45
[INFO] [stderr]    Compiling crossbeam-utils v0.8.19
[INFO] [stderr]    Compiling syn v2.0.48
[INFO] [stderr]    Compiling syn v1.0.109
[INFO] [stderr]    Compiling matrixmultiply v0.3.8
[INFO] [stderr]     Checking rawpointer v0.2.1
[INFO] [stderr]    Compiling num-bigint v0.4.4
[INFO] [stderr]    Compiling num-rational v0.4.1
[INFO] [stderr]    Compiling slog v2.7.0
[INFO] [stderr]    Compiling paste v1.0.14
[INFO] [stderr]    Compiling rustix v0.38.31
[INFO] [stderr]     Checking either v1.9.0
[INFO] [stderr]    Compiling atty v0.2.14
[INFO] [stderr]     Checking bitflags v2.4.2
[INFO] [stderr]     Checking powerfmt v0.2.0
[INFO] [stderr]    Compiling num-conv v0.1.0
[INFO] [stderr]     Checking linux-raw-sys v0.4.13
[INFO] [stderr]    Compiling time-core v0.1.2
[INFO] [stderr]     Checking deranged v0.3.11
[INFO] [stderr]    Compiling time-macros v0.2.17
[INFO] [stderr]     Checking approx v0.4.0
[INFO] [stderr]     Checking getrandom v0.2.12
[INFO] [stderr]     Checking cblas-sys v0.1.4
[INFO] [stderr]     Checking lapack-sys v0.12.1
[INFO] [stderr]     Checking dirs-sys-next v0.1.2
[INFO] [stderr]     Checking approx v0.5.1
[INFO] [stderr]     Checking itertools v0.10.5
[INFO] [stderr]    Compiling num-iter v0.1.43
[INFO] [stderr]    Compiling anyhow v1.0.79
[INFO] [stderr]    Compiling clap v2.34.0
[INFO] [stderr]    Compiling env_logger v0.9.3
[INFO] [stderr]    Compiling serde_derive v1.0.196
[INFO] [stderr]    Compiling thiserror-impl v1.0.56
[INFO] [stderr]     Checking time v0.3.34
[INFO] [stderr]     Checking dirs-next v2.0.0
[INFO] [stderr]    Compiling clang-sys v1.7.0
[INFO] [stderr]     Checking crossbeam-epoch v0.9.18
[INFO] [stderr]     Checking thread_local v1.1.7
[INFO] [stderr]    Compiling slog-async v2.8.0
[INFO] [stderr]    Compiling rayon-core v1.12.1
[INFO] [stderr]    Compiling proc-macro2 v0.4.30
[INFO] [stderr]     Checking parking_lot_core v0.9.9
[INFO] [stderr]     Checking crossbeam-deque v0.8.5
[INFO] [stderr]     Checking term v0.7.0
[INFO] [stderr]     Checking crossbeam-channel v0.5.11
[INFO] [stderr]    Compiling memoffset v0.6.5
[INFO] [stderr]     Checking fastrand v2.0.1
[INFO] [stderr]     Checking linked-hash-map v0.5.6
[INFO] [stderr]     Checking destructure_traitobject v0.2.0
[INFO] [stderr]     Checking plotters-backend v0.3.5
[INFO] [stderr]    Compiling cpp_demangle v0.3.5
[INFO] [stderr]     Checking uuid v0.8.2
[INFO] [stderr]     Checking take_mut v0.2.2
[INFO] [stderr]     Checking thiserror v1.0.56
[INFO] [stderr]    Compiling unicode-xid v0.1.0
[INFO] [stderr]     Checking debugid v0.7.3
[INFO] [stderr]     Checking plotters-svg v0.3.5
[INFO] [stderr]     Checking yaml-rust v0.4.5
[INFO] [stderr]     Checking unsafe-any-ors v1.0.0
[INFO] [stderr]     Checking textwrap v0.11.0
[INFO] [stderr]     Checking tempfile v3.10.0
[INFO] [stderr]     Checking slog-term v2.9.0
[INFO] [stderr]     Checking parking_lot v0.12.1
[INFO] [stderr]    Compiling bindgen v0.59.2
[INFO] [stderr]     Checking regex-automata v0.4.5
[INFO] [stderr]    Compiling ghost v0.1.17
[INFO] [stderr]     Checking memmap2 v0.5.10
[INFO] [stderr]     Checking noisy_float v0.2.0
[INFO] [stderr]     Checking ordered-float v2.10.1
[INFO] [stderr]     Checking csv-core v0.1.11
[INFO] [stderr]    Compiling nalgebra-macros v0.1.0
[INFO] [stderr]    Compiling ctor v0.1.26
[INFO] [stderr]    Compiling findshlibs v0.10.2
[INFO] [stderr]    Compiling backtrace v0.3.69
[INFO] [stderr]     Checking instant v0.1.12
[INFO] [stderr]     Checking bytemuck v1.14.1
[INFO] [stderr]    Compiling symbolic-demangle v8.8.0
[INFO] [stderr]     Checking half v1.8.2
[INFO] [stderr]     Checking cast v0.3.0
[INFO] [stderr]     Checking arrayvec v0.7.4
[INFO] [stderr]    Compiling syn v0.15.44
[INFO] [stderr]     Checking symbolic-common v8.8.0
[INFO] [stderr]     Checking criterion-plot v0.4.5
[INFO] [stderr]     Checking num-format v0.4.4
[INFO] [stderr]     Checking inventory v0.2.3
[INFO] [stderr]     Checking rgb v0.8.37
[INFO] [stderr]     Checking regex v1.10.3
[INFO] [stderr]     Checking ahash v0.8.7
[INFO] [stderr]     Checking chrono v0.4.33
[INFO] [stderr]    Compiling derivative v2.2.0
[INFO] [stderr]    Compiling typetag-impl v0.1.8
[INFO] [stderr]     Checking rayon v1.8.1
[INFO] [stderr]    Compiling quote v0.6.13
[INFO] [stderr]     Checking typemap-ors v1.0.0
[INFO] [stderr]     Checking plotters v0.3.5
[INFO] [stderr]     Checking is-terminal v0.4.10
[INFO] [stderr]     Checking wait-timeout v0.2.0
[INFO] [stderr]     Checking thread-id v4.2.1
[INFO] [stderr]     Checking quick-xml v0.26.0
[INFO] [stderr]     Checking object v0.32.2
[INFO] [stderr]     Checking log-mdc v0.1.0
[INFO] [stderr]     Checking bit-vec v0.6.3
[INFO] [stderr]     Checking arc-swap v1.6.0
[INFO] [stderr]     Checking quick-error v1.2.3
[INFO] [stderr]    Compiling pprof v0.7.0
[INFO] [stderr]     Checking str_stack v0.1.0
[INFO] [stderr]     Checking oorandom v11.1.3
[INFO] [stderr]     Checking bit-set v0.5.3
[INFO] [stderr]     Checking rusty-fork v0.3.0
[INFO] [stderr]     Checking rand_core v0.6.4
[INFO] [stderr]     Checking serde_json v1.0.113
[INFO] [stderr]     Checking log v0.4.20
[INFO] [stderr]     Checking bincode v1.3.3
[INFO] [stderr]     Checking rand_chacha v0.3.1
[INFO] [stderr]     Checking serde_yaml v0.8.26
[INFO] [stderr]     Checking serde_cbor v0.11.2
[INFO] [stderr]     Checking rand v0.8.5
[INFO] [stderr]     Checking serde-value v0.7.0
[INFO] [stderr]     Checking erased-serde v0.3.31
[INFO] [stderr]     Checking csv v1.3.0
[INFO] [stderr]     Checking slog-json v2.6.1
[INFO] [stderr]     Checking tinytemplate v1.2.1
[INFO] [stderr]     Checking log4rs v1.2.0
[INFO] [stderr]     Checking inferno v0.11.19
[INFO] [stderr]     Checking typetag v0.1.8
[INFO] [stderr]     Checking criterion v0.3.6
[INFO] [stderr]     Checking num-complex v0.4.4
[INFO] [stderr]     Checking rand_distr v0.4.3
[INFO] [stderr]     Checking rand_xorshift v0.3.0
[INFO] [stderr]     Checking nix v0.23.2
[INFO] [stderr]    Compiling truncnorm v0.5.1
[INFO] [stderr]     Checking ndarray v0.15.6
[INFO] [stderr]     Checking cauchy v0.4.0
[INFO] [stderr]     Checking lapack v0.18.0
[INFO] [stderr]     Checking simba v0.5.1
[INFO] [stderr]     Checking num v0.4.1
[INFO] [stderr]     Checking shh v1.0.1
[INFO] [stderr]     Checking float-cmp v0.9.0
[INFO] [stderr]     Checking unarray v0.1.4
[INFO] [stderr]     Checking more-asserts v0.2.2
[INFO] [stderr]     Checking dyn-clone v1.0.16
[INFO] [stderr]     Checking lax v0.2.0
[INFO] [stderr]     Checking proptest v1.4.0
[INFO] [stderr]     Checking rand_pcg v0.3.1
[INFO] [stderr]    Compiling proptest-derive v0.3.0
[INFO] [stderr]     Checking ndarray-rand v0.14.0
[INFO] [stderr]     Checking ndarray-linalg v0.14.1
[INFO] [stderr]     Checking ndarray-stats v0.5.1
[INFO] [stderr]     Checking argmin v0.5.1
[INFO] [stderr]     Checking nalgebra v0.27.1
[INFO] [stderr]     Checking statrs v0.15.0
[INFO] [stderr]     Checking nnv-rs v0.6.1 (/opt/rustwide/workdir)
[INFO] [stdout] error[E0557]: feature has been removed
[INFO] [stdout]  --> src/lib.rs:6:12
[INFO] [stdout]   |
[INFO] [stdout] 6 | #![feature(box_syntax)]
[INFO] [stdout]   |            ^^^^^^^^^^ feature has been removed
[INFO] [stdout]   |
[INFO] [stdout]   = note: replaced with `#[rustc_box]`
[INFO] [stdout] 
[INFO] [stdout] 
[INFO] [stdout] error[E0557]: feature has been removed
[INFO] [stdout]  --> src/lib.rs:6:12
[INFO] [stdout]   |
[INFO] [stdout] 6 | #![feature(box_syntax)]
[INFO] [stdout]   |            ^^^^^^^^^^ feature has been removed
[INFO] [stdout]   |
[INFO] [stdout]   = note: replaced with `#[rustc_box]`
[INFO] [stdout] 
[INFO] [stdout] 
[INFO] [stdout] error: Must enable one of "lp_{{gurobi,coincbc}}"
[INFO] [stdout]   --> src/lp/mod.rs:11:9
[INFO] [stdout]    |
[INFO] [stdout] 11 |         compile_error!("Must enable one of \"lp_{{gurobi,coincbc}}\"");
[INFO] [stdout]    |         ^^^^^^^^^^^^^^^^^^^^^^^^^^^^^^^^^^^^^^^^^^^^^^^^^^^^^^^^^^^^^^
[INFO] [stdout] 
[INFO] [stdout] 
[INFO] [stdout] error: Must enable one of "lp_{{gurobi,coincbc}}"
[INFO] [stdout]   --> src/lp/mod.rs:11:9
[INFO] [stdout]    |
[INFO] [stdout] 11 |         compile_error!("Must enable one of \"lp_{{gurobi,coincbc}}\"");
[INFO] [stdout]    |         ^^^^^^^^^^^^^^^^^^^^^^^^^^^^^^^^^^^^^^^^^^^^^^^^^^^^^^^^^^^^^^
[INFO] [stdout] 
[INFO] [stdout] 
[INFO] [stdout] error: Must enable one of "blas_{{intel_mkl,openblas-system}}"
[INFO] [stdout]   --> src/lib.rs:43:9
[INFO] [stdout]    |
[INFO] [stdout] 43 |         compile_error!(r#"Must enable one of "blas_{{intel_mkl,openblas-system}}""#);
[INFO] [stdout]    |         ^^^^^^^^^^^^^^^^^^^^^^^^^^^^^^^^^^^^^^^^^^^^^^^^^^^^^^^^^^^^^^^^^^^^^^^^^^^^
[INFO] [stdout] 
[INFO] [stdout] 
[INFO] [stdout] error: Must enable one of "blas_{{intel_mkl,openblas-system}}"
[INFO] [stdout]   --> src/lib.rs:43:9
[INFO] [stdout]    |
[INFO] [stdout] 43 |         compile_error!(r#"Must enable one of "blas_{{intel_mkl,openblas-system}}""#);
[INFO] [stdout]    |         ^^^^^^^^^^^^^^^^^^^^^^^^^^^^^^^^^^^^^^^^^^^^^^^^^^^^^^^^^^^^^^^^^^^^^^^^^^^^
[INFO] [stdout] 
[INFO] [stdout] 
[INFO] [stdout] error[E0432]: unresolved import `crate::lp::solve`
[INFO] [stdout]  --> src/polytope.rs:4:5
[INFO] [stdout]   |
[INFO] [stdout] 4 | use crate::lp::solve;
[INFO] [stdout]   |     ^^^^^^^^^^^^^^^^ no `solve` in `lp`
[INFO] [stdout]   |
[INFO] [stdout] help: consider importing this module instead
[INFO] [stdout]   |
[INFO] [stdout] 4 | use ndarray_linalg::solve;
[INFO] [stdout]   |     ~~~~~~~~~~~~~~~~~~~~~
[INFO] [stdout] 
[INFO] [stdout] 
[INFO] [stdout] error[E0432]: unresolved import `crate::lp::solve`
[INFO] [stdout]  --> src/star.rs:7:5
[INFO] [stdout]   |
[INFO] [stdout] 7 | use crate::lp::solve;
[INFO] [stdout]   |     ^^^^^^^^^^^^^^^^ no `solve` in `lp`
[INFO] [stdout]   |
[INFO] [stdout] help: consider importing this module instead
[INFO] [stdout]   |
[INFO] [stdout] 7 | use ndarray_linalg::solve;
[INFO] [stdout]   |     ~~~~~~~~~~~~~~~~~~~~~
[INFO] [stdout] 
[INFO] [stdout] 
[INFO] [stdout] error[E0432]: unresolved import `crate::lp::solve`
[INFO] [stdout]  --> src/polytope.rs:4:5
[INFO] [stdout]   |
[INFO] [stdout] 4 | use crate::lp::solve;
[INFO] [stdout]   |     ^^^^^^^^^^^^^^^^ no `solve` in `lp`
[INFO] [stdout]   |
[INFO] [stdout] help: consider importing this module instead
[INFO] [stdout]   |
[INFO] [stdout] 4 | use ndarray_linalg::solve;
[INFO] [stdout]   |     ~~~~~~~~~~~~~~~~~~~~~
[INFO] [stdout] 
[INFO] [stdout] 
[INFO] [stdout] error[E0432]: unresolved import `crate::lp::solve`
[INFO] [stdout]  --> src/star.rs:7:5
[INFO] [stdout]   |
[INFO] [stdout] 7 | use crate::lp::solve;
[INFO] [stdout]   |     ^^^^^^^^^^^^^^^^ no `solve` in `lp`
[INFO] [stdout]   |
[INFO] [stdout] help: consider importing this module instead
[INFO] [stdout]   |
[INFO] [stdout] 7 | use ndarray_linalg::solve;
[INFO] [stdout]   |     ~~~~~~~~~~~~~~~~~~~~~
[INFO] [stdout] 
[INFO] [stdout] 
[INFO] [stdout] warning: the feature `generic_associated_types` has been stable since 1.65.0 and no longer requires an attribute to enable
[INFO] [stdout]  --> src/lib.rs:5:12
[INFO] [stdout]   |
[INFO] [stdout] 5 | #![feature(generic_associated_types)]
[INFO] [stdout]   |            ^^^^^^^^^^^^^^^^^^^^^^^^
[INFO] [stdout]   |
[INFO] [stdout]   = note: `#[warn(stable_features)]` on by default
[INFO] [stdout] 
[INFO] [stdout] 
[INFO] [stdout] warning: the feature `generic_associated_types` has been stable since 1.65.0 and no longer requires an attribute to enable
[INFO] [stdout]  --> src/lib.rs:5:12
[INFO] [stdout]   |
[INFO] [stdout] 5 | #![feature(generic_associated_types)]
[INFO] [stdout]   |            ^^^^^^^^^^^^^^^^^^^^^^^^
[INFO] [stdout]   |
[INFO] [stdout]   = note: `#[warn(stable_features)]` on by default
[INFO] [stdout] 
[INFO] [stdout] 
[INFO] [stdout] error: aborting due to 5 previous errors; 1 warning emitted
[INFO] [stdout] 
[INFO] [stdout] 
[INFO] [stdout] Some errors have detailed explanations: E0432, E0557.
[INFO] [stdout] 
[INFO] [stdout] For more information about an error, try `rustc --explain E0432`.
[INFO] [stdout] 
[INFO] [stderr] error: could not compile `nnv-rs` (lib) due to 6 previous errors; 1 warning emitted
[INFO] [stderr] warning: build failed, waiting for other jobs to finish...
[INFO] [stdout] error: aborting due to 5 previous errors; 1 warning emitted
[INFO] [stdout] 
[INFO] [stdout] 
[INFO] [stdout] Some errors have detailed explanations: E0432, E0557.
[INFO] [stdout] 
[INFO] [stdout] For more information about an error, try `rustc --explain E0432`.
[INFO] [stdout] 
[INFO] [stderr] error: could not compile `nnv-rs` (lib test) due to 6 previous errors; 1 warning emitted
[INFO] running `Command { std: "docker" "inspect" "924ce9810310e247040e5efd5f90e995530b6440eb456c580dac9ff277dbf273", kill_on_drop: false }`
[INFO] running `Command { std: "docker" "rm" "-f" "924ce9810310e247040e5efd5f90e995530b6440eb456c580dac9ff277dbf273", kill_on_drop: false }`
[INFO] [stdout] 924ce9810310e247040e5efd5f90e995530b6440eb456c580dac9ff277dbf273
[INFO] checking nnv-rs-0.6.1 against nightly-2024-02-05+rustflags=-Dunexpected_cfgs+cargoflags=-Zcheck-cfg for check-cfg
[INFO] extracting crate nnv-rs 0.6.1 into /workspace/builds/worker-5-tc2/source
[INFO] validating manifest of crates.io crate nnv-rs 0.6.1 on toolchain nightly-2024-02-05
[INFO] running `Command { std: CARGO_HOME="/workspace/cargo-home" RUSTUP_HOME="/workspace/rustup-home" "/workspace/cargo-home/bin/cargo" "+nightly-2024-02-05" "metadata" "--manifest-path" "Cargo.toml" "--no-deps", kill_on_drop: false }`
[INFO] started tweaking crates.io crate nnv-rs 0.6.1
[INFO] finished tweaking crates.io crate nnv-rs 0.6.1
[INFO] tweaked toml for crates.io crate nnv-rs 0.6.1 written to /workspace/builds/worker-5-tc2/source/Cargo.toml
[INFO] running `Command { std: CARGO_HOME="/workspace/cargo-home" RUSTUP_HOME="/workspace/rustup-home" "/workspace/cargo-home/bin/cargo" "+nightly-2024-02-05" "generate-lockfile" "--manifest-path" "Cargo.toml", kill_on_drop: false }`
[INFO] [stderr]     Blocking waiting for file lock on package cache
[INFO] [stderr]     Updating crates.io index
[INFO] running `Command { std: CARGO_HOME="/workspace/cargo-home" RUSTUP_HOME="/workspace/rustup-home" "/workspace/cargo-home/bin/cargo" "+nightly-2024-02-05" "fetch" "--manifest-path" "Cargo.toml", kill_on_drop: false }`
[INFO] running `Command { std: "docker" "create" "-v" "/var/lib/crater-agent-workspace/builds/worker-5-tc2/target:/opt/rustwide/target:rw,Z" "-v" "/var/lib/crater-agent-workspace/builds/worker-5-tc2/source:/opt/rustwide/workdir:ro,Z" "-v" "/var/lib/crater-agent-workspace/cargo-home:/opt/rustwide/cargo-home:ro,Z" "-v" "/var/lib/crater-agent-workspace/rustup-home:/opt/rustwide/rustup-home:ro,Z" "-e" "SOURCE_DIR=/opt/rustwide/workdir" "-e" "CARGO_TARGET_DIR=/opt/rustwide/target" "-e" "CARGO_HOME=/opt/rustwide/cargo-home" "-e" "RUSTUP_HOME=/opt/rustwide/rustup-home" "-w" "/opt/rustwide/workdir" "-m" "1610612736" "--user" "0:0" "--network" "none" "ghcr.io/rust-lang/crates-build-env/linux@sha256:2788e3201cd34a07e3172128adcd8b3090168a8e3bcc40d7c032b9dda1df7d1c" "/opt/rustwide/cargo-home/bin/cargo" "+nightly-2024-02-05" "metadata" "--no-deps" "--format-version=1", kill_on_drop: false }`
[INFO] [stdout] 6da9f0a62d7ace407436c1c5d1b2f555ad7df9f1cc74752f7004fd03ec01c946
[INFO] running `Command { std: "docker" "start" "-a" "6da9f0a62d7ace407436c1c5d1b2f555ad7df9f1cc74752f7004fd03ec01c946", kill_on_drop: false }`
[INFO] running `Command { std: "docker" "inspect" "6da9f0a62d7ace407436c1c5d1b2f555ad7df9f1cc74752f7004fd03ec01c946", kill_on_drop: false }`
[INFO] running `Command { std: "docker" "rm" "-f" "6da9f0a62d7ace407436c1c5d1b2f555ad7df9f1cc74752f7004fd03ec01c946", kill_on_drop: false }`
[INFO] [stdout] 6da9f0a62d7ace407436c1c5d1b2f555ad7df9f1cc74752f7004fd03ec01c946
[INFO] running `Command { std: "docker" "create" "-v" "/var/lib/crater-agent-workspace/builds/worker-5-tc2/target:/opt/rustwide/target:rw,Z" "-v" "/var/lib/crater-agent-workspace/builds/worker-5-tc2/source:/opt/rustwide/workdir:ro,Z" "-v" "/var/lib/crater-agent-workspace/cargo-home:/opt/rustwide/cargo-home:ro,Z" "-v" "/var/lib/crater-agent-workspace/rustup-home:/opt/rustwide/rustup-home:ro,Z" "-e" "SOURCE_DIR=/opt/rustwide/workdir" "-e" "CARGO_TARGET_DIR=/opt/rustwide/target" "-e" "CARGO_INCREMENTAL=0" "-e" "RUST_BACKTRACE=full" "-e" "RUSTFLAGS=--cap-lints=forbid -Dunexpected_cfgs" "-e" "RUSTDOCFLAGS=--cap-lints=forbid" "-e" "CARGO_HOME=/opt/rustwide/cargo-home" "-e" "RUSTUP_HOME=/opt/rustwide/rustup-home" "-w" "/opt/rustwide/workdir" "-m" "1610612736" "--user" "0:0" "--network" "none" "ghcr.io/rust-lang/crates-build-env/linux@sha256:2788e3201cd34a07e3172128adcd8b3090168a8e3bcc40d7c032b9dda1df7d1c" "/opt/rustwide/cargo-home/bin/cargo" "+nightly-2024-02-05" "check" "--frozen" "--all" "--all-targets" "--message-format=json" "-Zcheck-cfg", kill_on_drop: false }`
[INFO] [stdout] f7cb79d3ebfd703622054dd60b6bced2c7f24b33d2e14b1326a5515ee0d601a1
[INFO] running `Command { std: "docker" "start" "-a" "f7cb79d3ebfd703622054dd60b6bced2c7f24b33d2e14b1326a5515ee0d601a1", kill_on_drop: false }`
[INFO] [stderr]    Compiling libc v0.2.153
[INFO] [stderr]    Compiling serde v1.0.196
[INFO] [stderr]    Compiling libm v0.2.8
[INFO] [stderr]    Compiling num-traits v0.2.17
[INFO] [stderr]    Compiling num-integer v0.1.45
[INFO] [stderr]    Compiling crossbeam-utils v0.8.19
[INFO] [stderr]    Compiling syn v2.0.48
[INFO] [stderr]    Compiling syn v1.0.109
[INFO] [stderr]    Compiling matrixmultiply v0.3.8
[INFO] [stderr]     Checking rawpointer v0.2.1
[INFO] [stderr]    Compiling num-bigint v0.4.4
[INFO] [stderr]    Compiling num-rational v0.4.1
[INFO] [stderr]    Compiling paste v1.0.14
[INFO] [stderr]    Compiling rustix v0.38.31
[INFO] [stderr]     Checking either v1.9.0
[INFO] [stderr]    Compiling slog v2.7.0
[INFO] [stderr]    Compiling atty v0.2.14
[INFO] [stderr]     Checking bitflags v2.4.2
[INFO] [stderr]     Checking powerfmt v0.2.0
[INFO] [stderr]     Checking linux-raw-sys v0.4.13
[INFO] [stderr]    Compiling num-conv v0.1.0
[INFO] [stderr]    Compiling time-core v0.1.2
[INFO] [stderr]     Checking deranged v0.3.11
[INFO] [stderr]    Compiling time-macros v0.2.17
[INFO] [stderr]     Checking approx v0.4.0
[INFO] [stderr]     Checking getrandom v0.2.12
[INFO] [stderr]     Checking cblas-sys v0.1.4
[INFO] [stderr]     Checking dirs-sys-next v0.1.2
[INFO] [stderr]     Checking lapack-sys v0.12.1
[INFO] [stderr]     Checking approx v0.5.1
[INFO] [stderr]     Checking itertools v0.10.5
[INFO] [stderr]    Compiling num-iter v0.1.43
[INFO] [stderr]    Compiling anyhow v1.0.79
[INFO] [stderr]    Compiling clap v2.34.0
[INFO] [stderr]    Compiling env_logger v0.9.3
[INFO] [stderr]    Compiling serde_derive v1.0.196
[INFO] [stderr]    Compiling thiserror-impl v1.0.56
[INFO] [stderr]     Checking dirs-next v2.0.0
[INFO] [stderr]    Compiling clang-sys v1.7.0
[INFO] [stderr]     Checking time v0.3.34
[INFO] [stderr]     Checking crossbeam-epoch v0.9.18
[INFO] [stderr]     Checking thread_local v1.1.7
[INFO] [stderr]    Compiling proc-macro2 v0.4.30
[INFO] [stderr]    Compiling rayon-core v1.12.1
[INFO] [stderr]    Compiling slog-async v2.8.0
[INFO] [stderr]     Checking parking_lot_core v0.9.9
[INFO] [stderr]     Checking crossbeam-deque v0.8.5
[INFO] [stderr]     Checking term v0.7.0
[INFO] [stderr]     Checking crossbeam-channel v0.5.11
[INFO] [stderr]     Checking thiserror v1.0.56
[INFO] [stderr]    Compiling memoffset v0.6.5
[INFO] [stderr]    Compiling cpp_demangle v0.3.5
[INFO] [stderr]     Checking plotters-backend v0.3.5
[INFO] [stderr]     Checking fastrand v2.0.1
[INFO] [stderr]     Checking take_mut v0.2.2
[INFO] [stderr]     Checking destructure_traitobject v0.2.0
[INFO] [stderr]    Compiling unicode-xid v0.1.0
[INFO] [stderr]     Checking linked-hash-map v0.5.6
[INFO] [stderr]     Checking uuid v0.8.2
[INFO] [stderr]     Checking tempfile v3.10.0
[INFO] [stderr]     Checking yaml-rust v0.4.5
[INFO] [stderr]     Checking debugid v0.7.3
[INFO] [stderr]     Checking unsafe-any-ors v1.0.0
[INFO] [stderr]     Checking plotters-svg v0.3.5
[INFO] [stderr]     Checking textwrap v0.11.0
[INFO] [stderr]     Checking slog-term v2.9.0
[INFO] [stderr]     Checking parking_lot v0.12.1
[INFO] [stderr]    Compiling bindgen v0.59.2
[INFO] [stderr]     Checking regex-automata v0.4.5
[INFO] [stderr]    Compiling ghost v0.1.17
[INFO] [stderr]     Checking memmap2 v0.5.10
[INFO] [stderr]     Checking ordered-float v2.10.1
[INFO] [stderr]     Checking noisy_float v0.2.0
[INFO] [stderr]     Checking csv-core v0.1.11
[INFO] [stderr]    Compiling nalgebra-macros v0.1.0
[INFO] [stderr]    Compiling ctor v0.1.26
[INFO] [stderr]    Compiling backtrace v0.3.69
[INFO] [stderr]    Compiling findshlibs v0.10.2
[INFO] [stderr]     Checking instant v0.1.12
[INFO] [stderr]     Checking bytemuck v1.14.1
[INFO] [stderr]    Compiling symbolic-demangle v8.8.0
[INFO] [stderr]     Checking arrayvec v0.7.4
[INFO] [stderr]     Checking cast v0.3.0
[INFO] [stderr]    Compiling syn v0.15.44
[INFO] [stderr]     Checking half v1.8.2
[INFO] [stderr]     Checking num-format v0.4.4
[INFO] [stderr]     Checking criterion-plot v0.4.5
[INFO] [stderr]     Checking inventory v0.2.3
[INFO] [stderr]     Checking symbolic-common v8.8.0
[INFO] [stderr]     Checking ahash v0.8.7
[INFO] [stderr]     Checking chrono v0.4.33
[INFO] [stderr]     Checking rgb v0.8.37
[INFO] [stderr]     Checking regex v1.10.3
[INFO] [stderr]    Compiling typetag-impl v0.1.8
[INFO] [stderr]    Compiling derivative v2.2.0
[INFO] [stderr]     Checking rayon v1.8.1
[INFO] [stderr]    Compiling quote v0.6.13
[INFO] [stderr]     Checking plotters v0.3.5
[INFO] [stderr]     Checking typemap-ors v1.0.0
[INFO] [stderr]     Checking is-terminal v0.4.10
[INFO] [stderr]     Checking thread-id v4.2.1
[INFO] [stderr]     Checking wait-timeout v0.2.0
[INFO] [stderr]     Checking quick-xml v0.26.0
[INFO] [stderr]     Checking object v0.32.2
[INFO] [stderr]     Checking bit-vec v0.6.3
[INFO] [stderr]     Checking str_stack v0.1.0
[INFO] [stderr]    Compiling pprof v0.7.0
[INFO] [stderr]     Checking arc-swap v1.6.0
[INFO] [stderr]     Checking log-mdc v0.1.0
[INFO] [stderr]     Checking oorandom v11.1.3
[INFO] [stderr]     Checking quick-error v1.2.3
[INFO] [stderr]     Checking rusty-fork v0.3.0
[INFO] [stderr]     Checking bit-set v0.5.3
[INFO] [stderr]     Checking nix v0.23.2
[INFO] [stderr]     Checking rand_core v0.6.4
[INFO] [stderr]     Checking serde_json v1.0.113
[INFO] [stderr]     Checking log v0.4.20
[INFO] [stderr]     Checking rand_chacha v0.3.1
[INFO] [stderr]     Checking rand v0.8.5
[INFO] [stderr]     Checking bincode v1.3.3
[INFO] [stderr]     Checking erased-serde v0.3.31
[INFO] [stderr]     Checking serde-value v0.7.0
[INFO] [stderr]     Checking slog-json v2.6.1
[INFO] [stderr]     Checking tinytemplate v1.2.1
[INFO] [stderr]     Checking serde_yaml v0.8.26
[INFO] [stderr]     Checking csv v1.3.0
[INFO] [stderr]     Checking serde_cbor v0.11.2
[INFO] [stderr]     Checking num-complex v0.4.4
[INFO] [stderr]     Checking rand_distr v0.4.3
[INFO] [stderr]     Checking log4rs v1.2.0
[INFO] [stderr]     Checking criterion v0.3.6
[INFO] [stderr]     Checking ndarray v0.15.6
[INFO] [stderr]     Checking lapack v0.18.0
[INFO] [stderr]     Checking cauchy v0.4.0
[INFO] [stderr]     Checking simba v0.5.1
[INFO] [stderr]    Compiling truncnorm v0.5.1
[INFO] [stderr]     Checking num v0.4.1
[INFO] [stderr]     Checking lax v0.2.0
[INFO] [stderr]     Checking typetag v0.1.8
[INFO] [stderr]     Checking inferno v0.11.19
[INFO] [stderr]     Checking rand_xorshift v0.3.0
[INFO] [stderr]     Checking shh v1.0.1
[INFO] [stderr]     Checking float-cmp v0.9.0
[INFO] [stderr]     Checking dyn-clone v1.0.16
[INFO] [stderr]     Checking unarray v0.1.4
[INFO] [stderr]     Checking more-asserts v0.2.2
[INFO] [stderr]     Checking proptest v1.4.0
[INFO] [stderr]     Checking rand_pcg v0.3.1
[INFO] [stderr]    Compiling proptest-derive v0.3.0
[INFO] [stderr]     Checking ndarray-linalg v0.14.1
[INFO] [stderr]     Checking ndarray-rand v0.14.0
[INFO] [stderr]     Checking ndarray-stats v0.5.1
[INFO] [stderr]     Checking argmin v0.5.1
[INFO] [stderr]     Checking nalgebra v0.27.1
[INFO] [stderr]     Checking statrs v0.15.0
[INFO] [stderr]     Checking nnv-rs v0.6.1 (/opt/rustwide/workdir)
[INFO] [stdout] error[E0557]: feature has been removed
[INFO] [stdout]  --> src/lib.rs:6:12
[INFO] [stdout]   |
[INFO] [stdout] 6 | #![feature(box_syntax)]
[INFO] [stdout]   |            ^^^^^^^^^^ feature has been removed
[INFO] [stdout]   |
[INFO] [stdout]   = note: replaced with `#[rustc_box]`
[INFO] [stdout] 
[INFO] [stdout] 
[INFO] [stdout] error[E0557]: feature has been removed
[INFO] [stdout]  --> src/lib.rs:6:12
[INFO] [stdout]   |
[INFO] [stdout] 6 | #![feature(box_syntax)]
[INFO] [stdout]   |            ^^^^^^^^^^ feature has been removed
[INFO] [stdout]   |
[INFO] [stdout]   = note: replaced with `#[rustc_box]`
[INFO] [stdout] 
[INFO] [stdout] 
[INFO] [stdout] error: Must enable one of "lp_{{gurobi,coincbc}}"
[INFO] [stdout]   --> src/lp/mod.rs:11:9
[INFO] [stdout]    |
[INFO] [stdout] 11 |         compile_error!("Must enable one of \"lp_{{gurobi,coincbc}}\"");
[INFO] [stdout]    |         ^^^^^^^^^^^^^^^^^^^^^^^^^^^^^^^^^^^^^^^^^^^^^^^^^^^^^^^^^^^^^^
[INFO] [stdout] 
[INFO] [stdout] 
[INFO] [stdout] error: Must enable one of "blas_{{intel_mkl,openblas-system}}"
[INFO] [stdout]   --> src/lib.rs:43:9
[INFO] [stdout]    |
[INFO] [stdout] 43 |         compile_error!(r#"Must enable one of "blas_{{intel_mkl,openblas-system}}""#);
[INFO] [stdout]    |         ^^^^^^^^^^^^^^^^^^^^^^^^^^^^^^^^^^^^^^^^^^^^^^^^^^^^^^^^^^^^^^^^^^^^^^^^^^^^
[INFO] [stdout] 
[INFO] [stdout] 
[INFO] [stdout] error[E0432]: unresolved import `crate::lp::solve`
[INFO] [stdout]  --> src/polytope.rs:4:5
[INFO] [stdout]   |
[INFO] [stdout] 4 | use crate::lp::solve;
[INFO] [stdout]   |     ^^^^^^^^^^^^^^^^ no `solve` in `lp`
[INFO] [stdout]   |
[INFO] [stdout] help: consider importing this module instead
[INFO] [stdout]   |
[INFO] [stdout] 4 | use ndarray_linalg::solve;
[INFO] [stdout]   |     ~~~~~~~~~~~~~~~~~~~~~
[INFO] [stdout] 
[INFO] [stdout] 
[INFO] [stdout] error[E0432]: unresolved import `crate::lp::solve`
[INFO] [stdout]  --> src/star.rs:7:5
[INFO] [stdout]   |
[INFO] [stdout] 7 | use crate::lp::solve;
[INFO] [stdout]   |     ^^^^^^^^^^^^^^^^ no `solve` in `lp`
[INFO] [stdout]   |
[INFO] [stdout] help: consider importing this module instead
[INFO] [stdout]   |
[INFO] [stdout] 7 | use ndarray_linalg::solve;
[INFO] [stdout]   |     ~~~~~~~~~~~~~~~~~~~~~
[INFO] [stdout] 
[INFO] [stdout] 
[INFO] [stdout] error: Must enable one of "lp_{{gurobi,coincbc}}"
[INFO] [stdout]   --> src/lp/mod.rs:11:9
[INFO] [stdout]    |
[INFO] [stdout] 11 |         compile_error!("Must enable one of \"lp_{{gurobi,coincbc}}\"");
[INFO] [stdout]    |         ^^^^^^^^^^^^^^^^^^^^^^^^^^^^^^^^^^^^^^^^^^^^^^^^^^^^^^^^^^^^^^
[INFO] [stdout] 
[INFO] [stdout] 
[INFO] [stdout] error: unexpected `cfg` condition value: `openblas-system`
[INFO] [stdout]  --> src/lib.rs:9:7
[INFO] [stdout]   |
[INFO] [stdout] 9 | #[cfg(feature = "openblas-system")]
[INFO] [stdout]   |       ^^^^^^^^^^-----------------
[INFO] [stdout]   |                 |
[INFO] [stdout]   |                 help: there is a expected value with a similar name: `"blas_openblas-system"`
[INFO] [stdout]   |
[INFO] [stdout]   = note: expected values for `feature` are: `blas-src`, `blas_intel-mkl`, `blas_openblas-system`, `coin_cbc`, `good_lp`, `grb`, `lp_coincbc`, `lp_gurobi`, `openblas-src`
[INFO] [stdout]   = help: consider adding `openblas-system` as a feature in `Cargo.toml`
[INFO] [stdout]   = note: see <https://doc.rust-lang.org/nightly/cargo/reference/unstable.html#check-cfg> for more information about checking conditional configuration
[INFO] [stdout]   = note: requested on the command line with `-D unexpected-cfgs`
[INFO] [stdout] 
[INFO] [stdout] 
[INFO] [stdout] error: Must enable one of "blas_{{intel_mkl,openblas-system}}"
[INFO] [stdout]   --> src/lib.rs:43:9
[INFO] [stdout]    |
[INFO] [stdout] 43 |         compile_error!(r#"Must enable one of "blas_{{intel_mkl,openblas-system}}""#);
[INFO] [stdout]    |         ^^^^^^^^^^^^^^^^^^^^^^^^^^^^^^^^^^^^^^^^^^^^^^^^^^^^^^^^^^^^^^^^^^^^^^^^^^^^
[INFO] [stdout] 
[INFO] [stdout] 
[INFO] [stdout] warning: the feature `generic_associated_types` has been stable since 1.65.0 and no longer requires an attribute to enable
[INFO] [stdout]  --> src/lib.rs:5:12
[INFO] [stdout]   |
[INFO] [stdout] 5 | #![feature(generic_associated_types)]
[INFO] [stdout]   |            ^^^^^^^^^^^^^^^^^^^^^^^^
[INFO] [stdout]   |
[INFO] [stdout]   = note: `#[warn(stable_features)]` on by default
[INFO] [stdout] 
[INFO] [stdout] 
[INFO] [stdout] error[E0432]: unresolved import `crate::lp::solve`
[INFO] [stdout]  --> src/polytope.rs:4:5
[INFO] [stdout]   |
[INFO] [stdout] 4 | use crate::lp::solve;
[INFO] [stdout]   |     ^^^^^^^^^^^^^^^^ no `solve` in `lp`
[INFO] [stdout]   |
[INFO] [stdout] help: consider importing this module instead
[INFO] [stdout]   |
[INFO] [stdout] 4 | use ndarray_linalg::solve;
[INFO] [stdout]   |     ~~~~~~~~~~~~~~~~~~~~~
[INFO] [stdout] 
[INFO] [stdout] 
[INFO] [stdout] error[E0432]: unresolved import `crate::lp::solve`
[INFO] [stdout]  --> src/star.rs:7:5
[INFO] [stdout]   |
[INFO] [stdout] 7 | use crate::lp::solve;
[INFO] [stdout]   |     ^^^^^^^^^^^^^^^^ no `solve` in `lp`
[INFO] [stdout]   |
[INFO] [stdout] help: consider importing this module instead
[INFO] [stdout]   |
[INFO] [stdout] 7 | use ndarray_linalg::solve;
[INFO] [stdout]   |     ~~~~~~~~~~~~~~~~~~~~~
[INFO] [stdout] 
[INFO] [stdout] 
[INFO] [stdout] error: unexpected `cfg` condition value: `openblas-system`
[INFO] [stdout]  --> src/lib.rs:9:7
[INFO] [stdout]   |
[INFO] [stdout] 9 | #[cfg(feature = "openblas-system")]
[INFO] [stdout]   |       ^^^^^^^^^^-----------------
[INFO] [stdout]   |                 |
[INFO] [stdout]   |                 help: there is a expected value with a similar name: `"blas_openblas-system"`
[INFO] [stdout]   |
[INFO] [stdout]   = note: expected values for `feature` are: `blas-src`, `blas_intel-mkl`, `blas_openblas-system`, `coin_cbc`, `good_lp`, `grb`, `lp_coincbc`, `lp_gurobi`, `openblas-src`
[INFO] [stdout]   = help: consider adding `openblas-system` as a feature in `Cargo.toml`
[INFO] [stdout]   = note: see <https://doc.rust-lang.org/nightly/cargo/reference/unstable.html#check-cfg> for more information about checking conditional configuration
[INFO] [stdout]   = note: requested on the command line with `-D unexpected-cfgs`
[INFO] [stdout] 
[INFO] [stdout] 
[INFO] [stdout] warning: the feature `generic_associated_types` has been stable since 1.65.0 and no longer requires an attribute to enable
[INFO] [stdout]  --> src/lib.rs:5:12
[INFO] [stdout]   |
[INFO] [stdout] 5 | #![feature(generic_associated_types)]
[INFO] [stdout]   |            ^^^^^^^^^^^^^^^^^^^^^^^^
[INFO] [stdout]   |
[INFO] [stdout]   = note: `#[warn(stable_features)]` on by default
[INFO] [stdout] 
[INFO] [stdout] 
[INFO] [stdout] error: aborting due to 6 previous errors; 1 warning emitted
[INFO] [stdout] 
[INFO] [stdout] 
[INFO] [stdout] Some errors have detailed explanations: E0432, E0557.
[INFO] [stdout] 
[INFO] [stdout] For more information about an error, try `rustc --explain E0432`.
[INFO] [stdout] 
[INFO] [stderr] error: could not compile `nnv-rs` (lib) due to 7 previous errors; 1 warning emitted
[INFO] [stderr] warning: build failed, waiting for other jobs to finish...
[INFO] [stdout] error: aborting due to 6 previous errors; 1 warning emitted
[INFO] [stdout] 
[INFO] [stdout] 
[INFO] [stdout] Some errors have detailed explanations: E0432, E0557.
[INFO] [stdout] 
[INFO] [stdout] For more information about an error, try `rustc --explain E0432`.
[INFO] [stdout] 
[INFO] [stderr] error: could not compile `nnv-rs` (lib test) due to 7 previous errors; 1 warning emitted
[INFO] running `Command { std: "docker" "inspect" "f7cb79d3ebfd703622054dd60b6bced2c7f24b33d2e14b1326a5515ee0d601a1", kill_on_drop: false }`
[INFO] running `Command { std: "docker" "rm" "-f" "f7cb79d3ebfd703622054dd60b6bced2c7f24b33d2e14b1326a5515ee0d601a1", kill_on_drop: false }`
[INFO] [stdout] f7cb79d3ebfd703622054dd60b6bced2c7f24b33d2e14b1326a5515ee0d601a1
