[INFO] fetching crate nmap-analyze 1.0.0...
[INFO] checking nmap-analyze-1.0.0 against nightly-2024-02-05 for check-cfg
[INFO] extracting crate nmap-analyze 1.0.0 into /workspace/builds/worker-2-tc1/source
[INFO] validating manifest of crates.io crate nmap-analyze 1.0.0 on toolchain nightly-2024-02-05
[INFO] running `Command { std: CARGO_HOME="/workspace/cargo-home" RUSTUP_HOME="/workspace/rustup-home" "/workspace/cargo-home/bin/cargo" "+nightly-2024-02-05" "metadata" "--manifest-path" "Cargo.toml" "--no-deps", kill_on_drop: false }`
[INFO] started tweaking crates.io crate nmap-analyze 1.0.0
[INFO] finished tweaking crates.io crate nmap-analyze 1.0.0
[INFO] tweaked toml for crates.io crate nmap-analyze 1.0.0 written to /workspace/builds/worker-2-tc1/source/Cargo.toml
[INFO] running `Command { std: CARGO_HOME="/workspace/cargo-home" RUSTUP_HOME="/workspace/rustup-home" "/workspace/cargo-home/bin/cargo" "+nightly-2024-02-05" "generate-lockfile" "--manifest-path" "Cargo.toml", kill_on_drop: false }`
[INFO] [stderr]     Updating crates.io index
[INFO] running `Command { std: CARGO_HOME="/workspace/cargo-home" RUSTUP_HOME="/workspace/rustup-home" "/workspace/cargo-home/bin/cargo" "+nightly-2024-02-05" "fetch" "--manifest-path" "Cargo.toml", kill_on_drop: false }`
[INFO] [stderr]  Downloading crates ...
[INFO] [stderr]   Downloaded xml-rs v0.3.6
[INFO] [stderr]   Downloaded serde-xml-rs v0.2.1
[INFO] [stderr]   Downloaded inotify v0.5.1
[INFO] [stderr]   Downloaded prettytable-rs v0.7.0
[INFO] [stderr]   Downloaded subprocess v0.1.20
[INFO] [stderr]   Downloaded indicatif v0.9.0
[INFO] [stderr]   Downloaded clams-derive v0.0.4
[INFO] [stderr]   Downloaded tail v0.3.0
[INFO] [stderr]   Downloaded clams v0.0.13
[INFO] [stderr]   Downloaded csv v0.15.0
[INFO] running `Command { std: "docker" "create" "-v" "/var/lib/crater-agent-workspace/builds/worker-2-tc1/target:/opt/rustwide/target:rw,Z" "-v" "/var/lib/crater-agent-workspace/builds/worker-2-tc1/source:/opt/rustwide/workdir:ro,Z" "-v" "/var/lib/crater-agent-workspace/cargo-home:/opt/rustwide/cargo-home:ro,Z" "-v" "/var/lib/crater-agent-workspace/rustup-home:/opt/rustwide/rustup-home:ro,Z" "-e" "SOURCE_DIR=/opt/rustwide/workdir" "-e" "CARGO_TARGET_DIR=/opt/rustwide/target" "-e" "CARGO_HOME=/opt/rustwide/cargo-home" "-e" "RUSTUP_HOME=/opt/rustwide/rustup-home" "-w" "/opt/rustwide/workdir" "-m" "1610612736" "--user" "0:0" "--network" "none" "ghcr.io/rust-lang/crates-build-env/linux@sha256:2788e3201cd34a07e3172128adcd8b3090168a8e3bcc40d7c032b9dda1df7d1c" "/opt/rustwide/cargo-home/bin/cargo" "+nightly-2024-02-05" "metadata" "--no-deps" "--format-version=1", kill_on_drop: false }`
[INFO] [stdout] d83d4685da3822dd367ca5e3696f9d3293be2636d23d512344e88352a2d6f7a0
[INFO] running `Command { std: "docker" "start" "-a" "d83d4685da3822dd367ca5e3696f9d3293be2636d23d512344e88352a2d6f7a0", kill_on_drop: false }`
[INFO] running `Command { std: "docker" "inspect" "d83d4685da3822dd367ca5e3696f9d3293be2636d23d512344e88352a2d6f7a0", kill_on_drop: false }`
[INFO] running `Command { std: "docker" "rm" "-f" "d83d4685da3822dd367ca5e3696f9d3293be2636d23d512344e88352a2d6f7a0", kill_on_drop: false }`
[INFO] [stdout] d83d4685da3822dd367ca5e3696f9d3293be2636d23d512344e88352a2d6f7a0
[INFO] running `Command { std: "docker" "create" "-v" "/var/lib/crater-agent-workspace/builds/worker-2-tc1/target:/opt/rustwide/target:rw,Z" "-v" "/var/lib/crater-agent-workspace/builds/worker-2-tc1/source:/opt/rustwide/workdir:ro,Z" "-v" "/var/lib/crater-agent-workspace/cargo-home:/opt/rustwide/cargo-home:ro,Z" "-v" "/var/lib/crater-agent-workspace/rustup-home:/opt/rustwide/rustup-home:ro,Z" "-e" "SOURCE_DIR=/opt/rustwide/workdir" "-e" "CARGO_TARGET_DIR=/opt/rustwide/target" "-e" "CARGO_INCREMENTAL=0" "-e" "RUST_BACKTRACE=full" "-e" "RUSTFLAGS=--cap-lints=forbid" "-e" "RUSTDOCFLAGS=--cap-lints=forbid" "-e" "CARGO_HOME=/opt/rustwide/cargo-home" "-e" "RUSTUP_HOME=/opt/rustwide/rustup-home" "-w" "/opt/rustwide/workdir" "-m" "1610612736" "--user" "0:0" "--network" "none" "ghcr.io/rust-lang/crates-build-env/linux@sha256:2788e3201cd34a07e3172128adcd8b3090168a8e3bcc40d7c032b9dda1df7d1c" "/opt/rustwide/cargo-home/bin/cargo" "+nightly-2024-02-05" "check" "--frozen" "--all" "--all-targets" "--message-format=json", kill_on_drop: false }`
[INFO] [stdout] 4d1680e191611208b88803e8c161914acd93c8fcef9e548dfff3d23f8e1281ca
[INFO] running `Command { std: "docker" "start" "-a" "4d1680e191611208b88803e8c161914acd93c8fcef9e548dfff3d23f8e1281ca", kill_on_drop: false }`
[INFO] [stderr]    Compiling libc v0.2.153
[INFO] [stderr]     Checking rustc-serialize v0.3.25
[INFO] [stderr]    Compiling proc-macro2 v0.4.30
[INFO] [stderr]    Compiling rustix v0.38.31
[INFO] [stderr]    Compiling num-integer v0.1.45
[INFO] [stderr]     Checking linux-raw-sys v0.4.13
[INFO] [stderr]    Compiling proc-macro2 v0.2.3
[INFO] [stderr]     Checking object v0.32.2
[INFO] [stderr]     Checking ucd-util v0.1.10
[INFO] [stderr]    Compiling regex v0.2.11
[INFO] [stderr]     Checking aho-corasick v0.6.10
[INFO] [stderr]     Checking thread_local v0.3.6
[INFO] [stderr]     Checking utf8-ranges v1.0.5
[INFO] [stderr]     Checking chrono v0.4.33
[INFO] [stderr]    Compiling error-chain v0.12.4
[INFO] [stderr]     Checking getopts v0.2.21
[INFO] [stderr]     Checking regex-syntax v0.5.6
[INFO] [stderr]    Compiling num-iter v0.1.43
[INFO] [stderr]     Checking strsim v0.8.0
[INFO] [stderr]     Checking vec_map v0.8.2
[INFO] [stderr]     Checking bitflags v0.7.0
[INFO] [stderr]    Compiling syn v2.0.48
[INFO] [stderr]     Checking xml-rs v0.3.6
[INFO] [stderr]    Compiling quote v0.4.2
[INFO] [stderr]     Checking log v0.3.9
[INFO] [stderr]     Checking toml v0.4.10
[INFO] [stderr]    Compiling syn v0.12.15
[INFO] [stderr]     Checking encode_unicode v0.3.6
[INFO] [stderr]     Checking bitflags v0.9.1
[INFO] [stderr]     Checking dtoa v0.4.8
[INFO] [stderr]     Checking serde_json v1.0.113
[INFO] [stderr]     Checking serde-xml-rs v0.2.1
[INFO] [stderr]     Checking serde_yaml v0.7.5
[INFO] [stderr]     Checking xml-rs v0.6.1
[INFO] [stderr]    Compiling quote v0.6.13
[INFO] [stderr]    Compiling syn v0.15.44
[INFO] [stderr]     Checking is-terminal v0.4.10
[INFO] [stderr]     Checking colored v1.9.4
[INFO] [stderr]     Checking fern v0.5.9
[INFO] [stderr]     Checking num-complex v0.1.43
[INFO] [stderr]    Compiling cc v1.0.83
[INFO] [stderr]     Checking atty v0.2.14
[INFO] [stderr]     Checking inotify-sys v0.1.5
[INFO] [stderr]     Checking parking_lot_core v0.9.9
[INFO] [stderr]     Checking dirs v1.0.5
[INFO] [stderr]     Checking rand v0.4.6
[INFO] [stderr]     Checking console v0.15.8
[INFO] [stderr]     Checking memchr v1.0.2
[INFO] [stderr]     Checking clap v2.34.0
[INFO] [stderr]     Checking subprocess v0.1.20
[INFO] [stderr]     Checking inotify v0.5.1
[INFO] [stderr]     Checking term v0.5.2
[INFO] [stderr]     Checking csv v0.15.0
[INFO] [stderr]     Checking parking_lot v0.12.1
[INFO] [stderr]    Compiling clams-derive v0.0.4
[INFO] [stderr]     Checking tail v0.3.0
[INFO] [stderr]     Checking prettytable-rs v0.7.0
[INFO] [stderr]     Checking num-bigint v0.1.44
[INFO] [stderr]    Compiling backtrace v0.3.69
[INFO] [stderr]     Checking indicatif v0.9.0
[INFO] [stderr]    Compiling structopt-derive v0.2.18
[INFO] [stderr]     Checking num-rational v0.1.42
[INFO] [stderr]     Checking num v0.1.42
[INFO] [stderr]     Checking spectral v0.6.0
[INFO] [stderr]     Checking error-chain v0.11.0
[INFO] [stderr]     Checking clams v0.0.13
[INFO] [stderr]     Checking structopt v0.2.18
[INFO] [stderr]    Compiling serde_derive v1.0.196
[INFO] [stderr]     Checking nmap-analyze v1.0.0 (/opt/rustwide/workdir)
[INFO] [stdout] warning: unused `#[macro_use]` import
[INFO] [stdout]   --> src/lib.rs:15:1
[INFO] [stdout]    |
[INFO] [stdout] 15 | #[macro_use]
[INFO] [stdout]    | ^^^^^^^^^^^^
[INFO] [stdout]    |
[INFO] [stdout]    = note: `#[warn(unused_imports)]` on by default
[INFO] [stdout] 
[INFO] [stdout] 
[INFO] [stdout] error[E0599]: no method named `is_sane` found for struct `nmap::parser::Host` in the current scope
[INFO] [stdout]    --> src/nmap.rs:451:31
[INFO] [stdout]     |
[INFO] [stdout] 359 |     pub struct Host {
[INFO] [stdout]     |     --------------- method `is_sane` not found for this struct
[INFO] [stdout] ...
[INFO] [stdout] 451 |             assert_that(&host.is_sane()).is_err();
[INFO] [stdout]     |                               ^^^^^^^ method not found in `Host`
[INFO] [stdout]     |
[INFO] [stdout]     = help: items from traits can only be used if the trait is implemented and in scope
[INFO] [stdout] note: `SanityCheck` defines an item `is_sane`, perhaps you need to implement it
[INFO] [stdout]    --> src/lib.rs:68:1
[INFO] [stdout]     |
[INFO] [stdout] 68  | pub trait SanityCheck {
[INFO] [stdout]     | ^^^^^^^^^^^^^^^^^^^^^
[INFO] [stdout] 
[INFO] [stdout] 
[INFO] [stdout] error[E0599]: no method named `is_sane` found for struct `nmap::parser::Run` in the current scope
[INFO] [stdout]    --> src/nmap.rs:502:34
[INFO] [stdout]     |
[INFO] [stdout] 281 |     pub struct Run {
[INFO] [stdout]     |     -------------- method `is_sane` not found for this struct
[INFO] [stdout] ...
[INFO] [stdout] 502 |             assert_that(&nmaprun.is_sane()).is_err();
[INFO] [stdout]     |                                  ^^^^^^^ method not found in `Run`
[INFO] [stdout]     |
[INFO] [stdout]     = help: items from traits can only be used if the trait is implemented and in scope
[INFO] [stdout] note: `SanityCheck` defines an item `is_sane`, perhaps you need to implement it
[INFO] [stdout]    --> src/lib.rs:68:1
[INFO] [stdout]     |
[INFO] [stdout] 68  | pub trait SanityCheck {
[INFO] [stdout]     | ^^^^^^^^^^^^^^^^^^^^^
[INFO] [stdout] 
[INFO] [stdout] 
[INFO] [stdout] error: aborting due to 2 previous errors; 1 warning emitted
[INFO] [stdout] 
[INFO] [stdout] 
[INFO] [stdout] For more information about this error, try `rustc --explain E0599`.
[INFO] [stdout] 
[INFO] [stderr] error: could not compile `nmap-analyze` (lib test) due to 3 previous errors; 1 warning emitted
[INFO] [stderr] warning: build failed, waiting for other jobs to finish...
[INFO] running `Command { std: "docker" "inspect" "4d1680e191611208b88803e8c161914acd93c8fcef9e548dfff3d23f8e1281ca", kill_on_drop: false }`
[INFO] running `Command { std: "docker" "rm" "-f" "4d1680e191611208b88803e8c161914acd93c8fcef9e548dfff3d23f8e1281ca", kill_on_drop: false }`
[INFO] [stdout] 4d1680e191611208b88803e8c161914acd93c8fcef9e548dfff3d23f8e1281ca
[INFO] checking nmap-analyze-1.0.0 against nightly-2024-02-05+rustflags=-Dunexpected_cfgs+cargoflags=-Zcheck-cfg for check-cfg
[INFO] extracting crate nmap-analyze 1.0.0 into /workspace/builds/worker-2-tc2/source
[INFO] validating manifest of crates.io crate nmap-analyze 1.0.0 on toolchain nightly-2024-02-05
[INFO] running `Command { std: CARGO_HOME="/workspace/cargo-home" RUSTUP_HOME="/workspace/rustup-home" "/workspace/cargo-home/bin/cargo" "+nightly-2024-02-05" "metadata" "--manifest-path" "Cargo.toml" "--no-deps", kill_on_drop: false }`
[INFO] started tweaking crates.io crate nmap-analyze 1.0.0
[INFO] finished tweaking crates.io crate nmap-analyze 1.0.0
[INFO] tweaked toml for crates.io crate nmap-analyze 1.0.0 written to /workspace/builds/worker-2-tc2/source/Cargo.toml
[INFO] running `Command { std: CARGO_HOME="/workspace/cargo-home" RUSTUP_HOME="/workspace/rustup-home" "/workspace/cargo-home/bin/cargo" "+nightly-2024-02-05" "generate-lockfile" "--manifest-path" "Cargo.toml", kill_on_drop: false }`
[INFO] [stderr]     Updating crates.io index
[INFO] running `Command { std: CARGO_HOME="/workspace/cargo-home" RUSTUP_HOME="/workspace/rustup-home" "/workspace/cargo-home/bin/cargo" "+nightly-2024-02-05" "fetch" "--manifest-path" "Cargo.toml", kill_on_drop: false }`
[INFO] running `Command { std: "docker" "create" "-v" "/var/lib/crater-agent-workspace/builds/worker-2-tc2/target:/opt/rustwide/target:rw,Z" "-v" "/var/lib/crater-agent-workspace/builds/worker-2-tc2/source:/opt/rustwide/workdir:ro,Z" "-v" "/var/lib/crater-agent-workspace/cargo-home:/opt/rustwide/cargo-home:ro,Z" "-v" "/var/lib/crater-agent-workspace/rustup-home:/opt/rustwide/rustup-home:ro,Z" "-e" "SOURCE_DIR=/opt/rustwide/workdir" "-e" "CARGO_TARGET_DIR=/opt/rustwide/target" "-e" "CARGO_HOME=/opt/rustwide/cargo-home" "-e" "RUSTUP_HOME=/opt/rustwide/rustup-home" "-w" "/opt/rustwide/workdir" "-m" "1610612736" "--user" "0:0" "--network" "none" "ghcr.io/rust-lang/crates-build-env/linux@sha256:2788e3201cd34a07e3172128adcd8b3090168a8e3bcc40d7c032b9dda1df7d1c" "/opt/rustwide/cargo-home/bin/cargo" "+nightly-2024-02-05" "metadata" "--no-deps" "--format-version=1", kill_on_drop: false }`
[INFO] [stdout] 94b36b6008f60f9e63b07c66034def23896f18d168ef75e36135823d72d1db51
[INFO] running `Command { std: "docker" "start" "-a" "94b36b6008f60f9e63b07c66034def23896f18d168ef75e36135823d72d1db51", kill_on_drop: false }`
[INFO] running `Command { std: "docker" "inspect" "94b36b6008f60f9e63b07c66034def23896f18d168ef75e36135823d72d1db51", kill_on_drop: false }`
[INFO] running `Command { std: "docker" "rm" "-f" "94b36b6008f60f9e63b07c66034def23896f18d168ef75e36135823d72d1db51", kill_on_drop: false }`
[INFO] [stdout] 94b36b6008f60f9e63b07c66034def23896f18d168ef75e36135823d72d1db51
[INFO] running `Command { std: "docker" "create" "-v" "/var/lib/crater-agent-workspace/builds/worker-2-tc2/target:/opt/rustwide/target:rw,Z" "-v" "/var/lib/crater-agent-workspace/builds/worker-2-tc2/source:/opt/rustwide/workdir:ro,Z" "-v" "/var/lib/crater-agent-workspace/cargo-home:/opt/rustwide/cargo-home:ro,Z" "-v" "/var/lib/crater-agent-workspace/rustup-home:/opt/rustwide/rustup-home:ro,Z" "-e" "SOURCE_DIR=/opt/rustwide/workdir" "-e" "CARGO_TARGET_DIR=/opt/rustwide/target" "-e" "CARGO_INCREMENTAL=0" "-e" "RUST_BACKTRACE=full" "-e" "RUSTFLAGS=--cap-lints=forbid -Dunexpected_cfgs" "-e" "RUSTDOCFLAGS=--cap-lints=forbid" "-e" "CARGO_HOME=/opt/rustwide/cargo-home" "-e" "RUSTUP_HOME=/opt/rustwide/rustup-home" "-w" "/opt/rustwide/workdir" "-m" "1610612736" "--user" "0:0" "--network" "none" "ghcr.io/rust-lang/crates-build-env/linux@sha256:2788e3201cd34a07e3172128adcd8b3090168a8e3bcc40d7c032b9dda1df7d1c" "/opt/rustwide/cargo-home/bin/cargo" "+nightly-2024-02-05" "check" "--frozen" "--all" "--all-targets" "--message-format=json" "-Zcheck-cfg", kill_on_drop: false }`
[INFO] [stdout] 82f60aac258e1f66fad1122b8617ee636a69cd478e56d2ff39df3438169f83ed
[INFO] running `Command { std: "docker" "start" "-a" "82f60aac258e1f66fad1122b8617ee636a69cd478e56d2ff39df3438169f83ed", kill_on_drop: false }`
[INFO] [stderr]    Compiling libc v0.2.153
[INFO] [stderr]     Checking rustc-serialize v0.3.25
[INFO] [stderr]    Compiling rustix v0.38.31
[INFO] [stderr]    Compiling proc-macro2 v0.4.30
[INFO] [stderr]     Checking linux-raw-sys v0.4.13
[INFO] [stderr]    Compiling num-integer v0.1.45
[INFO] [stderr]     Checking object v0.32.2
[INFO] [stderr]    Compiling proc-macro2 v0.2.3
[INFO] [stderr]    Compiling regex v0.2.11
[INFO] [stderr]     Checking ucd-util v0.1.10
[INFO] [stderr]     Checking thread_local v0.3.6
[INFO] [stderr]     Checking aho-corasick v0.6.10
[INFO] [stderr]     Checking utf8-ranges v1.0.5
[INFO] [stderr]    Compiling error-chain v0.12.4
[INFO] [stderr]     Checking chrono v0.4.33
[INFO] [stderr]     Checking getopts v0.2.21
[INFO] [stderr]     Checking regex-syntax v0.5.6
[INFO] [stderr]    Compiling num-iter v0.1.43
[INFO] [stderr]     Checking bitflags v0.7.0
[INFO] [stderr]     Checking xml-rs v0.3.6
[INFO] [stderr]    Compiling syn v2.0.48
[INFO] [stderr]     Checking log v0.3.9
[INFO] [stderr]    Compiling quote v0.4.2
[INFO] [stderr]     Checking toml v0.4.10
[INFO] [stderr]     Checking dtoa v0.4.8
[INFO] [stderr]    Compiling syn v0.12.15
[INFO] [stderr]     Checking encode_unicode v0.3.6
[INFO] [stderr]     Checking bitflags v0.9.1
[INFO] [stderr]     Checking serde_json v1.0.113
[INFO] [stderr]     Checking serde-xml-rs v0.2.1
[INFO] [stderr]     Checking xml-rs v0.6.1
[INFO] [stderr]     Checking serde_yaml v0.7.5
[INFO] [stderr]    Compiling quote v0.6.13
[INFO] [stderr]    Compiling syn v0.15.44
[INFO] [stderr]     Checking is-terminal v0.4.10
[INFO] [stderr]     Checking colored v1.9.4
[INFO] [stderr]     Checking fern v0.5.9
[INFO] [stderr]     Checking num-complex v0.1.43
[INFO] [stderr]    Compiling cc v1.0.83
[INFO] [stderr]    Compiling clams-derive v0.0.4
[INFO] [stderr]     Checking parking_lot_core v0.9.9
[INFO] [stderr]     Checking inotify-sys v0.1.5
[INFO] [stderr]     Checking atty v0.2.14
[INFO] [stderr]     Checking dirs v1.0.5
[INFO] [stderr]     Checking memchr v1.0.2
[INFO] [stderr]     Checking rand v0.4.6
[INFO] [stderr]     Checking console v0.15.8
[INFO] [stderr]     Checking subprocess v0.1.20
[INFO] [stderr]     Checking clap v2.34.0
[INFO] [stderr]     Checking inotify v0.5.1
[INFO] [stderr]     Checking csv v0.15.0
[INFO] [stderr]     Checking term v0.5.2
[INFO] [stderr]     Checking parking_lot v0.12.1
[INFO] [stderr]     Checking tail v0.3.0
[INFO] [stderr]     Checking prettytable-rs v0.7.0
[INFO] [stderr]     Checking indicatif v0.9.0
[INFO] [stderr]     Checking num-bigint v0.1.44
[INFO] [stderr]    Compiling backtrace v0.3.69
[INFO] [stderr]    Compiling structopt-derive v0.2.18
[INFO] [stderr]     Checking num-rational v0.1.42
[INFO] [stderr]     Checking num v0.1.42
[INFO] [stderr]     Checking spectral v0.6.0
[INFO] [stderr]     Checking error-chain v0.11.0
[INFO] [stderr]    Compiling serde_derive v1.0.196
[INFO] [stderr]     Checking clams v0.0.13
[INFO] [stderr]     Checking structopt v0.2.18
[INFO] [stderr]     Checking nmap-analyze v1.0.0 (/opt/rustwide/workdir)
[INFO] [stdout] warning: unused `#[macro_use]` import
[INFO] [stdout]   --> src/lib.rs:15:1
[INFO] [stdout]    |
[INFO] [stdout] 15 | #[macro_use]
[INFO] [stdout]    | ^^^^^^^^^^^^
[INFO] [stdout]    |
[INFO] [stdout]    = note: `#[warn(unused_imports)]` on by default
[INFO] [stdout] 
[INFO] [stdout] 
[INFO] [stdout] error[E0599]: no method named `is_sane` found for struct `nmap::parser::Host` in the current scope
[INFO] [stdout]    --> src/nmap.rs:451:31
[INFO] [stdout]     |
[INFO] [stdout] 359 |     pub struct Host {
[INFO] [stdout]     |     --------------- method `is_sane` not found for this struct
[INFO] [stdout] ...
[INFO] [stdout] 451 |             assert_that(&host.is_sane()).is_err();
[INFO] [stdout]     |                               ^^^^^^^ method not found in `Host`
[INFO] [stdout]     |
[INFO] [stdout]     = help: items from traits can only be used if the trait is implemented and in scope
[INFO] [stdout] note: `SanityCheck` defines an item `is_sane`, perhaps you need to implement it
[INFO] [stdout]    --> src/lib.rs:68:1
[INFO] [stdout]     |
[INFO] [stdout] 68  | pub trait SanityCheck {
[INFO] [stdout]     | ^^^^^^^^^^^^^^^^^^^^^
[INFO] [stdout] 
[INFO] [stdout] 
[INFO] [stdout] error[E0599]: no method named `is_sane` found for struct `nmap::parser::Run` in the current scope
[INFO] [stdout]    --> src/nmap.rs:502:34
[INFO] [stdout]     |
[INFO] [stdout] 281 |     pub struct Run {
[INFO] [stdout]     |     -------------- method `is_sane` not found for this struct
[INFO] [stdout] ...
[INFO] [stdout] 502 |             assert_that(&nmaprun.is_sane()).is_err();
[INFO] [stdout]     |                                  ^^^^^^^ method not found in `Run`
[INFO] [stdout]     |
[INFO] [stdout]     = help: items from traits can only be used if the trait is implemented and in scope
[INFO] [stdout] note: `SanityCheck` defines an item `is_sane`, perhaps you need to implement it
[INFO] [stdout]    --> src/lib.rs:68:1
[INFO] [stdout]     |
[INFO] [stdout] 68  | pub trait SanityCheck {
[INFO] [stdout]     | ^^^^^^^^^^^^^^^^^^^^^
[INFO] [stdout] 
[INFO] [stdout] 
[INFO] [stdout] error: aborting due to 2 previous errors; 1 warning emitted
[INFO] [stdout] 
[INFO] [stdout] 
[INFO] [stdout] For more information about this error, try `rustc --explain E0599`.
[INFO] [stdout] 
[INFO] [stderr] error: could not compile `nmap-analyze` (lib test) due to 3 previous errors; 1 warning emitted
[INFO] [stderr] warning: build failed, waiting for other jobs to finish...
[INFO] running `Command { std: "docker" "inspect" "82f60aac258e1f66fad1122b8617ee636a69cd478e56d2ff39df3438169f83ed", kill_on_drop: false }`
[INFO] running `Command { std: "docker" "rm" "-f" "82f60aac258e1f66fad1122b8617ee636a69cd478e56d2ff39df3438169f83ed", kill_on_drop: false }`
[INFO] [stdout] 82f60aac258e1f66fad1122b8617ee636a69cd478e56d2ff39df3438169f83ed
