[INFO] fetching crate nimiq-collections 0.2.0...
[INFO] checking nimiq-collections-0.2.0 against nightly-2024-02-05 for check-cfg
[INFO] extracting crate nimiq-collections 0.2.0 into /workspace/builds/worker-3-tc1/source
[INFO] validating manifest of crates.io crate nimiq-collections 0.2.0 on toolchain nightly-2024-02-05
[INFO] running `Command { std: CARGO_HOME="/workspace/cargo-home" RUSTUP_HOME="/workspace/rustup-home" "/workspace/cargo-home/bin/cargo" "+nightly-2024-02-05" "metadata" "--manifest-path" "Cargo.toml" "--no-deps", kill_on_drop: false }`
[INFO] started tweaking crates.io crate nimiq-collections 0.2.0
[INFO] finished tweaking crates.io crate nimiq-collections 0.2.0
[INFO] tweaked toml for crates.io crate nimiq-collections 0.2.0 written to /workspace/builds/worker-3-tc1/source/Cargo.toml
[INFO] running `Command { std: CARGO_HOME="/workspace/cargo-home" RUSTUP_HOME="/workspace/rustup-home" "/workspace/cargo-home/bin/cargo" "+nightly-2024-02-05" "generate-lockfile" "--manifest-path" "Cargo.toml", kill_on_drop: false }`
[INFO] [stderr]     Updating crates.io index
[INFO] running `Command { std: CARGO_HOME="/workspace/cargo-home" RUSTUP_HOME="/workspace/rustup-home" "/workspace/cargo-home/bin/cargo" "+nightly-2024-02-05" "fetch" "--manifest-path" "Cargo.toml", kill_on_drop: false }`
[INFO] running `Command { std: "docker" "create" "-v" "/var/lib/crater-agent-workspace/builds/worker-3-tc1/target:/opt/rustwide/target:rw,Z" "-v" "/var/lib/crater-agent-workspace/builds/worker-3-tc1/source:/opt/rustwide/workdir:ro,Z" "-v" "/var/lib/crater-agent-workspace/cargo-home:/opt/rustwide/cargo-home:ro,Z" "-v" "/var/lib/crater-agent-workspace/rustup-home:/opt/rustwide/rustup-home:ro,Z" "-e" "SOURCE_DIR=/opt/rustwide/workdir" "-e" "CARGO_TARGET_DIR=/opt/rustwide/target" "-e" "CARGO_HOME=/opt/rustwide/cargo-home" "-e" "RUSTUP_HOME=/opt/rustwide/rustup-home" "-w" "/opt/rustwide/workdir" "-m" "1610612736" "--user" "0:0" "--network" "none" "ghcr.io/rust-lang/crates-build-env/linux@sha256:2788e3201cd34a07e3172128adcd8b3090168a8e3bcc40d7c032b9dda1df7d1c" "/opt/rustwide/cargo-home/bin/cargo" "+nightly-2024-02-05" "metadata" "--no-deps" "--format-version=1", kill_on_drop: false }`
[INFO] [stdout] 3ec8183c98cf829e8499e4c5673259fbe242b3973fccb829dd7e3afc324d14fd
[INFO] running `Command { std: "docker" "start" "-a" "3ec8183c98cf829e8499e4c5673259fbe242b3973fccb829dd7e3afc324d14fd", kill_on_drop: false }`
[INFO] running `Command { std: "docker" "inspect" "3ec8183c98cf829e8499e4c5673259fbe242b3973fccb829dd7e3afc324d14fd", kill_on_drop: false }`
[INFO] running `Command { std: "docker" "rm" "-f" "3ec8183c98cf829e8499e4c5673259fbe242b3973fccb829dd7e3afc324d14fd", kill_on_drop: false }`
[INFO] [stdout] 3ec8183c98cf829e8499e4c5673259fbe242b3973fccb829dd7e3afc324d14fd
[INFO] running `Command { std: "docker" "create" "-v" "/var/lib/crater-agent-workspace/builds/worker-3-tc1/target:/opt/rustwide/target:rw,Z" "-v" "/var/lib/crater-agent-workspace/builds/worker-3-tc1/source:/opt/rustwide/workdir:ro,Z" "-v" "/var/lib/crater-agent-workspace/cargo-home:/opt/rustwide/cargo-home:ro,Z" "-v" "/var/lib/crater-agent-workspace/rustup-home:/opt/rustwide/rustup-home:ro,Z" "-e" "SOURCE_DIR=/opt/rustwide/workdir" "-e" "CARGO_TARGET_DIR=/opt/rustwide/target" "-e" "CARGO_INCREMENTAL=0" "-e" "RUST_BACKTRACE=full" "-e" "RUSTFLAGS=--cap-lints=forbid" "-e" "RUSTDOCFLAGS=--cap-lints=forbid" "-e" "CARGO_HOME=/opt/rustwide/cargo-home" "-e" "RUSTUP_HOME=/opt/rustwide/rustup-home" "-w" "/opt/rustwide/workdir" "-m" "1610612736" "--user" "0:0" "--network" "none" "ghcr.io/rust-lang/crates-build-env/linux@sha256:2788e3201cd34a07e3172128adcd8b3090168a8e3bcc40d7c032b9dda1df7d1c" "/opt/rustwide/cargo-home/bin/cargo" "+nightly-2024-02-05" "check" "--frozen" "--all" "--all-targets" "--message-format=json", kill_on_drop: false }`
[INFO] [stdout] 7a3e51a9513cd8911f8f5e40acb4bdc80f2c28a94439e6608a200e7b437a2c44
[INFO] running `Command { std: "docker" "start" "-a" "7a3e51a9513cd8911f8f5e40acb4bdc80f2c28a94439e6608a200e7b437a2c44", kill_on_drop: false }`
[INFO] [stderr]    Compiling autocfg v0.1.8
[INFO] [stderr]     Checking rand_core v0.4.2
[INFO] [stderr]     Checking nimiq-collections v0.2.0 (/opt/rustwide/workdir)
[INFO] [stderr]    Compiling rand_pcg v0.1.2
[INFO] [stderr]    Compiling rand_chacha v0.1.1
[INFO] [stderr]    Compiling rand v0.6.5
[INFO] [stdout] warning: the feature `specialization` is incomplete and may not be safe to use and/or cause compiler crashes
[INFO] [stdout]  --> src/lib.rs:3:12
[INFO] [stdout]   |
[INFO] [stdout] 3 | #![feature(specialization)]
[INFO] [stdout]   |            ^^^^^^^^^^^^^^
[INFO] [stdout]   |
[INFO] [stdout]   = note: see issue #31844 <https://github.com/rust-lang/rust/issues/31844> for more information
[INFO] [stdout]   = help: consider using `min_specialization` instead, which is more stable and complete
[INFO] [stdout]   = note: `#[warn(incomplete_features)]` on by default
[INFO] [stdout] 
[INFO] [stdout] 
[INFO] [stdout] error[E0635]: unknown feature `box_into_raw_non_null`
[INFO] [stdout]  --> src/lib.rs:2:12
[INFO] [stdout]   |
[INFO] [stdout] 2 | #![feature(box_into_raw_non_null)]
[INFO] [stdout]   |            ^^^^^^^^^^^^^^^^^^^^^
[INFO] [stdout] 
[INFO] [stdout] 
[INFO] [stdout] error[E0599]: no function or associated item named `into_raw_non_null` found for struct `Box<_, _>` in the current scope
[INFO] [stdout]    --> src/linked_list.rs:141:34
[INFO] [stdout]     |
[INFO] [stdout] 141 |             let node = Some(Box::into_raw_non_null(node));
[INFO] [stdout]     |                                  ^^^^^^^^^^^^^^^^^ function or associated item not found in `Box<_, _>`
[INFO] [stdout]     |
[INFO] [stdout] note: if you're trying to build a new `Box<_, _>` consider using one of the following associated functions:
[INFO] [stdout]       Box::<T>::new
[INFO] [stdout]       Box::<T>::new_uninit
[INFO] [stdout]       Box::<T>::new_zeroed
[INFO] [stdout]       Box::<T>::try_new
[INFO] [stdout]       and 18 others
[INFO] [stdout]    --> /rustc/268dbbbc4b3fd71c5f360a4d0728295252430b5b/library/alloc/src/boxed.rs:215:5
[INFO] [stdout] 
[INFO] [stdout] 
[INFO] [stdout] error[E0599]: no function or associated item named `into_raw_non_null` found for struct `Box<_, _>` in the current scope
[INFO] [stdout]    --> src/linked_list.rs:176:34
[INFO] [stdout]     |
[INFO] [stdout] 176 |             let node = Some(Box::into_raw_non_null(node));
[INFO] [stdout]     |                                  ^^^^^^^^^^^^^^^^^ function or associated item not found in `Box<_, _>`
[INFO] [stdout]     |
[INFO] [stdout] note: if you're trying to build a new `Box<_, _>` consider using one of the following associated functions:
[INFO] [stdout]       Box::<T>::new
[INFO] [stdout]       Box::<T>::new_uninit
[INFO] [stdout]       Box::<T>::new_zeroed
[INFO] [stdout]       Box::<T>::try_new
[INFO] [stdout]       and 18 others
[INFO] [stdout]    --> /rustc/268dbbbc4b3fd71c5f360a4d0728295252430b5b/library/alloc/src/boxed.rs:215:5
[INFO] [stdout] 
[INFO] [stdout] 
[INFO] [stderr]     Checking rand_core v0.3.1
[INFO] [stderr]     Checking rand_jitter v0.1.4
[INFO] [stderr]     Checking rand_os v0.1.3
[INFO] [stdout] error[E0599]: no function or associated item named `into_raw_non_null` found for struct `Box<_, _>` in the current scope
[INFO] [stdout]    --> src/linked_list.rs:914:38
[INFO] [stdout]     |
[INFO] [stdout] 914 |                 let node = Some(Box::into_raw_non_null(Box::new(Node {
[INFO] [stdout]     |                                      ^^^^^^^^^^^^^^^^^ function or associated item not found in `Box<_, _>`
[INFO] [stdout]     |
[INFO] [stdout] note: if you're trying to build a new `Box<_, _>` consider using one of the following associated functions:
[INFO] [stdout]       Box::<T>::new
[INFO] [stdout]       Box::<T>::new_uninit
[INFO] [stdout]       Box::<T>::new_zeroed
[INFO] [stdout]       Box::<T>::try_new
[INFO] [stdout]       and 18 others
[INFO] [stdout]    --> /rustc/268dbbbc4b3fd71c5f360a4d0728295252430b5b/library/alloc/src/boxed.rs:215:5
[INFO] [stdout] 
[INFO] [stdout] 
[INFO] [stdout] error: aborting due to 4 previous errors; 1 warning emitted
[INFO] [stdout] 
[INFO] [stdout] 
[INFO] [stdout] Some errors have detailed explanations: E0599, E0635.
[INFO] [stdout] 
[INFO] [stdout] For more information about an error, try `rustc --explain E0599`.
[INFO] [stdout] 
[INFO] [stderr]     Checking rand_xorshift v0.1.1
[INFO] [stderr]     Checking rand_hc v0.1.0
[INFO] [stderr]     Checking rand_isaac v0.1.1
[INFO] [stderr] error: could not compile `nimiq-collections` (lib) due to 5 previous errors; 1 warning emitted
[INFO] [stderr] warning: build failed, waiting for other jobs to finish...
[INFO] running `Command { std: "docker" "inspect" "7a3e51a9513cd8911f8f5e40acb4bdc80f2c28a94439e6608a200e7b437a2c44", kill_on_drop: false }`
[INFO] running `Command { std: "docker" "rm" "-f" "7a3e51a9513cd8911f8f5e40acb4bdc80f2c28a94439e6608a200e7b437a2c44", kill_on_drop: false }`
[INFO] [stdout] 7a3e51a9513cd8911f8f5e40acb4bdc80f2c28a94439e6608a200e7b437a2c44
