[INFO] fetching crate netzwork-api 0.1.21...
[INFO] checking netzwork-api-0.1.21 against nightly-2024-02-05 for check-cfg
[INFO] extracting crate netzwork-api 0.1.21 into /workspace/builds/worker-7-tc1/source
[INFO] validating manifest of crates.io crate netzwork-api 0.1.21 on toolchain nightly-2024-02-05
[INFO] running `Command { std: CARGO_HOME="/workspace/cargo-home" RUSTUP_HOME="/workspace/rustup-home" "/workspace/cargo-home/bin/cargo" "+nightly-2024-02-05" "metadata" "--manifest-path" "Cargo.toml" "--no-deps", kill_on_drop: false }`
[INFO] started tweaking crates.io crate netzwork-api 0.1.21
[INFO] finished tweaking crates.io crate netzwork-api 0.1.21
[INFO] tweaked toml for crates.io crate netzwork-api 0.1.21 written to /workspace/builds/worker-7-tc1/source/Cargo.toml
[INFO] running `Command { std: CARGO_HOME="/workspace/cargo-home" RUSTUP_HOME="/workspace/rustup-home" "/workspace/cargo-home/bin/cargo" "+nightly-2024-02-05" "generate-lockfile" "--manifest-path" "Cargo.toml", kill_on_drop: false }`
[INFO] [stderr]     Updating crates.io index
[INFO] running `Command { std: CARGO_HOME="/workspace/cargo-home" RUSTUP_HOME="/workspace/rustup-home" "/workspace/cargo-home/bin/cargo" "+nightly-2024-02-05" "fetch" "--manifest-path" "Cargo.toml", kill_on_drop: false }`
[INFO] [stderr]  Downloading crates ...
[INFO] [stderr]   Downloaded hmac-sha256 v1.1.7
[INFO] [stderr]   Downloaded sqlx-macros v0.7.3
[INFO] [stderr]   Downloaded ulid v1.1.2
[INFO] [stderr]   Downloaded etcetera v0.8.0
[INFO] [stderr]   Downloaded uhlc v0.6.3
[INFO] [stderr]   Downloaded atomic-write-file v0.1.2
[INFO] [stderr]   Downloaded sqlx-macros-core v0.7.3
[INFO] [stderr]   Downloaded sqlx-mysql v0.7.3
[INFO] [stderr]   Downloaded sqlx-core v0.7.3
[INFO] [stderr]   Downloaded sqlx-sqlite v0.7.3
[INFO] [stderr]   Downloaded futures-intrusive v0.5.0
[INFO] [stderr]   Downloaded sqlx v0.7.3
[INFO] [stderr]   Downloaded sqlx-postgres v0.7.3
[INFO] [stderr]   Downloaded gethostname v0.4.3
[INFO] [stderr]   Downloaded network-interface v1.1.1
[INFO] [stderr]   Downloaded vergen v8.3.1
[INFO] [stderr]   Downloaded uptime_lib v0.2.2
[INFO] [stderr]   Downloaded violin v0.3.0
[INFO] running `Command { std: "docker" "create" "-v" "/var/lib/crater-agent-workspace/builds/worker-7-tc1/target:/opt/rustwide/target:rw,Z" "-v" "/var/lib/crater-agent-workspace/builds/worker-7-tc1/source:/opt/rustwide/workdir:ro,Z" "-v" "/var/lib/crater-agent-workspace/cargo-home:/opt/rustwide/cargo-home:ro,Z" "-v" "/var/lib/crater-agent-workspace/rustup-home:/opt/rustwide/rustup-home:ro,Z" "-e" "SOURCE_DIR=/opt/rustwide/workdir" "-e" "CARGO_TARGET_DIR=/opt/rustwide/target" "-e" "CARGO_HOME=/opt/rustwide/cargo-home" "-e" "RUSTUP_HOME=/opt/rustwide/rustup-home" "-w" "/opt/rustwide/workdir" "-m" "1610612736" "--user" "0:0" "--network" "none" "ghcr.io/rust-lang/crates-build-env/linux@sha256:2788e3201cd34a07e3172128adcd8b3090168a8e3bcc40d7c032b9dda1df7d1c" "/opt/rustwide/cargo-home/bin/cargo" "+nightly-2024-02-05" "metadata" "--no-deps" "--format-version=1", kill_on_drop: false }`
[INFO] [stdout] d2e1c54f5f5e90822300ad33f69a2e83620c2b3c9125c6d16428734d08ba7441
[INFO] running `Command { std: "docker" "start" "-a" "d2e1c54f5f5e90822300ad33f69a2e83620c2b3c9125c6d16428734d08ba7441", kill_on_drop: false }`
[INFO] running `Command { std: "docker" "inspect" "d2e1c54f5f5e90822300ad33f69a2e83620c2b3c9125c6d16428734d08ba7441", kill_on_drop: false }`
[INFO] running `Command { std: "docker" "rm" "-f" "d2e1c54f5f5e90822300ad33f69a2e83620c2b3c9125c6d16428734d08ba7441", kill_on_drop: false }`
[INFO] [stdout] d2e1c54f5f5e90822300ad33f69a2e83620c2b3c9125c6d16428734d08ba7441
[INFO] running `Command { std: "docker" "create" "-v" "/var/lib/crater-agent-workspace/builds/worker-7-tc1/target:/opt/rustwide/target:rw,Z" "-v" "/var/lib/crater-agent-workspace/builds/worker-7-tc1/source:/opt/rustwide/workdir:ro,Z" "-v" "/var/lib/crater-agent-workspace/cargo-home:/opt/rustwide/cargo-home:ro,Z" "-v" "/var/lib/crater-agent-workspace/rustup-home:/opt/rustwide/rustup-home:ro,Z" "-e" "SOURCE_DIR=/opt/rustwide/workdir" "-e" "CARGO_TARGET_DIR=/opt/rustwide/target" "-e" "CARGO_INCREMENTAL=0" "-e" "RUST_BACKTRACE=full" "-e" "RUSTFLAGS=--cap-lints=forbid" "-e" "RUSTDOCFLAGS=--cap-lints=forbid" "-e" "CARGO_HOME=/opt/rustwide/cargo-home" "-e" "RUSTUP_HOME=/opt/rustwide/rustup-home" "-w" "/opt/rustwide/workdir" "-m" "1610612736" "--user" "0:0" "--network" "none" "ghcr.io/rust-lang/crates-build-env/linux@sha256:2788e3201cd34a07e3172128adcd8b3090168a8e3bcc40d7c032b9dda1df7d1c" "/opt/rustwide/cargo-home/bin/cargo" "+nightly-2024-02-05" "check" "--frozen" "--all" "--all-targets" "--message-format=json", kill_on_drop: false }`
[INFO] [stdout] b1388ac2ee535d2b73979bf0f7d77eb392d7123dc31727b71c8e38815c771be2
[INFO] running `Command { std: "docker" "start" "-a" "b1388ac2ee535d2b73979bf0f7d77eb392d7123dc31727b71c8e38815c771be2", kill_on_drop: false }`
[INFO] [stderr]    Compiling proc-macro2 v1.0.78
[INFO] [stderr]    Compiling unicode-ident v1.0.12
[INFO] [stderr]    Compiling version_check v0.9.4
[INFO] [stderr]    Compiling autocfg v1.1.0
[INFO] [stderr]    Compiling libc v0.2.153
[INFO] [stderr]    Compiling cfg-if v1.0.0
[INFO] [stderr]    Compiling serde v1.0.196
[INFO] [stderr]    Compiling typenum v1.17.0
[INFO] [stderr]    Compiling memchr v2.7.1
[INFO] [stderr]    Compiling thiserror v1.0.56
[INFO] [stderr]    Compiling parking_lot_core v0.9.9
[INFO] [stderr]    Compiling crossbeam-utils v0.8.19
[INFO] [stderr]    Compiling once_cell v1.19.0
[INFO] [stderr]    Compiling serde_json v1.0.113
[INFO] [stderr]    Compiling itoa v1.0.10
[INFO] [stderr]    Compiling ryu v1.0.16
[INFO] [stderr]    Compiling zerocopy v0.7.32
[INFO] [stderr]    Compiling tinyvec_macros v0.1.1
[INFO] [stderr]    Compiling rustversion v1.0.14
[INFO] [stderr]    Compiling tinyvec v1.6.0
[INFO] [stderr]    Compiling paste v1.0.14
[INFO] [stderr]    Compiling futures-core v0.3.30
[INFO] [stderr]    Compiling generic-array v0.14.7
[INFO] [stderr]    Compiling ahash v0.8.7
[INFO] [stderr]    Compiling allocator-api2 v0.2.16
[INFO] [stderr]    Compiling smallvec v1.13.1
[INFO] [stderr]    Compiling bitflags v2.4.2
[INFO] [stderr]    Compiling lock_api v0.4.11
[INFO] [stderr]    Compiling num-traits v0.2.17
[INFO] [stderr]    Compiling slab v0.4.9
[INFO] [stderr]    Compiling semver v1.0.21
[INFO] [stderr]    Compiling scopeguard v1.2.0
[INFO] [stderr]    Compiling ppv-lite86 v0.2.17
[INFO] [stderr]    Compiling pin-project-lite v0.2.13
[INFO] [stderr]    Compiling minimal-lexical v0.2.1
[INFO] [stderr]    Compiling unicode-bidi v0.3.15
[INFO] [stderr]    Compiling futures-sink v0.3.30
[INFO] [stderr]    Compiling percent-encoding v2.3.1
[INFO] [stderr]    Compiling rustix v0.38.31
[INFO] [stderr]    Compiling quote v1.0.35
[INFO] [stderr]    Compiling camino v1.1.6
[INFO] [stderr]    Compiling nom v7.1.3
[INFO] [stderr]    Compiling syn v2.0.48
[INFO] [stderr]    Compiling form_urlencoded v1.2.1
[INFO] [stderr]     Checking getrandom v0.2.12
[INFO] [stderr]    Compiling aho-corasick v1.1.2
[INFO] [stderr]    Compiling tracing-core v0.1.32
[INFO] [stderr]    Compiling unicode-normalization v0.1.22
[INFO] [stderr]    Compiling crc-catalog v2.4.0
[INFO] [stderr]     Checking rand_core v0.6.4
[INFO] [stderr]    Compiling cpufeatures v0.2.12
[INFO] [stderr]    Compiling log v0.4.20
[INFO] [stderr]    Compiling unicode_categories v0.1.1
[INFO] [stderr]    Compiling syn v1.0.109
[INFO] [stderr]    Compiling equivalent v1.0.1
[INFO] [stderr]    Compiling idna v0.5.0
[INFO] [stderr]    Compiling futures-task v0.3.30
[INFO] [stderr]    Compiling pin-utils v0.1.0
[INFO] [stderr]    Compiling anyhow v1.0.79
[INFO] [stderr]    Compiling powerfmt v0.2.0
[INFO] [stderr]    Compiling parking_lot v0.12.1
[INFO] [stderr]    Compiling regex-syntax v0.8.2
[INFO] [stderr]    Compiling linux-raw-sys v0.4.13
[INFO] [stderr]    Compiling futures-io v0.3.30
[INFO] [stderr]     Checking crypto-common v0.1.6
[INFO] [stderr]    Compiling block-buffer v0.10.4
[INFO] [stderr]    Compiling rand_chacha v0.3.1
[INFO] [stderr]    Compiling futures-util v0.3.30
[INFO] [stderr]    Compiling url v2.5.0
[INFO] [stderr]     Checking hashbrown v0.14.3
[INFO] [stderr]    Compiling digest v0.10.7
[INFO] [stderr]    Compiling atoi v2.0.0
[INFO] [stderr]    Compiling futures-intrusive v0.5.0
[INFO] [stderr]    Compiling deranged v0.3.11
[INFO] [stderr]    Compiling rand v0.8.5
[INFO] [stderr]    Compiling sha2 v0.10.8
[INFO] [stderr]    Compiling vergen v8.3.1
[INFO] [stderr]    Compiling nix v0.27.1
[INFO] [stderr]    Compiling crossbeam-queue v0.3.11
[INFO] [stderr]    Compiling crc v3.0.1
[INFO] [stderr]    Compiling futures-channel v0.3.30
[INFO] [stderr]    Compiling hashlink v0.8.4
[INFO] [stderr]    Compiling indexmap v2.2.2
[INFO] [stderr]    Compiling bytes v1.5.0
[INFO] [stderr]    Compiling fastrand v2.0.1
[INFO] [stderr]    Compiling num_threads v0.1.6
[INFO] [stderr]    Compiling time-core v0.1.2
[INFO] [stderr]    Compiling byteorder v1.5.0
[INFO] [stderr]    Compiling hex v0.4.3
[INFO] [stderr]    Compiling num-conv v0.1.0
[INFO] [stderr]    Compiling event-listener v2.5.3
[INFO] [stderr]    Compiling unicode-segmentation v1.10.1
[INFO] [stderr]    Compiling dotenvy v0.15.7
[INFO] [stderr]    Compiling time v0.3.34
[INFO] [stderr]    Compiling heck v0.4.1
[INFO] [stderr]    Compiling atomic-write-file v0.1.2
[INFO] [stderr]    Compiling regex-automata v0.4.5
[INFO] [stderr]    Compiling tempfile v3.10.0
[INFO] [stderr]     Checking sha1_smol v1.0.0
[INFO] [stderr]    Compiling network-interface v1.1.1
[INFO] [stderr]     Checking iana-time-zone v0.1.60
[INFO] [stderr]     Checking lazy_static v1.4.0
[INFO] [stderr]     Checking humantime v2.1.0
[INFO] [stderr]     Checking spin v0.9.8
[INFO] [stderr]     Checking violin v0.3.0
[INFO] [stderr]     Checking gethostname v0.4.3
[INFO] [stderr]     Checking uptime_lib v0.2.2
[INFO] [stderr]     Checking hmac-sha256 v1.1.7
[INFO] [stderr]    Compiling serde_derive v1.0.196
[INFO] [stderr]    Compiling thiserror-impl v1.0.56
[INFO] [stderr]    Compiling tracing-attributes v0.1.27
[INFO] [stderr]    Compiling regex v1.10.3
[INFO] [stderr]    Compiling tracing v0.1.40
[INFO] [stderr]     Checking either v1.9.0
[INFO] [stderr]     Checking uuid v1.7.0
[INFO] [stderr]     Checking chrono v0.4.33
[INFO] [stderr]     Checking os_info v3.7.0
[INFO] [stderr]     Checking uhlc v0.6.3
[INFO] [stderr]     Checking itertools v0.12.1
[INFO] [stderr]     Checking ulid v1.1.2
[INFO] [stderr]    Compiling cargo-platform v0.1.6
[INFO] [stderr]    Compiling rustc_version v0.4.0
[INFO] [stderr]    Compiling cargo_metadata v0.18.1
[INFO] [stderr]     Checking sqlformat v0.2.3
[INFO] [stderr]     Checking sqlx-core v0.7.3
[INFO] [stderr]    Compiling netzwork-api v0.1.21 (/opt/rustwide/workdir)
[INFO] [stderr] warning: netzwork-api@0.1.21: not within a suitable 'git' worktree!
[INFO] [stderr] warning: netzwork-api@0.1.21: VERGEN_GIT_BRANCH set to default
[INFO] [stderr] warning: netzwork-api@0.1.21: VERGEN_GIT_COMMIT_AUTHOR_EMAIL set to default
[INFO] [stderr] warning: netzwork-api@0.1.21: VERGEN_GIT_COMMIT_AUTHOR_NAME set to default
[INFO] [stderr] warning: netzwork-api@0.1.21: VERGEN_GIT_COMMIT_COUNT set to default
[INFO] [stderr] warning: netzwork-api@0.1.21: VERGEN_GIT_COMMIT_DATE set to default
[INFO] [stderr] warning: netzwork-api@0.1.21: VERGEN_GIT_COMMIT_MESSAGE set to default
[INFO] [stderr] warning: netzwork-api@0.1.21: VERGEN_GIT_COMMIT_TIMESTAMP set to default
[INFO] [stderr] warning: netzwork-api@0.1.21: VERGEN_GIT_DESCRIBE set to default
[INFO] [stderr] warning: netzwork-api@0.1.21: VERGEN_GIT_SHA set to default
[INFO] [stderr] warning: netzwork-api@0.1.21: VERGEN_GIT_DIRTY set to default
[INFO] [stderr]    Compiling sqlx-macros-core v0.7.3
[INFO] [stderr]    Compiling sqlx-macros v0.7.3
[INFO] [stderr]     Checking sqlx v0.7.3
[INFO] [stdout] warning: unused imports: `Command`, `Output`
[INFO] [stdout]  --> src/id/mod.rs:3:20
[INFO] [stdout]   |
[INFO] [stdout] 3 | use std::process::{Command, Output};
[INFO] [stdout]   |                    ^^^^^^^  ^^^^^^
[INFO] [stdout]   |
[INFO] [stdout]   = note: `#[warn(unused_imports)]` on by default
[INFO] [stdout] 
[INFO] [stdout] 
[INFO] [stdout] warning: unused import: `std::str`
[INFO] [stdout]  --> src/id/mod.rs:4:5
[INFO] [stdout]   |
[INFO] [stdout] 4 | use std::str;
[INFO] [stdout]   |     ^^^^^^^^
[INFO] [stdout] 
[INFO] [stdout] 
[INFO] [stdout] warning: unused imports: `Command`, `Output`
[INFO] [stdout]  --> src/id/mod.rs:3:20
[INFO] [stdout]   |
[INFO] [stdout] 3 | use std::process::{Command, Output};
[INFO] [stdout]   |                    ^^^^^^^  ^^^^^^
[INFO] [stdout]   |
[INFO] [stdout]   = note: `#[warn(unused_imports)]` on by default
[INFO] [stdout] 
[INFO] [stdout] 
[INFO] [stdout] warning: unused import: `std::str`
[INFO] [stdout]  --> src/id/mod.rs:4:5
[INFO] [stdout]   |
[INFO] [stdout] 4 | use std::str;
[INFO] [stdout]   |     ^^^^^^^^
[INFO] [stdout] 
[INFO] [stdout] 
[INFO] [stdout] error[E0308]: mismatched types
[INFO] [stdout]    --> src/lib.rs:66:53
[INFO] [stdout]     |
[INFO] [stdout] 66  |                     .push(HeartbeatPayload::PSIInfo(PSIInfoResource::CPU));
[INFO] [stdout]     |                           ------------------------- ^^^^^^^^^^^^^^^^^^^^ expected `PSIInfo`, found `PSIInfoResource`
[INFO] [stdout]     |                           |
[INFO] [stdout]     |                           arguments to this enum variant are incorrect
[INFO] [stdout]     |
[INFO] [stdout] note: tuple variant defined here
[INFO] [stdout]    --> src/lib.rs:199:5
[INFO] [stdout]     |
[INFO] [stdout] 199 |     PSIInfo(PSIInfo),
[INFO] [stdout]     |     ^^^^^^^
[INFO] [stdout] 
[INFO] [stdout] 
[INFO] [stdout] error[E0308]: mismatched types
[INFO] [stdout]    --> src/lib.rs:66:53
[INFO] [stdout]     |
[INFO] [stdout] 66  |                     .push(HeartbeatPayload::PSIInfo(PSIInfoResource::CPU));
[INFO] [stdout]     |                           ------------------------- ^^^^^^^^^^^^^^^^^^^^ expected `PSIInfo`, found `PSIInfoResource`
[INFO] [stdout]     |                           |
[INFO] [stdout]     |                           arguments to this enum variant are incorrect
[INFO] [stdout]     |
[INFO] [stdout] note: tuple variant defined here
[INFO] [stdout]    --> src/lib.rs:199:5
[INFO] [stdout]     |
[INFO] [stdout] 199 |     PSIInfo(PSIInfo),
[INFO] [stdout]     |     ^^^^^^^
[INFO] [stdout] 
[INFO] [stdout] 
[INFO] [stdout] error[E0308]: mismatched types
[INFO] [stdout]    --> src/lib.rs:68:53
[INFO] [stdout]     |
[INFO] [stdout] 68  |                     .push(HeartbeatPayload::PSIInfo(PSIInfoResource::Memory));
[INFO] [stdout]     |                           ------------------------- ^^^^^^^^^^^^^^^^^^^^^^^ expected `PSIInfo`, found `PSIInfoResource`
[INFO] [stdout]     |                           |
[INFO] [stdout]     |                           arguments to this enum variant are incorrect
[INFO] [stdout]     |
[INFO] [stdout] note: tuple variant defined here
[INFO] [stdout]    --> src/lib.rs:199:5
[INFO] [stdout]     |
[INFO] [stdout] 199 |     PSIInfo(PSIInfo),
[INFO] [stdout]     |     ^^^^^^^
[INFO] [stdout] 
[INFO] [stdout] 
[INFO] [stdout] error[E0308]: mismatched types
[INFO] [stdout]    --> src/lib.rs:68:53
[INFO] [stdout]     |
[INFO] [stdout] 68  |                     .push(HeartbeatPayload::PSIInfo(PSIInfoResource::Memory));
[INFO] [stdout]     |                           ------------------------- ^^^^^^^^^^^^^^^^^^^^^^^ expected `PSIInfo`, found `PSIInfoResource`
[INFO] [stdout]     |                           |
[INFO] [stdout]     |                           arguments to this enum variant are incorrect
[INFO] [stdout]     |
[INFO] [stdout] note: tuple variant defined here
[INFO] [stdout]    --> src/lib.rs:199:5
[INFO] [stdout]     |
[INFO] [stdout] 199 |     PSIInfo(PSIInfo),
[INFO] [stdout]     |     ^^^^^^^
[INFO] [stdout] 
[INFO] [stdout] 
[INFO] [stdout] error[E0308]: mismatched types
[INFO] [stdout]    --> src/lib.rs:70:53
[INFO] [stdout]     |
[INFO] [stdout] 70  |                     .push(HeartbeatPayload::PSIInfo(PSIInfoResource::IO));
[INFO] [stdout]     |                           ------------------------- ^^^^^^^^^^^^^^^^^^^ expected `PSIInfo`, found `PSIInfoResource`
[INFO] [stdout]     |                           |
[INFO] [stdout]     |                           arguments to this enum variant are incorrect
[INFO] [stdout]     |
[INFO] [stdout] note: tuple variant defined here
[INFO] [stdout]    --> src/lib.rs:199:5
[INFO] [stdout]     |
[INFO] [stdout] 199 |     PSIInfo(PSIInfo),
[INFO] [stdout]     |     ^^^^^^^
[INFO] [stdout] 
[INFO] [stdout] 
[INFO] [stdout] error[E0308]: mismatched types
[INFO] [stdout]    --> src/lib.rs:70:53
[INFO] [stdout]     |
[INFO] [stdout] 70  |                     .push(HeartbeatPayload::PSIInfo(PSIInfoResource::IO));
[INFO] [stdout]     |                           ------------------------- ^^^^^^^^^^^^^^^^^^^ expected `PSIInfo`, found `PSIInfoResource`
[INFO] [stdout]     |                           |
[INFO] [stdout]     |                           arguments to this enum variant are incorrect
[INFO] [stdout]     |
[INFO] [stdout] note: tuple variant defined here
[INFO] [stdout]    --> src/lib.rs:199:5
[INFO] [stdout]     |
[INFO] [stdout] 199 |     PSIInfo(PSIInfo),
[INFO] [stdout]     |     ^^^^^^^
[INFO] [stdout] 
[INFO] [stdout] 
[INFO] [stdout] error: aborting due to 3 previous errors; 2 warnings emitted
[INFO] [stdout] 
[INFO] [stdout] 
[INFO] [stdout] For more information about this error, try `rustc --explain E0308`.
[INFO] [stdout] 
[INFO] [stdout] error: aborting due to 3 previous errors; 2 warnings emitted
[INFO] [stdout] 
[INFO] [stdout] 
[INFO] [stdout] For more information about this error, try `rustc --explain E0308`.
[INFO] [stdout] 
[INFO] [stderr] The following warnings were emitted during compilation:
[INFO] [stderr] 
[INFO] [stderr] warning: netzwork-api@0.1.21: not within a suitable 'git' worktree!
[INFO] [stderr] warning: netzwork-api@0.1.21: VERGEN_GIT_BRANCH set to default
[INFO] [stderr] warning: netzwork-api@0.1.21: VERGEN_GIT_COMMIT_AUTHOR_EMAIL set to default
[INFO] [stderr] warning: netzwork-api@0.1.21: VERGEN_GIT_COMMIT_AUTHOR_NAME set to default
[INFO] [stderr] warning: netzwork-api@0.1.21: VERGEN_GIT_COMMIT_COUNT set to default
[INFO] [stderr] warning: netzwork-api@0.1.21: VERGEN_GIT_COMMIT_DATE set to default
[INFO] [stderr] warning: netzwork-api@0.1.21: VERGEN_GIT_COMMIT_MESSAGE set to default
[INFO] [stderr] warning: netzwork-api@0.1.21: VERGEN_GIT_COMMIT_TIMESTAMP set to default
[INFO] [stderr] warning: netzwork-api@0.1.21: VERGEN_GIT_DESCRIBE set to default
[INFO] [stderr] warning: netzwork-api@0.1.21: VERGEN_GIT_SHA set to default
[INFO] [stderr] warning: netzwork-api@0.1.21: VERGEN_GIT_DIRTY set to default
[INFO] [stderr] 
[INFO] [stderr] error: could not compile `netzwork-api` (lib) due to 4 previous errors; 2 warnings emitted
[INFO] [stderr] warning: build failed, waiting for other jobs to finish...
[INFO] [stderr] The following warnings were emitted during compilation:
[INFO] [stderr] 
[INFO] [stderr] warning: netzwork-api@0.1.21: not within a suitable 'git' worktree!
[INFO] [stderr] warning: netzwork-api@0.1.21: VERGEN_GIT_BRANCH set to default
[INFO] [stderr] warning: netzwork-api@0.1.21: VERGEN_GIT_COMMIT_AUTHOR_EMAIL set to default
[INFO] [stderr] warning: netzwork-api@0.1.21: VERGEN_GIT_COMMIT_AUTHOR_NAME set to default
[INFO] [stderr] warning: netzwork-api@0.1.21: VERGEN_GIT_COMMIT_COUNT set to default
[INFO] [stderr] warning: netzwork-api@0.1.21: VERGEN_GIT_COMMIT_DATE set to default
[INFO] [stderr] warning: netzwork-api@0.1.21: VERGEN_GIT_COMMIT_MESSAGE set to default
[INFO] [stderr] warning: netzwork-api@0.1.21: VERGEN_GIT_COMMIT_TIMESTAMP set to default
[INFO] [stderr] warning: netzwork-api@0.1.21: VERGEN_GIT_DESCRIBE set to default
[INFO] [stderr] warning: netzwork-api@0.1.21: VERGEN_GIT_SHA set to default
[INFO] [stderr] warning: netzwork-api@0.1.21: VERGEN_GIT_DIRTY set to default
[INFO] [stderr] 
[INFO] [stderr] error: could not compile `netzwork-api` (lib test) due to 4 previous errors; 2 warnings emitted
[INFO] running `Command { std: "docker" "inspect" "b1388ac2ee535d2b73979bf0f7d77eb392d7123dc31727b71c8e38815c771be2", kill_on_drop: false }`
[INFO] running `Command { std: "docker" "rm" "-f" "b1388ac2ee535d2b73979bf0f7d77eb392d7123dc31727b71c8e38815c771be2", kill_on_drop: false }`
[INFO] [stdout] b1388ac2ee535d2b73979bf0f7d77eb392d7123dc31727b71c8e38815c771be2
